Nov 01 23:31:57.982 INFO testing yandex_translate-2.1.0 against 1.30.0 for beta-1.31-1
Nov 01 23:31:57.983 INFO running `"docker" "create" "-v" "/mnt/big/crater/work/local/target-dirs/beta-1.31-1/worker-6/1.30.0:/target:rw,Z" "-v" "/mnt/big/crater/work/local/test-source/worker-6/beta-1.31-1/1.30.0:/source:ro,Z" "-v" "/mnt/big/crater/work/local/cargo-home:/cargo-home:ro,Z" "-v" "/mnt/big/crater/work/local/rustup-home:/rustup-home:ro,Z" "-e" "USER_ID=1000" "-e" "SOURCE_DIR=/source" "-e" "USER_ID=1000" "-e" "CMD=cargo +1.30.0 build --frozen" "-e" "CARGO_TARGET_DIR=/target" "-e" "CARGO_INCREMENTAL=0" "-e" "RUST_BACKTRACE=full" "-e" "RUSTFLAGS=--cap-lints=warn" "-e" "CARGO_HOME=/cargo-home" "-e" "RUSTUP_HOME=/rustup-home" "-m" "1536M" "--network" "none" "crater"`
Nov 01 23:31:58.441 INFO blam! 137fcbce936f83476b5344acb241bf43f06284ef40e6e26d32dce7909d5d221e
Nov 01 23:31:58.443 INFO running `"docker" "start" "-a" "137fcbce936f83476b5344acb241bf43f06284ef40e6e26d32dce7909d5d221e"`
Nov 01 23:32:00.424 INFO kablam! usermod: no changes
Nov 01 23:32:00.642 INFO kablam!    Compiling hyper v0.10.15
Nov 01 23:32:09.027 INFO kablam!    Compiling hyper-native-tls v0.2.4
Nov 01 23:32:11.241 INFO kablam!    Compiling yandex_translate v2.1.0 (/source)
Nov 01 23:32:13.782 INFO kablam! warning: method is never used: `get_lang`
Nov 01 23:32:13.787 INFO kablam!   --> src/yandex_translate/answer.rs:59:5
Nov 01 23:32:13.788 INFO kablam!    |
Nov 01 23:32:13.788 INFO kablam! 59 |     fn get_lang(&self) -> String {
Nov 01 23:32:13.788 INFO kablam!    |     ^^^^^^^^^^^^^^^^^^^^^^^^^^^^
Nov 01 23:32:13.789 INFO kablam!    |
Nov 01 23:32:13.789 INFO kablam!    = note: #[warn(dead_code)] on by default
Nov 01 23:32:13.789 INFO kablam! 
Nov 01 23:32:21.955 INFO kablam!     Finished dev [unoptimized + debuginfo] target(s) in 21.49s
Nov 01 23:32:21.956 INFO kablam! su: No module specific data is present
Nov 01 23:32:22.381 INFO running `"docker" "rm" "-f" "137fcbce936f83476b5344acb241bf43f06284ef40e6e26d32dce7909d5d221e"`
Nov 01 23:32:22.611 INFO blam! 137fcbce936f83476b5344acb241bf43f06284ef40e6e26d32dce7909d5d221e
Nov 01 23:32:22.615 INFO running `"docker" "create" "-v" "/mnt/big/crater/work/local/target-dirs/beta-1.31-1/worker-6/1.30.0:/target:rw,Z" "-v" "/mnt/big/crater/work/local/test-source/worker-6/beta-1.31-1/1.30.0:/source:ro,Z" "-v" "/mnt/big/crater/work/local/cargo-home:/cargo-home:ro,Z" "-v" "/mnt/big/crater/work/local/rustup-home:/rustup-home:ro,Z" "-e" "USER_ID=1000" "-e" "SOURCE_DIR=/source" "-e" "USER_ID=1000" "-e" "CMD=cargo +1.30.0 test --frozen --no-run" "-e" "CARGO_TARGET_DIR=/target" "-e" "CARGO_INCREMENTAL=0" "-e" "RUST_BACKTRACE=full" "-e" "RUSTFLAGS=--cap-lints=warn" "-e" "CARGO_HOME=/cargo-home" "-e" "RUSTUP_HOME=/rustup-home" "-m" "1536M" "--network" "none" "crater"`
Nov 01 23:32:23.081 INFO blam! 3f5fdb2e165fb93ecdd31820dd6e451332a11ed94a03be7337c908630f7b1f96
Nov 01 23:32:23.082 INFO running `"docker" "start" "-a" "3f5fdb2e165fb93ecdd31820dd6e451332a11ed94a03be7337c908630f7b1f96"`
Nov 01 23:32:24.015 INFO kablam! usermod: no changes
Nov 01 23:32:24.254 INFO kablam!    Compiling yandex_translate v2.1.0 (/source)
Nov 01 23:32:29.495 INFO kablam! warning: method is never used: `get_lang`
Nov 01 23:32:29.495 INFO kablam!   --> src/yandex_translate/answer.rs:59:5
Nov 01 23:32:29.495 INFO kablam!    |
Nov 01 23:32:29.495 INFO kablam! 59 |     fn get_lang(&self) -> String {
Nov 01 23:32:29.495 INFO kablam!    |     ^^^^^^^^^^^^^^^^^^^^^^^^^^^^
Nov 01 23:32:29.495 INFO kablam!    |
Nov 01 23:32:29.495 INFO kablam!    = note: #[warn(dead_code)] on by default
Nov 01 23:32:29.495 INFO kablam! 
Nov 01 23:32:32.439 INFO kablam!     Finished dev [unoptimized + debuginfo] target(s) in 8.39s
Nov 01 23:32:32.446 INFO kablam! su: No module specific data is present
Nov 01 23:32:33.667 INFO running `"docker" "rm" "-f" "3f5fdb2e165fb93ecdd31820dd6e451332a11ed94a03be7337c908630f7b1f96"`
Nov 01 23:32:33.981 INFO blam! 3f5fdb2e165fb93ecdd31820dd6e451332a11ed94a03be7337c908630f7b1f96
Nov 01 23:32:33.983 INFO running `"docker" "create" "-v" "/mnt/big/crater/work/local/target-dirs/beta-1.31-1/worker-6/1.30.0:/target:rw,Z" "-v" "/mnt/big/crater/work/local/test-source/worker-6/beta-1.31-1/1.30.0:/source:ro,Z" "-v" "/mnt/big/crater/work/local/cargo-home:/cargo-home:ro,Z" "-v" "/mnt/big/crater/work/local/rustup-home:/rustup-home:ro,Z" "-e" "USER_ID=1000" "-e" "SOURCE_DIR=/source" "-e" "USER_ID=1000" "-e" "CMD=cargo +1.30.0 test --frozen" "-e" "CARGO_TARGET_DIR=/target" "-e" "CARGO_INCREMENTAL=0" "-e" "RUST_BACKTRACE=full" "-e" "RUSTFLAGS=--cap-lints=warn" "-e" "CARGO_HOME=/cargo-home" "-e" "RUSTUP_HOME=/rustup-home" "-m" "1536M" "--network" "none" "crater"`
Nov 01 23:32:34.497 INFO blam! 3ce62b6625a1e1242c40acc04928a149682c8b4b5505463bf7a344968d46716e
Nov 01 23:32:34.503 INFO running `"docker" "start" "-a" "3ce62b6625a1e1242c40acc04928a149682c8b4b5505463bf7a344968d46716e"`
Nov 01 23:32:36.365 INFO kablam! usermod: no changes
Nov 01 23:32:36.533 INFO kablam!     Finished dev [unoptimized + debuginfo] target(s) in 0.14s
Nov 01 23:32:36.559 INFO kablam!      Running /target/debug/deps/yandex_translate-69cd004856c5a52a
Nov 01 23:32:36.559 INFO kablam!      Running /target/debug/deps/yandex_translate-2e8936c31cb3d0a0
Nov 01 23:32:36.559 INFO blam! 
Nov 01 23:32:36.559 INFO blam! running 0 tests
Nov 01 23:32:36.559 INFO blam! 
Nov 01 23:32:36.559 INFO blam! test result: ok. 0 passed; 0 failed; 0 ignored; 0 measured; 0 filtered out
Nov 01 23:32:36.559 INFO blam! 
Nov 01 23:32:36.567 INFO blam! 
Nov 01 23:32:36.567 INFO blam! running 0 tests
Nov 01 23:32:36.567 INFO blam! 
Nov 01 23:32:36.567 INFO blam! test result: ok. 0 passed; 0 failed; 0 ignored; 0 measured; 0 filtered out
Nov 01 23:32:36.567 INFO blam! 
Nov 01 23:32:36.577 INFO kablam!      Running /target/debug/deps/lib-010af13eea178c57
Nov 01 23:32:36.577 INFO blam! 
Nov 01 23:32:36.577 INFO blam! running 3 tests
Nov 01 23:32:36.577 INFO blam! test test_translate ... ignored
Nov 01 23:32:36.611 INFO blam! test test_set_api_key ... ok
Nov 01 23:32:36.619 INFO blam! test test_create_yandex_client ... ok
Nov 01 23:32:36.619 INFO kablam!    Doc-tests yandex_translate
Nov 01 23:32:36.619 INFO blam! 
Nov 01 23:32:36.619 INFO blam! test result: ok. 2 passed; 0 failed; 1 ignored; 0 measured; 0 filtered out
Nov 01 23:32:36.619 INFO blam! 
Nov 01 23:32:40.893 INFO blam! 
Nov 01 23:32:40.893 INFO blam! running 4 tests
Nov 01 23:32:51.103 INFO blam! test src/yandex_translate/client.rs - client::YandexTranslate::set_apikey (line 48) ... ok
Nov 01 23:32:53.210 INFO blam! test src/yandex_translate/client.rs - client::YandexTranslate::new (line 28) ... ok
Nov 01 23:32:53.262 INFO blam! test src/yandex_translate/client.rs - client::YandexTranslate::get_support_lang (line 75) ... FAILED
Nov 01 23:32:53.275 INFO blam! test src/yandex_translate/client.rs - client::YandexTranslate::translate (line 60) ... FAILED
Nov 01 23:32:53.275 INFO blam! 
Nov 01 23:32:53.275 INFO blam! failures:
Nov 01 23:32:53.275 INFO blam! 
Nov 01 23:32:53.275 INFO blam! ---- src/yandex_translate/client.rs - client::YandexTranslate::get_support_lang (line 75) stdout ----
Nov 01 23:32:53.275 INFO blam! thread 'src/yandex_translate/client.rs - client::YandexTranslate::get_support_lang (line 75)' panicked at 'test executable failed:
Nov 01 23:32:53.275 INFO blam! 
Nov 01 23:32:53.275 INFO blam! thread 'main' panicked at 'called `Result::unwrap()` on an `Err` value: Io(Custom { kind: Other, error: StringError("failed to lookup address information: Temporary failure in name resolution") })', libcore/result.rs:1009:5
Nov 01 23:32:53.275 INFO blam! stack backtrace:
Nov 01 23:32:53.275 INFO blam!    0:     0x560aa3dba09e - std::sys::unix::backtrace::tracing::imp::unwind_backtrace::hf5316c67202e23c8
Nov 01 23:32:53.275 INFO blam!                                at libstd/sys/unix/backtrace/tracing/gcc_s.rs:49
Nov 01 23:32:53.275 INFO blam!    1:     0x560aa3db00d6 - std::sys_common::backtrace::print::h3068ed2a6dc7ac86
Nov 01 23:32:53.275 INFO blam!                                at libstd/sys_common/backtrace.rs:71
Nov 01 23:32:53.275 INFO blam!                                at libstd/sys_common/backtrace.rs:59
Nov 01 23:32:53.275 INFO blam!    2:     0x560aa3dae85d - std::panicking::default_hook::{{closure}}::h1b9d29cc09d41897
Nov 01 23:32:53.275 INFO blam!                                at libstd/panicking.rs:211
Nov 01 23:32:53.275 INFO blam!    3:     0x560aa3dae5d0 - std::panicking::default_hook::h3a27b204a313406b
Nov 01 23:32:53.275 INFO blam!                                at libstd/panicking.rs:227
Nov 01 23:32:53.275 INFO blam!    4:     0x560aa3daef0c - std::panicking::rust_panic_with_hook::h0e12cb2fc86d00fa
Nov 01 23:32:53.275 INFO blam!                                at libstd/panicking.rs:477
Nov 01 23:32:53.275 INFO blam!    5:     0x560aa3daeac9 - std::panicking::continue_panic_fmt::h141671b29fe0e27d
Nov 01 23:32:53.275 INFO blam!                                at libstd/panicking.rs:391
Nov 01 23:32:53.275 INFO blam!    6:     0x560aa3dae9c5 - rust_begin_unwind
Nov 01 23:32:53.275 INFO blam!                                at libstd/panicking.rs:326
Nov 01 23:32:53.275 INFO blam!    7:     0x560aa3df376b - core::panicking::panic_fmt::h429a06507aba9228
Nov 01 23:32:53.275 INFO blam!                                at libcore/panicking.rs:77
Nov 01 23:32:53.275 INFO blam!    8:     0x560aa3cad4f3 - core::result::unwrap_failed::h4e0638b9dc803df7
Nov 01 23:32:53.275 INFO blam!                                at libcore/macros.rs:26
Nov 01 23:32:53.275 INFO blam!    9:     0x560aa3c457bf - <core::result::Result<T, E>>::unwrap::h77acc0f7b4a580fc
Nov 01 23:32:53.275 INFO blam!                                at libcore/result.rs:808
Nov 01 23:32:53.275 INFO blam!   10:     0x560aa3c3481a - yandex_translate::client::YandexTranslate::execute::h420d98ddc668b15b
Nov 01 23:32:53.275 INFO blam!                                at src/yandex_translate/client.rs:90
Nov 01 23:32:53.275 INFO blam!   11:     0x560aa3c34697 - yandex_translate::client::YandexTranslate::get_support_lang::h67400ef9cf9d1178
Nov 01 23:32:53.275 INFO blam!                                at src/yandex_translate/client.rs:84
Nov 01 23:32:53.275 INFO blam!   12:     0x560aa3c2851f - rust_out::main::h944e552f3f67b4ba
Nov 01 23:32:53.275 INFO blam!   13:     0x560aa3c28452 - std::rt::lang_start::{{closure}}::hae3d026ae452bd89
Nov 01 23:32:53.275 INFO blam!   14:     0x560aa3dae962 - std::panicking::try::do_call::h572dc6f90deb1a4d
Nov 01 23:32:53.275 INFO blam!                                at libstd/rt.rs:59
Nov 01 23:32:53.275 INFO blam!                                at libstd/panicking.rs:310
Nov 01 23:32:53.275 INFO blam!   15:     0x560aa3dc83a9 - __rust_maybe_catch_panic
Nov 01 23:32:53.275 INFO blam!                                at libpanic_unwind/lib.rs:103
Nov 01 23:32:53.275 INFO blam!   16:     0x560aa3db5ce5 - std::rt::lang_start_internal::hce01021c3c1cf20d
Nov 01 23:32:53.275 INFO blam!                                at libstd/panicking.rs:289
Nov 01 23:32:53.275 INFO blam!                                at libstd/panic.rs:392
Nov 01 23:32:53.275 INFO blam!                                at libstd/rt.rs:58
Nov 01 23:32:53.275 INFO blam!   17:     0x560aa3c28433 - std::rt::lang_start::h7b2e7e88015bf7b3
Nov 01 23:32:53.275 INFO blam!   18:     0x560aa3c2857a - main
Nov 01 23:32:53.275 INFO blam!   19:     0x7fd6b76ca82f - __libc_start_main
Nov 01 23:32:53.275 INFO blam!   20:     0x560aa3c27d98 - _start
Nov 01 23:32:53.275 INFO blam!   21:                0x0 - <unknown>
Nov 01 23:32:53.275 INFO blam! 
Nov 01 23:32:53.275 INFO blam! ', librustdoc/test.rs:367:17
Nov 01 23:32:53.275 INFO blam! stack backtrace:
Nov 01 23:32:53.275 INFO blam!    0:     0x7f654cfae75e - std::sys::unix::backtrace::tracing::imp::unwind_backtrace::hf5316c67202e23c8
Nov 01 23:32:53.275 INFO blam!                                at libstd/sys/unix/backtrace/tracing/gcc_s.rs:49
Nov 01 23:32:53.275 INFO blam!    1:     0x7f654cf87946 - std::sys_common::backtrace::print::h3068ed2a6dc7ac86
Nov 01 23:32:53.275 INFO blam!                                at libstd/sys_common/backtrace.rs:71
Nov 01 23:32:53.275 INFO blam!                                at libstd/sys_common/backtrace.rs:59
Nov 01 23:32:53.275 INFO blam!    2:     0x7f654cf8554d - std::panicking::default_hook::{{closure}}::h1b9d29cc09d41897
Nov 01 23:32:53.275 INFO blam!                                at libstd/panicking.rs:211
Nov 01 23:32:53.275 INFO blam!    3:     0x7f654cf8525b - std::panicking::default_hook::h3a27b204a313406b
Nov 01 23:32:53.275 INFO blam!                                at libstd/panicking.rs:221
Nov 01 23:32:53.275 INFO blam!    4:     0x7f654f0ee9f1 - rustc::util::common::panic_hook::hf9d72254884e6e21
Nov 01 23:32:53.275 INFO blam!    5:     0x7f654cf85c53 - std::panicking::rust_panic_with_hook::h0e12cb2fc86d00fa
Nov 01 23:32:53.275 INFO blam!                                at libstd/panicking.rs:481
Nov 01 23:32:53.275 INFO blam!    6:     0x7f654cf857b9 - std::panicking::continue_panic_fmt::h141671b29fe0e27d
Nov 01 23:32:53.275 INFO blam!                                at libstd/panicking.rs:391
Nov 01 23:32:53.275 INFO blam!    7:     0x7f654cf8571d - std::panicking::begin_panic_fmt::h598547fc766c278a
Nov 01 23:32:53.275 INFO blam!                                at libstd/panicking.rs:346
Nov 01 23:32:53.275 INFO blam!    8:     0x55925e6675f3 - rustdoc::test::Collector::add_test::{{closure}}::{{closure}}::{{closure}}::hed130f7399558a0a
Nov 01 23:32:53.275 INFO blam!                                at librustdoc/test.rs:367
Nov 01 23:32:53.275 INFO blam!                                at librustdoc/test.rs:564
Nov 01 23:32:53.275 INFO blam!    9:     0x55925e620b40 - <scoped_tls::ScopedKey<T>>::set::h8f0919d2f77ba016
Nov 01 23:32:53.275 INFO blam!                                at /cargo/registry/src/github.com-1ecc6299db9ec823/scoped-tls-0.1.2/src/lib.rs:155
Nov 01 23:32:53.276 INFO blam!                                at libsyntax/lib.rs:108
Nov 01 23:32:53.276 INFO blam!                                at /cargo/registry/src/github.com-1ecc6299db9ec823/scoped-tls-0.1.2/src/lib.rs:155
Nov 01 23:32:53.276 INFO blam!   10:     0x55925e449c8d - syntax::with_globals::hd11e81a0116456bb
Nov 01 23:32:53.276 INFO blam!                                at libsyntax/lib.rs:107
Nov 01 23:32:53.276 INFO blam!   11:     0x55925e49a1a4 - std::panicking::try::do_call::hece5c13d7a24e473
Nov 01 23:32:53.276 INFO blam!                                at librustdoc/test.rs:561
Nov 01 23:32:53.276 INFO blam!                                at libstd/panic.rs:313
Nov 01 23:32:53.276 INFO blam!                                at libstd/panicking.rs:310
Nov 01 23:32:53.276 INFO blam!   12:     0x7f654cfc5469 - __rust_maybe_catch_panic
Nov 01 23:32:53.276 INFO blam!                                at libpanic_unwind/lib.rs:103
Nov 01 23:32:53.276 INFO blam!   13:     0x55925e511d43 - rustc_driver::in_named_rustc_thread::h2eb14efcd2031db9
Nov 01 23:32:53.276 INFO blam!                                at libstd/panicking.rs:289
Nov 01 23:32:53.276 INFO blam!                                at libstd/panic.rs:392
Nov 01 23:32:53.276 INFO blam!                                at librustc_driver/lib.rs:1574
Nov 01 23:32:53.276 INFO blam!   14:     0x55925e63fe4c - <F as alloc::boxed::FnBox<A>>::call_box::h1a3519e0a4ef9ca4
Nov 01 23:32:53.276 INFO blam!                                at librustdoc/test.rs:561
Nov 01 23:32:53.276 INFO blam!                                at liballoc/boxed.rs:646
Nov 01 23:32:53.276 INFO blam!   15:     0x7f654e609dc2 - <F as alloc::boxed::FnBox<A>>::call_box::h79a77abfa30ef4cc
Nov 01 23:32:53.276 INFO blam!                                at libtest/lib.rs:1454
Nov 01 23:32:53.276 INFO blam!                                at liballoc/boxed.rs:646
Nov 01 23:32:53.276 INFO blam!   16:     0x7f654cfc5469 - __rust_maybe_catch_panic
Nov 01 23:32:53.276 INFO blam!                                at libpanic_unwind/lib.rs:103
Nov 01 23:32:53.276 INFO blam!   17:     0x7f654e6171fd - std::sys_common::backtrace::__rust_begin_short_backtrace::h470b05235fe5e5ad
Nov 01 23:32:53.276 INFO blam!                                at libstd/panicking.rs:289
Nov 01 23:32:53.276 INFO blam!                                at libstd/panic.rs:392
Nov 01 23:32:53.276 INFO blam!                                at libtest/lib.rs:1416
Nov 01 23:32:53.276 INFO blam!                                at libstd/sys_common/backtrace.rs:136
Nov 01 23:32:53.276 INFO blam!   18:     0x7f654e635004 - std::panicking::try::do_call::h1f0578498122cc00
Nov 01 23:32:53.276 INFO blam!                                at libstd/thread/mod.rs:409
Nov 01 23:32:53.276 INFO blam!                                at libstd/panic.rs:313
Nov 01 23:32:53.276 INFO blam!                                at libstd/panicking.rs:310
Nov 01 23:32:53.276 INFO blam!   19:     0x7f654cfc5469 - __rust_maybe_catch_panic
Nov 01 23:32:53.276 INFO blam!                                at libpanic_unwind/lib.rs:103
Nov 01 23:32:53.276 INFO blam!   20:     0x7f654e621be6 - <F as alloc::boxed::FnBox<A>>::call_box::h7b129f9f235ab460
Nov 01 23:32:53.276 INFO blam!                                at libstd/panicking.rs:289
Nov 01 23:32:53.276 INFO blam!                                at libstd/panic.rs:392
Nov 01 23:32:53.276 INFO blam!                                at libstd/thread/mod.rs:408
Nov 01 23:32:53.276 INFO blam!                                at liballoc/boxed.rs:646
Nov 01 23:32:53.276 INFO blam!   21:     0x7f654cfb2c5a - std::sys_common::thread::start_thread::hb77935aee02382da
Nov 01 23:32:53.276 INFO blam!                                at liballoc/boxed.rs:656
Nov 01 23:32:53.276 INFO blam!                                at libstd/sys_common/thread.rs:24
Nov 01 23:32:53.276 INFO blam!   22:     0x7f654cf868d5 - std::sys::unix::thread::Thread::new::thread_start::hd61f7429b3de1d75
Nov 01 23:32:53.276 INFO blam!                                at libstd/sys/unix/thread.rs:90
Nov 01 23:32:53.276 INFO blam!   23:     0x7f654cd1b6b9 - start_thread
Nov 01 23:32:53.276 INFO blam!   24:     0x7f654c83b41c - clone
Nov 01 23:32:53.276 INFO blam!   25:                0x0 - <unknown>
Nov 01 23:32:53.276 INFO blam! query stack during panic:
Nov 01 23:32:53.276 INFO blam! end of query stack
Nov 01 23:32:53.276 INFO blam! 
Nov 01 23:32:53.276 INFO blam! ---- src/yandex_translate/client.rs - client::YandexTranslate::translate (line 60) stdout ----
Nov 01 23:32:53.276 INFO blam! thread 'src/yandex_translate/client.rs - client::YandexTranslate::translate (line 60)' panicked at 'test executable failed:
Nov 01 23:32:53.276 INFO blam! 
Nov 01 23:32:53.276 INFO blam! thread 'main' panicked at 'called `Result::unwrap()` on an `Err` value: Io(Custom { kind: Other, error: StringError("failed to lookup address information: Temporary failure in name resolution") })', libcore/result.rs:1009:5
Nov 01 23:32:53.276 INFO blam! stack backtrace:
Nov 01 23:32:53.276 INFO blam!    0:     0x55affa8c10ee - std::sys::unix::backtrace::tracing::imp::unwind_backtrace::hf5316c67202e23c8
Nov 01 23:32:53.276 INFO blam!                                at libstd/sys/unix/backtrace/tracing/gcc_s.rs:49
Nov 01 23:32:53.276 INFO blam!    1:     0x55affa8b7126 - std::sys_common::backtrace::print::h3068ed2a6dc7ac86
Nov 01 23:32:53.276 INFO blam!                                at libstd/sys_common/backtrace.rs:71
Nov 01 23:32:53.276 INFO blam!                                at libstd/sys_common/backtrace.rs:59
Nov 01 23:32:53.276 INFO blam!    2:     0x55affa8b58ad - std::panicking::default_hook::{{closure}}::h1b9d29cc09d41897
Nov 01 23:32:53.276 INFO blam!                                at libstd/panicking.rs:211
Nov 01 23:32:53.276 INFO blam!    3:     0x55affa8b5620 - std::panicking::default_hook::h3a27b204a313406b
Nov 01 23:32:53.276 INFO blam!                                at libstd/panicking.rs:227
Nov 01 23:32:53.276 INFO blam!    4:     0x55affa8b5f5c - std::panicking::rust_panic_with_hook::h0e12cb2fc86d00fa
Nov 01 23:32:53.276 INFO blam!                                at libstd/panicking.rs:477
Nov 01 23:32:53.276 INFO blam!    5:     0x55affa8b5b19 - std::panicking::continue_panic_fmt::h141671b29fe0e27d
Nov 01 23:32:53.276 INFO blam!                                at libstd/panicking.rs:391
Nov 01 23:32:53.276 INFO blam!    6:     0x55affa8b5a15 - rust_begin_unwind
Nov 01 23:32:53.276 INFO blam!                                at libstd/panicking.rs:326
Nov 01 23:32:53.276 INFO blam!    7:     0x55affa8fa7bb - core::panicking::panic_fmt::h429a06507aba9228
Nov 01 23:32:53.276 INFO blam!                                at libcore/panicking.rs:77
Nov 01 23:32:53.276 INFO blam!    8:     0x55affa7b50c3 - core::result::unwrap_failed::h4e0638b9dc803df7
Nov 01 23:32:53.276 INFO blam!                                at libcore/macros.rs:26
Nov 01 23:32:53.276 INFO blam!    9:     0x55affa751cdf - <core::result::Result<T, E>>::unwrap::h77acc0f7b4a580fc
Nov 01 23:32:53.276 INFO blam!                                at libcore/result.rs:808
Nov 01 23:32:53.276 INFO blam!   10:     0x55affa74208a - yandex_translate::client::YandexTranslate::execute::h420d98ddc668b15b
Nov 01 23:32:53.276 INFO blam!                                at src/yandex_translate/client.rs:90
Nov 01 23:32:53.276 INFO blam!   11:     0x55affa741df3 - yandex_translate::client::YandexTranslate::translate::he24dc8fa2dbc296a
Nov 01 23:32:53.276 INFO blam!                                at src/yandex_translate/client.rs:70
Nov 01 23:32:53.276 INFO blam!   12:     0x55affa738070 - rust_out::main::h944e552f3f67b4ba
Nov 01 23:32:53.276 INFO blam!   13:     0x55affa7388d2 - std::rt::lang_start::{{closure}}::hae3d026ae452bd89
Nov 01 23:32:53.276 INFO blam!   14:     0x55affa8b59b2 - std::panicking::try::do_call::h572dc6f90deb1a4d
Nov 01 23:32:53.276 INFO blam!                                at libstd/rt.rs:59
Nov 01 23:32:53.276 INFO blam!                                at libstd/panicking.rs:310
Nov 01 23:32:53.276 INFO blam!   15:     0x55affa8cf3f9 - __rust_maybe_catch_panic
Nov 01 23:32:53.277 INFO blam!                                at libpanic_unwind/lib.rs:103
Nov 01 23:32:53.277 INFO blam!   16:     0x55affa8bcd35 - std::rt::lang_start_internal::hce01021c3c1cf20d
Nov 01 23:32:53.277 INFO blam!                                at libstd/panicking.rs:289
Nov 01 23:32:53.277 INFO blam!                                at libstd/panic.rs:392
Nov 01 23:32:53.277 INFO blam!                                at libstd/rt.rs:58
Nov 01 23:32:53.277 INFO blam!   17:     0x55affa7388b3 - std::rt::lang_start::h7b2e7e88015bf7b3
Nov 01 23:32:53.277 INFO blam!   18:     0x55affa7380ca - main
Nov 01 23:32:53.277 INFO blam!   19:     0x7f25cd4f382f - __libc_start_main
Nov 01 23:32:53.277 INFO blam!   20:     0x55affa737be8 - _start
Nov 01 23:32:53.277 INFO blam!   21:                0x0 - <unknown>
Nov 01 23:32:53.277 INFO blam! 
Nov 01 23:32:53.277 INFO blam! ', librustdoc/test.rs:367:17
Nov 01 23:32:53.277 INFO blam! stack backtrace:
Nov 01 23:32:53.277 INFO blam!    0:     0x7f654cfae75e - std::sys::unix::backtrace::tracing::imp::unwind_backtrace::hf5316c67202e23c8
Nov 01 23:32:53.277 INFO blam!                                at libstd/sys/unix/backtrace/tracing/gcc_s.rs:49
Nov 01 23:32:53.277 INFO blam!    1:     0x7f654cf87946 - std::sys_common::backtrace::print::h3068ed2a6dc7ac86
Nov 01 23:32:53.277 INFO blam!                                at libstd/sys_common/backtrace.rs:71
Nov 01 23:32:53.277 INFO blam!                                at libstd/sys_common/backtrace.rs:59
Nov 01 23:32:53.277 INFO blam!    2:     0x7f654cf8554d - std::panicking::default_hook::{{closure}}::h1b9d29cc09d41897
Nov 01 23:32:53.277 INFO blam!                                at libstd/panicking.rs:211
Nov 01 23:32:53.277 INFO blam!    3:     0x7f654cf8525b - std::panicking::default_hook::h3a27b204a313406b
Nov 01 23:32:53.277 INFO blam!                                at libstd/panicking.rs:221
Nov 01 23:32:53.277 INFO blam!    4:     0x7f654f0ee9f1 - rustc::util::common::panic_hook::hf9d72254884e6e21
Nov 01 23:32:53.277 INFO blam!    5:     0x7f654cf85c53 - std::panicking::rust_panic_with_hook::h0e12cb2fc86d00fa
Nov 01 23:32:53.277 INFO blam!                                at libstd/panicking.rs:481
Nov 01 23:32:53.277 INFO blam!    6:     0x7f654cf857b9 - std::panicking::continue_panic_fmt::h141671b29fe0e27d
Nov 01 23:32:53.277 INFO blam!                                at libstd/panicking.rs:391
Nov 01 23:32:53.277 INFO blam!    7:     0x7f654cf8571d - std::panicking::begin_panic_fmt::h598547fc766c278a
Nov 01 23:32:53.277 INFO blam!                                at libstd/panicking.rs:346
Nov 01 23:32:53.277 INFO blam!    8:     0x55925e6675f3 - rustdoc::test::Collector::add_test::{{closure}}::{{closure}}::{{closure}}::hed130f7399558a0a
Nov 01 23:32:53.277 INFO blam!                                at librustdoc/test.rs:367
Nov 01 23:32:53.277 INFO blam!                                at librustdoc/test.rs:564
Nov 01 23:32:53.277 INFO blam!    9:     0x55925e620b40 - <scoped_tls::ScopedKey<T>>::set::h8f0919d2f77ba016
Nov 01 23:32:53.277 INFO blam!                                at /cargo/registry/src/github.com-1ecc6299db9ec823/scoped-tls-0.1.2/src/lib.rs:155
Nov 01 23:32:53.277 INFO blam!                                at libsyntax/lib.rs:108
Nov 01 23:32:53.277 INFO blam!                                at /cargo/registry/src/github.com-1ecc6299db9ec823/scoped-tls-0.1.2/src/lib.rs:155
Nov 01 23:32:53.277 INFO blam!   10:     0x55925e449c8d - syntax::with_globals::hd11e81a0116456bb
Nov 01 23:32:53.277 INFO blam!                                at libsyntax/lib.rs:107
Nov 01 23:32:53.277 INFO blam!   11:     0x55925e49a1a4 - std::panicking::try::do_call::hece5c13d7a24e473
Nov 01 23:32:53.277 INFO blam!                                at librustdoc/test.rs:561
Nov 01 23:32:53.277 INFO blam!                                at libstd/panic.rs:313
Nov 01 23:32:53.277 INFO blam!                                at libstd/panicking.rs:310
Nov 01 23:32:53.277 INFO blam!   12:     0x7f654cfc5469 - __rust_maybe_catch_panic
Nov 01 23:32:53.277 INFO blam!                                at libpanic_unwind/lib.rs:103
Nov 01 23:32:53.277 INFO blam!   13:     0x55925e511d43 - rustc_driver::in_named_rustc_thread::h2eb14efcd2031db9
Nov 01 23:32:53.277 INFO blam!                                at libstd/panicking.rs:289
Nov 01 23:32:53.277 INFO blam!                                at libstd/panic.rs:392
Nov 01 23:32:53.277 INFO blam!                                at librustc_driver/lib.rs:1574
Nov 01 23:32:53.277 INFO blam!   14:     0x55925e63fe4c - <F as alloc::boxed::FnBox<A>>::call_box::h1a3519e0a4ef9ca4
Nov 01 23:32:53.277 INFO blam!                                at librustdoc/test.rs:561
Nov 01 23:32:53.277 INFO blam!                                at liballoc/boxed.rs:646
Nov 01 23:32:53.277 INFO blam!   15:     0x7f654e609dc2 - <F as alloc::boxed::FnBox<A>>::call_box::h79a77abfa30ef4cc
Nov 01 23:32:53.277 INFO blam!                                at libtest/lib.rs:1454
Nov 01 23:32:53.277 INFO blam!                                at liballoc/boxed.rs:646
Nov 01 23:32:53.277 INFO blam!   16:     0x7f654cfc5469 - __rust_maybe_catch_panic
Nov 01 23:32:53.277 INFO blam!                                at libpanic_unwind/lib.rs:103
Nov 01 23:32:53.277 INFO blam!   17:     0x7f654e6171fd - std::sys_common::backtrace::__rust_begin_short_backtrace::h470b05235fe5e5ad
Nov 01 23:32:53.277 INFO blam!                                at libstd/panicking.rs:289
Nov 01 23:32:53.277 INFO blam!                                at libstd/panic.rs:392
Nov 01 23:32:53.277 INFO blam!                                at libtest/lib.rs:1416
Nov 01 23:32:53.277 INFO blam!                                at libstd/sys_common/backtrace.rs:136
Nov 01 23:32:53.277 INFO blam!   18:     0x7f654e635004 - std::panicking::try::do_call::h1f0578498122cc00
Nov 01 23:32:53.277 INFO blam!                                at libstd/thread/mod.rs:409
Nov 01 23:32:53.277 INFO blam!                                at libstd/panic.rs:313
Nov 01 23:32:53.277 INFO blam!                                at libstd/panicking.rs:310
Nov 01 23:32:53.277 INFO blam!   19:     0x7f654cfc5469 - __rust_maybe_catch_panic
Nov 01 23:32:53.277 INFO blam!                                at libpanic_unwind/lib.rs:103
Nov 01 23:32:53.277 INFO blam!   20:     0x7f654e621be6 - <F as alloc::boxed::FnBox<A>>::call_box::h7b129f9f235ab460
Nov 01 23:32:53.277 INFO blam!                                at libstd/panicking.rs:289
Nov 01 23:32:53.277 INFO blam!                                at libstd/panic.rs:392
Nov 01 23:32:53.277 INFO blam!                                at libstd/thread/mod.rs:408
Nov 01 23:32:53.277 INFO blam!                                at liballoc/boxed.rs:646
Nov 01 23:32:53.277 INFO blam!   21:     0x7f654cfb2c5a - std::sys_common::thread::start_thread::hb77935aee02382da
Nov 01 23:32:53.277 INFO blam!                                at liballoc/boxed.rs:656
Nov 01 23:32:53.277 INFO blam!                                at libstd/sys_common/thread.rs:24
Nov 01 23:32:53.277 INFO blam!   22:     0x7f654cf868d5 - std::sys::unix::thread::Thread::new::thread_start::hd61f7429b3de1d75
Nov 01 23:32:53.277 INFO blam!                                at libstd/sys/unix/thread.rs:90
Nov 01 23:32:53.277 INFO blam!   23:     0x7f654cd1b6b9 - start_thread
Nov 01 23:32:53.277 INFO blam!   24:     0x7f654c83b41c - clone
Nov 01 23:32:53.277 INFO blam!   25:                0x0 - <unknown>
Nov 01 23:32:53.277 INFO blam! query stack during panic:
Nov 01 23:32:53.277 INFO blam! end of query stack
Nov 01 23:32:53.277 INFO blam! 
Nov 01 23:32:53.277 INFO blam! 
Nov 01 23:32:53.278 INFO blam! failures:
Nov 01 23:32:53.278 INFO blam!     src/yandex_translate/client.rs - client::YandexTranslate::get_support_lang (line 75)
Nov 01 23:32:53.278 INFO blam!     src/yandex_translate/client.rs - client::YandexTranslate::translate (line 60)
Nov 01 23:32:53.278 INFO blam! 
Nov 01 23:32:53.278 INFO blam! test result: FAILED. 2 passed; 2 failed; 0 ignored; 0 measured; 0 filtered out
Nov 01 23:32:53.278 INFO blam! 
Nov 01 23:32:53.285 INFO kablam! error: test failed, to rerun pass '--doc'
Nov 01 23:32:53.288 INFO kablam! su: No module specific data is present
Nov 01 23:32:53.566 INFO running `"docker" "rm" "-f" "3ce62b6625a1e1242c40acc04928a149682c8b4b5505463bf7a344968d46716e"`
Nov 01 23:32:53.654 INFO blam! 3ce62b6625a1e1242c40acc04928a149682c8b4b5505463bf7a344968d46716e
