Nov 02 00:22:55.444 INFO testing wasm-bindgen-test-0.2.25 against beta-2018-10-30 for beta-1.31-1
Nov 02 00:22:55.444 INFO running `"docker" "create" "-v" "/mnt/big/crater/work/local/target-dirs/beta-1.31-1/worker-6/beta-2018-10-30:/target:rw,Z" "-v" "/mnt/big/crater/work/local/test-source/worker-6/beta-1.31-1/beta-2018-10-30:/source:ro,Z" "-v" "/mnt/big/crater/work/local/cargo-home:/cargo-home:ro,Z" "-v" "/mnt/big/crater/work/local/rustup-home:/rustup-home:ro,Z" "-e" "USER_ID=1000" "-e" "SOURCE_DIR=/source" "-e" "USER_ID=1000" "-e" "CMD=cargo +beta-2018-10-30 build --frozen" "-e" "CARGO_TARGET_DIR=/target" "-e" "CARGO_INCREMENTAL=0" "-e" "RUST_BACKTRACE=full" "-e" "RUSTFLAGS=--cap-lints=warn" "-e" "CARGO_HOME=/cargo-home" "-e" "RUSTUP_HOME=/rustup-home" "-m" "1536M" "--network" "none" "crater"`
Nov 02 00:22:55.923 INFO blam! 62065380c5f580f13e8054e601be6c502d88b86294731a30fe61e852986fe809
Nov 02 00:22:55.925 INFO running `"docker" "start" "-a" "62065380c5f580f13e8054e601be6c502d88b86294731a30fe61e852986fe809"`
Nov 02 00:22:58.059 INFO kablam! usermod: no changes
Nov 02 00:22:58.210 INFO kablam!    Compiling wasm-bindgen-shared v0.2.27
Nov 02 00:22:58.210 INFO kablam!    Compiling wasm-bindgen v0.2.27
Nov 02 00:22:58.211 INFO kablam!    Compiling syn v0.15.17
Nov 02 00:22:58.211 INFO kablam!    Compiling wasm-bindgen-test-macro v0.2.25
Nov 02 00:23:16.030 INFO kablam!    Compiling wasm-bindgen-backend v0.2.27
Nov 02 00:23:24.383 INFO kablam!    Compiling wasm-bindgen-macro-support v0.2.27
Nov 02 00:23:29.795 INFO kablam!    Compiling wasm-bindgen-macro v0.2.27
Nov 02 00:23:34.549 INFO kablam!    Compiling js-sys v0.3.4
Nov 02 00:23:34.550 INFO kablam!    Compiling console_error_panic_hook v0.1.5
Nov 02 00:23:39.181 INFO kablam!    Compiling wasm-bindgen-futures v0.3.4
Nov 02 00:23:40.365 INFO kablam!    Compiling wasm-bindgen-test v0.2.25 (/source)
Nov 02 00:23:42.298 INFO kablam!     Finished dev [unoptimized + debuginfo] target(s) in 44.21s
Nov 02 00:23:42.307 INFO kablam! su: No module specific data is present
Nov 02 00:23:43.573 INFO running `"docker" "rm" "-f" "62065380c5f580f13e8054e601be6c502d88b86294731a30fe61e852986fe809"`
Nov 02 00:23:43.963 INFO blam! 62065380c5f580f13e8054e601be6c502d88b86294731a30fe61e852986fe809
Nov 02 00:23:43.967 INFO running `"docker" "create" "-v" "/mnt/big/crater/work/local/target-dirs/beta-1.31-1/worker-6/beta-2018-10-30:/target:rw,Z" "-v" "/mnt/big/crater/work/local/test-source/worker-6/beta-1.31-1/beta-2018-10-30:/source:ro,Z" "-v" "/mnt/big/crater/work/local/cargo-home:/cargo-home:ro,Z" "-v" "/mnt/big/crater/work/local/rustup-home:/rustup-home:ro,Z" "-e" "USER_ID=1000" "-e" "SOURCE_DIR=/source" "-e" "USER_ID=1000" "-e" "CMD=cargo +beta-2018-10-30 test --frozen --no-run" "-e" "CARGO_TARGET_DIR=/target" "-e" "CARGO_INCREMENTAL=0" "-e" "RUST_BACKTRACE=full" "-e" "RUSTFLAGS=--cap-lints=warn" "-e" "CARGO_HOME=/cargo-home" "-e" "RUSTUP_HOME=/rustup-home" "-m" "1536M" "--network" "none" "crater"`
Nov 02 00:23:44.426 INFO blam! f306ae8b4a234bb86ddcfba27a5488b03161d1fb6981f2974c9d149b9702ee34
Nov 02 00:23:44.428 INFO running `"docker" "start" "-a" "f306ae8b4a234bb86ddcfba27a5488b03161d1fb6981f2974c9d149b9702ee34"`
Nov 02 00:23:46.311 INFO kablam! usermod: no changes
Nov 02 00:23:46.448 INFO kablam!     Finished dev [unoptimized + debuginfo] target(s) in 0.11s
Nov 02 00:23:46.463 INFO kablam! su: No module specific data is present
Nov 02 00:23:47.535 INFO running `"docker" "rm" "-f" "f306ae8b4a234bb86ddcfba27a5488b03161d1fb6981f2974c9d149b9702ee34"`
Nov 02 00:23:47.785 INFO blam! f306ae8b4a234bb86ddcfba27a5488b03161d1fb6981f2974c9d149b9702ee34
Nov 02 00:23:47.792 INFO running `"docker" "create" "-v" "/mnt/big/crater/work/local/target-dirs/beta-1.31-1/worker-6/beta-2018-10-30:/target:rw,Z" "-v" "/mnt/big/crater/work/local/test-source/worker-6/beta-1.31-1/beta-2018-10-30:/source:ro,Z" "-v" "/mnt/big/crater/work/local/cargo-home:/cargo-home:ro,Z" "-v" "/mnt/big/crater/work/local/rustup-home:/rustup-home:ro,Z" "-e" "USER_ID=1000" "-e" "SOURCE_DIR=/source" "-e" "USER_ID=1000" "-e" "CMD=cargo +beta-2018-10-30 test --frozen" "-e" "CARGO_TARGET_DIR=/target" "-e" "CARGO_INCREMENTAL=0" "-e" "RUST_BACKTRACE=full" "-e" "RUSTFLAGS=--cap-lints=warn" "-e" "CARGO_HOME=/cargo-home" "-e" "RUSTUP_HOME=/rustup-home" "-m" "1536M" "--network" "none" "crater"`
Nov 02 00:23:48.082 INFO blam! bf67ad8174c4247aaffd5be60ef609ba78f06e204beb5f1e712a7e6c18b97cb3
Nov 02 00:23:48.085 INFO running `"docker" "start" "-a" "bf67ad8174c4247aaffd5be60ef609ba78f06e204beb5f1e712a7e6c18b97cb3"`
Nov 02 00:23:48.947 INFO kablam! usermod: no changes
Nov 02 00:23:49.057 INFO kablam!     Finished dev [unoptimized + debuginfo] target(s) in 0.07s
Nov 02 00:23:49.079 INFO kablam!    Doc-tests wasm-bindgen-test
Nov 02 00:23:50.457 INFO blam! 
Nov 02 00:23:50.457 INFO blam! running 1 test
Nov 02 00:23:52.568 INFO blam! test src/lib.rs - wasm_bindgen_test_configure (line 31) ... FAILED
Nov 02 00:23:52.568 INFO blam! 
Nov 02 00:23:52.568 INFO blam! failures:
Nov 02 00:23:52.569 INFO blam! 
Nov 02 00:23:52.569 INFO blam! ---- src/lib.rs - wasm_bindgen_test_configure (line 31) stdout ----
Nov 02 00:23:52.569 INFO blam! error: cannot find macro `wasm_bindgen_test_configure!` in this scope
Nov 02 00:23:52.569 INFO blam!  --> src/lib.rs:32:1
Nov 02 00:23:52.569 INFO blam!   |
Nov 02 00:23:52.569 INFO blam! 4 | wasm_bindgen_test_configure!(foo bar baz);
Nov 02 00:23:52.569 INFO blam!   | ^^^^^^^^^^^^^^^^^^^^^^^^^^^ help: you could try the macro: `wasm_bindgen_test_macro`
Nov 02 00:23:52.570 INFO blam! 
Nov 02 00:23:52.570 INFO blam! thread 'src/lib.rs - wasm_bindgen_test_configure (line 31)' panicked at 'couldn't compile the test', librustdoc/test.rs:332:13
Nov 02 00:23:52.570 INFO blam! stack backtrace:
Nov 02 00:23:52.570 INFO blam!    0:     0x7f5caa3876ff - std::sys::unix::backtrace::tracing::imp::unwind_backtrace::h3c55afa80a996a32
Nov 02 00:23:52.570 INFO blam!                                at libstd/sys/unix/backtrace/tracing/gcc_s.rs:49
Nov 02 00:23:52.570 INFO blam!    1:     0x7f5caa36c697 - std::sys_common::backtrace::print::hcef907ea7a07cd40
Nov 02 00:23:52.570 INFO blam!                                at libstd/sys_common/backtrace.rs:71
Nov 02 00:23:52.571 INFO blam!                                at libstd/sys_common/backtrace.rs:59
Nov 02 00:23:52.571 INFO blam!    2:     0x7f5caa392acf - std::panicking::default_hook::{{closure}}::hf541876c65f36ea7
Nov 02 00:23:52.571 INFO blam!                                at libstd/panicking.rs:211
Nov 02 00:23:52.571 INFO blam!    3:     0x7f5caa3927ce - std::panicking::default_hook::h4ecc06b30ae4459d
Nov 02 00:23:52.571 INFO blam!                                at libstd/panicking.rs:221
Nov 02 00:23:52.571 INFO blam!    4:     0x7f5cac62e6d1 - rustc::util::common::panic_hook::hf4e6f5c3b281764b
Nov 02 00:23:52.571 INFO blam!    5:     0x7f5caa3932c6 - std::panicking::rust_panic_with_hook::h0cc6d9cc9f34a947
Nov 02 00:23:52.572 INFO blam!                                at libstd/panicking.rs:480
Nov 02 00:23:52.572 INFO blam!    6:     0x564537ddf387 - std::panicking::begin_panic::he08470afd022350c
Nov 02 00:23:52.572 INFO blam!                                at libstd/panicking.rs:410
Nov 02 00:23:52.572 INFO blam!    7:     0x564537f71707 - <rustdoc::test::Collector as rustdoc::test::Tester>::add_test::{{closure}}::{{closure}}::{{closure}}::h1097dd2aed0bc349
Nov 02 00:23:52.572 INFO blam!                                at librustdoc/test.rs:332
Nov 02 00:23:52.572 INFO blam!                                at librustdoc/test.rs:596
Nov 02 00:23:52.572 INFO blam!    8:     0x564537f26c78 - <scoped_tls::ScopedKey<T>>::set::h9bba31b35056dc07
Nov 02 00:23:52.572 INFO blam!                                at /cargo/registry/src/github.com-1ecc6299db9ec823/scoped-tls-0.1.2/src/lib.rs:155
Nov 02 00:23:52.573 INFO blam!                                at libsyntax/lib.rs:106
Nov 02 00:23:52.573 INFO blam!                                at /cargo/registry/src/github.com-1ecc6299db9ec823/scoped-tls-0.1.2/src/lib.rs:155
Nov 02 00:23:52.573 INFO blam!    9:     0x564537d2c481 - syntax::with_globals::h4fd10729776cd915
Nov 02 00:23:52.573 INFO blam!                                at libsyntax/lib.rs:105
Nov 02 00:23:52.573 INFO blam!   10:     0x564537ddf5cb - std::panicking::try::do_call::he572b5001749b5c7
Nov 02 00:23:52.573 INFO blam!                                at librustdoc/test.rs:593
Nov 02 00:23:52.573 INFO blam!                                at libstd/panic.rs:313
Nov 02 00:23:52.574 INFO blam!                                at libstd/panicking.rs:310
Nov 02 00:23:52.574 INFO blam!   11:     0x7f5caa3a0de9 - __rust_maybe_catch_panic
Nov 02 00:23:52.574 INFO blam!                                at libpanic_unwind/lib.rs:102
Nov 02 00:23:52.574 INFO blam!   12:     0x564537e01079 - rustc_driver::in_named_rustc_thread::hc8aa36ae7168454b
Nov 02 00:23:52.574 INFO blam!                                at libstd/panicking.rs:289
Nov 02 00:23:52.574 INFO blam!                                at libstd/panic.rs:392
Nov 02 00:23:52.574 INFO blam!                                at librustc_driver/lib.rs:1546
Nov 02 00:23:52.575 INFO blam!   13:     0x564537f3f960 - <F as alloc::boxed::FnBox<A>>::call_box::hf53e55f306710650
Nov 02 00:23:52.575 INFO blam!                                at librustdoc/test.rs:593
Nov 02 00:23:52.575 INFO blam!                                at liballoc/boxed.rs:672
Nov 02 00:23:52.575 INFO blam!   14:     0x7f5cab9ff142 - <F as alloc::boxed::FnBox<A>>::call_box::hecf56d722ce7bb71
Nov 02 00:23:52.575 INFO blam!                                at libtest/lib.rs:1461
Nov 02 00:23:52.576 INFO blam!                                at liballoc/boxed.rs:672
Nov 02 00:23:52.576 INFO blam!   15:     0x7f5caa3a0de9 - __rust_maybe_catch_panic
Nov 02 00:23:52.576 INFO blam!                                at libpanic_unwind/lib.rs:102
Nov 02 00:23:52.576 INFO blam!   16:     0x7f5caba27412 - std::sys_common::backtrace::__rust_begin_short_backtrace::h1bb71a7386fd3269
Nov 02 00:23:52.577 INFO blam!                                at libstd/panicking.rs:289
Nov 02 00:23:52.577 INFO blam!                                at libstd/panic.rs:392
Nov 02 00:23:52.577 INFO blam!                                at libtest/lib.rs:1423
Nov 02 00:23:52.577 INFO blam!                                at libstd/sys_common/backtrace.rs:136
Nov 02 00:23:52.577 INFO blam!   17:     0x7f5caba281b4 - std::panicking::try::do_call::h9b94719c3074bb5c
Nov 02 00:23:52.578 INFO blam!                                at libstd/thread/mod.rs:409
Nov 02 00:23:52.578 INFO blam!                                at libstd/panic.rs:313
Nov 02 00:23:52.578 INFO blam!                                at libstd/panicking.rs:310
Nov 02 00:23:52.578 INFO blam!   18:     0x7f5caa3a0de9 - __rust_maybe_catch_panic
Nov 02 00:23:52.579 INFO blam!                                at libpanic_unwind/lib.rs:102
Nov 02 00:23:52.579 INFO blam!   19:     0x7f5caba1090c - <F as alloc::boxed::FnBox<A>>::call_box::hb3bcd66d16fd3e84
Nov 02 00:23:52.579 INFO blam!                                at libstd/panicking.rs:289
Nov 02 00:23:52.579 INFO blam!                                at libstd/panic.rs:392
Nov 02 00:23:52.580 INFO blam!                                at libstd/thread/mod.rs:408
Nov 02 00:23:52.580 INFO blam!                                at liballoc/boxed.rs:672
Nov 02 00:23:52.580 INFO blam!   20:     0x7f5caa38da8d - std::sys_common::thread::start_thread::had0c80d121669d29
Nov 02 00:23:52.580 INFO blam!                                at liballoc/boxed.rs:682
Nov 02 00:23:52.580 INFO blam!                                at libstd/sys_common/thread.rs:24
Nov 02 00:23:52.581 INFO blam!   21:     0x7f5caa363435 - std::sys::unix::thread::Thread::new::thread_start::h4a5b66a70d76f47f
Nov 02 00:23:52.581 INFO blam!                                at libstd/sys/unix/thread.rs:90
Nov 02 00:23:52.581 INFO blam!   22:     0x7f5ca9eef6b9 - start_thread
Nov 02 00:23:52.581 INFO blam!   23:     0x7f5ca9a0f41c - clone
Nov 02 00:23:52.582 INFO blam!   24:                0x0 - <unknown>
Nov 02 00:23:52.582 INFO blam! query stack during panic:
Nov 02 00:23:52.582 INFO blam! end of query stack
Nov 02 00:23:52.582 INFO kablam! error: test failed, to rerun pass '--doc'
Nov 02 00:23:52.583 INFO blam! 
Nov 02 00:23:52.583 INFO blam! 
Nov 02 00:23:52.583 INFO blam! failures:
Nov 02 00:23:52.583 INFO blam!     src/lib.rs - wasm_bindgen_test_configure (line 31)
Nov 02 00:23:52.584 INFO blam! 
Nov 02 00:23:52.584 INFO blam! test result: FAILED. 0 passed; 1 failed; 0 ignored; 0 measured; 0 filtered out
Nov 02 00:23:52.584 INFO blam! 
Nov 02 00:23:52.603 INFO kablam! su: No module specific data is present
Nov 02 00:23:53.475 INFO running `"docker" "rm" "-f" "bf67ad8174c4247aaffd5be60ef609ba78f06e204beb5f1e712a7e6c18b97cb3"`
Nov 02 00:23:53.769 INFO blam! bf67ad8174c4247aaffd5be60ef609ba78f06e204beb5f1e712a7e6c18b97cb3
