Nov 02 00:52:47.349 INFO testing vat-0.1.0 against 1.30.0 for beta-1.31-1
Nov 02 00:52:47.349 INFO running `"docker" "create" "-v" "/mnt/big/crater/work/local/target-dirs/beta-1.31-1/worker-0/1.30.0:/target:rw,Z" "-v" "/mnt/big/crater/work/local/test-source/worker-0/beta-1.31-1/1.30.0:/source:ro,Z" "-v" "/mnt/big/crater/work/local/cargo-home:/cargo-home:ro,Z" "-v" "/mnt/big/crater/work/local/rustup-home:/rustup-home:ro,Z" "-e" "USER_ID=1000" "-e" "SOURCE_DIR=/source" "-e" "USER_ID=1000" "-e" "CMD=cargo +1.30.0 build --frozen" "-e" "CARGO_TARGET_DIR=/target" "-e" "CARGO_INCREMENTAL=0" "-e" "RUST_BACKTRACE=full" "-e" "RUSTFLAGS=--cap-lints=warn" "-e" "CARGO_HOME=/cargo-home" "-e" "RUSTUP_HOME=/rustup-home" "-m" "1536M" "--network" "none" "crater"`
Nov 02 00:52:48.344 INFO blam! c27eca4a1d38495fcc39ce7dccc149049f5a85f0d9b8be0fcaf11d480379e355
Nov 02 00:52:48.347 INFO running `"docker" "start" "-a" "c27eca4a1d38495fcc39ce7dccc149049f5a85f0d9b8be0fcaf11d480379e355"`
Nov 02 00:52:49.899 INFO kablam! usermod: no changes
Nov 02 00:52:50.127 INFO kablam!    Compiling openssl-sys v0.7.17
Nov 02 00:52:50.127 INFO kablam!    Compiling openssl-sys-extras v0.7.14
Nov 02 00:52:50.127 INFO kablam!    Compiling openssl v0.7.14
Nov 02 00:53:00.077 INFO kablam!    Compiling openssl-verify v0.1.0
Nov 02 00:53:00.079 INFO kablam!    Compiling cookie v0.2.5
Nov 02 00:53:03.594 INFO kablam!    Compiling hyper v0.9.18
Nov 02 00:53:12.907 INFO kablam!    Compiling vat v0.1.0 (/source)
Nov 02 00:53:16.122 INFO kablam!     Finished dev [unoptimized + debuginfo] target(s) in 26.19s
Nov 02 00:53:16.125 INFO kablam! su: No module specific data is present
Nov 02 00:53:16.965 INFO running `"docker" "rm" "-f" "c27eca4a1d38495fcc39ce7dccc149049f5a85f0d9b8be0fcaf11d480379e355"`
Nov 02 00:53:17.193 INFO blam! c27eca4a1d38495fcc39ce7dccc149049f5a85f0d9b8be0fcaf11d480379e355
Nov 02 00:53:17.198 INFO running `"docker" "create" "-v" "/mnt/big/crater/work/local/target-dirs/beta-1.31-1/worker-0/1.30.0:/target:rw,Z" "-v" "/mnt/big/crater/work/local/test-source/worker-0/beta-1.31-1/1.30.0:/source:ro,Z" "-v" "/mnt/big/crater/work/local/cargo-home:/cargo-home:ro,Z" "-v" "/mnt/big/crater/work/local/rustup-home:/rustup-home:ro,Z" "-e" "USER_ID=1000" "-e" "SOURCE_DIR=/source" "-e" "USER_ID=1000" "-e" "CMD=cargo +1.30.0 test --frozen --no-run" "-e" "CARGO_TARGET_DIR=/target" "-e" "CARGO_INCREMENTAL=0" "-e" "RUST_BACKTRACE=full" "-e" "RUSTFLAGS=--cap-lints=warn" "-e" "CARGO_HOME=/cargo-home" "-e" "RUSTUP_HOME=/rustup-home" "-m" "1536M" "--network" "none" "crater"`
Nov 02 00:53:17.548 INFO blam! 4065fbe302b0889624e1fa6635486ea04a0a879f1807b357a2ef75444787893b
Nov 02 00:53:17.554 INFO running `"docker" "start" "-a" "4065fbe302b0889624e1fa6635486ea04a0a879f1807b357a2ef75444787893b"`
Nov 02 00:53:18.545 INFO kablam! usermod: no changes
Nov 02 00:53:18.686 INFO kablam!    Compiling vat v0.1.0 (/source)
Nov 02 00:53:25.407 INFO kablam!     Finished dev [unoptimized + debuginfo] target(s) in 6.83s
Nov 02 00:53:25.415 INFO kablam! su: No module specific data is present
Nov 02 00:53:26.655 INFO running `"docker" "rm" "-f" "4065fbe302b0889624e1fa6635486ea04a0a879f1807b357a2ef75444787893b"`
Nov 02 00:53:26.943 INFO blam! 4065fbe302b0889624e1fa6635486ea04a0a879f1807b357a2ef75444787893b
Nov 02 00:53:26.943 INFO running `"docker" "create" "-v" "/mnt/big/crater/work/local/target-dirs/beta-1.31-1/worker-0/1.30.0:/target:rw,Z" "-v" "/mnt/big/crater/work/local/test-source/worker-0/beta-1.31-1/1.30.0:/source:ro,Z" "-v" "/mnt/big/crater/work/local/cargo-home:/cargo-home:ro,Z" "-v" "/mnt/big/crater/work/local/rustup-home:/rustup-home:ro,Z" "-e" "USER_ID=1000" "-e" "SOURCE_DIR=/source" "-e" "USER_ID=1000" "-e" "CMD=cargo +1.30.0 test --frozen" "-e" "CARGO_TARGET_DIR=/target" "-e" "CARGO_INCREMENTAL=0" "-e" "RUST_BACKTRACE=full" "-e" "RUSTFLAGS=--cap-lints=warn" "-e" "CARGO_HOME=/cargo-home" "-e" "RUSTUP_HOME=/rustup-home" "-m" "1536M" "--network" "none" "crater"`
Nov 02 00:53:27.477 INFO blam! ea0788f6ca993550a5e649c35580ed932cd9ccb2c23609a4f23e67b1e742dca3
Nov 02 00:53:27.480 INFO running `"docker" "start" "-a" "ea0788f6ca993550a5e649c35580ed932cd9ccb2c23609a4f23e67b1e742dca3"`
Nov 02 00:53:29.111 INFO kablam! usermod: no changes
Nov 02 00:53:29.267 INFO kablam!     Finished dev [unoptimized + debuginfo] target(s) in 0.12s
Nov 02 00:53:29.273 INFO kablam!      Running /target/debug/deps/vat-bc8022459a1e16a9
Nov 02 00:53:29.279 INFO blam! 
Nov 02 00:53:29.279 INFO blam! running 7 tests
Nov 02 00:53:29.295 INFO blam! test rates::tests::test_cannot_get_rate_non_eu_country ... ok
Nov 02 00:53:29.295 INFO blam! test rates::tests::test_can_get_rate_eu_country ... ok
Nov 02 00:53:29.296 INFO blam! test format::tests::test_clean_vat_number ... ok
Nov 02 00:53:29.319 INFO blam! test vies::tests::test_parse_xml_reply ... ok
Nov 02 00:53:29.503 INFO blam! test vies::tests::test_query_vies_valid ... FAILED
Nov 02 00:53:29.519 INFO blam! test format::tests::test_validate_format_unknown_country ... ok
Nov 02 00:53:29.524 INFO blam! test format::tests::test_validate_format_ok ... ok
Nov 02 00:53:29.525 INFO blam! 
Nov 02 00:53:29.525 INFO blam! failures:
Nov 02 00:53:29.525 INFO blam! 
Nov 02 00:53:29.525 INFO blam! ---- vies::tests::test_query_vies_valid stdout ----
Nov 02 00:53:29.526 INFO blam! Err(HttpError(Io(Custom { kind: Other, error: StringError("failed to lookup address information: Temporary failure in name resolution") })))
Nov 02 00:53:29.526 INFO blam! thread 'vies::tests::test_query_vies_valid' panicked at 'assertion failed: result.is_ok()', src/vies.rs:97:9
Nov 02 00:53:29.526 INFO blam! stack backtrace:
Nov 02 00:53:29.526 INFO blam!    0:     0x557d764aab3e - std::sys::unix::backtrace::tracing::imp::unwind_backtrace::hf5316c67202e23c8
Nov 02 00:53:29.527 INFO blam!                                at libstd/sys/unix/backtrace/tracing/gcc_s.rs:49
Nov 02 00:53:29.527 INFO blam!    1:     0x557d7649ccc6 - std::sys_common::backtrace::print::h3068ed2a6dc7ac86
Nov 02 00:53:29.527 INFO blam!                                at libstd/sys_common/backtrace.rs:71
Nov 02 00:53:29.528 INFO blam!                                at libstd/sys_common/backtrace.rs:59
Nov 02 00:53:29.528 INFO blam!    2:     0x557d7649b09d - std::panicking::default_hook::{{closure}}::h1b9d29cc09d41897
Nov 02 00:53:29.528 INFO blam!                                at libstd/panicking.rs:211
Nov 02 00:53:29.528 INFO blam!    3:     0x557d7649adab - std::panicking::default_hook::h3a27b204a313406b
Nov 02 00:53:29.528 INFO blam!                                at libstd/panicking.rs:221
Nov 02 00:53:29.529 INFO blam!    4:     0x557d7649b74c - std::panicking::rust_panic_with_hook::h0e12cb2fc86d00fa
Nov 02 00:53:29.529 INFO blam!                                at libstd/panicking.rs:477
Nov 02 00:53:29.529 INFO blam!    5:     0x557d76265c4f - std::panicking::begin_panic::h2b7abe2475e1d43c
Nov 02 00:53:29.530 INFO blam!                                at libstd/panicking.rs:411
Nov 02 00:53:29.530 INFO blam!    6:     0x557d761a0161 - vat::vies::tests::test_query_vies_valid::h8c89aafc38bd5324
Nov 02 00:53:29.530 INFO blam!                                at src/vies.rs:97
Nov 02 00:53:29.530 INFO blam!    7:     0x557d761a0019 - vat::vies::tests::test_query_vies_valid::{{closure}}::h4b7cca7a6e5bea4c
Nov 02 00:53:29.531 INFO blam!                                at src/vies.rs:93
Nov 02 00:53:29.531 INFO blam!    8:     0x557d761a4e2d - core::ops::function::FnOnce::call_once::h14e2cc65e669966e
Nov 02 00:53:29.531 INFO blam!                                at libcore/ops/function.rs:238
Nov 02 00:53:29.531 INFO blam!    9:     0x557d761ac9ee - <F as alloc::boxed::FnBox<A>>::call_box::ha9910eac2d17ff23
Nov 02 00:53:29.532 INFO blam!                                at libtest/lib.rs:1461
Nov 02 00:53:29.532 INFO blam!                                at libcore/ops/function.rs:238
Nov 02 00:53:29.532 INFO kablam! error: test failed, to rerun pass '--lib'
Nov 02 00:53:29.533 INFO blam!                                at liballoc/boxed.rs:646
Nov 02 00:53:29.533 INFO blam!   10:     0x557d764b9ad9 - __rust_maybe_catch_panic
Nov 02 00:53:29.533 INFO blam!                                at libpanic_unwind/lib.rs:103
Nov 02 00:53:29.533 INFO blam!   11:     0x557d761b82fd - std::sys_common::backtrace::__rust_begin_short_backtrace::h470b05235fe5e5ad
Nov 02 00:53:29.534 INFO blam!                                at libstd/panicking.rs:289
Nov 02 00:53:29.534 INFO blam!                                at libstd/panic.rs:392
Nov 02 00:53:29.534 INFO blam!                                at libtest/lib.rs:1416
Nov 02 00:53:29.534 INFO blam!                                at libstd/sys_common/backtrace.rs:136
Nov 02 00:53:29.535 INFO blam!   12:     0x557d761d0934 - std::panicking::try::do_call::h1f0578498122cc00
Nov 02 00:53:29.535 INFO blam!                                at libstd/thread/mod.rs:409
Nov 02 00:53:29.535 INFO blam!                                at libstd/panic.rs:313
Nov 02 00:53:29.535 INFO blam!                                at libstd/panicking.rs:310
Nov 02 00:53:29.536 INFO blam!   13:     0x557d764b9ad9 - __rust_maybe_catch_panic
Nov 02 00:53:29.536 INFO blam!                                at libpanic_unwind/lib.rs:103
Nov 02 00:53:29.536 INFO blam!   14:     0x557d761c1206 - <F as alloc::boxed::FnBox<A>>::call_box::h7b129f9f235ab460
Nov 02 00:53:29.536 INFO blam!                                at libstd/panicking.rs:289
Nov 02 00:53:29.537 INFO blam!                                at libstd/panic.rs:392
Nov 02 00:53:29.537 INFO blam!                                at libstd/thread/mod.rs:408
Nov 02 00:53:29.537 INFO blam!                                at liballoc/boxed.rs:646
Nov 02 00:53:29.537 INFO blam!   15:     0x557d764ac68a - std::sys_common::thread::start_thread::hb77935aee02382da
Nov 02 00:53:29.538 INFO blam!                                at liballoc/boxed.rs:656
Nov 02 00:53:29.538 INFO blam!                                at libstd/sys_common/thread.rs:24
Nov 02 00:53:29.538 INFO blam!   16:     0x557d7649bf05 - std::sys::unix::thread::Thread::new::thread_start::hd61f7429b3de1d75
Nov 02 00:53:29.538 INFO blam!                                at libstd/sys/unix/thread.rs:90
Nov 02 00:53:29.539 INFO blam!   17:     0x7feef76246b9 - start_thread
Nov 02 00:53:29.539 INFO kablam! su: No module specific data is present
Nov 02 00:53:29.539 INFO blam!   18:     0x7feef714441c - clone
Nov 02 00:53:29.539 INFO blam!   19:                0x0 - <unknown>
Nov 02 00:53:29.540 INFO blam! 
Nov 02 00:53:29.540 INFO blam! 
Nov 02 00:53:29.540 INFO blam! failures:
Nov 02 00:53:29.541 INFO blam!     vies::tests::test_query_vies_valid
Nov 02 00:53:29.541 INFO blam! 
Nov 02 00:53:29.541 INFO blam! test result: FAILED. 6 passed; 1 failed; 0 ignored; 0 measured; 0 filtered out
Nov 02 00:53:29.541 INFO blam! 
Nov 02 00:53:30.091 INFO running `"docker" "rm" "-f" "ea0788f6ca993550a5e649c35580ed932cd9ccb2c23609a4f23e67b1e742dca3"`
Nov 02 00:53:30.466 INFO blam! ea0788f6ca993550a5e649c35580ed932cd9ccb2c23609a4f23e67b1e742dca3
