Nov 02 03:02:41.661 INFO testing tealdeer-1.0.0 against beta-2018-10-30 for beta-1.31-1
Nov 02 03:02:41.661 INFO running `"docker" "create" "-v" "/mnt/big/crater/work/local/target-dirs/beta-1.31-1/worker-3/beta-2018-10-30:/target:rw,Z" "-v" "/mnt/big/crater/work/local/test-source/worker-3/beta-1.31-1/beta-2018-10-30:/source:ro,Z" "-v" "/mnt/big/crater/work/local/cargo-home:/cargo-home:ro,Z" "-v" "/mnt/big/crater/work/local/rustup-home:/rustup-home:ro,Z" "-e" "USER_ID=1000" "-e" "SOURCE_DIR=/source" "-e" "USER_ID=1000" "-e" "CMD=cargo +beta-2018-10-30 build --frozen" "-e" "CARGO_TARGET_DIR=/target" "-e" "CARGO_INCREMENTAL=0" "-e" "RUST_BACKTRACE=full" "-e" "RUSTFLAGS=--cap-lints=warn" "-e" "CARGO_HOME=/cargo-home" "-e" "RUSTUP_HOME=/rustup-home" "-m" "1536M" "--network" "none" "crater"`
Nov 02 03:02:42.123 INFO blam! d5f1343fd7e2bb9287e55a76dc5b8d1002283e65a768edd8180f1b349143350d
Nov 02 03:02:42.125 INFO running `"docker" "start" "-a" "d5f1343fd7e2bb9287e55a76dc5b8d1002283e65a768edd8180f1b349143350d"`
Nov 02 03:02:43.158 INFO kablam! usermod: no changes
Nov 02 03:02:43.331 INFO kablam!    Compiling tar v0.4.17
Nov 02 03:02:46.111 INFO kablam!    Compiling tealdeer v1.0.0 (/source)
Nov 02 03:02:52.444 INFO kablam!     Finished dev [unoptimized + debuginfo] target(s) in 9.26s
Nov 02 03:02:52.475 INFO kablam! su: No module specific data is present
Nov 02 03:02:53.257 INFO running `"docker" "rm" "-f" "d5f1343fd7e2bb9287e55a76dc5b8d1002283e65a768edd8180f1b349143350d"`
Nov 02 03:02:53.551 INFO blam! d5f1343fd7e2bb9287e55a76dc5b8d1002283e65a768edd8180f1b349143350d
Nov 02 03:02:53.558 INFO running `"docker" "create" "-v" "/mnt/big/crater/work/local/target-dirs/beta-1.31-1/worker-3/beta-2018-10-30:/target:rw,Z" "-v" "/mnt/big/crater/work/local/test-source/worker-3/beta-1.31-1/beta-2018-10-30:/source:ro,Z" "-v" "/mnt/big/crater/work/local/cargo-home:/cargo-home:ro,Z" "-v" "/mnt/big/crater/work/local/rustup-home:/rustup-home:ro,Z" "-e" "USER_ID=1000" "-e" "SOURCE_DIR=/source" "-e" "USER_ID=1000" "-e" "CMD=cargo +beta-2018-10-30 test --frozen --no-run" "-e" "CARGO_TARGET_DIR=/target" "-e" "CARGO_INCREMENTAL=0" "-e" "RUST_BACKTRACE=full" "-e" "RUSTFLAGS=--cap-lints=warn" "-e" "CARGO_HOME=/cargo-home" "-e" "RUSTUP_HOME=/rustup-home" "-m" "1536M" "--network" "none" "crater"`
Nov 02 03:02:53.999 INFO blam! a15d88d9b1e5c45761cb1c05407cac518988e0ac8c2fcd105dae3fc2dd4e70d7
Nov 02 03:02:54.002 INFO running `"docker" "start" "-a" "a15d88d9b1e5c45761cb1c05407cac518988e0ac8c2fcd105dae3fc2dd4e70d7"`
Nov 02 03:02:55.514 INFO kablam! usermod: no changes
Nov 02 03:02:55.743 INFO kablam!    Compiling cargo_metadata v0.5.8
Nov 02 03:02:59.604 INFO kablam!    Compiling skeptic v0.13.3
Nov 02 03:03:04.108 INFO kablam!    Compiling assert_cli v0.5.4
Nov 02 03:03:10.729 INFO kablam!    Compiling tealdeer v1.0.0 (/source)
Nov 02 03:03:17.835 INFO kablam!     Finished dev [unoptimized + debuginfo] target(s) in 22.30s
Nov 02 03:03:17.863 INFO kablam! su: No module specific data is present
Nov 02 03:03:19.363 INFO running `"docker" "rm" "-f" "a15d88d9b1e5c45761cb1c05407cac518988e0ac8c2fcd105dae3fc2dd4e70d7"`
Nov 02 03:03:19.739 INFO blam! a15d88d9b1e5c45761cb1c05407cac518988e0ac8c2fcd105dae3fc2dd4e70d7
Nov 02 03:03:19.743 INFO running `"docker" "create" "-v" "/mnt/big/crater/work/local/target-dirs/beta-1.31-1/worker-3/beta-2018-10-30:/target:rw,Z" "-v" "/mnt/big/crater/work/local/test-source/worker-3/beta-1.31-1/beta-2018-10-30:/source:ro,Z" "-v" "/mnt/big/crater/work/local/cargo-home:/cargo-home:ro,Z" "-v" "/mnt/big/crater/work/local/rustup-home:/rustup-home:ro,Z" "-e" "USER_ID=1000" "-e" "SOURCE_DIR=/source" "-e" "USER_ID=1000" "-e" "CMD=cargo +beta-2018-10-30 test --frozen" "-e" "CARGO_TARGET_DIR=/target" "-e" "CARGO_INCREMENTAL=0" "-e" "RUST_BACKTRACE=full" "-e" "RUSTFLAGS=--cap-lints=warn" "-e" "CARGO_HOME=/cargo-home" "-e" "RUSTUP_HOME=/rustup-home" "-m" "1536M" "--network" "none" "crater"`
Nov 02 03:03:20.218 INFO blam! 53a162ddc3f6b362b4a263fd0a0a213f68adb61f1f234b38065b6340606c8a78
Nov 02 03:03:20.220 INFO running `"docker" "start" "-a" "53a162ddc3f6b362b4a263fd0a0a213f68adb61f1f234b38065b6340606c8a78"`
Nov 02 03:03:21.715 INFO kablam! usermod: no changes
Nov 02 03:03:21.919 INFO kablam!     Finished dev [unoptimized + debuginfo] target(s) in 0.17s
Nov 02 03:03:21.935 INFO kablam!      Running /target/debug/deps/tldr-b333842367f3d8aa
Nov 02 03:03:21.971 INFO blam! 
Nov 02 03:03:21.972 INFO blam! running 5 tests
Nov 02 03:03:21.977 INFO blam! test types::test::test_linetype_from_str ... ok
Nov 02 03:03:21.997 INFO blam! test tokenizer::test::test_first_line_new_format ... ok
Nov 02 03:03:21.997 INFO blam! test tokenizer::test::test_first_line_old_format ... ok
Nov 02 03:03:22.075 INFO blam! test test::test_docopt_os_case_insensitive ... ok
Nov 02 03:03:22.075 INFO blam! test test::test_docopt_expect_error ... ok
Nov 02 03:03:22.076 INFO blam! 
Nov 02 03:03:22.076 INFO blam! test result: ok. 5 passed; 0 failed; 0 ignored; 0 measured; 0 filtered out
Nov 02 03:03:22.076 INFO blam! 
Nov 02 03:03:22.091 INFO blam! 
Nov 02 03:03:22.092 INFO kablam!      Running /target/debug/deps/lib-f85f7cc5eddf3c9a
Nov 02 03:03:22.092 INFO blam! running 4 tests
Nov 02 03:03:22.579 INFO blam! test test_correct_rendering_v2 ... ok
Nov 02 03:03:22.579 INFO blam! test test_missing_cache ... ok
Nov 02 03:03:22.650 INFO blam! test test_correct_rendering_v1 ... ok
Nov 02 03:03:23.052 INFO blam! test test_update_cache ... FAILED
Nov 02 03:03:23.052 INFO blam! 
Nov 02 03:03:23.052 INFO blam! failures:
Nov 02 03:03:23.052 INFO blam! 
Nov 02 03:03:23.052 INFO blam! ---- test_update_cache stdout ----
Nov 02 03:03:23.052 INFO blam! thread 'test_update_cache' panicked at 'CLI assertion failed: (command `cargo run -- --update` expected to succeed)
Nov 02 03:03:23.052 INFO blam! status=failed
Nov 02 03:03:23.052 INFO blam! stdout=```Could not update cache: Curl error: [6] Couldn't resolve host name
Nov 02 03:03:23.052 INFO blam! ```
Nov 02 03:03:23.052 INFO blam! stderr=```    Finished dev [unoptimized + debuginfo] target(s) in 0.17s
Nov 02 03:03:23.052 INFO blam!      Running `/target/debug/tldr --update`
Nov 02 03:03:23.052 INFO blam! ```', /cargo-home/registry/src/github.com-1ecc6299db9ec823/assert_cli-0.5.4/src/assert.rs:368:13
Nov 02 03:03:23.052 INFO blam! stack backtrace:
Nov 02 03:03:23.052 INFO blam!    0:     0x55db70eb101f - std::sys::unix::backtrace::tracing::imp::unwind_backtrace::h3c55afa80a996a32
Nov 02 03:03:23.052 INFO blam!                                at libstd/sys/unix/backtrace/tracing/gcc_s.rs:49
Nov 02 03:03:23.052 INFO blam!    1:     0x55db70ebdaa7 - std::sys_common::backtrace::print::hcef907ea7a07cd40
Nov 02 03:03:23.052 INFO blam!                                at libstd/sys_common/backtrace.rs:71
Nov 02 03:03:23.052 INFO blam!                                at libstd/sys_common/backtrace.rs:59
Nov 02 03:03:23.052 INFO blam!    2:     0x55db70eb658f - std::panicking::default_hook::{{closure}}::hf541876c65f36ea7
Nov 02 03:03:23.052 INFO blam!                                at libstd/panicking.rs:211
Nov 02 03:03:23.052 INFO blam!    3:     0x55db70eb628e - std::panicking::default_hook::h4ecc06b30ae4459d
Nov 02 03:03:23.052 INFO blam!                                at libstd/panicking.rs:221
Nov 02 03:03:23.052 INFO blam!    4:     0x55db70eb6c6e - std::panicking::rust_panic_with_hook::h0cc6d9cc9f34a947
Nov 02 03:03:23.053 INFO blam!                                at libstd/panicking.rs:476
Nov 02 03:03:23.053 INFO blam!    5:     0x55db70eb6811 - std::panicking::continue_panic_fmt::hc71ad5f01496e320
Nov 02 03:03:23.053 INFO blam!                                at libstd/panicking.rs:390
Nov 02 03:03:23.053 INFO blam!    6:     0x55db70eb675e - std::panicking::begin_panic_fmt::hdb958223ae20ca60
Nov 02 03:03:23.053 INFO blam!                                at libstd/panicking.rs:345
Nov 02 03:03:23.053 INFO blam!    7:     0x55db70e288b5 - assert_cli::assert::Assert::unwrap::h816af069c952780a
Nov 02 03:03:23.053 INFO blam!                                at /cargo-home/registry/src/github.com-1ecc6299db9ec823/assert_cli-0.5.4/src/assert.rs:368
Nov 02 03:03:23.053 INFO blam!    8:     0x55db70dc5aa3 - lib::test_update_cache::h21e99b853a24dbc7
Nov 02 03:03:23.053 INFO blam!                                at tests/lib.rs:54
Nov 02 03:03:23.053 INFO blam!    9:     0x55db70dc5919 - lib::test_update_cache::{{closure}}::h16258a80a1330cb6
Nov 02 03:03:23.053 INFO blam!                                at tests/lib.rs:45
Nov 02 03:03:23.053 INFO blam!   10:     0x55db70dc693d - core::ops::function::FnOnce::call_once::h26aac1ea8e9c0a1b
Nov 02 03:03:23.053 INFO blam!                                at libcore/ops/function.rs:238
Nov 02 03:03:23.053 INFO blam!   11:     0x55db70dcac5e - <F as alloc::boxed::FnBox<A>>::call_box::hf32558bd83684b60
Nov 02 03:03:23.053 INFO blam!                                at libtest/lib.rs:1468
Nov 02 03:03:23.053 INFO blam!                                at libcore/ops/function.rs:238
Nov 02 03:03:23.053 INFO blam!                                at liballoc/boxed.rs:672
Nov 02 03:03:23.053 INFO blam!   12:     0x55db70ec8cd9 - __rust_maybe_catch_panic
Nov 02 03:03:23.053 INFO blam!                                at libpanic_unwind/lib.rs:102
Nov 02 03:03:23.053 INFO blam!   13:     0x55db70dec8c2 - std::sys_common::backtrace::__rust_begin_short_backtrace::h1bb71a7386fd3269
Nov 02 03:03:23.053 INFO blam!                                at libstd/panicking.rs:289
Nov 02 03:03:23.053 INFO blam!                                at libstd/panic.rs:392
Nov 02 03:03:23.053 INFO blam!                                at libtest/lib.rs:1423
Nov 02 03:03:23.053 INFO blam!                                at libstd/sys_common/backtrace.rs:136
Nov 02 03:03:23.053 INFO blam!   14:     0x55db70ded374 - std::panicking::try::do_call::h9b94719c3074bb5c
Nov 02 03:03:23.053 INFO blam!                                at libstd/thread/mod.rs:409
Nov 02 03:03:23.053 INFO blam!                                at libstd/panic.rs:313
Nov 02 03:03:23.053 INFO blam!                                at libstd/panicking.rs:310
Nov 02 03:03:23.053 INFO blam!   15:     0x55db70ec8cd9 - __rust_maybe_catch_panic
Nov 02 03:03:23.053 INFO blam!                                at libpanic_unwind/lib.rs:102
Nov 02 03:03:23.053 INFO blam!   16:     0x55db70dda59c - <F as alloc::boxed::FnBox<A>>::call_box::hb3bcd66d16fd3e84
Nov 02 03:03:23.053 INFO blam!                                at libstd/panicking.rs:289
Nov 02 03:03:23.053 INFO blam!                                at libstd/panic.rs:392
Nov 02 03:03:23.053 INFO blam!                                at libstd/thread/mod.rs:408
Nov 02 03:03:23.053 INFO blam!                                at liballoc/boxed.rs:672
Nov 02 03:03:23.053 INFO blam!   17:     0x55db70eb34fd - std::sys_common::thread::start_thread::had0c80d121669d29
Nov 02 03:03:23.053 INFO blam!                                at liballoc/boxed.rs:682
Nov 02 03:03:23.053 INFO blam!                                at libstd/sys_common/thread.rs:24
Nov 02 03:03:23.053 INFO blam!   18:     0x55db70ea59f5 - std::sys::unix::thread::Thread::new::thread_start::h4a5b66a70d76f47f
Nov 02 03:03:23.053 INFO blam!                                at libstd/sys/unix/thread.rs:90
Nov 02 03:03:23.053 INFO blam!   19:     0x7f36bb3656b9 - start_thread
Nov 02 03:03:23.053 INFO blam!   20:     0x7f36bae8541c - clone
Nov 02 03:03:23.053 INFO blam!   21:                0x0 - <unknown>
Nov 02 03:03:23.053 INFO blam! 
Nov 02 03:03:23.067 INFO blam! 
Nov 02 03:03:23.067 INFO kablam! error: test failed, to rerun pass '--test lib'
Nov 02 03:03:23.067 INFO blam! failures:
Nov 02 03:03:23.067 INFO blam!     test_update_cache
Nov 02 03:03:23.067 INFO blam! 
Nov 02 03:03:23.067 INFO blam! test result: FAILED. 3 passed; 1 failed; 0 ignored; 0 measured; 0 filtered out
Nov 02 03:03:23.067 INFO blam! 
Nov 02 03:03:23.071 INFO kablam! su: No module specific data is present
Nov 02 03:03:23.987 INFO running `"docker" "rm" "-f" "53a162ddc3f6b362b4a263fd0a0a213f68adb61f1f234b38065b6340606c8a78"`
Nov 02 03:03:24.273 INFO blam! 53a162ddc3f6b362b4a263fd0a0a213f68adb61f1f234b38065b6340606c8a78
