Nov 02 04:51:14.730 INFO testing signatory-ledger-cosval-0.9.0 against beta-2018-10-30 for beta-1.31-1
Nov 02 04:51:14.730 INFO running `"docker" "create" "-v" "/mnt/big/crater/work/local/target-dirs/beta-1.31-1/worker-2/beta-2018-10-30:/target:rw,Z" "-v" "/mnt/big/crater/work/local/test-source/worker-2/beta-1.31-1/beta-2018-10-30:/source:ro,Z" "-v" "/mnt/big/crater/work/local/cargo-home:/cargo-home:ro,Z" "-v" "/mnt/big/crater/work/local/rustup-home:/rustup-home:ro,Z" "-e" "USER_ID=1000" "-e" "SOURCE_DIR=/source" "-e" "USER_ID=1000" "-e" "CMD=cargo +beta-2018-10-30 build --frozen" "-e" "CARGO_TARGET_DIR=/target" "-e" "CARGO_INCREMENTAL=0" "-e" "RUST_BACKTRACE=full" "-e" "RUSTFLAGS=--cap-lints=warn" "-e" "CARGO_HOME=/cargo-home" "-e" "RUSTUP_HOME=/rustup-home" "-m" "1536M" "--network" "none" "crater"`
Nov 02 04:51:14.919 INFO blam! c3956f5a46eb369523077ea02c1f6978bc51cde2d576dfa7525903db56de5d4b
Nov 02 04:51:14.927 INFO running `"docker" "start" "-a" "c3956f5a46eb369523077ea02c1f6978bc51cde2d576dfa7525903db56de5d4b"`
Nov 02 04:51:15.757 INFO kablam! usermod: no changes
Nov 02 04:51:15.952 INFO kablam!    Compiling zeroize v0.4.0
Nov 02 04:51:15.952 INFO kablam!    Compiling hidapi v0.5.0
Nov 02 04:51:19.124 INFO kablam!    Compiling subtle-encoding v0.2.3
Nov 02 04:51:20.712 INFO kablam!    Compiling ledger v0.0.8
Nov 02 04:51:21.684 INFO kablam!    Compiling signatory v0.9.4
Nov 02 04:51:23.060 INFO kablam!    Compiling ledger-cosmos v0.0.6
Nov 02 04:51:24.654 INFO kablam!    Compiling signatory-ledger-cosval v0.9.0 (/source)
Nov 02 04:51:26.456 INFO kablam!     Finished dev [unoptimized + debuginfo] target(s) in 10.67s
Nov 02 04:51:26.467 INFO kablam! su: No module specific data is present
Nov 02 04:51:27.068 INFO running `"docker" "rm" "-f" "c3956f5a46eb369523077ea02c1f6978bc51cde2d576dfa7525903db56de5d4b"`
Nov 02 04:51:27.254 INFO blam! c3956f5a46eb369523077ea02c1f6978bc51cde2d576dfa7525903db56de5d4b
Nov 02 04:51:27.258 INFO running `"docker" "create" "-v" "/mnt/big/crater/work/local/target-dirs/beta-1.31-1/worker-2/beta-2018-10-30:/target:rw,Z" "-v" "/mnt/big/crater/work/local/test-source/worker-2/beta-1.31-1/beta-2018-10-30:/source:ro,Z" "-v" "/mnt/big/crater/work/local/cargo-home:/cargo-home:ro,Z" "-v" "/mnt/big/crater/work/local/rustup-home:/rustup-home:ro,Z" "-e" "USER_ID=1000" "-e" "SOURCE_DIR=/source" "-e" "USER_ID=1000" "-e" "CMD=cargo +beta-2018-10-30 test --frozen --no-run" "-e" "CARGO_TARGET_DIR=/target" "-e" "CARGO_INCREMENTAL=0" "-e" "RUST_BACKTRACE=full" "-e" "RUSTFLAGS=--cap-lints=warn" "-e" "CARGO_HOME=/cargo-home" "-e" "RUSTUP_HOME=/rustup-home" "-m" "1536M" "--network" "none" "crater"`
Nov 02 04:51:27.606 INFO blam! 5c63873a4bd84350c9ec0da02cb8ddea8831dbb8f29fa480519d369bef38c9da
Nov 02 04:51:27.608 INFO running `"docker" "start" "-a" "5c63873a4bd84350c9ec0da02cb8ddea8831dbb8f29fa480519d369bef38c9da"`
Nov 02 04:51:28.416 INFO kablam! usermod: no changes
Nov 02 04:51:28.619 INFO kablam!    Compiling signatory-ledger-cosval v0.9.0 (/source)
Nov 02 04:51:31.282 INFO kablam!     Finished dev [unoptimized + debuginfo] target(s) in 2.84s
Nov 02 04:51:31.293 INFO kablam! su: No module specific data is present
Nov 02 04:51:31.855 INFO running `"docker" "rm" "-f" "5c63873a4bd84350c9ec0da02cb8ddea8831dbb8f29fa480519d369bef38c9da"`
Nov 02 04:51:32.174 INFO blam! 5c63873a4bd84350c9ec0da02cb8ddea8831dbb8f29fa480519d369bef38c9da
Nov 02 04:51:32.178 INFO running `"docker" "create" "-v" "/mnt/big/crater/work/local/target-dirs/beta-1.31-1/worker-2/beta-2018-10-30:/target:rw,Z" "-v" "/mnt/big/crater/work/local/test-source/worker-2/beta-1.31-1/beta-2018-10-30:/source:ro,Z" "-v" "/mnt/big/crater/work/local/cargo-home:/cargo-home:ro,Z" "-v" "/mnt/big/crater/work/local/rustup-home:/rustup-home:ro,Z" "-e" "USER_ID=1000" "-e" "SOURCE_DIR=/source" "-e" "USER_ID=1000" "-e" "CMD=cargo +beta-2018-10-30 test --frozen" "-e" "CARGO_TARGET_DIR=/target" "-e" "CARGO_INCREMENTAL=0" "-e" "RUST_BACKTRACE=full" "-e" "RUSTFLAGS=--cap-lints=warn" "-e" "CARGO_HOME=/cargo-home" "-e" "RUSTUP_HOME=/rustup-home" "-m" "1536M" "--network" "none" "crater"`
Nov 02 04:51:32.660 INFO blam! e51312de4ba5ad37a330731845e600724ec873febc1ffe9d423a9d289cf41940
Nov 02 04:51:32.665 INFO running `"docker" "start" "-a" "e51312de4ba5ad37a330731845e600724ec873febc1ffe9d423a9d289cf41940"`
Nov 02 04:51:33.917 INFO kablam! usermod: no changes
Nov 02 04:51:34.098 INFO kablam!     Finished dev [unoptimized + debuginfo] target(s) in 0.15s
Nov 02 04:51:34.119 INFO kablam!      Running /target/debug/deps/signatory_ledger_cosval-09266804c3969181
Nov 02 04:51:34.120 INFO blam! 
Nov 02 04:51:34.120 INFO blam! running 2 tests
Nov 02 04:51:34.170 INFO blam! test tests::sign ... FAILED
Nov 02 04:51:34.171 INFO blam! test tests::public_key ... FAILED
Nov 02 04:51:34.171 INFO blam! 
Nov 02 04:51:34.171 INFO blam! failures:
Nov 02 04:51:34.171 INFO blam! 
Nov 02 04:51:34.171 INFO blam! ---- tests::sign stdout ----
Nov 02 04:51:34.171 INFO blam! thread 'tests::sign' panicked at 'called `Result::unwrap()` on an `Err` value: Error { kind: ProviderError, description: Some("Ledger error: Could not find a ledger device") }', libcore/result.rs:1009:5
Nov 02 04:51:34.171 INFO blam! stack backtrace:
Nov 02 04:51:34.171 INFO blam!    0:     0x559f266d47df - std::sys::unix::backtrace::tracing::imp::unwind_backtrace::h3c55afa80a996a32
Nov 02 04:51:34.171 INFO blam!                                at libstd/sys/unix/backtrace/tracing/gcc_s.rs:49
Nov 02 04:51:34.171 INFO blam!    1:     0x559f266ddb37 - std::sys_common::backtrace::print::hcef907ea7a07cd40
Nov 02 04:51:34.171 INFO blam!                                at libstd/sys_common/backtrace.rs:71
Nov 02 04:51:34.171 INFO blam!                                at libstd/sys_common/backtrace.rs:59
Nov 02 04:51:34.171 INFO blam!    2:     0x559f266d881f - std::panicking::default_hook::{{closure}}::hf541876c65f36ea7
Nov 02 04:51:34.171 INFO blam!                                at libstd/panicking.rs:211
Nov 02 04:51:34.171 INFO blam!    3:     0x559f266d851e - std::panicking::default_hook::h4ecc06b30ae4459d
Nov 02 04:51:34.171 INFO blam!                                at libstd/panicking.rs:221
Nov 02 04:51:34.171 INFO blam!    4:     0x559f266d8efe - std::panicking::rust_panic_with_hook::h0cc6d9cc9f34a947
Nov 02 04:51:34.171 INFO blam!                                at libstd/panicking.rs:476
Nov 02 04:51:34.171 INFO blam!    5:     0x559f266d8aa1 - std::panicking::continue_panic_fmt::hc71ad5f01496e320
Nov 02 04:51:34.171 INFO blam!                                at libstd/panicking.rs:390
Nov 02 04:51:34.171 INFO blam!    6:     0x559f266d8985 - rust_begin_unwind
Nov 02 04:51:34.171 INFO blam!                                at libstd/panicking.rs:325
Nov 02 04:51:34.171 INFO blam!    7:     0x559f26718f9c - core::panicking::panic_fmt::ha71638b7d4f53c35
Nov 02 04:51:34.171 INFO blam!                                at libcore/panicking.rs:77
Nov 02 04:51:34.171 INFO blam!    8:     0x559f2663072b - core::result::unwrap_failed::hc434f9018952c178
Nov 02 04:51:34.171 INFO blam!                                at libcore/macros.rs:26
Nov 02 04:51:34.171 INFO blam!    9:     0x559f26630310 - <core::result::Result<T, E>>::unwrap::hbbfac3679de4689b
Nov 02 04:51:34.171 INFO blam!                                at libcore/result.rs:808
Nov 02 04:51:34.171 INFO blam!   10:     0x559f26632d7b - signatory_ledger_cosval::tests::sign::hef1c7d728d3e38b2
Nov 02 04:51:34.171 INFO blam!                                at src/lib.rs:87
Nov 02 04:51:34.171 INFO blam!   11:     0x559f26632d39 - signatory_ledger_cosval::tests::sign::{{closure}}::heeab8939d00b3123
Nov 02 04:51:34.171 INFO blam!                                at src/lib.rs:83
Nov 02 04:51:34.171 INFO blam!   12:     0x559f26630e6d - core::ops::function::FnOnce::call_once::hdf03f9e19f40463a
Nov 02 04:51:34.171 INFO blam!                                at libcore/ops/function.rs:238
Nov 02 04:51:34.171 INFO blam!   13:     0x559f2663498e - <F as alloc::boxed::FnBox<A>>::call_box::hf32558bd83684b60
Nov 02 04:51:34.171 INFO blam!                                at libtest/lib.rs:1468
Nov 02 04:51:34.171 INFO blam!                                at libcore/ops/function.rs:238
Nov 02 04:51:34.171 INFO blam!                                at liballoc/boxed.rs:672
Nov 02 04:51:34.171 INFO blam!   14:     0x559f266e8d69 - __rust_maybe_catch_panic
Nov 02 04:51:34.171 INFO blam!                                at libpanic_unwind/lib.rs:102
Nov 02 04:51:34.171 INFO blam!   15:     0x559f266565f2 - std::sys_common::backtrace::__rust_begin_short_backtrace::h1bb71a7386fd3269
Nov 02 04:51:34.171 INFO blam!                                at libstd/panicking.rs:289
Nov 02 04:51:34.171 INFO blam!                                at libstd/panic.rs:392
Nov 02 04:51:34.171 INFO blam!                                at libtest/lib.rs:1423
Nov 02 04:51:34.171 INFO blam!                                at libstd/sys_common/backtrace.rs:136
Nov 02 04:51:34.171 INFO blam!   16:     0x559f266570a4 - std::panicking::try::do_call::h9b94719c3074bb5c
Nov 02 04:51:34.171 INFO blam!                                at libstd/thread/mod.rs:409
Nov 02 04:51:34.171 INFO blam!                                at libstd/panic.rs:313
Nov 02 04:51:34.171 INFO blam!                                at libstd/panicking.rs:310
Nov 02 04:51:34.171 INFO blam!   17:     0x559f266e8d69 - __rust_maybe_catch_panic
Nov 02 04:51:34.171 INFO blam!                                at libpanic_unwind/lib.rs:102
Nov 02 04:51:34.171 INFO blam!   18:     0x559f266442cc - <F as alloc::boxed::FnBox<A>>::call_box::hb3bcd66d16fd3e84
Nov 02 04:51:34.171 INFO blam!                                at libstd/panicking.rs:289
Nov 02 04:51:34.171 INFO blam!                                at libstd/panic.rs:392
Nov 02 04:51:34.171 INFO blam!                                at libstd/thread/mod.rs:408
Nov 02 04:51:34.171 INFO blam!                                at liballoc/boxed.rs:672
Nov 02 04:51:34.171 INFO blam!   19:     0x559f266d66fd - std::sys_common::thread::start_thread::had0c80d121669d29
Nov 02 04:51:34.171 INFO blam!                                at liballoc/boxed.rs:682
Nov 02 04:51:34.171 INFO blam!                                at libstd/sys_common/thread.rs:24
Nov 02 04:51:34.171 INFO blam!   20:     0x559f266cbb15 - std::sys::unix::thread::Thread::new::thread_start::h4a5b66a70d76f47f
Nov 02 04:51:34.171 INFO blam!                                at libstd/sys/unix/thread.rs:90
Nov 02 04:51:34.171 INFO blam!   21:     0x7f0c92acd6b9 - start_thread
Nov 02 04:51:34.171 INFO blam!   22:     0x7f0c931f641c - clone
Nov 02 04:51:34.171 INFO blam!   23:                0x0 - <unknown>
Nov 02 04:51:34.171 INFO blam! 
Nov 02 04:51:34.171 INFO blam! ---- tests::public_key stdout ----
Nov 02 04:51:34.171 INFO blam! thread 'tests::public_key' panicked at 'called `Result::unwrap()` on an `Err` value: Error { kind: ProviderError, description: Some("Ledger error: Could not find a ledger device") }', libcore/result.rs:1009:5
Nov 02 04:51:34.171 INFO blam! stack backtrace:
Nov 02 04:51:34.171 INFO blam!    0:     0x559f266d47df - std::sys::unix::backtrace::tracing::imp::unwind_backtrace::h3c55afa80a996a32
Nov 02 04:51:34.171 INFO blam!                                at libstd/sys/unix/backtrace/tracing/gcc_s.rs:49
Nov 02 04:51:34.171 INFO blam!    1:     0x559f266ddb37 - std::sys_common::backtrace::print::hcef907ea7a07cd40
Nov 02 04:51:34.171 INFO blam!                                at libstd/sys_common/backtrace.rs:71
Nov 02 04:51:34.171 INFO blam!                                at libstd/sys_common/backtrace.rs:59
Nov 02 04:51:34.171 INFO blam!    2:     0x559f266d881f - std::panicking::default_hook::{{closure}}::hf541876c65f36ea7
Nov 02 04:51:34.171 INFO blam!                                at libstd/panicking.rs:211
Nov 02 04:51:34.172 INFO blam!    3:     0x559f266d851e - std::panicking::default_hook::h4ecc06b30ae4459d
Nov 02 04:51:34.172 INFO blam!                                at libstd/panicking.rs:221
Nov 02 04:51:34.172 INFO blam!    4:     0x559f266d8efe - std::panicking::rust_panic_with_hook::h0cc6d9cc9f34a947
Nov 02 04:51:34.172 INFO blam!                                at libstd/panicking.rs:476
Nov 02 04:51:34.172 INFO blam!    5:     0x559f266d8aa1 - std::panicking::continue_panic_fmt::hc71ad5f01496e320
Nov 02 04:51:34.172 INFO blam!                                at libstd/panicking.rs:390
Nov 02 04:51:34.172 INFO blam!    6:     0x559f266d8985 - rust_begin_unwind
Nov 02 04:51:34.172 INFO blam!                                at libstd/panicking.rs:325
Nov 02 04:51:34.172 INFO blam!    7:     0x559f26718f9c - core::panicking::panic_fmt::ha71638b7d4f53c35
Nov 02 04:51:34.172 INFO blam!                                at libcore/panicking.rs:77
Nov 02 04:51:34.172 INFO blam!    8:     0x559f2663072b - core::result::unwrap_failed::hc434f9018952c178
Nov 02 04:51:34.172 INFO blam!                                at libcore/macros.rs:26
Nov 02 04:51:34.172 INFO blam!    9:     0x559f26630310 - <core::result::Result<T, E>>::unwrap::hbbfac3679de4689b
Nov 02 04:51:34.172 INFO blam!                                at libcore/result.rs:808
Nov 02 04:51:34.172 INFO blam!   10:     0x559f26632cd8 - signatory_ledger_cosval::tests::public_key::h30d09796ee451b96
Nov 02 04:51:34.172 INFO blam!                                at src/lib.rs:77
Nov 02 04:51:34.172 INFO blam!   11:     0x559f26632c99 - signatory_ledger_cosval::tests::public_key::{{closure}}::h43cc3f4c2f5ea7bd
Nov 02 04:51:34.172 INFO blam!                                at src/lib.rs:74
Nov 02 04:51:34.172 INFO blam!   12:     0x559f26630ded - core::ops::function::FnOnce::call_once::h66d59bd58471e428
Nov 02 04:51:34.172 INFO blam!                                at libcore/ops/function.rs:238
Nov 02 04:51:34.172 INFO blam!   13:     0x559f2663498e - <F as alloc::boxed::FnBox<A>>::call_box::hf32558bd83684b60
Nov 02 04:51:34.172 INFO blam!                                at libtest/lib.rs:1468
Nov 02 04:51:34.172 INFO blam!                                at libcore/ops/function.rs:238
Nov 02 04:51:34.172 INFO blam!                                at liballoc/boxed.rs:672
Nov 02 04:51:34.172 INFO blam!   14:     0x559f266e8d69 - __rust_maybe_catch_panic
Nov 02 04:51:34.172 INFO blam!                                at libpanic_unwind/lib.rs:102
Nov 02 04:51:34.172 INFO blam!   15:     0x559f266565f2 - std::sys_common::backtrace::__rust_begin_short_backtrace::h1bb71a7386fd3269
Nov 02 04:51:34.172 INFO blam!                                at libstd/panicking.rs:289
Nov 02 04:51:34.172 INFO blam!                                at libstd/panic.rs:392
Nov 02 04:51:34.172 INFO blam!                                at libtest/lib.rs:1423
Nov 02 04:51:34.172 INFO blam!                                at libstd/sys_common/backtrace.rs:136
Nov 02 04:51:34.172 INFO blam!   16:     0x559f266570a4 - std::panicking::try::do_call::h9b94719c3074bb5c
Nov 02 04:51:34.172 INFO blam!                                at libstd/thread/mod.rs:409
Nov 02 04:51:34.172 INFO blam!                                at libstd/panic.rs:313
Nov 02 04:51:34.172 INFO blam!                                at libstd/panicking.rs:310
Nov 02 04:51:34.172 INFO blam!   17:     0x559f266e8d69 - __rust_maybe_catch_panic
Nov 02 04:51:34.172 INFO blam!                                at libpanic_unwind/lib.rs:102
Nov 02 04:51:34.172 INFO blam!   18:     0x559f266442cc - <F as alloc::boxed::FnBox<A>>::call_box::hb3bcd66d16fd3e84
Nov 02 04:51:34.172 INFO blam!                                at libstd/panicking.rs:289
Nov 02 04:51:34.172 INFO blam!                                at libstd/panic.rs:392
Nov 02 04:51:34.172 INFO blam!                                at libstd/thread/mod.rs:408
Nov 02 04:51:34.172 INFO blam!                                at liballoc/boxed.rs:672
Nov 02 04:51:34.172 INFO blam!   19:     0x559f266d66fd - std::sys_common::thread::start_thread::had0c80d121669d29
Nov 02 04:51:34.172 INFO blam!                                at liballoc/boxed.rs:682
Nov 02 04:51:34.172 INFO blam!                                at libstd/sys_common/thread.rs:24
Nov 02 04:51:34.172 INFO blam!   20:     0x559f266cbb15 - std::sys::unix::thread::Thread::new::thread_start::h4a5b66a70d76f47f
Nov 02 04:51:34.172 INFO blam!                                at libstd/sys/unix/thread.rs:90
Nov 02 04:51:34.172 INFO blam!   21:     0x7f0c92acd6b9 - start_thread
Nov 02 04:51:34.172 INFO blam!   22:     0x7f0c931f641c - clone
Nov 02 04:51:34.172 INFO blam!   23:                0x0 - <unknown>
Nov 02 04:51:34.172 INFO blam! 
Nov 02 04:51:34.172 INFO blam! 
Nov 02 04:51:34.172 INFO blam! failures:
Nov 02 04:51:34.172 INFO blam!     tests::public_key
Nov 02 04:51:34.172 INFO blam!     tests::sign
Nov 02 04:51:34.172 INFO blam! 
Nov 02 04:51:34.172 INFO blam! test result: FAILED. 0 passed; 2 failed; 0 ignored; 0 measured; 0 filtered out
Nov 02 04:51:34.172 INFO blam! 
Nov 02 04:51:34.197 INFO kablam! error: test failed, to rerun pass '--lib'
Nov 02 04:51:34.197 INFO kablam! su: No module specific data is present
Nov 02 04:51:34.727 INFO running `"docker" "rm" "-f" "e51312de4ba5ad37a330731845e600724ec873febc1ffe9d423a9d289cf41940"`
Nov 02 04:51:35.147 INFO blam! e51312de4ba5ad37a330731845e600724ec873febc1ffe9d423a9d289cf41940
