Nov 02 05:25:18.252 INFO testing seq-macro-0.1.2 against beta-2018-10-30 for beta-1.31-1
Nov 02 05:25:18.252 INFO running `"docker" "create" "-v" "/mnt/big/crater/work/local/target-dirs/beta-1.31-1/worker-1/beta-2018-10-30:/target:rw,Z" "-v" "/mnt/big/crater/work/local/test-source/worker-1/beta-1.31-1/beta-2018-10-30:/source:ro,Z" "-v" "/mnt/big/crater/work/local/cargo-home:/cargo-home:ro,Z" "-v" "/mnt/big/crater/work/local/rustup-home:/rustup-home:ro,Z" "-e" "USER_ID=1000" "-e" "SOURCE_DIR=/source" "-e" "USER_ID=1000" "-e" "CMD=cargo +beta-2018-10-30 build --frozen" "-e" "CARGO_TARGET_DIR=/target" "-e" "CARGO_INCREMENTAL=0" "-e" "RUST_BACKTRACE=full" "-e" "RUSTFLAGS=--cap-lints=warn" "-e" "CARGO_HOME=/cargo-home" "-e" "RUSTUP_HOME=/rustup-home" "-m" "1536M" "--network" "none" "crater"`
Nov 02 05:25:18.668 INFO blam! 52083ba6adb2f6f7bf78b9e1ea4de1cfe34cd03a546a76906994bdc76cd0af4f
Nov 02 05:25:18.671 INFO running `"docker" "start" "-a" "52083ba6adb2f6f7bf78b9e1ea4de1cfe34cd03a546a76906994bdc76cd0af4f"`
Nov 02 05:25:20.523 INFO kablam! usermod: no changes
Nov 02 05:25:20.589 INFO kablam!    Compiling seq-macro v0.1.2 (/source)
Nov 02 05:25:25.074 INFO kablam!     Finished dev [unoptimized + debuginfo] target(s) in 4.53s
Nov 02 05:25:25.077 INFO kablam! su: No module specific data is present
Nov 02 05:25:26.144 INFO running `"docker" "rm" "-f" "52083ba6adb2f6f7bf78b9e1ea4de1cfe34cd03a546a76906994bdc76cd0af4f"`
Nov 02 05:25:26.383 INFO blam! 52083ba6adb2f6f7bf78b9e1ea4de1cfe34cd03a546a76906994bdc76cd0af4f
Nov 02 05:25:26.388 INFO running `"docker" "create" "-v" "/mnt/big/crater/work/local/target-dirs/beta-1.31-1/worker-1/beta-2018-10-30:/target:rw,Z" "-v" "/mnt/big/crater/work/local/test-source/worker-1/beta-1.31-1/beta-2018-10-30:/source:ro,Z" "-v" "/mnt/big/crater/work/local/cargo-home:/cargo-home:ro,Z" "-v" "/mnt/big/crater/work/local/rustup-home:/rustup-home:ro,Z" "-e" "USER_ID=1000" "-e" "SOURCE_DIR=/source" "-e" "USER_ID=1000" "-e" "CMD=cargo +beta-2018-10-30 test --frozen --no-run" "-e" "CARGO_TARGET_DIR=/target" "-e" "CARGO_INCREMENTAL=0" "-e" "RUST_BACKTRACE=full" "-e" "RUSTFLAGS=--cap-lints=warn" "-e" "CARGO_HOME=/cargo-home" "-e" "RUSTUP_HOME=/rustup-home" "-m" "1536M" "--network" "none" "crater"`
Nov 02 05:25:26.885 INFO blam! 851fab4abbf3db7638fb61ebbe35cad436a1da5b3cf5ca48501aeacb84ee6ac0
Nov 02 05:25:26.887 INFO running `"docker" "start" "-a" "851fab4abbf3db7638fb61ebbe35cad436a1da5b3cf5ca48501aeacb84ee6ac0"`
Nov 02 05:25:28.467 INFO kablam! usermod: no changes
Nov 02 05:25:28.539 INFO kablam!    Compiling seq-macro v0.1.2 (/source)
Nov 02 05:25:31.681 INFO kablam!     Finished dev [unoptimized + debuginfo] target(s) in 3.17s
Nov 02 05:25:31.684 INFO kablam! su: No module specific data is present
Nov 02 05:25:33.086 INFO running `"docker" "rm" "-f" "851fab4abbf3db7638fb61ebbe35cad436a1da5b3cf5ca48501aeacb84ee6ac0"`
Nov 02 05:25:33.439 INFO blam! 851fab4abbf3db7638fb61ebbe35cad436a1da5b3cf5ca48501aeacb84ee6ac0
Nov 02 05:25:33.439 INFO running `"docker" "create" "-v" "/mnt/big/crater/work/local/target-dirs/beta-1.31-1/worker-1/beta-2018-10-30:/target:rw,Z" "-v" "/mnt/big/crater/work/local/test-source/worker-1/beta-1.31-1/beta-2018-10-30:/source:ro,Z" "-v" "/mnt/big/crater/work/local/cargo-home:/cargo-home:ro,Z" "-v" "/mnt/big/crater/work/local/rustup-home:/rustup-home:ro,Z" "-e" "USER_ID=1000" "-e" "SOURCE_DIR=/source" "-e" "USER_ID=1000" "-e" "CMD=cargo +beta-2018-10-30 test --frozen" "-e" "CARGO_TARGET_DIR=/target" "-e" "CARGO_INCREMENTAL=0" "-e" "RUST_BACKTRACE=full" "-e" "RUSTFLAGS=--cap-lints=warn" "-e" "CARGO_HOME=/cargo-home" "-e" "RUSTUP_HOME=/rustup-home" "-m" "1536M" "--network" "none" "crater"`
Nov 02 05:25:33.908 INFO blam! 24ce50dcfbafa6f2eeecdc0de2df3c3966625fb57c14a0ac5618f172099f3d46
Nov 02 05:25:33.910 INFO running `"docker" "start" "-a" "24ce50dcfbafa6f2eeecdc0de2df3c3966625fb57c14a0ac5618f172099f3d46"`
Nov 02 05:25:35.628 INFO kablam! usermod: no changes
Nov 02 05:25:35.676 INFO kablam!     Finished dev [unoptimized + debuginfo] target(s) in 0.02s
Nov 02 05:25:35.684 INFO kablam!      Running /target/debug/deps/seq_macro-0113f51b62c497f7
Nov 02 05:25:35.711 INFO blam! 
Nov 02 05:25:35.712 INFO blam! running 0 tests
Nov 02 05:25:35.712 INFO blam! 
Nov 02 05:25:35.712 INFO blam! test result: ok. 0 passed; 0 failed; 0 ignored; 0 measured; 0 filtered out
Nov 02 05:25:35.712 INFO blam! 
Nov 02 05:25:35.719 INFO kablam!    Doc-tests seq-macro
Nov 02 05:25:40.750 INFO blam! 
Nov 02 05:25:40.750 INFO blam! running 2 tests
Nov 02 05:25:42.512 INFO blam! test src/lib.rs -  (line 6) ... FAILED
Nov 02 05:25:42.623 INFO blam! test src/lib.rs -  (line 40) ... ok
Nov 02 05:25:42.623 INFO blam! 
Nov 02 05:25:42.624 INFO blam! failures:
Nov 02 05:25:42.624 INFO blam! 
Nov 02 05:25:42.624 INFO blam! ---- src/lib.rs -  (line 6) stdout ----
Nov 02 05:25:42.625 INFO blam! error[E0557]: feature has been removed
Nov 02 05:25:42.625 INFO blam!  --> src/lib.rs:6:12
Nov 02 05:25:42.625 INFO blam!   |
Nov 02 05:25:42.625 INFO blam! 2 | #![feature(proc_macro_non_items)]
Nov 02 05:25:42.625 INFO blam!   |            ^^^^^^^^^^^^^^^^^^^^
Nov 02 05:25:42.625 INFO blam!   |
Nov 02 05:25:42.625 INFO blam! note: subsumed by `#![feature(proc_macro_hygiene)]`
Nov 02 05:25:42.625 INFO blam!  --> src/lib.rs:6:12
Nov 02 05:25:42.625 INFO blam!   |
Nov 02 05:25:42.625 INFO blam! 2 | #![feature(proc_macro_non_items)]
Nov 02 05:25:42.625 INFO blam!   |            ^^^^^^^^^^^^^^^^^^^^
Nov 02 05:25:42.625 INFO blam! 
Nov 02 05:25:42.625 INFO blam! error[E0658]: procedural macros cannot be expanded to statements (see issue #54727)
Nov 02 05:25:42.625 INFO blam!   --> src/lib.rs:24:5
Nov 02 05:25:42.628 INFO blam!    |
Nov 02 05:25:42.628 INFO blam! 20 | /     seq!(N in 0..=2 {
Nov 02 05:25:42.628 INFO blam! 21 | |         sum += tuple.N;
Nov 02 05:25:42.628 INFO blam! 22 | |     });
Nov 02 05:25:42.628 INFO blam!    | |_______^
Nov 02 05:25:42.628 INFO blam! 
Nov 02 05:25:42.628 INFO blam! thread 'src/lib.rs -  (line 6)' panicked at 'couldn't compile the test', librustdoc/test.rs:332:13
Nov 02 05:25:42.628 INFO blam! stack backtrace:
Nov 02 05:25:42.628 INFO blam!    0:     0x7fbd1fe1c6ff - std::sys::unix::backtrace::tracing::imp::unwind_backtrace::h3c55afa80a996a32
Nov 02 05:25:42.628 INFO blam!                                at libstd/sys/unix/backtrace/tracing/gcc_s.rs:49
Nov 02 05:25:42.628 INFO blam!    1:     0x7fbd1fe01697 - std::sys_common::backtrace::print::hcef907ea7a07cd40
Nov 02 05:25:42.628 INFO blam!                                at libstd/sys_common/backtrace.rs:71
Nov 02 05:25:42.628 INFO blam!                                at libstd/sys_common/backtrace.rs:59
Nov 02 05:25:42.628 INFO blam!    2:     0x7fbd1fe27acf - std::panicking::default_hook::{{closure}}::hf541876c65f36ea7
Nov 02 05:25:42.628 INFO blam!                                at libstd/panicking.rs:211
Nov 02 05:25:42.628 INFO blam!    3:     0x7fbd1fe277ce - std::panicking::default_hook::h4ecc06b30ae4459d
Nov 02 05:25:42.628 INFO blam!                                at libstd/panicking.rs:221
Nov 02 05:25:42.628 INFO blam!    4:     0x7fbd220c36d1 - rustc::util::common::panic_hook::hf4e6f5c3b281764b
Nov 02 05:25:42.628 INFO blam!    5:     0x7fbd1fe282c6 - std::panicking::rust_panic_with_hook::h0cc6d9cc9f34a947
Nov 02 05:25:42.628 INFO blam!                                at libstd/panicking.rs:480
Nov 02 05:25:42.628 INFO blam!    6:     0x5646ba152387 - std::panicking::begin_panic::he08470afd022350c
Nov 02 05:25:42.628 INFO blam!                                at libstd/panicking.rs:410
Nov 02 05:25:42.628 INFO blam!    7:     0x5646ba2e4707 - <rustdoc::test::Collector as rustdoc::test::Tester>::add_test::{{closure}}::{{closure}}::{{closure}}::h1097dd2aed0bc349
Nov 02 05:25:42.628 INFO blam!                                at librustdoc/test.rs:332
Nov 02 05:25:42.628 INFO blam!                                at librustdoc/test.rs:596
Nov 02 05:25:42.628 INFO blam!    8:     0x5646ba299c78 - <scoped_tls::ScopedKey<T>>::set::h9bba31b35056dc07
Nov 02 05:25:42.628 INFO blam!                                at /cargo/registry/src/github.com-1ecc6299db9ec823/scoped-tls-0.1.2/src/lib.rs:155
Nov 02 05:25:42.628 INFO blam!                                at libsyntax/lib.rs:106
Nov 02 05:25:42.628 INFO blam!                                at /cargo/registry/src/github.com-1ecc6299db9ec823/scoped-tls-0.1.2/src/lib.rs:155
Nov 02 05:25:42.628 INFO blam!    9:     0x5646ba09f481 - syntax::with_globals::h4fd10729776cd915
Nov 02 05:25:42.628 INFO blam!                                at libsyntax/lib.rs:105
Nov 02 05:25:42.628 INFO blam!   10:     0x5646ba1525cb - std::panicking::try::do_call::he572b5001749b5c7
Nov 02 05:25:42.628 INFO blam!                                at librustdoc/test.rs:593
Nov 02 05:25:42.628 INFO blam!                                at libstd/panic.rs:313
Nov 02 05:25:42.628 INFO blam!                                at libstd/panicking.rs:310
Nov 02 05:25:42.628 INFO blam!   11:     0x7fbd1fe35de9 - __rust_maybe_catch_panic
Nov 02 05:25:42.628 INFO blam!                                at libpanic_unwind/lib.rs:102
Nov 02 05:25:42.628 INFO blam!   12:     0x5646ba174079 - rustc_driver::in_named_rustc_thread::hc8aa36ae7168454b
Nov 02 05:25:42.628 INFO blam!                                at libstd/panicking.rs:289
Nov 02 05:25:42.628 INFO blam!                                at libstd/panic.rs:392
Nov 02 05:25:42.628 INFO blam!                                at librustc_driver/lib.rs:1546
Nov 02 05:25:42.628 INFO blam!   13:     0x5646ba2b2960 - <F as alloc::boxed::FnBox<A>>::call_box::hf53e55f306710650
Nov 02 05:25:42.628 INFO blam!                                at librustdoc/test.rs:593
Nov 02 05:25:42.628 INFO blam!                                at liballoc/boxed.rs:672
Nov 02 05:25:42.628 INFO blam!   14:     0x7fbd21494142 - <F as alloc::boxed::FnBox<A>>::call_box::hecf56d722ce7bb71
Nov 02 05:25:42.628 INFO blam!                                at libtest/lib.rs:1461
Nov 02 05:25:42.628 INFO blam!                                at liballoc/boxed.rs:672
Nov 02 05:25:42.628 INFO blam!   15:     0x7fbd1fe35de9 - __rust_maybe_catch_panic
Nov 02 05:25:42.628 INFO blam!                                at libpanic_unwind/lib.rs:102
Nov 02 05:25:42.628 INFO blam!   16:     0x7fbd214bc412 - std::sys_common::backtrace::__rust_begin_short_backtrace::h1bb71a7386fd3269
Nov 02 05:25:42.628 INFO blam!                                at libstd/panicking.rs:289
Nov 02 05:25:42.628 INFO blam!                                at libstd/panic.rs:392
Nov 02 05:25:42.628 INFO blam!                                at libtest/lib.rs:1423
Nov 02 05:25:42.628 INFO blam!                                at libstd/sys_common/backtrace.rs:136
Nov 02 05:25:42.628 INFO blam!   17:     0x7fbd214bd1b4 - std::panicking::try::do_call::h9b94719c3074bb5c
Nov 02 05:25:42.628 INFO blam!                                at libstd/thread/mod.rs:409
Nov 02 05:25:42.628 INFO blam!                                at libstd/panic.rs:313
Nov 02 05:25:42.628 INFO blam!                                at libstd/panicking.rs:310
Nov 02 05:25:42.628 INFO blam!   18:     0x7fbd1fe35de9 - __rust_maybe_catch_panic
Nov 02 05:25:42.628 INFO blam!                                at libpanic_unwind/lib.rs:102
Nov 02 05:25:42.628 INFO blam!   19:     0x7fbd214a590c - <F as alloc::boxed::FnBox<A>>::call_box::hb3bcd66d16fd3e84
Nov 02 05:25:42.629 INFO blam!                                at libstd/panicking.rs:289
Nov 02 05:25:42.629 INFO blam!                                at libstd/panic.rs:392
Nov 02 05:25:42.629 INFO blam!                                at libstd/thread/mod.rs:408
Nov 02 05:25:42.629 INFO blam!                                at liballoc/boxed.rs:672
Nov 02 05:25:42.629 INFO blam!   20:     0x7fbd1fe22a8d - std::sys_common::thread::start_thread::had0c80d121669d29
Nov 02 05:25:42.629 INFO blam!                                at liballoc/boxed.rs:682
Nov 02 05:25:42.629 INFO blam!                                at libstd/sys_common/thread.rs:24
Nov 02 05:25:42.629 INFO blam!   21:     0x7fbd1fdf8435 - std::sys::unix::thread::Thread::new::thread_start::h4a5b66a70d76f47f
Nov 02 05:25:42.629 INFO blam!                                at libstd/sys/unix/thread.rs:90
Nov 02 05:25:42.629 INFO blam!   22:     0x7fbd1f9846b9 - start_thread
Nov 02 05:25:42.629 INFO blam!   23:     0x7fbd1f4a441c - clone
Nov 02 05:25:42.629 INFO blam!   24:                0x0 - <unknown>
Nov 02 05:25:42.629 INFO blam! query stack during panic:
Nov 02 05:25:42.629 INFO blam! end of query stack
Nov 02 05:25:42.629 INFO blam! 
Nov 02 05:25:42.629 INFO blam! 
Nov 02 05:25:42.629 INFO blam! failures:
Nov 02 05:25:42.629 INFO blam!     src/lib.rs -  (line 6)
Nov 02 05:25:42.629 INFO blam! 
Nov 02 05:25:42.629 INFO blam! test result: FAILED. 1 passed; 1 failed; 0 ignored; 0 measured; 0 filtered out
Nov 02 05:25:42.629 INFO blam! 
Nov 02 05:25:42.668 INFO kablam! error: test failed, to rerun pass '--doc'
Nov 02 05:25:42.668 INFO kablam! su: No module specific data is present
Nov 02 05:25:43.511 INFO running `"docker" "rm" "-f" "24ce50dcfbafa6f2eeecdc0de2df3c3966625fb57c14a0ac5618f172099f3d46"`
Nov 02 05:25:43.787 INFO blam! 24ce50dcfbafa6f2eeecdc0de2df3c3966625fb57c14a0ac5618f172099f3d46
