Nov 02 07:55:44.749 INFO testing resolv-0.1.3 against beta-2018-10-30 for beta-1.31-1
Nov 02 07:55:44.749 INFO running `"docker" "create" "-v" "/mnt/big/crater/work/local/target-dirs/beta-1.31-1/worker-1/beta-2018-10-30:/target:rw,Z" "-v" "/mnt/big/crater/work/local/test-source/worker-1/beta-1.31-1/beta-2018-10-30:/source:ro,Z" "-v" "/mnt/big/crater/work/local/cargo-home:/cargo-home:ro,Z" "-v" "/mnt/big/crater/work/local/rustup-home:/rustup-home:ro,Z" "-e" "USER_ID=1000" "-e" "SOURCE_DIR=/source" "-e" "USER_ID=1000" "-e" "CMD=cargo +beta-2018-10-30 build --frozen" "-e" "CARGO_TARGET_DIR=/target" "-e" "CARGO_INCREMENTAL=0" "-e" "RUST_BACKTRACE=full" "-e" "RUSTFLAGS=--cap-lints=warn" "-e" "CARGO_HOME=/cargo-home" "-e" "RUSTUP_HOME=/rustup-home" "-m" "1536M" "--network" "none" "crater"`
Nov 02 07:55:44.966 INFO blam! d050eb328538553330408f5321d738deb101610cd9eab58dc57cc5f5a6370144
Nov 02 07:55:44.970 INFO running `"docker" "start" "-a" "d050eb328538553330408f5321d738deb101610cd9eab58dc57cc5f5a6370144"`
Nov 02 07:55:45.540 INFO kablam! usermod: no changes
Nov 02 07:55:45.587 INFO kablam!    Compiling libresolv-sys v0.1.0
Nov 02 07:55:48.031 INFO kablam!    Compiling resolv v0.1.3 (/source)
Nov 02 07:55:49.227 INFO kablam!     Finished dev [unoptimized + debuginfo] target(s) in 3.67s
Nov 02 07:55:49.227 INFO kablam! su: No module specific data is present
Nov 02 07:55:49.921 INFO running `"docker" "rm" "-f" "d050eb328538553330408f5321d738deb101610cd9eab58dc57cc5f5a6370144"`
Nov 02 07:55:50.203 INFO blam! d050eb328538553330408f5321d738deb101610cd9eab58dc57cc5f5a6370144
Nov 02 07:55:50.210 INFO running `"docker" "create" "-v" "/mnt/big/crater/work/local/target-dirs/beta-1.31-1/worker-1/beta-2018-10-30:/target:rw,Z" "-v" "/mnt/big/crater/work/local/test-source/worker-1/beta-1.31-1/beta-2018-10-30:/source:ro,Z" "-v" "/mnt/big/crater/work/local/cargo-home:/cargo-home:ro,Z" "-v" "/mnt/big/crater/work/local/rustup-home:/rustup-home:ro,Z" "-e" "USER_ID=1000" "-e" "SOURCE_DIR=/source" "-e" "USER_ID=1000" "-e" "CMD=cargo +beta-2018-10-30 test --frozen --no-run" "-e" "CARGO_TARGET_DIR=/target" "-e" "CARGO_INCREMENTAL=0" "-e" "RUST_BACKTRACE=full" "-e" "RUSTFLAGS=--cap-lints=warn" "-e" "CARGO_HOME=/cargo-home" "-e" "RUSTUP_HOME=/rustup-home" "-m" "1536M" "--network" "none" "crater"`
Nov 02 07:55:50.653 INFO blam! 3a77b0b51746e71876a1e4befc4d7d79f346f123f400b1577b044ee99b575013
Nov 02 07:55:50.655 INFO running `"docker" "start" "-a" "3a77b0b51746e71876a1e4befc4d7d79f346f123f400b1577b044ee99b575013"`
Nov 02 07:55:51.749 INFO kablam! usermod: no changes
Nov 02 07:55:51.817 INFO kablam!    Compiling resolv v0.1.3 (/source)
Nov 02 07:55:53.451 INFO kablam!     Finished dev [unoptimized + debuginfo] target(s) in 1.68s
Nov 02 07:55:53.455 INFO kablam! su: No module specific data is present
Nov 02 07:55:53.897 INFO running `"docker" "rm" "-f" "3a77b0b51746e71876a1e4befc4d7d79f346f123f400b1577b044ee99b575013"`
Nov 02 07:55:54.004 INFO blam! 3a77b0b51746e71876a1e4befc4d7d79f346f123f400b1577b044ee99b575013
Nov 02 07:55:54.009 INFO running `"docker" "create" "-v" "/mnt/big/crater/work/local/target-dirs/beta-1.31-1/worker-1/beta-2018-10-30:/target:rw,Z" "-v" "/mnt/big/crater/work/local/test-source/worker-1/beta-1.31-1/beta-2018-10-30:/source:ro,Z" "-v" "/mnt/big/crater/work/local/cargo-home:/cargo-home:ro,Z" "-v" "/mnt/big/crater/work/local/rustup-home:/rustup-home:ro,Z" "-e" "USER_ID=1000" "-e" "SOURCE_DIR=/source" "-e" "USER_ID=1000" "-e" "CMD=cargo +beta-2018-10-30 test --frozen" "-e" "CARGO_TARGET_DIR=/target" "-e" "CARGO_INCREMENTAL=0" "-e" "RUST_BACKTRACE=full" "-e" "RUSTFLAGS=--cap-lints=warn" "-e" "CARGO_HOME=/cargo-home" "-e" "RUSTUP_HOME=/rustup-home" "-m" "1536M" "--network" "none" "crater"`
Nov 02 07:55:54.263 INFO blam! c0de7cfea02a530b06259ec1019bebde9f2b043efd4ef86743b0f159e3cd5487
Nov 02 07:55:54.267 INFO running `"docker" "start" "-a" "c0de7cfea02a530b06259ec1019bebde9f2b043efd4ef86743b0f159e3cd5487"`
Nov 02 07:55:54.748 INFO kablam! usermod: no changes
Nov 02 07:55:54.778 INFO kablam!     Finished dev [unoptimized + debuginfo] target(s) in 0.01s
Nov 02 07:55:54.790 INFO kablam!      Running /target/debug/deps/resolv-8abfd60e1b43c430
Nov 02 07:55:54.794 INFO blam! 
Nov 02 07:55:54.794 INFO blam! running 1 test
Nov 02 07:55:54.811 INFO blam! test tests::basic_test_query ... FAILED
Nov 02 07:55:54.811 INFO blam! 
Nov 02 07:55:54.811 INFO blam! failures:
Nov 02 07:55:54.812 INFO kablam! error: test failed, to rerun pass '--lib'
Nov 02 07:55:54.812 INFO blam! 
Nov 02 07:55:54.812 INFO blam! ---- tests::basic_test_query stdout ----
Nov 02 07:55:54.812 INFO blam! thread 'tests::basic_test_query' panicked at 'called `Result::unwrap()` on an `Err` value: Name Resolution failed: Host name lookup failure', libcore/result.rs:1009:5
Nov 02 07:55:54.812 INFO blam! stack backtrace:
Nov 02 07:55:54.812 INFO blam!    0:     0x55fa69f9392f - std::sys::unix::backtrace::tracing::imp::unwind_backtrace::h3c55afa80a996a32
Nov 02 07:55:54.812 INFO blam!                                at libstd/sys/unix/backtrace/tracing/gcc_s.rs:49
Nov 02 07:55:54.812 INFO blam!    1:     0x55fa69f9cb17 - std::sys_common::backtrace::print::hcef907ea7a07cd40
Nov 02 07:55:54.812 INFO blam!                                at libstd/sys_common/backtrace.rs:71
Nov 02 07:55:54.812 INFO blam!                                at libstd/sys_common/backtrace.rs:59
Nov 02 07:55:54.812 INFO blam!    2:     0x55fa69f977ff - std::panicking::default_hook::{{closure}}::hf541876c65f36ea7
Nov 02 07:55:54.812 INFO blam!                                at libstd/panicking.rs:211
Nov 02 07:55:54.812 INFO blam!    3:     0x55fa69f974fe - std::panicking::default_hook::h4ecc06b30ae4459d
Nov 02 07:55:54.812 INFO blam!                                at libstd/panicking.rs:221
Nov 02 07:55:54.813 INFO blam!    4:     0x55fa69f97ede - std::panicking::rust_panic_with_hook::h0cc6d9cc9f34a947
Nov 02 07:55:54.813 INFO blam!                                at libstd/panicking.rs:476
Nov 02 07:55:54.813 INFO blam!    5:     0x55fa69f97a81 - std::panicking::continue_panic_fmt::hc71ad5f01496e320
Nov 02 07:55:54.813 INFO blam!                                at libstd/panicking.rs:390
Nov 02 07:55:54.813 INFO blam!    6:     0x55fa69f97965 - rust_begin_unwind
Nov 02 07:55:54.813 INFO blam!                                at libstd/panicking.rs:325
Nov 02 07:55:54.813 INFO blam!    7:     0x55fa69fd7ddc - core::panicking::panic_fmt::ha71638b7d4f53c35
Nov 02 07:55:54.813 INFO blam!                                at libcore/panicking.rs:77
Nov 02 07:55:54.813 INFO blam!    8:     0x55fa69f43a97 - core::result::unwrap_failed::hb69960280083487d
Nov 02 07:55:54.813 INFO blam!                                at libcore/macros.rs:26
Nov 02 07:55:54.813 INFO blam!    9:     0x55fa69f43625 - <core::result::Result<T, E>>::unwrap::h285f9bb681400a38
Nov 02 07:55:54.813 INFO blam!                                at libcore/result.rs:808
Nov 02 07:55:54.813 INFO blam!   10:     0x55fa69f40de4 - resolv::tests::basic_test_query::hb00496ea12aca5e9
Nov 02 07:55:54.813 INFO blam!                                at src/tests.rs:7
Nov 02 07:55:54.813 INFO blam!   11:     0x55fa69f40d19 - resolv::tests::basic_test_query::{{closure}}::h226dda2eabfd1992
Nov 02 07:55:54.813 INFO blam!                                at src/tests.rs:5
Nov 02 07:55:54.813 INFO blam!   12:     0x55fa69f43d7d - core::ops::function::FnOnce::call_once::h068273faaeeb97ee
Nov 02 07:55:54.813 INFO blam!                                at libcore/ops/function.rs:238
Nov 02 07:55:54.813 INFO blam!   13:     0x55fa69f46ffe - <F as alloc::boxed::FnBox<A>>::call_box::hf32558bd83684b60
Nov 02 07:55:54.813 INFO blam!                                at libtest/lib.rs:1468
Nov 02 07:55:54.813 INFO blam!                                at libcore/ops/function.rs:238
Nov 02 07:55:54.813 INFO blam!                                at liballoc/boxed.rs:672
Nov 02 07:55:54.813 INFO blam!   14:     0x55fa69fa7d49 - __rust_maybe_catch_panic
Nov 02 07:55:54.813 INFO blam!                                at libpanic_unwind/lib.rs:102
Nov 02 07:55:54.813 INFO blam!   15:     0x55fa69f68c62 - std::sys_common::backtrace::__rust_begin_short_backtrace::h1bb71a7386fd3269
Nov 02 07:55:54.813 INFO blam!                                at libstd/panicking.rs:289
Nov 02 07:55:54.813 INFO blam!                                at libstd/panic.rs:392
Nov 02 07:55:54.813 INFO blam!                                at libtest/lib.rs:1423
Nov 02 07:55:54.813 INFO blam!                                at libstd/sys_common/backtrace.rs:136
Nov 02 07:55:54.813 INFO blam!   16:     0x55fa69f69714 - std::panicking::try::do_call::h9b94719c3074bb5c
Nov 02 07:55:54.813 INFO blam!                                at libstd/thread/mod.rs:409
Nov 02 07:55:54.813 INFO blam!                                at libstd/panic.rs:313
Nov 02 07:55:54.813 INFO blam!                                at libstd/panicking.rs:310
Nov 02 07:55:54.813 INFO blam!   17:     0x55fa69fa7d49 - __rust_maybe_catch_panic
Nov 02 07:55:54.813 INFO blam!                                at libpanic_unwind/lib.rs:102
Nov 02 07:55:54.813 INFO blam!   18:     0x55fa69f5693c - <F as alloc::boxed::FnBox<A>>::call_box::hb3bcd66d16fd3e84
Nov 02 07:55:54.813 INFO blam!                                at libstd/panicking.rs:289
Nov 02 07:55:54.813 INFO blam!                                at libstd/panic.rs:392
Nov 02 07:55:54.813 INFO blam!                                at libstd/thread/mod.rs:408
Nov 02 07:55:54.813 INFO blam!                                at liballoc/boxed.rs:672
Nov 02 07:55:54.813 INFO blam!   19:     0x55fa69f9569d - std::sys_common::thread::start_thread::had0c80d121669d29
Nov 02 07:55:54.813 INFO blam!                                at liballoc/boxed.rs:682
Nov 02 07:55:54.813 INFO blam!                                at libstd/sys_common/thread.rs:24
Nov 02 07:55:54.813 INFO blam!   20:     0x55fa69f8ad35 - std::sys::unix::thread::Thread::new::thread_start::h4a5b66a70d76f47f
Nov 02 07:55:54.813 INFO blam!                                at libstd/sys/unix/thread.rs:90
Nov 02 07:55:54.813 INFO blam!   21:     0x7f96882546b9 - start_thread
Nov 02 07:55:54.813 INFO blam!   22:     0x7f9687d7441c - clone
Nov 02 07:55:54.813 INFO blam!   23:                0x0 - <unknown>
Nov 02 07:55:54.813 INFO blam! 
Nov 02 07:55:54.813 INFO blam! 
Nov 02 07:55:54.813 INFO blam! failures:
Nov 02 07:55:54.813 INFO blam!     tests::basic_test_query
Nov 02 07:55:54.813 INFO blam! 
Nov 02 07:55:54.813 INFO blam! test result: FAILED. 0 passed; 1 failed; 0 ignored; 0 measured; 0 filtered out
Nov 02 07:55:54.813 INFO blam! 
Nov 02 07:55:54.820 INFO kablam! su: No module specific data is present
Nov 02 07:55:55.143 INFO running `"docker" "rm" "-f" "c0de7cfea02a530b06259ec1019bebde9f2b043efd4ef86743b0f159e3cd5487"`
Nov 02 07:55:55.269 INFO blam! c0de7cfea02a530b06259ec1019bebde9f2b043efd4ef86743b0f159e3cd5487
