Nov 02 08:27:46.282 INFO testing raur-0.1.0 against 1.30.0 for beta-1.31-1
Nov 02 08:27:46.282 INFO running `"docker" "create" "-v" "/mnt/big/crater/work/local/target-dirs/beta-1.31-1/worker-2/1.30.0:/target:rw,Z" "-v" "/mnt/big/crater/work/local/test-source/worker-2/beta-1.31-1/1.30.0:/source:ro,Z" "-v" "/mnt/big/crater/work/local/cargo-home:/cargo-home:ro,Z" "-v" "/mnt/big/crater/work/local/rustup-home:/rustup-home:ro,Z" "-e" "USER_ID=1000" "-e" "SOURCE_DIR=/source" "-e" "USER_ID=1000" "-e" "CMD=cargo +1.30.0 build --frozen" "-e" "CARGO_TARGET_DIR=/target" "-e" "CARGO_INCREMENTAL=0" "-e" "RUST_BACKTRACE=full" "-e" "RUSTFLAGS=--cap-lints=warn" "-e" "CARGO_HOME=/cargo-home" "-e" "RUSTUP_HOME=/rustup-home" "-m" "1536M" "--network" "none" "crater"`
Nov 02 08:27:46.735 INFO blam! 3879ee6c6aad9a64cfcb2cad8cff2cf529bac2bf4e891a412c4c04bbad738179
Nov 02 08:27:46.737 INFO running `"docker" "start" "-a" "3879ee6c6aad9a64cfcb2cad8cff2cf529bac2bf4e891a412c4c04bbad738179"`
Nov 02 08:27:48.852 INFO kablam! usermod: no changes
Nov 02 08:27:49.247 INFO kablam!    Compiling raur v0.1.0 (/source)
Nov 02 08:27:58.690 INFO kablam!     Finished dev [unoptimized + debuginfo] target(s) in 9.81s
Nov 02 08:27:58.711 INFO kablam! su: No module specific data is present
Nov 02 08:27:59.487 INFO running `"docker" "rm" "-f" "3879ee6c6aad9a64cfcb2cad8cff2cf529bac2bf4e891a412c4c04bbad738179"`
Nov 02 08:27:59.835 INFO blam! 3879ee6c6aad9a64cfcb2cad8cff2cf529bac2bf4e891a412c4c04bbad738179
Nov 02 08:27:59.847 INFO running `"docker" "create" "-v" "/mnt/big/crater/work/local/target-dirs/beta-1.31-1/worker-2/1.30.0:/target:rw,Z" "-v" "/mnt/big/crater/work/local/test-source/worker-2/beta-1.31-1/1.30.0:/source:ro,Z" "-v" "/mnt/big/crater/work/local/cargo-home:/cargo-home:ro,Z" "-v" "/mnt/big/crater/work/local/rustup-home:/rustup-home:ro,Z" "-e" "USER_ID=1000" "-e" "SOURCE_DIR=/source" "-e" "USER_ID=1000" "-e" "CMD=cargo +1.30.0 test --frozen --no-run" "-e" "CARGO_TARGET_DIR=/target" "-e" "CARGO_INCREMENTAL=0" "-e" "RUST_BACKTRACE=full" "-e" "RUSTFLAGS=--cap-lints=warn" "-e" "CARGO_HOME=/cargo-home" "-e" "RUSTUP_HOME=/rustup-home" "-m" "1536M" "--network" "none" "crater"`
Nov 02 08:28:00.227 INFO blam! 00b77ed68425691cfdfb71508cb6bdbb4fca11c9fed8af0d762b84466b27c0b6
Nov 02 08:28:00.233 INFO running `"docker" "start" "-a" "00b77ed68425691cfdfb71508cb6bdbb4fca11c9fed8af0d762b84466b27c0b6"`
Nov 02 08:28:02.158 INFO kablam! usermod: no changes
Nov 02 08:28:02.481 INFO kablam!    Compiling raur v0.1.0 (/source)
Nov 02 08:28:13.723 INFO kablam!     Finished dev [unoptimized + debuginfo] target(s) in 11.52s
Nov 02 08:28:13.739 INFO kablam! su: No module specific data is present
Nov 02 08:28:14.759 INFO running `"docker" "rm" "-f" "00b77ed68425691cfdfb71508cb6bdbb4fca11c9fed8af0d762b84466b27c0b6"`
Nov 02 08:28:14.963 INFO blam! 00b77ed68425691cfdfb71508cb6bdbb4fca11c9fed8af0d762b84466b27c0b6
Nov 02 08:28:14.969 INFO running `"docker" "create" "-v" "/mnt/big/crater/work/local/target-dirs/beta-1.31-1/worker-2/1.30.0:/target:rw,Z" "-v" "/mnt/big/crater/work/local/test-source/worker-2/beta-1.31-1/1.30.0:/source:ro,Z" "-v" "/mnt/big/crater/work/local/cargo-home:/cargo-home:ro,Z" "-v" "/mnt/big/crater/work/local/rustup-home:/rustup-home:ro,Z" "-e" "USER_ID=1000" "-e" "SOURCE_DIR=/source" "-e" "USER_ID=1000" "-e" "CMD=cargo +1.30.0 test --frozen" "-e" "CARGO_TARGET_DIR=/target" "-e" "CARGO_INCREMENTAL=0" "-e" "RUST_BACKTRACE=full" "-e" "RUSTFLAGS=--cap-lints=warn" "-e" "CARGO_HOME=/cargo-home" "-e" "RUSTUP_HOME=/rustup-home" "-m" "1536M" "--network" "none" "crater"`
Nov 02 08:28:15.364 INFO blam! 6b0eed09a637e90759befa2fdb2a42719f6c3af5ce131e88315665b5a723c561
Nov 02 08:28:15.367 INFO running `"docker" "start" "-a" "6b0eed09a637e90759befa2fdb2a42719f6c3af5ce131e88315665b5a723c561"`
Nov 02 08:28:17.639 INFO kablam! usermod: no changes
Nov 02 08:28:17.849 INFO kablam!     Finished dev [unoptimized + debuginfo] target(s) in 0.18s
Nov 02 08:28:17.859 INFO kablam!      Running /target/debug/deps/raur-dea7bee9d5c2fcc2
Nov 02 08:28:17.862 INFO blam! 
Nov 02 08:28:17.862 INFO blam! running 1 test
Nov 02 08:28:18.073 INFO blam! test tests::query ... FAILED
Nov 02 08:28:18.073 INFO blam! 
Nov 02 08:28:18.073 INFO blam! failures:
Nov 02 08:28:18.073 INFO blam! 
Nov 02 08:28:18.073 INFO blam! ---- tests::query stdout ----
Nov 02 08:28:18.073 INFO blam! thread 'tests::query' panicked at 'called `Result::unwrap()` on an `Err` value: Error { kind: Io(Custom { kind: Other, error: StringError("failed to lookup address information: Temporary failure in name resolution") }), url: Some("https://aur.archlinux.org/rpc/?v=5&type=search&arg=zzzzzzzzzzz") }', libcore/result.rs:1009:5
Nov 02 08:28:18.073 INFO blam! stack backtrace:
Nov 02 08:28:18.073 INFO blam!    0:     0x556c6cb9d4fe - std::sys::unix::backtrace::tracing::imp::unwind_backtrace::hf5316c67202e23c8
Nov 02 08:28:18.073 INFO blam!                                at libstd/sys/unix/backtrace/tracing/gcc_s.rs:49
Nov 02 08:28:18.073 INFO blam!    1:     0x556c6cb8f286 - std::sys_common::backtrace::print::h3068ed2a6dc7ac86
Nov 02 08:28:18.073 INFO blam!                                at libstd/sys_common/backtrace.rs:71
Nov 02 08:28:18.073 INFO blam!                                at libstd/sys_common/backtrace.rs:59
Nov 02 08:28:18.073 INFO blam!    2:     0x556c6cb8d4fd - std::panicking::default_hook::{{closure}}::h1b9d29cc09d41897
Nov 02 08:28:18.073 INFO blam!                                at libstd/panicking.rs:211
Nov 02 08:28:18.073 INFO blam!    3:     0x556c6cb8d20b - std::panicking::default_hook::h3a27b204a313406b
Nov 02 08:28:18.073 INFO blam!                                at libstd/panicking.rs:221
Nov 02 08:28:18.073 INFO blam!    4:     0x556c6cb8dbac - std::panicking::rust_panic_with_hook::h0e12cb2fc86d00fa
Nov 02 08:28:18.073 INFO blam!                                at libstd/panicking.rs:477
Nov 02 08:28:18.073 INFO blam!    5:     0x556c6cb8d769 - std::panicking::continue_panic_fmt::h141671b29fe0e27d
Nov 02 08:28:18.073 INFO blam!                                at libstd/panicking.rs:391
Nov 02 08:28:18.073 INFO blam!    6:     0x556c6cb8d665 - rust_begin_unwind
Nov 02 08:28:18.073 INFO blam!                                at libstd/panicking.rs:326
Nov 02 08:28:18.073 INFO blam!    7:     0x556c6cbd7ccb - core::panicking::panic_fmt::h429a06507aba9228
Nov 02 08:28:18.073 INFO blam!                                at libcore/panicking.rs:77
Nov 02 08:28:18.073 INFO blam!    8:     0x556c6c768833 - core::result::unwrap_failed::h91920d71c6bc89f1
Nov 02 08:28:18.073 INFO blam!                                at libcore/macros.rs:26
Nov 02 08:28:18.073 INFO blam!    9:     0x556c6c767e45 - <core::result::Result<T, E>>::unwrap::hb3986ac425e90366
Nov 02 08:28:18.073 INFO blam!                                at libcore/result.rs:808
Nov 02 08:28:18.073 INFO blam!   10:     0x556c6c7602f5 - raur::tests::query::hb13fc20b23266e7e
Nov 02 08:28:18.073 INFO blam!                                at src/lib.rs:16
Nov 02 08:28:18.073 INFO blam!   11:     0x556c6c760229 - raur::tests::query::{{closure}}::he9e31cafd38d804f
Nov 02 08:28:18.073 INFO blam!                                at src/lib.rs:12
Nov 02 08:28:18.073 INFO blam!   12:     0x556c6c75c91d - core::ops::function::FnOnce::call_once::he848c771dac8ad8f
Nov 02 08:28:18.073 INFO blam!                                at libcore/ops/function.rs:238
Nov 02 08:28:18.073 INFO blam!   13:     0x556c6c76ea5e - <F as alloc::boxed::FnBox<A>>::call_box::ha9910eac2d17ff23
Nov 02 08:28:18.073 INFO blam!                                at libtest/lib.rs:1461
Nov 02 08:28:18.073 INFO blam!                                at libcore/ops/function.rs:238
Nov 02 08:28:18.073 INFO blam!                                at liballoc/boxed.rs:646
Nov 02 08:28:18.073 INFO blam!   14:     0x556c6cbac499 - __rust_maybe_catch_panic
Nov 02 08:28:18.073 INFO blam!                                at libpanic_unwind/lib.rs:103
Nov 02 08:28:18.073 INFO blam!   15:     0x556c6c77a36d - std::sys_common::backtrace::__rust_begin_short_backtrace::h470b05235fe5e5ad
Nov 02 08:28:18.073 INFO blam!                                at libstd/panicking.rs:289
Nov 02 08:28:18.073 INFO blam!                                at libstd/panic.rs:392
Nov 02 08:28:18.073 INFO blam!                                at libtest/lib.rs:1416
Nov 02 08:28:18.073 INFO blam!                                at libstd/sys_common/backtrace.rs:136
Nov 02 08:28:18.073 INFO blam!   16:     0x556c6c7929a4 - std::panicking::try::do_call::h1f0578498122cc00
Nov 02 08:28:18.073 INFO blam!                                at libstd/thread/mod.rs:409
Nov 02 08:28:18.073 INFO blam!                                at libstd/panic.rs:313
Nov 02 08:28:18.073 INFO blam!                                at libstd/panicking.rs:310
Nov 02 08:28:18.073 INFO blam!   17:     0x556c6cbac499 - __rust_maybe_catch_panic
Nov 02 08:28:18.073 INFO blam!                                at libpanic_unwind/lib.rs:103
Nov 02 08:28:18.073 INFO blam!   18:     0x556c6c783276 - <F as alloc::boxed::FnBox<A>>::call_box::h7b129f9f235ab460
Nov 02 08:28:18.073 INFO blam!                                at libstd/panicking.rs:289
Nov 02 08:28:18.073 INFO blam!                                at libstd/panic.rs:392
Nov 02 08:28:18.073 INFO blam!                                at libstd/thread/mod.rs:408
Nov 02 08:28:18.073 INFO blam!                                at liballoc/boxed.rs:646
Nov 02 08:28:18.073 INFO blam!   19:     0x556c6cb9f04a - std::sys_common::thread::start_thread::hb77935aee02382da
Nov 02 08:28:18.073 INFO blam!                                at liballoc/boxed.rs:656
Nov 02 08:28:18.073 INFO blam!                                at libstd/sys_common/thread.rs:24
Nov 02 08:28:18.073 INFO blam!   20:     0x556c6cb8e425 - std::sys::unix::thread::Thread::new::thread_start::hd61f7429b3de1d75
Nov 02 08:28:18.073 INFO blam!                                at libstd/sys/unix/thread.rs:90
Nov 02 08:28:18.073 INFO blam!   21:     0x7f92b99956b9 - start_thread
Nov 02 08:28:18.073 INFO blam!   22:     0x7f92b94b541c - clone
Nov 02 08:28:18.073 INFO blam!   23:                0x0 - <unknown>
Nov 02 08:28:18.074 INFO blam! 
Nov 02 08:28:18.074 INFO blam! 
Nov 02 08:28:18.074 INFO blam! failures:
Nov 02 08:28:18.074 INFO blam!     tests::query
Nov 02 08:28:18.074 INFO blam! 
Nov 02 08:28:18.074 INFO blam! test result: FAILED. 0 passed; 1 failed; 0 ignored; 0 measured; 0 filtered out
Nov 02 08:28:18.074 INFO blam! 
Nov 02 08:28:18.089 INFO kablam! error: test failed, to rerun pass '--lib'
Nov 02 08:28:18.090 INFO kablam! su: No module specific data is present
Nov 02 08:28:18.959 INFO running `"docker" "rm" "-f" "6b0eed09a637e90759befa2fdb2a42719f6c3af5ce131e88315665b5a723c561"`
Nov 02 08:28:19.267 INFO blam! 6b0eed09a637e90759befa2fdb2a42719f6c3af5ce131e88315665b5a723c561
