Nov 02 11:37:33.588 INFO testing native-file-tests-0.1.0 against 1.30.0 for beta-1.31-1
Nov 02 11:37:33.588 INFO running `"docker" "create" "-v" "/mnt/big/crater/work/local/target-dirs/beta-1.31-1/worker-0/1.30.0:/target:rw,Z" "-v" "/mnt/big/crater/work/local/test-source/worker-0/beta-1.31-1/1.30.0:/source:ro,Z" "-v" "/mnt/big/crater/work/local/cargo-home:/cargo-home:ro,Z" "-v" "/mnt/big/crater/work/local/rustup-home:/rustup-home:ro,Z" "-e" "USER_ID=1000" "-e" "SOURCE_DIR=/source" "-e" "USER_ID=1000" "-e" "CMD=cargo +1.30.0 build --frozen" "-e" "CARGO_TARGET_DIR=/target" "-e" "CARGO_INCREMENTAL=0" "-e" "RUST_BACKTRACE=full" "-e" "RUSTFLAGS=--cap-lints=warn" "-e" "CARGO_HOME=/cargo-home" "-e" "RUSTUP_HOME=/rustup-home" "-m" "1536M" "--network" "none" "crater"`
Nov 02 11:37:33.831 INFO blam! c9ce41d26d7930e4976db45f007deb2d03acaba07dfa1fd6b2f98a0fdc0f8286
Nov 02 11:37:33.833 INFO running `"docker" "start" "-a" "c9ce41d26d7930e4976db45f007deb2d03acaba07dfa1fd6b2f98a0fdc0f8286"`
Nov 02 11:37:34.393 INFO kablam! usermod: no changes
Nov 02 11:37:34.475 INFO kablam!    Compiling pdb v0.2.0
Nov 02 11:37:34.475 INFO kablam!    Compiling scroll v0.8.0
Nov 02 11:37:36.310 INFO kablam!    Compiling goblin v0.0.14
Nov 02 11:37:46.259 INFO kablam!    Compiling native-file-tests v0.1.0 (/source)
Nov 02 11:37:48.207 INFO kablam!     Finished dev [unoptimized + debuginfo] target(s) in 13.79s
Nov 02 11:37:48.210 INFO kablam! su: No module specific data is present
Nov 02 11:37:48.559 INFO running `"docker" "rm" "-f" "c9ce41d26d7930e4976db45f007deb2d03acaba07dfa1fd6b2f98a0fdc0f8286"`
Nov 02 11:37:48.759 INFO blam! c9ce41d26d7930e4976db45f007deb2d03acaba07dfa1fd6b2f98a0fdc0f8286
Nov 02 11:37:48.762 INFO running `"docker" "create" "-v" "/mnt/big/crater/work/local/target-dirs/beta-1.31-1/worker-0/1.30.0:/target:rw,Z" "-v" "/mnt/big/crater/work/local/test-source/worker-0/beta-1.31-1/1.30.0:/source:ro,Z" "-v" "/mnt/big/crater/work/local/cargo-home:/cargo-home:ro,Z" "-v" "/mnt/big/crater/work/local/rustup-home:/rustup-home:ro,Z" "-e" "USER_ID=1000" "-e" "SOURCE_DIR=/source" "-e" "USER_ID=1000" "-e" "CMD=cargo +1.30.0 test --frozen --no-run" "-e" "CARGO_TARGET_DIR=/target" "-e" "CARGO_INCREMENTAL=0" "-e" "RUST_BACKTRACE=full" "-e" "RUSTFLAGS=--cap-lints=warn" "-e" "CARGO_HOME=/cargo-home" "-e" "RUSTUP_HOME=/rustup-home" "-m" "1536M" "--network" "none" "crater"`
Nov 02 11:37:49.115 INFO blam! 8ff37240cc7a1dbb37264ddc0077f1f447ecb271de9b763f25036763a4571de3
Nov 02 11:37:49.117 INFO running `"docker" "start" "-a" "8ff37240cc7a1dbb37264ddc0077f1f447ecb271de9b763f25036763a4571de3"`
Nov 02 11:37:49.944 INFO kablam! usermod: no changes
Nov 02 11:37:50.003 INFO kablam!    Compiling native-file-tests v0.1.0 (/source)
Nov 02 11:37:53.768 INFO kablam!     Finished dev [unoptimized + debuginfo] target(s) in 3.80s
Nov 02 11:37:53.774 INFO kablam! su: No module specific data is present
Nov 02 11:37:54.208 INFO running `"docker" "rm" "-f" "8ff37240cc7a1dbb37264ddc0077f1f447ecb271de9b763f25036763a4571de3"`
Nov 02 11:37:54.443 INFO blam! 8ff37240cc7a1dbb37264ddc0077f1f447ecb271de9b763f25036763a4571de3
Nov 02 11:37:54.445 INFO running `"docker" "create" "-v" "/mnt/big/crater/work/local/target-dirs/beta-1.31-1/worker-0/1.30.0:/target:rw,Z" "-v" "/mnt/big/crater/work/local/test-source/worker-0/beta-1.31-1/1.30.0:/source:ro,Z" "-v" "/mnt/big/crater/work/local/cargo-home:/cargo-home:ro,Z" "-v" "/mnt/big/crater/work/local/rustup-home:/rustup-home:ro,Z" "-e" "USER_ID=1000" "-e" "SOURCE_DIR=/source" "-e" "USER_ID=1000" "-e" "CMD=cargo +1.30.0 test --frozen" "-e" "CARGO_TARGET_DIR=/target" "-e" "CARGO_INCREMENTAL=0" "-e" "RUST_BACKTRACE=full" "-e" "RUSTFLAGS=--cap-lints=warn" "-e" "CARGO_HOME=/cargo-home" "-e" "RUSTUP_HOME=/rustup-home" "-m" "1536M" "--network" "none" "crater"`
Nov 02 11:37:54.898 INFO blam! 573ee65c490378c2f413eb16c7422f0a80e52a23cdcbd09cc68269e33048652e
Nov 02 11:37:54.900 INFO running `"docker" "start" "-a" "573ee65c490378c2f413eb16c7422f0a80e52a23cdcbd09cc68269e33048652e"`
Nov 02 11:37:55.509 INFO kablam! usermod: no changes
Nov 02 11:37:55.608 INFO kablam!     Finished dev [unoptimized + debuginfo] target(s) in 0.06s
Nov 02 11:37:55.616 INFO kablam!      Running /target/debug/deps/native_file_tests-68dfdead17e422a6
Nov 02 11:37:55.631 INFO blam! 
Nov 02 11:37:55.631 INFO blam! running 0 tests
Nov 02 11:37:55.631 INFO blam! 
Nov 02 11:37:55.631 INFO blam! test result: ok. 0 passed; 0 failed; 0 ignored; 0 measured; 0 filtered out
Nov 02 11:37:55.631 INFO blam! 
Nov 02 11:37:55.631 INFO kablam!      Running /target/debug/deps/setup-97e8c6361f87e9d1
Nov 02 11:37:55.639 INFO blam! 
Nov 02 11:37:55.639 INFO blam! running 1 test
Nov 02 11:37:55.658 INFO blam! test setup ... FAILED
Nov 02 11:37:55.658 INFO blam! 
Nov 02 11:37:55.658 INFO blam! failures:
Nov 02 11:37:55.658 INFO blam! 
Nov 02 11:37:55.658 INFO blam! ---- setup stdout ----
Nov 02 11:37:55.658 INFO blam! thread 'setup' panicked at 'called `Result::unwrap()` on an `Err` value: NotPresent', libcore/result.rs:1009:5
Nov 02 11:37:55.658 INFO blam! stack backtrace:
Nov 02 11:37:55.658 INFO blam!    0:     0x563d83614cae - std::sys::unix::backtrace::tracing::imp::unwind_backtrace::hf5316c67202e23c8
Nov 02 11:37:55.658 INFO blam!                                at libstd/sys/unix/backtrace/tracing/gcc_s.rs:49
Nov 02 11:37:55.658 INFO blam!    1:     0x563d83607b96 - std::sys_common::backtrace::print::h3068ed2a6dc7ac86
Nov 02 11:37:55.658 INFO blam!                                at libstd/sys_common/backtrace.rs:71
Nov 02 11:37:55.658 INFO blam!                                at libstd/sys_common/backtrace.rs:59
Nov 02 11:37:55.658 INFO blam!    2:     0x563d83605f6d - std::panicking::default_hook::{{closure}}::h1b9d29cc09d41897
Nov 02 11:37:55.658 INFO blam!                                at libstd/panicking.rs:211
Nov 02 11:37:55.658 INFO blam!    3:     0x563d83605c7b - std::panicking::default_hook::h3a27b204a313406b
Nov 02 11:37:55.658 INFO blam!                                at libstd/panicking.rs:221
Nov 02 11:37:55.658 INFO blam!    4:     0x563d8360661c - std::panicking::rust_panic_with_hook::h0e12cb2fc86d00fa
Nov 02 11:37:55.658 INFO blam!                                at libstd/panicking.rs:477
Nov 02 11:37:55.658 INFO blam!    5:     0x563d836061d9 - std::panicking::continue_panic_fmt::h141671b29fe0e27d
Nov 02 11:37:55.658 INFO blam!                                at libstd/panicking.rs:391
Nov 02 11:37:55.658 INFO blam!    6:     0x563d836060d5 - rust_begin_unwind
Nov 02 11:37:55.658 INFO blam!                                at libstd/panicking.rs:326
Nov 02 11:37:55.658 INFO blam!    7:     0x563d8364f5fb - core::panicking::panic_fmt::h429a06507aba9228
Nov 02 11:37:55.658 INFO blam!                                at libcore/panicking.rs:77
Nov 02 11:37:55.658 INFO blam!    8:     0x563d8349bcb3 - core::result::unwrap_failed::hc8433f97dad86d7a
Nov 02 11:37:55.658 INFO blam!                                at libcore/macros.rs:26
Nov 02 11:37:55.658 INFO blam!    9:     0x563d8349bb0b - <core::result::Result<T, E>>::unwrap::h96f8223d3bd8ef4d
Nov 02 11:37:55.658 INFO blam!                                at libcore/result.rs:808
Nov 02 11:37:55.658 INFO blam!   10:     0x563d8349bd39 - setup::setup::ha21f76ddb96400c5
Nov 02 11:37:55.658 INFO blam!                                at tests/setup.rs:17
Nov 02 11:37:55.658 INFO blam!   11:     0x563d8349bcd9 - setup::setup::{{closure}}::h8a3ce35beed474c4
Nov 02 11:37:55.658 INFO blam!                                at tests/setup.rs:16
Nov 02 11:37:55.658 INFO blam!   12:     0x563d8349c13d - core::ops::function::FnOnce::call_once::h0f163fb87a72f719
Nov 02 11:37:55.658 INFO blam!                                at libcore/ops/function.rs:238
Nov 02 11:37:55.658 INFO blam!   13:     0x563d8349e3ce - <F as alloc::boxed::FnBox<A>>::call_box::ha9910eac2d17ff23
Nov 02 11:37:55.658 INFO blam!                                at libtest/lib.rs:1461
Nov 02 11:37:55.658 INFO blam!                                at libcore/ops/function.rs:238
Nov 02 11:37:55.658 INFO blam!                                at liballoc/boxed.rs:646
Nov 02 11:37:55.658 INFO blam!   14:     0x563d83623f29 - __rust_maybe_catch_panic
Nov 02 11:37:55.658 INFO blam!                                at libpanic_unwind/lib.rs:103
Nov 02 11:37:55.658 INFO blam!   15:     0x563d834a9cdd - std::sys_common::backtrace::__rust_begin_short_backtrace::h470b05235fe5e5ad
Nov 02 11:37:55.658 INFO blam!                                at libstd/panicking.rs:289
Nov 02 11:37:55.658 INFO blam!                                at libstd/panic.rs:392
Nov 02 11:37:55.658 INFO blam!                                at libtest/lib.rs:1416
Nov 02 11:37:55.658 INFO blam!                                at libstd/sys_common/backtrace.rs:136
Nov 02 11:37:55.658 INFO blam!   16:     0x563d834c2314 - std::panicking::try::do_call::h1f0578498122cc00
Nov 02 11:37:55.658 INFO blam!                                at libstd/thread/mod.rs:409
Nov 02 11:37:55.659 INFO blam!                                at libstd/panic.rs:313
Nov 02 11:37:55.659 INFO blam!                                at libstd/panicking.rs:310
Nov 02 11:37:55.659 INFO blam!   17:     0x563d83623f29 - __rust_maybe_catch_panic
Nov 02 11:37:55.659 INFO blam!                                at libpanic_unwind/lib.rs:103
Nov 02 11:37:55.659 INFO blam!   18:     0x563d834b2be6 - <F as alloc::boxed::FnBox<A>>::call_box::h7b129f9f235ab460
Nov 02 11:37:55.659 INFO blam!                                at libstd/panicking.rs:289
Nov 02 11:37:55.659 INFO blam!                                at libstd/panic.rs:392
Nov 02 11:37:55.659 INFO blam!                                at libstd/thread/mod.rs:408
Nov 02 11:37:55.659 INFO blam!                                at liballoc/boxed.rs:646
Nov 02 11:37:55.659 INFO blam!   19:     0x563d836165fa - std::sys_common::thread::start_thread::hb77935aee02382da
Nov 02 11:37:55.659 INFO blam!                                at liballoc/boxed.rs:656
Nov 02 11:37:55.659 INFO blam!                                at libstd/sys_common/thread.rs:24
Nov 02 11:37:55.659 INFO blam!   20:     0x563d83606dd5 - std::sys::unix::thread::Thread::new::thread_start::hd61f7429b3de1d75
Nov 02 11:37:55.659 INFO blam!                                at libstd/sys/unix/thread.rs:90
Nov 02 11:37:55.659 INFO blam!   21:     0x7fc3cd50e6b9 - start_thread
Nov 02 11:37:55.659 INFO blam!   22:     0x7fc3cd02e41c - clone
Nov 02 11:37:55.659 INFO blam!   23:                0x0 - <unknown>
Nov 02 11:37:55.659 INFO blam! 
Nov 02 11:37:55.659 INFO blam! 
Nov 02 11:37:55.659 INFO blam! failures:
Nov 02 11:37:55.659 INFO blam!     setup
Nov 02 11:37:55.659 INFO blam! 
Nov 02 11:37:55.659 INFO blam! test result: FAILED. 0 passed; 1 failed; 0 ignored; 0 measured; 0 filtered out
Nov 02 11:37:55.659 INFO blam! 
Nov 02 11:37:55.661 INFO kablam! error: test failed, to rerun pass '--test setup'
Nov 02 11:37:55.666 INFO kablam! su: No module specific data is present
Nov 02 11:37:56.005 INFO running `"docker" "rm" "-f" "573ee65c490378c2f413eb16c7422f0a80e52a23cdcbd09cc68269e33048652e"`
Nov 02 11:37:56.124 INFO blam! 573ee65c490378c2f413eb16c7422f0a80e52a23cdcbd09cc68269e33048652e
