Nov 02 11:43:51.684 INFO testing my_internet_ip-0.1.1 against 1.30.0 for beta-1.31-1
Nov 02 11:43:51.684 INFO running `"docker" "create" "-v" "/mnt/big/crater/work/local/target-dirs/beta-1.31-1/worker-3/1.30.0:/target:rw,Z" "-v" "/mnt/big/crater/work/local/test-source/worker-3/beta-1.31-1/1.30.0:/source:ro,Z" "-v" "/mnt/big/crater/work/local/cargo-home:/cargo-home:ro,Z" "-v" "/mnt/big/crater/work/local/rustup-home:/rustup-home:ro,Z" "-e" "USER_ID=1000" "-e" "SOURCE_DIR=/source" "-e" "USER_ID=1000" "-e" "CMD=cargo +1.30.0 build --frozen" "-e" "CARGO_TARGET_DIR=/target" "-e" "CARGO_INCREMENTAL=0" "-e" "RUST_BACKTRACE=full" "-e" "RUSTFLAGS=--cap-lints=warn" "-e" "CARGO_HOME=/cargo-home" "-e" "RUSTUP_HOME=/rustup-home" "-m" "1536M" "--network" "none" "crater"`
Nov 02 11:43:51.884 INFO blam! 8b123d81ad350e4d9340d4f13fe9a8fcac52ad997f11820e642a9f387522da1f
Nov 02 11:43:51.889 INFO running `"docker" "start" "-a" "8b123d81ad350e4d9340d4f13fe9a8fcac52ad997f11820e642a9f387522da1f"`
Nov 02 11:43:52.571 INFO kablam! usermod: no changes
Nov 02 11:43:52.639 INFO kablam!    Compiling my_internet_ip v0.1.1 (/source)
Nov 02 11:43:54.095 INFO kablam!     Finished dev [unoptimized + debuginfo] target(s) in 1.50s
Nov 02 11:43:54.095 INFO kablam! su: No module specific data is present
Nov 02 11:43:54.459 INFO running `"docker" "rm" "-f" "8b123d81ad350e4d9340d4f13fe9a8fcac52ad997f11820e642a9f387522da1f"`
Nov 02 11:43:54.565 INFO blam! 8b123d81ad350e4d9340d4f13fe9a8fcac52ad997f11820e642a9f387522da1f
Nov 02 11:43:54.566 INFO running `"docker" "create" "-v" "/mnt/big/crater/work/local/target-dirs/beta-1.31-1/worker-3/1.30.0:/target:rw,Z" "-v" "/mnt/big/crater/work/local/test-source/worker-3/beta-1.31-1/1.30.0:/source:ro,Z" "-v" "/mnt/big/crater/work/local/cargo-home:/cargo-home:ro,Z" "-v" "/mnt/big/crater/work/local/rustup-home:/rustup-home:ro,Z" "-e" "USER_ID=1000" "-e" "SOURCE_DIR=/source" "-e" "USER_ID=1000" "-e" "CMD=cargo +1.30.0 test --frozen --no-run" "-e" "CARGO_TARGET_DIR=/target" "-e" "CARGO_INCREMENTAL=0" "-e" "RUST_BACKTRACE=full" "-e" "RUSTFLAGS=--cap-lints=warn" "-e" "CARGO_HOME=/cargo-home" "-e" "RUSTUP_HOME=/rustup-home" "-m" "1536M" "--network" "none" "crater"`
Nov 02 11:43:54.833 INFO blam! 4a9573b6eca69dcd21a83decca85f328e833b69be756dc35682b3fca3d469522
Nov 02 11:43:54.837 INFO running `"docker" "start" "-a" "4a9573b6eca69dcd21a83decca85f328e833b69be756dc35682b3fca3d469522"`
Nov 02 11:43:55.389 INFO kablam! usermod: no changes
Nov 02 11:43:55.445 INFO kablam!    Compiling my_internet_ip v0.1.1 (/source)
Nov 02 11:43:57.196 INFO kablam!     Finished dev [unoptimized + debuginfo] target(s) in 1.79s
Nov 02 11:43:57.200 INFO kablam! su: No module specific data is present
Nov 02 11:43:57.444 INFO running `"docker" "rm" "-f" "4a9573b6eca69dcd21a83decca85f328e833b69be756dc35682b3fca3d469522"`
Nov 02 11:43:57.541 INFO blam! 4a9573b6eca69dcd21a83decca85f328e833b69be756dc35682b3fca3d469522
Nov 02 11:43:57.544 INFO running `"docker" "create" "-v" "/mnt/big/crater/work/local/target-dirs/beta-1.31-1/worker-3/1.30.0:/target:rw,Z" "-v" "/mnt/big/crater/work/local/test-source/worker-3/beta-1.31-1/1.30.0:/source:ro,Z" "-v" "/mnt/big/crater/work/local/cargo-home:/cargo-home:ro,Z" "-v" "/mnt/big/crater/work/local/rustup-home:/rustup-home:ro,Z" "-e" "USER_ID=1000" "-e" "SOURCE_DIR=/source" "-e" "USER_ID=1000" "-e" "CMD=cargo +1.30.0 test --frozen" "-e" "CARGO_TARGET_DIR=/target" "-e" "CARGO_INCREMENTAL=0" "-e" "RUST_BACKTRACE=full" "-e" "RUSTFLAGS=--cap-lints=warn" "-e" "CARGO_HOME=/cargo-home" "-e" "RUSTUP_HOME=/rustup-home" "-m" "1536M" "--network" "none" "crater"`
Nov 02 11:43:57.696 INFO blam! d72acbe2c6970cc6f9c5da188f79506215dd3960491f113e42f1986fb9390a9f
Nov 02 11:43:57.703 INFO running `"docker" "start" "-a" "d72acbe2c6970cc6f9c5da188f79506215dd3960491f113e42f1986fb9390a9f"`
Nov 02 11:43:58.184 INFO kablam! usermod: no changes
Nov 02 11:43:58.279 INFO kablam!     Finished dev [unoptimized + debuginfo] target(s) in 0.07s
Nov 02 11:43:58.295 INFO kablam!      Running /target/debug/deps/my_internet_ip-b762b6908757a24e
Nov 02 11:43:58.325 INFO blam! 
Nov 02 11:43:58.325 INFO blam! running 1 test
Nov 02 11:43:58.359 INFO blam! test tests::simple ... FAILED
Nov 02 11:43:58.359 INFO blam! 
Nov 02 11:43:58.359 INFO blam! failures:
Nov 02 11:43:58.359 INFO blam! 
Nov 02 11:43:58.359 INFO blam! ---- tests::simple stdout ----
Nov 02 11:43:58.359 INFO blam! thread 'tests::simple' panicked at 'called `Result::unwrap()` on an `Err` value: CurlError(Error { description: "Couldn\'t resolve host name", code: 6, extra: None })', libcore/result.rs:1009:5
Nov 02 11:43:58.359 INFO blam! stack backtrace:
Nov 02 11:43:58.359 INFO blam!    0:     0x56275657771e - std::sys::unix::backtrace::tracing::imp::unwind_backtrace::hf5316c67202e23c8
Nov 02 11:43:58.359 INFO blam!                                at libstd/sys/unix/backtrace/tracing/gcc_s.rs:49
Nov 02 11:43:58.359 INFO blam!    1:     0x56275656a7e6 - std::sys_common::backtrace::print::h3068ed2a6dc7ac86
Nov 02 11:43:58.359 INFO blam!                                at libstd/sys_common/backtrace.rs:71
Nov 02 11:43:58.359 INFO blam!                                at libstd/sys_common/backtrace.rs:59
Nov 02 11:43:58.359 INFO blam!    2:     0x562756568afd - std::panicking::default_hook::{{closure}}::h1b9d29cc09d41897
Nov 02 11:43:58.359 INFO blam!                                at libstd/panicking.rs:211
Nov 02 11:43:58.359 INFO blam!    3:     0x56275656880b - std::panicking::default_hook::h3a27b204a313406b
Nov 02 11:43:58.359 INFO blam!                                at libstd/panicking.rs:221
Nov 02 11:43:58.359 INFO blam!    4:     0x5627565691ac - std::panicking::rust_panic_with_hook::h0e12cb2fc86d00fa
Nov 02 11:43:58.359 INFO blam!                                at libstd/panicking.rs:477
Nov 02 11:43:58.359 INFO blam!    5:     0x562756568d69 - std::panicking::continue_panic_fmt::h141671b29fe0e27d
Nov 02 11:43:58.359 INFO blam!                                at libstd/panicking.rs:391
Nov 02 11:43:58.359 INFO blam!    6:     0x562756568c65 - rust_begin_unwind
Nov 02 11:43:58.359 INFO blam!                                at libstd/panicking.rs:326
Nov 02 11:43:58.359 INFO blam!    7:     0x5627565b17cb - core::panicking::panic_fmt::h429a06507aba9228
Nov 02 11:43:58.359 INFO blam!                                at libcore/panicking.rs:77
Nov 02 11:43:58.359 INFO blam!    8:     0x56275650a7a3 - core::result::unwrap_failed::hce79d1275b6d29d6
Nov 02 11:43:58.359 INFO blam!                                at libcore/macros.rs:26
Nov 02 11:43:58.359 INFO blam!    9:     0x56275650997c - <core::result::Result<T, E>>::unwrap::h350ab2aaaed491c3
Nov 02 11:43:58.359 INFO blam!                                at libcore/result.rs:808
Nov 02 11:43:58.359 INFO blam!   10:     0x5627564ff605 - my_internet_ip::tests::simple::hf459ed15acdb1db9
Nov 02 11:43:58.359 INFO blam!                                at src/lib.rs:74
Nov 02 11:43:58.359 INFO blam!   11:     0x5627564ff5c9 - my_internet_ip::tests::simple::{{closure}}::h3a54422659260588
Nov 02 11:43:58.359 INFO blam!                                at src/lib.rs:73
Nov 02 11:43:58.359 INFO blam!   12:     0x5627564fe7ed - core::ops::function::FnOnce::call_once::h69800c9a59fea4e0
Nov 02 11:43:58.359 INFO blam!                                at libcore/ops/function.rs:238
Nov 02 11:43:58.359 INFO blam!   13:     0x56275650c63e - <F as alloc::boxed::FnBox<A>>::call_box::ha9910eac2d17ff23
Nov 02 11:43:58.359 INFO blam!                                at libtest/lib.rs:1461
Nov 02 11:43:58.359 INFO blam!                                at libcore/ops/function.rs:238
Nov 02 11:43:58.359 INFO blam!                                at liballoc/boxed.rs:646
Nov 02 11:43:58.359 INFO blam!   14:     0x5627565863f9 - __rust_maybe_catch_panic
Nov 02 11:43:58.359 INFO blam!                                at libpanic_unwind/lib.rs:103
Nov 02 11:43:58.359 INFO blam!   15:     0x562756517f4d - std::sys_common::backtrace::__rust_begin_short_backtrace::h470b05235fe5e5ad
Nov 02 11:43:58.360 INFO blam!                                at libstd/panicking.rs:289
Nov 02 11:43:58.360 INFO blam!                                at libstd/panic.rs:392
Nov 02 11:43:58.360 INFO blam!                                at libtest/lib.rs:1416
Nov 02 11:43:58.360 INFO blam!                                at libstd/sys_common/backtrace.rs:136
Nov 02 11:43:58.360 INFO blam!   16:     0x562756530584 - std::panicking::try::do_call::h1f0578498122cc00
Nov 02 11:43:58.360 INFO blam!                                at libstd/thread/mod.rs:409
Nov 02 11:43:58.360 INFO blam!                                at libstd/panic.rs:313
Nov 02 11:43:58.360 INFO blam!                                at libstd/panicking.rs:310
Nov 02 11:43:58.360 INFO blam!   17:     0x5627565863f9 - __rust_maybe_catch_panic
Nov 02 11:43:58.360 INFO blam!                                at libpanic_unwind/lib.rs:103
Nov 02 11:43:58.360 INFO blam!   18:     0x562756520e56 - <F as alloc::boxed::FnBox<A>>::call_box::h7b129f9f235ab460
Nov 02 11:43:58.360 INFO blam!                                at libstd/panicking.rs:289
Nov 02 11:43:58.360 INFO blam!                                at libstd/panic.rs:392
Nov 02 11:43:58.360 INFO blam!                                at libstd/thread/mod.rs:408
Nov 02 11:43:58.360 INFO blam!                                at liballoc/boxed.rs:646
Nov 02 11:43:58.360 INFO blam!   19:     0x5627565790ea - std::sys_common::thread::start_thread::hb77935aee02382da
Nov 02 11:43:58.360 INFO blam!                                at liballoc/boxed.rs:656
Nov 02 11:43:58.360 INFO blam!                                at libstd/sys_common/thread.rs:24
Nov 02 11:43:58.360 INFO blam!   20:     0x562756569a25 - std::sys::unix::thread::Thread::new::thread_start::hd61f7429b3de1d75
Nov 02 11:43:58.360 INFO blam!                                at libstd/sys/unix/thread.rs:90
Nov 02 11:43:58.360 INFO blam!   21:     0x7fec7f9676b9 - start_thread
Nov 02 11:43:58.360 INFO blam!   22:     0x7fec7f48741c - clone
Nov 02 11:43:58.360 INFO blam!   23:                0x0 - <unknown>
Nov 02 11:43:58.360 INFO blam! 
Nov 02 11:43:58.360 INFO blam! 
Nov 02 11:43:58.360 INFO blam! failures:
Nov 02 11:43:58.360 INFO blam!     tests::simple
Nov 02 11:43:58.360 INFO blam! 
Nov 02 11:43:58.360 INFO blam! test result: FAILED. 0 passed; 1 failed; 0 ignored; 0 measured; 0 filtered out
Nov 02 11:43:58.360 INFO blam! 
Nov 02 11:43:58.367 INFO kablam! error: test failed, to rerun pass '--lib'
Nov 02 11:43:58.367 INFO kablam! su: No module specific data is present
Nov 02 11:43:58.834 INFO running `"docker" "rm" "-f" "d72acbe2c6970cc6f9c5da188f79506215dd3960491f113e42f1986fb9390a9f"`
Nov 02 11:43:58.945 INFO blam! d72acbe2c6970cc6f9c5da188f79506215dd3960491f113e42f1986fb9390a9f
