Nov 02 14:45:54.466 INFO testing iplocate-0.1.0 against 1.30.0 for beta-1.31-1
Nov 02 14:45:54.467 INFO running `"docker" "create" "-v" "/mnt/big/crater/work/local/target-dirs/beta-1.31-1/worker-5/1.30.0:/target:rw,Z" "-v" "/mnt/big/crater/work/local/test-source/worker-5/beta-1.31-1/1.30.0:/source:ro,Z" "-v" "/mnt/big/crater/work/local/cargo-home:/cargo-home:ro,Z" "-v" "/mnt/big/crater/work/local/rustup-home:/rustup-home:ro,Z" "-e" "USER_ID=1000" "-e" "SOURCE_DIR=/source" "-e" "USER_ID=1000" "-e" "CMD=cargo +1.30.0 build --frozen" "-e" "CARGO_TARGET_DIR=/target" "-e" "CARGO_INCREMENTAL=0" "-e" "RUST_BACKTRACE=full" "-e" "RUSTFLAGS=--cap-lints=warn" "-e" "CARGO_HOME=/cargo-home" "-e" "RUSTUP_HOME=/rustup-home" "-m" "1536M" "--network" "none" "crater"`
Nov 02 14:45:54.912 INFO blam! dc46bb394b9ddc3efd86c826a821105d0c7b14cde2357260495ba1bc37c210ee
Nov 02 14:45:54.923 INFO running `"docker" "start" "-a" "dc46bb394b9ddc3efd86c826a821105d0c7b14cde2357260495ba1bc37c210ee"`
Nov 02 14:45:56.078 INFO kablam! usermod: no changes
Nov 02 14:45:56.519 INFO kablam!    Compiling iplocate v0.1.0 (/source)
Nov 02 14:46:05.751 INFO kablam!     Finished dev [unoptimized + debuginfo] target(s) in 9.65s
Nov 02 14:46:05.764 INFO kablam! su: No module specific data is present
Nov 02 14:46:06.611 INFO running `"docker" "rm" "-f" "dc46bb394b9ddc3efd86c826a821105d0c7b14cde2357260495ba1bc37c210ee"`
Nov 02 14:46:06.891 INFO blam! dc46bb394b9ddc3efd86c826a821105d0c7b14cde2357260495ba1bc37c210ee
Nov 02 14:46:06.912 INFO running `"docker" "create" "-v" "/mnt/big/crater/work/local/target-dirs/beta-1.31-1/worker-5/1.30.0:/target:rw,Z" "-v" "/mnt/big/crater/work/local/test-source/worker-5/beta-1.31-1/1.30.0:/source:ro,Z" "-v" "/mnt/big/crater/work/local/cargo-home:/cargo-home:ro,Z" "-v" "/mnt/big/crater/work/local/rustup-home:/rustup-home:ro,Z" "-e" "USER_ID=1000" "-e" "SOURCE_DIR=/source" "-e" "USER_ID=1000" "-e" "CMD=cargo +1.30.0 test --frozen --no-run" "-e" "CARGO_TARGET_DIR=/target" "-e" "CARGO_INCREMENTAL=0" "-e" "RUST_BACKTRACE=full" "-e" "RUSTFLAGS=--cap-lints=warn" "-e" "CARGO_HOME=/cargo-home" "-e" "RUSTUP_HOME=/rustup-home" "-m" "1536M" "--network" "none" "crater"`
Nov 02 14:46:07.545 INFO blam! f1bb413ad736d62e228a63c98983a6ee573f757f1db8cc1991cdef39b4d23215
Nov 02 14:46:07.547 INFO running `"docker" "start" "-a" "f1bb413ad736d62e228a63c98983a6ee573f757f1db8cc1991cdef39b4d23215"`
Nov 02 14:46:08.698 INFO kablam! usermod: no changes
Nov 02 14:46:08.927 INFO kablam!    Compiling iplocate v0.1.0 (/source)
Nov 02 14:46:17.159 INFO kablam!     Finished dev [unoptimized + debuginfo] target(s) in 8.41s
Nov 02 14:46:17.173 INFO kablam! su: No module specific data is present
Nov 02 14:46:18.055 INFO running `"docker" "rm" "-f" "f1bb413ad736d62e228a63c98983a6ee573f757f1db8cc1991cdef39b4d23215"`
Nov 02 14:46:18.387 INFO blam! f1bb413ad736d62e228a63c98983a6ee573f757f1db8cc1991cdef39b4d23215
Nov 02 14:46:18.390 INFO running `"docker" "create" "-v" "/mnt/big/crater/work/local/target-dirs/beta-1.31-1/worker-5/1.30.0:/target:rw,Z" "-v" "/mnt/big/crater/work/local/test-source/worker-5/beta-1.31-1/1.30.0:/source:ro,Z" "-v" "/mnt/big/crater/work/local/cargo-home:/cargo-home:ro,Z" "-v" "/mnt/big/crater/work/local/rustup-home:/rustup-home:ro,Z" "-e" "USER_ID=1000" "-e" "SOURCE_DIR=/source" "-e" "USER_ID=1000" "-e" "CMD=cargo +1.30.0 test --frozen" "-e" "CARGO_TARGET_DIR=/target" "-e" "CARGO_INCREMENTAL=0" "-e" "RUST_BACKTRACE=full" "-e" "RUSTFLAGS=--cap-lints=warn" "-e" "CARGO_HOME=/cargo-home" "-e" "RUSTUP_HOME=/rustup-home" "-m" "1536M" "--network" "none" "crater"`
Nov 02 14:46:18.842 INFO blam! 7870f1ab0817cb79f892265f5e6718ed8b5f8867ee2e7859b5af53434be123ac
Nov 02 14:46:18.852 INFO running `"docker" "start" "-a" "7870f1ab0817cb79f892265f5e6718ed8b5f8867ee2e7859b5af53434be123ac"`
Nov 02 14:46:20.218 INFO kablam! usermod: no changes
Nov 02 14:46:20.607 INFO kablam!     Finished dev [unoptimized + debuginfo] target(s) in 0.36s
Nov 02 14:46:20.618 INFO kablam!      Running /target/debug/deps/iplocate-f9584829147a46be
Nov 02 14:46:20.619 INFO blam! 
Nov 02 14:46:20.619 INFO kablam!    Doc-tests iplocate
Nov 02 14:46:20.619 INFO blam! running 1 test
Nov 02 14:46:20.619 INFO blam! test tests::test_from_raw_custom_datetime ... ok
Nov 02 14:46:20.619 INFO blam! 
Nov 02 14:46:20.619 INFO blam! test result: ok. 1 passed; 0 failed; 0 ignored; 0 measured; 0 filtered out
Nov 02 14:46:20.619 INFO blam! 
Nov 02 14:46:32.088 INFO blam! 
Nov 02 14:46:32.088 INFO blam! running 1 test
Nov 02 14:46:50.110 INFO blam! test src/lib.rs -  (line 10) ... FAILED
Nov 02 14:46:50.111 INFO blam! 
Nov 02 14:46:50.111 INFO blam! failures:
Nov 02 14:46:50.111 INFO blam! 
Nov 02 14:46:50.111 INFO blam! ---- src/lib.rs -  (line 10) stdout ----
Nov 02 14:46:50.111 INFO blam! thread 'src/lib.rs -  (line 10)' panicked at 'test executable failed:
Nov 02 14:46:50.111 INFO blam! 
Nov 02 14:46:50.111 INFO blam! Error: Inner { kind: Hyper(Error { kind: Connect, cause: Custom { kind: Other, error: StringError("failed to lookup address information: Temporary failure in name resolution") } }), url: Some("https://www.iplocate.io/api/lookup/8.8.8.8") }
Nov 02 14:46:50.111 INFO blam! 
Nov 02 14:46:50.111 INFO blam! ', librustdoc/test.rs:367:17
Nov 02 14:46:50.111 INFO blam! stack backtrace:
Nov 02 14:46:50.111 INFO blam!    0:     0x7fa80deb675e - std::sys::unix::backtrace::tracing::imp::unwind_backtrace::hf5316c67202e23c8
Nov 02 14:46:50.111 INFO blam!                                at libstd/sys/unix/backtrace/tracing/gcc_s.rs:49
Nov 02 14:46:50.111 INFO blam!    1:     0x7fa80de8f946 - std::sys_common::backtrace::print::h3068ed2a6dc7ac86
Nov 02 14:46:50.111 INFO blam!                                at libstd/sys_common/backtrace.rs:71
Nov 02 14:46:50.111 INFO blam!                                at libstd/sys_common/backtrace.rs:59
Nov 02 14:46:50.111 INFO blam!    2:     0x7fa80de8d54d - std::panicking::default_hook::{{closure}}::h1b9d29cc09d41897
Nov 02 14:46:50.111 INFO blam!                                at libstd/panicking.rs:211
Nov 02 14:46:50.111 INFO blam!    3:     0x7fa80de8d25b - std::panicking::default_hook::h3a27b204a313406b
Nov 02 14:46:50.111 INFO blam!                                at libstd/panicking.rs:221
Nov 02 14:46:50.111 INFO blam!    4:     0x7fa80fff69f1 - rustc::util::common::panic_hook::hf9d72254884e6e21
Nov 02 14:46:50.111 INFO blam!    5:     0x7fa80de8dc53 - std::panicking::rust_panic_with_hook::h0e12cb2fc86d00fa
Nov 02 14:46:50.111 INFO blam!                                at libstd/panicking.rs:481
Nov 02 14:46:50.111 INFO blam!    6:     0x7fa80de8d7b9 - std::panicking::continue_panic_fmt::h141671b29fe0e27d
Nov 02 14:46:50.111 INFO blam!                                at libstd/panicking.rs:391
Nov 02 14:46:50.111 INFO blam!    7:     0x7fa80de8d71d - std::panicking::begin_panic_fmt::h598547fc766c278a
Nov 02 14:46:50.111 INFO blam!                                at libstd/panicking.rs:346
Nov 02 14:46:50.111 INFO blam!    8:     0x55b24e0835f3 - rustdoc::test::Collector::add_test::{{closure}}::{{closure}}::{{closure}}::hed130f7399558a0a
Nov 02 14:46:50.111 INFO blam!                                at librustdoc/test.rs:367
Nov 02 14:46:50.111 INFO blam!                                at librustdoc/test.rs:564
Nov 02 14:46:50.111 INFO blam!    9:     0x55b24e03cb40 - <scoped_tls::ScopedKey<T>>::set::h8f0919d2f77ba016
Nov 02 14:46:50.111 INFO blam!                                at /cargo/registry/src/github.com-1ecc6299db9ec823/scoped-tls-0.1.2/src/lib.rs:155
Nov 02 14:46:50.111 INFO blam!                                at libsyntax/lib.rs:108
Nov 02 14:46:50.111 INFO blam!                                at /cargo/registry/src/github.com-1ecc6299db9ec823/scoped-tls-0.1.2/src/lib.rs:155
Nov 02 14:46:50.111 INFO blam!   10:     0x55b24de65c8d - syntax::with_globals::hd11e81a0116456bb
Nov 02 14:46:50.111 INFO blam!                                at libsyntax/lib.rs:107
Nov 02 14:46:50.111 INFO blam!   11:     0x55b24deb61a4 - std::panicking::try::do_call::hece5c13d7a24e473
Nov 02 14:46:50.111 INFO blam!                                at librustdoc/test.rs:561
Nov 02 14:46:50.111 INFO blam!                                at libstd/panic.rs:313
Nov 02 14:46:50.111 INFO blam!                                at libstd/panicking.rs:310
Nov 02 14:46:50.111 INFO blam!   12:     0x7fa80decd469 - __rust_maybe_catch_panic
Nov 02 14:46:50.111 INFO blam!                                at libpanic_unwind/lib.rs:103
Nov 02 14:46:50.111 INFO blam!   13:     0x55b24df2dd43 - rustc_driver::in_named_rustc_thread::h2eb14efcd2031db9
Nov 02 14:46:50.111 INFO blam!                                at libstd/panicking.rs:289
Nov 02 14:46:50.111 INFO blam!                                at libstd/panic.rs:392
Nov 02 14:46:50.111 INFO blam!                                at librustc_driver/lib.rs:1574
Nov 02 14:46:50.111 INFO blam!   14:     0x55b24e05be4c - <F as alloc::boxed::FnBox<A>>::call_box::h1a3519e0a4ef9ca4
Nov 02 14:46:50.111 INFO blam!                                at librustdoc/test.rs:561
Nov 02 14:46:50.111 INFO blam!                                at liballoc/boxed.rs:646
Nov 02 14:46:50.111 INFO blam!   15:     0x7fa80f511dc2 - <F as alloc::boxed::FnBox<A>>::call_box::h79a77abfa30ef4cc
Nov 02 14:46:50.111 INFO blam!                                at libtest/lib.rs:1454
Nov 02 14:46:50.111 INFO blam!                                at liballoc/boxed.rs:646
Nov 02 14:46:50.111 INFO blam!   16:     0x7fa80decd469 - __rust_maybe_catch_panic
Nov 02 14:46:50.111 INFO blam!                                at libpanic_unwind/lib.rs:103
Nov 02 14:46:50.111 INFO blam!   17:     0x7fa80f51f1fd - std::sys_common::backtrace::__rust_begin_short_backtrace::h470b05235fe5e5ad
Nov 02 14:46:50.111 INFO blam!                                at libstd/panicking.rs:289
Nov 02 14:46:50.111 INFO blam!                                at libstd/panic.rs:392
Nov 02 14:46:50.111 INFO blam!                                at libtest/lib.rs:1416
Nov 02 14:46:50.111 INFO blam!                                at libstd/sys_common/backtrace.rs:136
Nov 02 14:46:50.111 INFO blam!   18:     0x7fa80f53d004 - std::panicking::try::do_call::h1f0578498122cc00
Nov 02 14:46:50.111 INFO blam!                                at libstd/thread/mod.rs:409
Nov 02 14:46:50.111 INFO blam!                                at libstd/panic.rs:313
Nov 02 14:46:50.111 INFO blam!                                at libstd/panicking.rs:310
Nov 02 14:46:50.111 INFO blam!   19:     0x7fa80decd469 - __rust_maybe_catch_panic
Nov 02 14:46:50.111 INFO blam!                                at libpanic_unwind/lib.rs:103
Nov 02 14:46:50.111 INFO blam!   20:     0x7fa80f529be6 - <F as alloc::boxed::FnBox<A>>::call_box::h7b129f9f235ab460
Nov 02 14:46:50.112 INFO blam!                                at libstd/panicking.rs:289
Nov 02 14:46:50.112 INFO blam!                                at libstd/panic.rs:392
Nov 02 14:46:50.112 INFO blam!                                at libstd/thread/mod.rs:408
Nov 02 14:46:50.112 INFO blam!                                at liballoc/boxed.rs:646
Nov 02 14:46:50.112 INFO blam!   21:     0x7fa80debac5a - std::sys_common::thread::start_thread::hb77935aee02382da
Nov 02 14:46:50.112 INFO blam!                                at liballoc/boxed.rs:656
Nov 02 14:46:50.112 INFO blam!                                at libstd/sys_common/thread.rs:24
Nov 02 14:46:50.112 INFO blam!   22:     0x7fa80de8e8d5 - std::sys::unix::thread::Thread::new::thread_start::hd61f7429b3de1d75
Nov 02 14:46:50.112 INFO blam!                                at libstd/sys/unix/thread.rs:90
Nov 02 14:46:50.112 INFO blam!   23:     0x7fa80dc236b9 - start_thread
Nov 02 14:46:50.112 INFO blam!   24:     0x7fa80d74341c - clone
Nov 02 14:46:50.112 INFO blam!   25:                0x0 - <unknown>
Nov 02 14:46:50.112 INFO blam! query stack during panic:
Nov 02 14:46:50.112 INFO blam! end of query stack
Nov 02 14:46:50.112 INFO blam! 
Nov 02 14:46:50.112 INFO blam! 
Nov 02 14:46:50.112 INFO blam! failures:
Nov 02 14:46:50.119 INFO blam!     src/lib.rs -  (line 10)
Nov 02 14:46:50.119 INFO blam! 
Nov 02 14:46:50.119 INFO blam! test result: FAILED. 0 passed; 1 failed; 0 ignored; 0 measured; 0 filtered out
Nov 02 14:46:50.119 INFO blam! 
Nov 02 14:46:50.128 INFO kablam! error: test failed, to rerun pass '--doc'
Nov 02 14:46:50.130 INFO kablam! su: No module specific data is present
Nov 02 14:46:50.619 INFO running `"docker" "rm" "-f" "7870f1ab0817cb79f892265f5e6718ed8b5f8867ee2e7859b5af53434be123ac"`
Nov 02 14:46:50.923 INFO blam! 7870f1ab0817cb79f892265f5e6718ed8b5f8867ee2e7859b5af53434be123ac
