Nov 02 17:16:54.755 INFO testing google-jwt-verify-0.1.0 against beta-2018-10-30 for beta-1.31-1
Nov 02 17:16:54.755 INFO running `"docker" "create" "-v" "/mnt/big/crater/work/local/target-dirs/beta-1.31-1/worker-7/beta-2018-10-30:/target:rw,Z" "-v" "/mnt/big/crater/work/local/test-source/worker-7/beta-1.31-1/beta-2018-10-30:/source:ro,Z" "-v" "/mnt/big/crater/work/local/cargo-home:/cargo-home:ro,Z" "-v" "/mnt/big/crater/work/local/rustup-home:/rustup-home:ro,Z" "-e" "USER_ID=1000" "-e" "SOURCE_DIR=/source" "-e" "USER_ID=1000" "-e" "CMD=cargo +beta-2018-10-30 build --frozen" "-e" "CARGO_TARGET_DIR=/target" "-e" "CARGO_INCREMENTAL=0" "-e" "RUST_BACKTRACE=full" "-e" "RUSTFLAGS=--cap-lints=warn" "-e" "CARGO_HOME=/cargo-home" "-e" "RUSTUP_HOME=/rustup-home" "-m" "1536M" "--network" "none" "crater"`
Nov 02 17:16:55.260 INFO blam! 367b86277f037815ee58429dcd851b4e2258ace3216d4b213099f7d70def9938
Nov 02 17:16:55.263 INFO running `"docker" "start" "-a" "367b86277f037815ee58429dcd851b4e2258ace3216d4b213099f7d70def9938"`
Nov 02 17:16:56.795 INFO kablam! usermod: no changes
Nov 02 17:16:57.279 INFO kablam!    Compiling google-jwt-verify v0.1.0 (/source)
Nov 02 17:17:06.627 INFO kablam!     Finished dev [unoptimized + debuginfo] target(s) in 9.78s
Nov 02 17:17:06.643 INFO kablam! su: No module specific data is present
Nov 02 17:17:07.576 INFO running `"docker" "rm" "-f" "367b86277f037815ee58429dcd851b4e2258ace3216d4b213099f7d70def9938"`
Nov 02 17:17:07.851 INFO blam! 367b86277f037815ee58429dcd851b4e2258ace3216d4b213099f7d70def9938
Nov 02 17:17:07.854 INFO running `"docker" "create" "-v" "/mnt/big/crater/work/local/target-dirs/beta-1.31-1/worker-7/beta-2018-10-30:/target:rw,Z" "-v" "/mnt/big/crater/work/local/test-source/worker-7/beta-1.31-1/beta-2018-10-30:/source:ro,Z" "-v" "/mnt/big/crater/work/local/cargo-home:/cargo-home:ro,Z" "-v" "/mnt/big/crater/work/local/rustup-home:/rustup-home:ro,Z" "-e" "USER_ID=1000" "-e" "SOURCE_DIR=/source" "-e" "USER_ID=1000" "-e" "CMD=cargo +beta-2018-10-30 test --frozen --no-run" "-e" "CARGO_TARGET_DIR=/target" "-e" "CARGO_INCREMENTAL=0" "-e" "RUST_BACKTRACE=full" "-e" "RUSTFLAGS=--cap-lints=warn" "-e" "CARGO_HOME=/cargo-home" "-e" "RUSTUP_HOME=/rustup-home" "-m" "1536M" "--network" "none" "crater"`
Nov 02 17:17:08.280 INFO blam! 7c67a8288420a0d0052c18884ed5ce3ef2a690d5e3c87be1352361fda07b55ea
Nov 02 17:17:08.289 INFO running `"docker" "start" "-a" "7c67a8288420a0d0052c18884ed5ce3ef2a690d5e3c87be1352361fda07b55ea"`
Nov 02 17:17:09.951 INFO kablam! usermod: no changes
Nov 02 17:17:10.267 INFO kablam!    Compiling google-jwt-verify v0.1.0 (/source)
Nov 02 17:17:22.017 INFO kablam!     Finished dev [unoptimized + debuginfo] target(s) in 12.03s
Nov 02 17:17:22.032 INFO kablam! su: No module specific data is present
Nov 02 17:17:22.801 INFO running `"docker" "rm" "-f" "7c67a8288420a0d0052c18884ed5ce3ef2a690d5e3c87be1352361fda07b55ea"`
Nov 02 17:17:23.123 INFO blam! 7c67a8288420a0d0052c18884ed5ce3ef2a690d5e3c87be1352361fda07b55ea
Nov 02 17:17:23.132 INFO running `"docker" "create" "-v" "/mnt/big/crater/work/local/target-dirs/beta-1.31-1/worker-7/beta-2018-10-30:/target:rw,Z" "-v" "/mnt/big/crater/work/local/test-source/worker-7/beta-1.31-1/beta-2018-10-30:/source:ro,Z" "-v" "/mnt/big/crater/work/local/cargo-home:/cargo-home:ro,Z" "-v" "/mnt/big/crater/work/local/rustup-home:/rustup-home:ro,Z" "-e" "USER_ID=1000" "-e" "SOURCE_DIR=/source" "-e" "USER_ID=1000" "-e" "CMD=cargo +beta-2018-10-30 test --frozen" "-e" "CARGO_TARGET_DIR=/target" "-e" "CARGO_INCREMENTAL=0" "-e" "RUST_BACKTRACE=full" "-e" "RUSTFLAGS=--cap-lints=warn" "-e" "CARGO_HOME=/cargo-home" "-e" "RUSTUP_HOME=/rustup-home" "-m" "1536M" "--network" "none" "crater"`
Nov 02 17:17:23.599 INFO blam! 90ab4db913aba2608478bf51469f3ceb34150a1e1cee8988cc9a9713f15b8388
Nov 02 17:17:23.601 INFO running `"docker" "start" "-a" "90ab4db913aba2608478bf51469f3ceb34150a1e1cee8988cc9a9713f15b8388"`
Nov 02 17:17:25.443 INFO kablam! usermod: no changes
Nov 02 17:17:25.667 INFO kablam!     Finished dev [unoptimized + debuginfo] target(s) in 0.18s
Nov 02 17:17:25.678 INFO kablam!      Running /target/debug/deps/google_jwt_verify-7f4ca6784cd36097
Nov 02 17:17:25.688 INFO blam! 
Nov 02 17:17:25.688 INFO blam! running 5 tests
Nov 02 17:17:25.689 INFO blam! test test::decode_keys ... ok
Nov 02 17:17:25.769 INFO blam! test test::test_client_invalid_client_id ... ok
Nov 02 17:17:25.771 INFO blam! test test::test_id_token ... ok
Nov 02 17:17:25.779 INFO blam! test test::test_client ... ok
Nov 02 17:17:25.945 INFO blam! test key_provider::test_google_provider ... FAILED
Nov 02 17:17:25.946 INFO blam! 
Nov 02 17:17:25.946 INFO blam! failures:
Nov 02 17:17:25.946 INFO blam! 
Nov 02 17:17:25.946 INFO blam! ---- key_provider::test_google_provider stdout ----
Nov 02 17:17:25.946 INFO blam! thread 'key_provider::test_google_provider' panicked at 'assertion failed: provider.get_key("test").is_ok()', src/key_provider.rs:60:5
Nov 02 17:17:25.946 INFO blam! stack backtrace:
Nov 02 17:17:25.946 INFO blam!    0:     0x5576c00a120f - std::sys::unix::backtrace::tracing::imp::unwind_backtrace::h3c55afa80a996a32
Nov 02 17:17:25.946 INFO blam!                                at libstd/sys/unix/backtrace/tracing/gcc_s.rs:49
Nov 02 17:17:25.946 INFO blam!    1:     0x5576c00aaa97 - std::sys_common::backtrace::print::hcef907ea7a07cd40
Nov 02 17:17:25.946 INFO blam!                                at libstd/sys_common/backtrace.rs:71
Nov 02 17:17:25.946 INFO blam!                                at libstd/sys_common/backtrace.rs:59
Nov 02 17:17:25.946 INFO blam!    2:     0x5576c00a556f - std::panicking::default_hook::{{closure}}::hf541876c65f36ea7
Nov 02 17:17:25.946 INFO blam!                                at libstd/panicking.rs:211
Nov 02 17:17:25.946 INFO blam!    3:     0x5576c00a526e - std::panicking::default_hook::h4ecc06b30ae4459d
Nov 02 17:17:25.946 INFO blam!                                at libstd/panicking.rs:221
Nov 02 17:17:25.946 INFO blam!    4:     0x5576c00a5c4e - std::panicking::rust_panic_with_hook::h0cc6d9cc9f34a947
Nov 02 17:17:25.946 INFO blam!                                at libstd/panicking.rs:476
Nov 02 17:17:25.946 INFO blam!    5:     0x5576bff7c8e7 - std::panicking::begin_panic::h795989ec0f8921a6
Nov 02 17:17:25.946 INFO blam!                                at libstd/panicking.rs:410
Nov 02 17:17:25.946 INFO blam!    6:     0x5576bfbc5752 - google_jwt_verify::key_provider::test_google_provider::hc312dec487e54a15
Nov 02 17:17:25.946 INFO blam!                                at src/key_provider.rs:60
Nov 02 17:17:25.946 INFO blam!    7:     0x5576bfbc5699 - google_jwt_verify::key_provider::test_google_provider::{{closure}}::h9e5e81a5a480e115
Nov 02 17:17:25.946 INFO blam!                                at src/key_provider.rs:58
Nov 02 17:17:25.946 INFO blam!    8:     0x5576bfbdbc3d - core::ops::function::FnOnce::call_once::hac932e4d74e072d9
Nov 02 17:17:25.946 INFO blam!                                at libcore/ops/function.rs:238
Nov 02 17:17:25.946 INFO blam!    9:     0x5576bfbe7f6e - <F as alloc::boxed::FnBox<A>>::call_box::hf32558bd83684b60
Nov 02 17:17:25.946 INFO blam!                                at libtest/lib.rs:1468
Nov 02 17:17:25.946 INFO blam!                                at libcore/ops/function.rs:238
Nov 02 17:17:25.946 INFO blam!                                at liballoc/boxed.rs:672
Nov 02 17:17:25.946 INFO blam!   10:     0x5576c00b5cc9 - __rust_maybe_catch_panic
Nov 02 17:17:25.946 INFO blam!                                at libpanic_unwind/lib.rs:102
Nov 02 17:17:25.946 INFO blam!   11:     0x5576bfc09bd2 - std::sys_common::backtrace::__rust_begin_short_backtrace::h1bb71a7386fd3269
Nov 02 17:17:25.946 INFO blam!                                at libstd/panicking.rs:289
Nov 02 17:17:25.946 INFO blam!                                at libstd/panic.rs:392
Nov 02 17:17:25.946 INFO blam!                                at libtest/lib.rs:1423
Nov 02 17:17:25.946 INFO blam!                                at libstd/sys_common/backtrace.rs:136
Nov 02 17:17:25.946 INFO blam!   12:     0x5576bfc0a684 - std::panicking::try::do_call::h9b94719c3074bb5c
Nov 02 17:17:25.946 INFO blam!                                at libstd/thread/mod.rs:409
Nov 02 17:17:25.946 INFO blam!                                at libstd/panic.rs:313
Nov 02 17:17:25.946 INFO blam!                                at libstd/panicking.rs:310
Nov 02 17:17:25.946 INFO blam!   13:     0x5576c00b5cc9 - __rust_maybe_catch_panic
Nov 02 17:17:25.946 INFO blam!                                at libpanic_unwind/lib.rs:102
Nov 02 17:17:25.946 INFO blam!   14:     0x5576bfbf78ac - <F as alloc::boxed::FnBox<A>>::call_box::hb3bcd66d16fd3e84
Nov 02 17:17:25.946 INFO blam!                                at libstd/panicking.rs:289
Nov 02 17:17:25.946 INFO blam!                                at libstd/panic.rs:392
Nov 02 17:17:25.946 INFO blam!                                at libstd/thread/mod.rs:408
Nov 02 17:17:25.946 INFO blam!                                at liballoc/boxed.rs:672
Nov 02 17:17:25.946 INFO blam!   15:     0x5576c00a326d - std::sys_common::thread::start_thread::had0c80d121669d29
Nov 02 17:17:25.946 INFO blam!                                at liballoc/boxed.rs:682
Nov 02 17:17:25.946 INFO blam!                                at libstd/sys_common/thread.rs:24
Nov 02 17:17:25.946 INFO blam!   16:     0x5576c00959d5 - std::sys::unix::thread::Thread::new::thread_start::h4a5b66a70d76f47f
Nov 02 17:17:25.946 INFO blam!                                at libstd/sys/unix/thread.rs:90
Nov 02 17:17:25.946 INFO blam!   17:     0x7f244a3026b9 - start_thread
Nov 02 17:17:25.946 INFO blam!   18:     0x7f2449e2241c - clone
Nov 02 17:17:25.946 INFO blam!   19:                0x0 - <unknown>
Nov 02 17:17:25.946 INFO blam! 
Nov 02 17:17:25.946 INFO blam! 
Nov 02 17:17:25.946 INFO blam! failures:
Nov 02 17:17:25.946 INFO blam!     key_provider::test_google_provider
Nov 02 17:17:25.946 INFO blam! 
Nov 02 17:17:25.946 INFO blam! test result: FAILED. 4 passed; 1 failed; 0 ignored; 0 measured; 0 filtered out
Nov 02 17:17:25.946 INFO blam! 
Nov 02 17:17:25.959 INFO kablam! error: test failed, to rerun pass '--lib'
Nov 02 17:17:25.962 INFO kablam! su: No module specific data is present
Nov 02 17:17:27.371 INFO running `"docker" "rm" "-f" "90ab4db913aba2608478bf51469f3ceb34150a1e1cee8988cc9a9713f15b8388"`
Nov 02 17:17:27.567 INFO blam! 90ab4db913aba2608478bf51469f3ceb34150a1e1cee8988cc9a9713f15b8388
