Nov 02 21:29:28.545 INFO testing enum-tryfrom-derive-0.2.1 against beta-2018-10-30 for beta-1.31-1
Nov 02 21:29:28.546 INFO running `"docker" "create" "-v" "/mnt/big/crater/work/local/target-dirs/beta-1.31-1/worker-3/beta-2018-10-30:/target:rw,Z" "-v" "/mnt/big/crater/work/local/test-source/worker-3/beta-1.31-1/beta-2018-10-30:/source:ro,Z" "-v" "/mnt/big/crater/work/local/cargo-home:/cargo-home:ro,Z" "-v" "/mnt/big/crater/work/local/rustup-home:/rustup-home:ro,Z" "-e" "USER_ID=1000" "-e" "SOURCE_DIR=/source" "-e" "USER_ID=1000" "-e" "CMD=cargo +beta-2018-10-30 build --frozen" "-e" "CARGO_TARGET_DIR=/target" "-e" "CARGO_INCREMENTAL=0" "-e" "RUST_BACKTRACE=full" "-e" "RUSTFLAGS=--cap-lints=warn" "-e" "CARGO_HOME=/cargo-home" "-e" "RUSTUP_HOME=/rustup-home" "-m" "1536M" "--network" "none" "crater"`
Nov 02 21:29:28.859 INFO blam! 6ae7eb12771319ea435c0d2a18595da426e5914d73806b6b4cce995e7b657448
Nov 02 21:29:28.861 INFO running `"docker" "start" "-a" "6ae7eb12771319ea435c0d2a18595da426e5914d73806b6b4cce995e7b657448"`
Nov 02 21:29:29.786 INFO kablam! usermod: no changes
Nov 02 21:29:29.855 INFO kablam!    Compiling enum-tryfrom-derive v0.2.1 (/source)
Nov 02 21:29:34.173 INFO kablam!     Finished dev [unoptimized + debuginfo] target(s) in 4.36s
Nov 02 21:29:34.174 INFO kablam! su: No module specific data is present
Nov 02 21:29:34.524 INFO running `"docker" "rm" "-f" "6ae7eb12771319ea435c0d2a18595da426e5914d73806b6b4cce995e7b657448"`
Nov 02 21:29:34.729 INFO blam! 6ae7eb12771319ea435c0d2a18595da426e5914d73806b6b4cce995e7b657448
Nov 02 21:29:34.739 INFO running `"docker" "create" "-v" "/mnt/big/crater/work/local/target-dirs/beta-1.31-1/worker-3/beta-2018-10-30:/target:rw,Z" "-v" "/mnt/big/crater/work/local/test-source/worker-3/beta-1.31-1/beta-2018-10-30:/source:ro,Z" "-v" "/mnt/big/crater/work/local/cargo-home:/cargo-home:ro,Z" "-v" "/mnt/big/crater/work/local/rustup-home:/rustup-home:ro,Z" "-e" "USER_ID=1000" "-e" "SOURCE_DIR=/source" "-e" "USER_ID=1000" "-e" "CMD=cargo +beta-2018-10-30 test --frozen --no-run" "-e" "CARGO_TARGET_DIR=/target" "-e" "CARGO_INCREMENTAL=0" "-e" "RUST_BACKTRACE=full" "-e" "RUSTFLAGS=--cap-lints=warn" "-e" "CARGO_HOME=/cargo-home" "-e" "RUSTUP_HOME=/rustup-home" "-m" "1536M" "--network" "none" "crater"`
Nov 02 21:29:35.095 INFO blam! 0a2a87509a5e936603bccc1b80351d511fbcb32e749758065d03782bcd9785a3
Nov 02 21:29:35.097 INFO running `"docker" "start" "-a" "0a2a87509a5e936603bccc1b80351d511fbcb32e749758065d03782bcd9785a3"`
Nov 02 21:29:35.882 INFO kablam! usermod: no changes
Nov 02 21:29:35.941 INFO kablam!    Compiling enum-tryfrom v0.2.1
Nov 02 21:29:36.485 INFO kablam!    Compiling enum-tryfrom-derive v0.2.1 (/source)
Nov 02 21:29:39.944 INFO kablam!     Finished dev [unoptimized + debuginfo] target(s) in 4.04s
Nov 02 21:29:39.946 INFO kablam! su: No module specific data is present
Nov 02 21:29:40.325 INFO running `"docker" "rm" "-f" "0a2a87509a5e936603bccc1b80351d511fbcb32e749758065d03782bcd9785a3"`
Nov 02 21:29:40.443 INFO blam! 0a2a87509a5e936603bccc1b80351d511fbcb32e749758065d03782bcd9785a3
Nov 02 21:29:40.456 INFO running `"docker" "create" "-v" "/mnt/big/crater/work/local/target-dirs/beta-1.31-1/worker-3/beta-2018-10-30:/target:rw,Z" "-v" "/mnt/big/crater/work/local/test-source/worker-3/beta-1.31-1/beta-2018-10-30:/source:ro,Z" "-v" "/mnt/big/crater/work/local/cargo-home:/cargo-home:ro,Z" "-v" "/mnt/big/crater/work/local/rustup-home:/rustup-home:ro,Z" "-e" "USER_ID=1000" "-e" "SOURCE_DIR=/source" "-e" "USER_ID=1000" "-e" "CMD=cargo +beta-2018-10-30 test --frozen" "-e" "CARGO_TARGET_DIR=/target" "-e" "CARGO_INCREMENTAL=0" "-e" "RUST_BACKTRACE=full" "-e" "RUSTFLAGS=--cap-lints=warn" "-e" "CARGO_HOME=/cargo-home" "-e" "RUSTUP_HOME=/rustup-home" "-m" "1536M" "--network" "none" "crater"`
Nov 02 21:29:40.677 INFO blam! b6ac816393818dbd255a2b67dd437ddbeb92d7094aae268bd7dd4864665a9381
Nov 02 21:29:40.679 INFO running `"docker" "start" "-a" "b6ac816393818dbd255a2b67dd437ddbeb92d7094aae268bd7dd4864665a9381"`
Nov 02 21:29:41.298 INFO kablam! usermod: no changes
Nov 02 21:29:41.334 INFO kablam!     Finished dev [unoptimized + debuginfo] target(s) in 0.02s
Nov 02 21:29:41.335 INFO kablam!      Running /target/debug/deps/enum_tryfrom_derive-3f86f5f74b09b80f
Nov 02 21:29:41.338 INFO blam! 
Nov 02 21:29:41.338 INFO blam! running 0 tests
Nov 02 21:29:41.338 INFO blam! 
Nov 02 21:29:41.338 INFO blam! test result: ok. 0 passed; 0 failed; 0 ignored; 0 measured; 0 filtered out
Nov 02 21:29:41.338 INFO blam! 
Nov 02 21:29:41.339 INFO kablam!    Doc-tests enum-tryfrom-derive
Nov 02 21:29:47.126 INFO blam! 
Nov 02 21:29:47.126 INFO blam! running 1 test
Nov 02 21:29:48.226 INFO blam! test src/lib.rs - from_primitive (line 82) ... FAILED
Nov 02 21:29:48.226 INFO blam! 
Nov 02 21:29:48.226 INFO blam! failures:
Nov 02 21:29:48.226 INFO blam! 
Nov 02 21:29:48.226 INFO blam! ---- src/lib.rs - from_primitive (line 82) stdout ----
Nov 02 21:29:48.226 INFO blam! error[E0554]: #![feature] may not be used on the beta release channel
Nov 02 21:29:48.226 INFO blam!  --> src/lib.rs:83:1
Nov 02 21:29:48.226 INFO blam!   |
Nov 02 21:29:48.226 INFO blam! 2 | #![feature(try_from)]
Nov 02 21:29:48.226 INFO blam!   | ^^^^^^^^^^^^^^^^^^^^^
Nov 02 21:29:48.226 INFO blam! 
Nov 02 21:29:48.226 INFO blam! thread 'src/lib.rs - from_primitive (line 82)' panicked at 'couldn't compile the test', librustdoc/test.rs:332:13
Nov 02 21:29:48.226 INFO blam! stack backtrace:
Nov 02 21:29:48.226 INFO blam!    0:     0x7f75b41446ff - std::sys::unix::backtrace::tracing::imp::unwind_backtrace::h3c55afa80a996a32
Nov 02 21:29:48.227 INFO blam!                                at libstd/sys/unix/backtrace/tracing/gcc_s.rs:49
Nov 02 21:29:48.227 INFO blam!    1:     0x7f75b4129697 - std::sys_common::backtrace::print::hcef907ea7a07cd40
Nov 02 21:29:48.227 INFO blam!                                at libstd/sys_common/backtrace.rs:71
Nov 02 21:29:48.227 INFO blam!                                at libstd/sys_common/backtrace.rs:59
Nov 02 21:29:48.227 INFO blam!    2:     0x7f75b414facf - std::panicking::default_hook::{{closure}}::hf541876c65f36ea7
Nov 02 21:29:48.227 INFO blam!                                at libstd/panicking.rs:211
Nov 02 21:29:48.227 INFO blam!    3:     0x7f75b414f7ce - std::panicking::default_hook::h4ecc06b30ae4459d
Nov 02 21:29:48.227 INFO blam!                                at libstd/panicking.rs:221
Nov 02 21:29:48.227 INFO blam!    4:     0x7f75b63eb6d1 - rustc::util::common::panic_hook::hf4e6f5c3b281764b
Nov 02 21:29:48.227 INFO blam!    5:     0x7f75b41502c6 - std::panicking::rust_panic_with_hook::h0cc6d9cc9f34a947
Nov 02 21:29:48.227 INFO blam!                                at libstd/panicking.rs:480
Nov 02 21:29:48.227 INFO blam!    6:     0x556350ba3387 - std::panicking::begin_panic::he08470afd022350c
Nov 02 21:29:48.227 INFO blam!                                at libstd/panicking.rs:410
Nov 02 21:29:48.227 INFO blam!    7:     0x556350d35707 - <rustdoc::test::Collector as rustdoc::test::Tester>::add_test::{{closure}}::{{closure}}::{{closure}}::h1097dd2aed0bc349
Nov 02 21:29:48.227 INFO blam!                                at librustdoc/test.rs:332
Nov 02 21:29:48.227 INFO blam!                                at librustdoc/test.rs:596
Nov 02 21:29:48.227 INFO blam!    8:     0x556350ceac78 - <scoped_tls::ScopedKey<T>>::set::h9bba31b35056dc07
Nov 02 21:29:48.227 INFO blam!                                at /cargo/registry/src/github.com-1ecc6299db9ec823/scoped-tls-0.1.2/src/lib.rs:155
Nov 02 21:29:48.227 INFO blam!                                at libsyntax/lib.rs:106
Nov 02 21:29:48.227 INFO blam!                                at /cargo/registry/src/github.com-1ecc6299db9ec823/scoped-tls-0.1.2/src/lib.rs:155
Nov 02 21:29:48.227 INFO blam!    9:     0x556350af0481 - syntax::with_globals::h4fd10729776cd915
Nov 02 21:29:48.227 INFO blam!                                at libsyntax/lib.rs:105
Nov 02 21:29:48.227 INFO blam!   10:     0x556350ba35cb - std::panicking::try::do_call::he572b5001749b5c7
Nov 02 21:29:48.227 INFO blam!                                at librustdoc/test.rs:593
Nov 02 21:29:48.227 INFO blam!                                at libstd/panic.rs:313
Nov 02 21:29:48.227 INFO blam!                                at libstd/panicking.rs:310
Nov 02 21:29:48.227 INFO blam!   11:     0x7f75b415dde9 - __rust_maybe_catch_panic
Nov 02 21:29:48.227 INFO blam!                                at libpanic_unwind/lib.rs:102
Nov 02 21:29:48.227 INFO blam!   12:     0x556350bc5079 - rustc_driver::in_named_rustc_thread::hc8aa36ae7168454b
Nov 02 21:29:48.227 INFO blam!                                at libstd/panicking.rs:289
Nov 02 21:29:48.227 INFO blam!                                at libstd/panic.rs:392
Nov 02 21:29:48.227 INFO blam!                                at librustc_driver/lib.rs:1546
Nov 02 21:29:48.227 INFO blam!   13:     0x556350d03960 - <F as alloc::boxed::FnBox<A>>::call_box::hf53e55f306710650
Nov 02 21:29:48.227 INFO blam!                                at librustdoc/test.rs:593
Nov 02 21:29:48.227 INFO blam!                                at liballoc/boxed.rs:672
Nov 02 21:29:48.227 INFO blam!   14:     0x7f75b57bc142 - <F as alloc::boxed::FnBox<A>>::call_box::hecf56d722ce7bb71
Nov 02 21:29:48.227 INFO blam!                                at libtest/lib.rs:1461
Nov 02 21:29:48.227 INFO blam!                                at liballoc/boxed.rs:672
Nov 02 21:29:48.227 INFO blam!   15:     0x7f75b415dde9 - __rust_maybe_catch_panic
Nov 02 21:29:48.227 INFO blam!                                at libpanic_unwind/lib.rs:102
Nov 02 21:29:48.227 INFO blam!   16:     0x7f75b57e4412 - std::sys_common::backtrace::__rust_begin_short_backtrace::h1bb71a7386fd3269
Nov 02 21:29:48.227 INFO blam!                                at libstd/panicking.rs:289
Nov 02 21:29:48.227 INFO blam!                                at libstd/panic.rs:392
Nov 02 21:29:48.227 INFO blam!                                at libtest/lib.rs:1423
Nov 02 21:29:48.227 INFO blam!                                at libstd/sys_common/backtrace.rs:136
Nov 02 21:29:48.227 INFO blam!   17:     0x7f75b57e51b4 - std::panicking::try::do_call::h9b94719c3074bb5c
Nov 02 21:29:48.227 INFO blam!                                at libstd/thread/mod.rs:409
Nov 02 21:29:48.227 INFO blam!                                at libstd/panic.rs:313
Nov 02 21:29:48.227 INFO blam!                                at libstd/panicking.rs:310
Nov 02 21:29:48.227 INFO blam!   18:     0x7f75b415dde9 - __rust_maybe_catch_panic
Nov 02 21:29:48.227 INFO blam!                                at libpanic_unwind/lib.rs:102
Nov 02 21:29:48.227 INFO blam!   19:     0x7f75b57cd90c - <F as alloc::boxed::FnBox<A>>::call_box::hb3bcd66d16fd3e84
Nov 02 21:29:48.227 INFO blam!                                at libstd/panicking.rs:289
Nov 02 21:29:48.227 INFO blam!                                at libstd/panic.rs:392
Nov 02 21:29:48.227 INFO blam!                                at libstd/thread/mod.rs:408
Nov 02 21:29:48.227 INFO blam!                                at liballoc/boxed.rs:672
Nov 02 21:29:48.227 INFO blam!   20:     0x7f75b414aa8d - std::sys_common::thread::start_thread::had0c80d121669d29
Nov 02 21:29:48.227 INFO blam!                                at liballoc/boxed.rs:682
Nov 02 21:29:48.227 INFO blam!                                at libstd/sys_common/thread.rs:24
Nov 02 21:29:48.227 INFO blam!   21:     0x7f75b4120435 - std::sys::unix::thread::Thread::new::thread_start::h4a5b66a70d76f47f
Nov 02 21:29:48.227 INFO blam!                                at libstd/sys/unix/thread.rs:90
Nov 02 21:29:48.227 INFO blam!   22:     0x7f75b3cac6b9 - start_thread
Nov 02 21:29:48.227 INFO blam!   23:     0x7f75b37cc41c - clone
Nov 02 21:29:48.227 INFO blam!   24:                0x0 - <unknown>
Nov 02 21:29:48.227 INFO blam! query stack during panic:
Nov 02 21:29:48.227 INFO blam! end of query stack
Nov 02 21:29:48.227 INFO blam! 
Nov 02 21:29:48.227 INFO blam! 
Nov 02 21:29:48.227 INFO blam! failures:
Nov 02 21:29:48.227 INFO blam!     src/lib.rs - from_primitive (line 82)
Nov 02 21:29:48.227 INFO blam! 
Nov 02 21:29:48.227 INFO blam! test result: FAILED. 0 passed; 1 failed; 0 ignored; 0 measured; 0 filtered out
Nov 02 21:29:48.227 INFO blam! 
Nov 02 21:29:48.239 INFO kablam! error: test failed, to rerun pass '--doc'
Nov 02 21:29:48.239 INFO kablam! su: No module specific data is present
Nov 02 21:29:48.484 INFO running `"docker" "rm" "-f" "b6ac816393818dbd255a2b67dd437ddbeb92d7094aae268bd7dd4864665a9381"`
Nov 02 21:29:48.580 INFO blam! b6ac816393818dbd255a2b67dd437ddbeb92d7094aae268bd7dd4864665a9381
