Nov 02 23:05:38.563 INFO testing crux-0.3.0 against beta-2018-10-30 for beta-1.31-1
Nov 02 23:05:38.563 INFO running `"docker" "create" "-v" "/mnt/big/crater/work/local/target-dirs/beta-1.31-1/worker-6/beta-2018-10-30:/target:rw,Z" "-v" "/mnt/big/crater/work/local/test-source/worker-6/beta-1.31-1/beta-2018-10-30:/source:ro,Z" "-v" "/mnt/big/crater/work/local/cargo-home:/cargo-home:ro,Z" "-v" "/mnt/big/crater/work/local/rustup-home:/rustup-home:ro,Z" "-e" "USER_ID=1000" "-e" "SOURCE_DIR=/source" "-e" "USER_ID=1000" "-e" "CMD=cargo +beta-2018-10-30 build --frozen" "-e" "CARGO_TARGET_DIR=/target" "-e" "CARGO_INCREMENTAL=0" "-e" "RUST_BACKTRACE=full" "-e" "RUSTFLAGS=--cap-lints=warn" "-e" "CARGO_HOME=/cargo-home" "-e" "RUSTUP_HOME=/rustup-home" "-m" "1536M" "--network" "none" "crater"`
Nov 02 23:05:38.823 INFO blam! 10cab5bb7f55046c7ba4a0939a0ad32a3c56c64af99fc22a68c972186a494e1d
Nov 02 23:05:38.825 INFO running `"docker" "start" "-a" "10cab5bb7f55046c7ba4a0939a0ad32a3c56c64af99fc22a68c972186a494e1d"`
Nov 02 23:05:39.611 INFO kablam! usermod: no changes
Nov 02 23:05:39.671 INFO kablam!    Compiling crux v0.3.0 (/source)
Nov 02 23:05:40.391 INFO kablam!     Finished dev [unoptimized + debuginfo] target(s) in 0.73s
Nov 02 23:05:40.391 INFO kablam! su: No module specific data is present
Nov 02 23:05:40.923 INFO running `"docker" "rm" "-f" "10cab5bb7f55046c7ba4a0939a0ad32a3c56c64af99fc22a68c972186a494e1d"`
Nov 02 23:05:41.062 INFO blam! 10cab5bb7f55046c7ba4a0939a0ad32a3c56c64af99fc22a68c972186a494e1d
Nov 02 23:05:41.070 INFO running `"docker" "create" "-v" "/mnt/big/crater/work/local/target-dirs/beta-1.31-1/worker-6/beta-2018-10-30:/target:rw,Z" "-v" "/mnt/big/crater/work/local/test-source/worker-6/beta-1.31-1/beta-2018-10-30:/source:ro,Z" "-v" "/mnt/big/crater/work/local/cargo-home:/cargo-home:ro,Z" "-v" "/mnt/big/crater/work/local/rustup-home:/rustup-home:ro,Z" "-e" "USER_ID=1000" "-e" "SOURCE_DIR=/source" "-e" "USER_ID=1000" "-e" "CMD=cargo +beta-2018-10-30 test --frozen --no-run" "-e" "CARGO_TARGET_DIR=/target" "-e" "CARGO_INCREMENTAL=0" "-e" "RUST_BACKTRACE=full" "-e" "RUSTFLAGS=--cap-lints=warn" "-e" "CARGO_HOME=/cargo-home" "-e" "RUSTUP_HOME=/rustup-home" "-m" "1536M" "--network" "none" "crater"`
Nov 02 23:05:41.291 INFO blam! cf26ba0a984e4e7392f703af642363e52535510446488631c64dd644a9426ffa
Nov 02 23:05:41.293 INFO running `"docker" "start" "-a" "cf26ba0a984e4e7392f703af642363e52535510446488631c64dd644a9426ffa"`
Nov 02 23:05:41.775 INFO kablam! usermod: no changes
Nov 02 23:05:41.807 INFO kablam!    Compiling crux v0.3.0 (/source)
Nov 02 23:05:43.552 INFO kablam!     Finished dev [unoptimized + debuginfo] target(s) in 1.75s
Nov 02 23:05:43.552 INFO kablam! su: No module specific data is present
Nov 02 23:05:43.932 INFO running `"docker" "rm" "-f" "cf26ba0a984e4e7392f703af642363e52535510446488631c64dd644a9426ffa"`
Nov 02 23:05:44.036 INFO blam! cf26ba0a984e4e7392f703af642363e52535510446488631c64dd644a9426ffa
Nov 02 23:05:44.038 INFO running `"docker" "create" "-v" "/mnt/big/crater/work/local/target-dirs/beta-1.31-1/worker-6/beta-2018-10-30:/target:rw,Z" "-v" "/mnt/big/crater/work/local/test-source/worker-6/beta-1.31-1/beta-2018-10-30:/source:ro,Z" "-v" "/mnt/big/crater/work/local/cargo-home:/cargo-home:ro,Z" "-v" "/mnt/big/crater/work/local/rustup-home:/rustup-home:ro,Z" "-e" "USER_ID=1000" "-e" "SOURCE_DIR=/source" "-e" "USER_ID=1000" "-e" "CMD=cargo +beta-2018-10-30 test --frozen" "-e" "CARGO_TARGET_DIR=/target" "-e" "CARGO_INCREMENTAL=0" "-e" "RUST_BACKTRACE=full" "-e" "RUSTFLAGS=--cap-lints=warn" "-e" "CARGO_HOME=/cargo-home" "-e" "RUSTUP_HOME=/rustup-home" "-m" "1536M" "--network" "none" "crater"`
Nov 02 23:05:44.396 INFO blam! 5558a3660f7cd8858fb6539d6e77d28cd23b35e0027789ff6785319cda61342a
Nov 02 23:05:44.398 INFO running `"docker" "start" "-a" "5558a3660f7cd8858fb6539d6e77d28cd23b35e0027789ff6785319cda61342a"`
Nov 02 23:05:44.937 INFO kablam! usermod: no changes
Nov 02 23:05:44.960 INFO kablam!     Finished dev [unoptimized + debuginfo] target(s) in 0.01s
Nov 02 23:05:44.961 INFO kablam!      Running /target/debug/deps/crux-9186410173224b88
Nov 02 23:05:44.963 INFO blam! 
Nov 02 23:05:44.964 INFO kablam!      Running /target/debug/deps/lib-ea0845644521b241
Nov 02 23:05:44.964 INFO blam! running 0 tests
Nov 02 23:05:44.964 INFO blam! 
Nov 02 23:05:44.964 INFO blam! test result: ok. 0 passed; 0 failed; 0 ignored; 0 measured; 0 filtered out
Nov 02 23:05:44.964 INFO blam! 
Nov 02 23:05:44.965 INFO blam! 
Nov 02 23:05:44.965 INFO blam! running 2 tests
Nov 02 23:05:45.027 INFO blam! test example_async ... ok
Nov 02 23:05:45.040 INFO blam! test example_sync ... FAILED
Nov 02 23:05:45.040 INFO blam! 
Nov 02 23:05:45.040 INFO blam! failures:
Nov 02 23:05:45.040 INFO blam! 
Nov 02 23:05:45.040 INFO blam! ---- example_sync stdout ----
Nov 02 23:05:45.040 INFO blam! thread 'example_sync' panicked at 'assertion failed: `(left == right)`
Nov 02 23:05:45.040 INFO blam!   left: `4`,
Nov 02 23:05:45.040 INFO blam!  right: `-2`', tests/lib.rs:119:5
Nov 02 23:05:45.040 INFO blam! stack backtrace:
Nov 02 23:05:45.040 INFO blam!    0:     0x562a9d47586f - std::sys::unix::backtrace::tracing::imp::unwind_backtrace::h3c55afa80a996a32
Nov 02 23:05:45.040 INFO blam!                                at libstd/sys/unix/backtrace/tracing/gcc_s.rs:49
Nov 02 23:05:45.040 INFO blam!    1:     0x562a9d47e947 - std::sys_common::backtrace::print::hcef907ea7a07cd40
Nov 02 23:05:45.040 INFO blam!                                at libstd/sys_common/backtrace.rs:71
Nov 02 23:05:45.040 INFO blam!                                at libstd/sys_common/backtrace.rs:59
Nov 02 23:05:45.040 INFO blam!    2:     0x562a9d47962f - std::panicking::default_hook::{{closure}}::hf541876c65f36ea7
Nov 02 23:05:45.040 INFO blam!                                at libstd/panicking.rs:211
Nov 02 23:05:45.040 INFO blam!    3:     0x562a9d47932e - std::panicking::default_hook::h4ecc06b30ae4459d
Nov 02 23:05:45.040 INFO blam!                                at libstd/panicking.rs:221
Nov 02 23:05:45.040 INFO blam!    4:     0x562a9d479d0e - std::panicking::rust_panic_with_hook::h0cc6d9cc9f34a947
Nov 02 23:05:45.040 INFO blam!                                at libstd/panicking.rs:476
Nov 02 23:05:45.040 INFO blam!    5:     0x562a9d4798b1 - std::panicking::continue_panic_fmt::hc71ad5f01496e320
Nov 02 23:05:45.040 INFO blam!                                at libstd/panicking.rs:390
Nov 02 23:05:45.040 INFO blam!    6:     0x562a9d4797fe - std::panicking::begin_panic_fmt::hdb958223ae20ca60
Nov 02 23:05:45.040 INFO blam!                                at libstd/panicking.rs:345
Nov 02 23:05:45.040 INFO blam!    7:     0x562a9d427064 - lib::example_sync::h89d33d9fde3acf03
Nov 02 23:05:45.040 INFO blam!                                at tests/lib.rs:119
Nov 02 23:05:45.040 INFO blam!    8:     0x562a9d425b69 - lib::example_sync::{{closure}}::hc7fca1459cdec215
Nov 02 23:05:45.040 INFO blam!                                at tests/lib.rs:73
Nov 02 23:05:45.040 INFO blam!    9:     0x562a9d41891d - core::ops::function::FnOnce::call_once::h7c86899a2eff36fa
Nov 02 23:05:45.040 INFO blam!                                at libcore/ops/function.rs:238
Nov 02 23:05:45.040 INFO blam!   10:     0x562a9d42952e - <F as alloc::boxed::FnBox<A>>::call_box::hf32558bd83684b60
Nov 02 23:05:45.040 INFO blam!                                at libtest/lib.rs:1468
Nov 02 23:05:45.040 INFO blam!                                at libcore/ops/function.rs:238
Nov 02 23:05:45.040 INFO blam!                                at liballoc/boxed.rs:672
Nov 02 23:05:45.040 INFO blam!   11:     0x562a9d489b79 - __rust_maybe_catch_panic
Nov 02 23:05:45.040 INFO blam!                                at libpanic_unwind/lib.rs:102
Nov 02 23:05:45.040 INFO blam!   12:     0x562a9d44b192 - std::sys_common::backtrace::__rust_begin_short_backtrace::h1bb71a7386fd3269
Nov 02 23:05:45.041 INFO blam!                                at libstd/panicking.rs:289
Nov 02 23:05:45.041 INFO blam!                                at libstd/panic.rs:392
Nov 02 23:05:45.041 INFO blam!                                at libtest/lib.rs:1423
Nov 02 23:05:45.041 INFO blam!                                at libstd/sys_common/backtrace.rs:136
Nov 02 23:05:45.041 INFO blam!   13:     0x562a9d44bc44 - std::panicking::try::do_call::h9b94719c3074bb5c
Nov 02 23:05:45.041 INFO blam!                                at libstd/thread/mod.rs:409
Nov 02 23:05:45.041 INFO blam!                                at libstd/panic.rs:313
Nov 02 23:05:45.041 INFO blam!                                at libstd/panicking.rs:310
Nov 02 23:05:45.041 INFO blam!   14:     0x562a9d489b79 - __rust_maybe_catch_panic
Nov 02 23:05:45.041 INFO blam!                                at libpanic_unwind/lib.rs:102
Nov 02 23:05:45.041 INFO blam!   15:     0x562a9d438e6c - <F as alloc::boxed::FnBox<A>>::call_box::hb3bcd66d16fd3e84
Nov 02 23:05:45.041 INFO blam!                                at libstd/panicking.rs:289
Nov 02 23:05:45.041 INFO blam!                                at libstd/panic.rs:392
Nov 02 23:05:45.041 INFO blam!                                at libstd/thread/mod.rs:408
Nov 02 23:05:45.041 INFO blam!                                at liballoc/boxed.rs:672
Nov 02 23:05:45.041 INFO blam!   16:     0x562a9d47752d - std::sys_common::thread::start_thread::had0c80d121669d29
Nov 02 23:05:45.041 INFO blam!                                at liballoc/boxed.rs:682
Nov 02 23:05:45.041 INFO blam!                                at libstd/sys_common/thread.rs:24
Nov 02 23:05:45.041 INFO blam!   17:     0x562a9d46cb25 - std::sys::unix::thread::Thread::new::thread_start::h4a5b66a70d76f47f
Nov 02 23:05:45.041 INFO blam!                                at libstd/sys/unix/thread.rs:90
Nov 02 23:05:45.041 INFO blam!   18:     0x7f19217a36b9 - start_thread
Nov 02 23:05:45.041 INFO blam!   19:     0x7f19212c341c - clone
Nov 02 23:05:45.041 INFO blam!   20:                0x0 - <unknown>
Nov 02 23:05:45.041 INFO blam! 
Nov 02 23:05:45.041 INFO blam! 
Nov 02 23:05:45.041 INFO blam! failures:
Nov 02 23:05:45.041 INFO blam!     example_sync
Nov 02 23:05:45.041 INFO blam! 
Nov 02 23:05:45.041 INFO blam! test result: FAILED. 1 passed; 1 failed; 0 ignored; 0 measured; 0 filtered out
Nov 02 23:05:45.041 INFO blam! 
Nov 02 23:05:45.044 INFO kablam! error: test failed, to rerun pass '--test lib'
Nov 02 23:05:45.045 INFO kablam! su: No module specific data is present
Nov 02 23:05:45.803 INFO running `"docker" "rm" "-f" "5558a3660f7cd8858fb6539d6e77d28cd23b35e0027789ff6785319cda61342a"`
Nov 02 23:05:46.036 INFO blam! 5558a3660f7cd8858fb6539d6e77d28cd23b35e0027789ff6785319cda61342a
