Nov 03 01:33:45.011 INFO testing build-plan-0.1.1 against beta-2018-10-30 for beta-1.31-1
Nov 03 01:33:45.011 INFO running `"docker" "create" "-v" "/mnt/big/crater/work/local/target-dirs/beta-1.31-1/worker-2/beta-2018-10-30:/target:rw,Z" "-v" "/mnt/big/crater/work/local/test-source/worker-2/beta-1.31-1/beta-2018-10-30:/source:ro,Z" "-v" "/mnt/big/crater/work/local/cargo-home:/cargo-home:ro,Z" "-v" "/mnt/big/crater/work/local/rustup-home:/rustup-home:ro,Z" "-e" "USER_ID=1000" "-e" "SOURCE_DIR=/source" "-e" "USER_ID=1000" "-e" "CMD=cargo +beta-2018-10-30 build --frozen" "-e" "CARGO_TARGET_DIR=/target" "-e" "CARGO_INCREMENTAL=0" "-e" "RUST_BACKTRACE=full" "-e" "RUSTFLAGS=--cap-lints=warn" "-e" "CARGO_HOME=/cargo-home" "-e" "RUSTUP_HOME=/rustup-home" "-m" "1536M" "--network" "none" "crater"`
Nov 03 01:33:45.258 INFO blam! a3368ac837fcbc909f634af4eb19b5294810e20f73c09507016e0888c884de53
Nov 03 01:33:45.260 INFO running `"docker" "start" "-a" "a3368ac837fcbc909f634af4eb19b5294810e20f73c09507016e0888c884de53"`
Nov 03 01:33:45.603 INFO kablam! usermod: no changes
Nov 03 01:33:45.656 INFO kablam!    Compiling build-plan v0.1.1 (/source)
Nov 03 01:33:46.752 INFO kablam!     Finished dev [unoptimized + debuginfo] target(s) in 1.13s
Nov 03 01:33:46.755 INFO kablam! su: No module specific data is present
Nov 03 01:33:47.024 INFO running `"docker" "rm" "-f" "a3368ac837fcbc909f634af4eb19b5294810e20f73c09507016e0888c884de53"`
Nov 03 01:33:47.099 INFO blam! a3368ac837fcbc909f634af4eb19b5294810e20f73c09507016e0888c884de53
Nov 03 01:33:47.101 INFO running `"docker" "create" "-v" "/mnt/big/crater/work/local/target-dirs/beta-1.31-1/worker-2/beta-2018-10-30:/target:rw,Z" "-v" "/mnt/big/crater/work/local/test-source/worker-2/beta-1.31-1/beta-2018-10-30:/source:ro,Z" "-v" "/mnt/big/crater/work/local/cargo-home:/cargo-home:ro,Z" "-v" "/mnt/big/crater/work/local/rustup-home:/rustup-home:ro,Z" "-e" "USER_ID=1000" "-e" "SOURCE_DIR=/source" "-e" "USER_ID=1000" "-e" "CMD=cargo +beta-2018-10-30 test --frozen --no-run" "-e" "CARGO_TARGET_DIR=/target" "-e" "CARGO_INCREMENTAL=0" "-e" "RUST_BACKTRACE=full" "-e" "RUSTFLAGS=--cap-lints=warn" "-e" "CARGO_HOME=/cargo-home" "-e" "RUSTUP_HOME=/rustup-home" "-m" "1536M" "--network" "none" "crater"`
Nov 03 01:33:47.273 INFO blam! ae02d6835f1f282ebbe0de60ff376ffa20f59dc055333cb4b100a7f9537d78f6
Nov 03 01:33:47.275 INFO running `"docker" "start" "-a" "ae02d6835f1f282ebbe0de60ff376ffa20f59dc055333cb4b100a7f9537d78f6"`
Nov 03 01:33:47.679 INFO kablam! usermod: no changes
Nov 03 01:33:47.728 INFO kablam!    Compiling build-plan v0.1.1 (/source)
Nov 03 01:33:51.624 INFO kablam!     Finished dev [unoptimized + debuginfo] target(s) in 3.93s
Nov 03 01:33:51.627 INFO kablam! su: No module specific data is present
Nov 03 01:33:51.913 INFO running `"docker" "rm" "-f" "ae02d6835f1f282ebbe0de60ff376ffa20f59dc055333cb4b100a7f9537d78f6"`
Nov 03 01:33:52.013 INFO blam! ae02d6835f1f282ebbe0de60ff376ffa20f59dc055333cb4b100a7f9537d78f6
Nov 03 01:33:52.013 INFO running `"docker" "create" "-v" "/mnt/big/crater/work/local/target-dirs/beta-1.31-1/worker-2/beta-2018-10-30:/target:rw,Z" "-v" "/mnt/big/crater/work/local/test-source/worker-2/beta-1.31-1/beta-2018-10-30:/source:ro,Z" "-v" "/mnt/big/crater/work/local/cargo-home:/cargo-home:ro,Z" "-v" "/mnt/big/crater/work/local/rustup-home:/rustup-home:ro,Z" "-e" "USER_ID=1000" "-e" "SOURCE_DIR=/source" "-e" "USER_ID=1000" "-e" "CMD=cargo +beta-2018-10-30 test --frozen" "-e" "CARGO_TARGET_DIR=/target" "-e" "CARGO_INCREMENTAL=0" "-e" "RUST_BACKTRACE=full" "-e" "RUSTFLAGS=--cap-lints=warn" "-e" "CARGO_HOME=/cargo-home" "-e" "RUSTUP_HOME=/rustup-home" "-m" "1536M" "--network" "none" "crater"`
Nov 03 01:33:52.179 INFO blam! d47957e92b32f305d909ce1ec823f8330fc8c3aae4cd7800c83b3e1ac5de13be
Nov 03 01:33:52.180 INFO running `"docker" "start" "-a" "d47957e92b32f305d909ce1ec823f8330fc8c3aae4cd7800c83b3e1ac5de13be"`
Nov 03 01:33:52.509 INFO kablam! usermod: no changes
Nov 03 01:33:52.545 INFO kablam!     Finished dev [unoptimized + debuginfo] target(s) in 0.02s
Nov 03 01:33:52.546 INFO kablam!      Running /target/debug/deps/build_plan-4ae54c6f274bd6fc
Nov 03 01:33:52.549 INFO kablam!      Running /target/debug/deps/integration-76a47dfcef2140d3
Nov 03 01:33:52.549 INFO blam! 
Nov 03 01:33:52.549 INFO blam! running 0 tests
Nov 03 01:33:52.549 INFO blam! 
Nov 03 01:33:52.549 INFO blam! test result: ok. 0 passed; 0 failed; 0 ignored; 0 measured; 0 filtered out
Nov 03 01:33:52.549 INFO blam! 
Nov 03 01:33:52.552 INFO blam! 
Nov 03 01:33:52.552 INFO blam! running 1 test
Nov 03 01:33:52.591 INFO blam! test reflect ... FAILED
Nov 03 01:33:52.591 INFO blam! 
Nov 03 01:33:52.592 INFO blam! failures:
Nov 03 01:33:52.592 INFO blam! 
Nov 03 01:33:52.592 INFO blam! ---- reflect stdout ----
Nov 03 01:33:52.592 INFO blam! thread 'reflect' panicked at 'called `Result::unwrap()` on an `Err` value: Error("EOF while parsing a value", line: 1, column: 0)', libcore/result.rs:1009:5
Nov 03 01:33:52.592 INFO blam! stack backtrace:
Nov 03 01:33:52.592 INFO blam!    0:     0x56374d12034f - std::sys::unix::backtrace::tracing::imp::unwind_backtrace::h3c55afa80a996a32
Nov 03 01:33:52.593 INFO blam!                                at libstd/sys/unix/backtrace/tracing/gcc_s.rs:49
Nov 03 01:33:52.593 INFO blam!    1:     0x56374d12cb37 - std::sys_common::backtrace::print::hcef907ea7a07cd40
Nov 03 01:33:52.593 INFO blam!                                at libstd/sys_common/backtrace.rs:71
Nov 03 01:33:52.593 INFO blam!                                at libstd/sys_common/backtrace.rs:59
Nov 03 01:33:52.593 INFO blam!    2:     0x56374d1256ef - std::panicking::default_hook::{{closure}}::hf541876c65f36ea7
Nov 03 01:33:52.593 INFO blam!                                at libstd/panicking.rs:211
Nov 03 01:33:52.594 INFO blam!    3:     0x56374d1253ee - std::panicking::default_hook::h4ecc06b30ae4459d
Nov 03 01:33:52.594 INFO blam!                                at libstd/panicking.rs:221
Nov 03 01:33:52.594 INFO blam!    4:     0x56374d125dce - std::panicking::rust_panic_with_hook::h0cc6d9cc9f34a947
Nov 03 01:33:52.594 INFO blam!                                at libstd/panicking.rs:476
Nov 03 01:33:52.594 INFO blam!    5:     0x56374d125971 - std::panicking::continue_panic_fmt::hc71ad5f01496e320
Nov 03 01:33:52.594 INFO blam!                                at libstd/panicking.rs:390
Nov 03 01:33:52.594 INFO blam!    6:     0x56374d125855 - rust_begin_unwind
Nov 03 01:33:52.594 INFO blam!                                at libstd/panicking.rs:325
Nov 03 01:33:52.594 INFO blam!    7:     0x56374d16b13c - core::panicking::panic_fmt::ha71638b7d4f53c35
Nov 03 01:33:52.594 INFO blam!                                at libcore/panicking.rs:77
Nov 03 01:33:52.594 INFO blam!    8:     0x56374d09e2f0 - core::result::unwrap_failed::h00e3c3ed97b5d34e
Nov 03 01:33:52.594 INFO blam!                                at libcore/macros.rs:26
Nov 03 01:33:52.594 INFO blam!    9:     0x56374d09cb5f - <core::result::Result<T, E>>::unwrap::h7498a965e964f2b9
Nov 03 01:33:52.594 INFO blam!                                at libcore/result.rs:808
Nov 03 01:33:52.594 INFO kablam! error: test failed, to rerun pass '--test integration'
Nov 03 01:33:52.594 INFO blam!   10:     0x56374d0a163e - integration::reflect::h6867c96f566e90ae
Nov 03 01:33:52.594 INFO kablam! su: No module specific data is present
Nov 03 01:33:52.594 INFO blam!                                at tests/integration.rs:18
Nov 03 01:33:52.594 INFO blam!   11:     0x56374d0a1459 - integration::reflect::{{closure}}::h64edb5cc93b1f34c
Nov 03 01:33:52.594 INFO blam!                                at tests/integration.rs:9
Nov 03 01:33:52.594 INFO blam!   12:     0x56374d07972d - core::ops::function::FnOnce::call_once::h4dd9be99e21c5e3b
Nov 03 01:33:52.594 INFO blam!                                at libcore/ops/function.rs:238
Nov 03 01:33:52.595 INFO blam!   13:     0x56374d0a39ee - <F as alloc::boxed::FnBox<A>>::call_box::hf32558bd83684b60
Nov 03 01:33:52.595 INFO blam!                                at libtest/lib.rs:1468
Nov 03 01:33:52.595 INFO blam!                                at libcore/ops/function.rs:238
Nov 03 01:33:52.595 INFO blam!                                at liballoc/boxed.rs:672
Nov 03 01:33:52.595 INFO blam!   14:     0x56374d137d69 - __rust_maybe_catch_panic
Nov 03 01:33:52.595 INFO blam!                                at libpanic_unwind/lib.rs:102
Nov 03 01:33:52.595 INFO blam!   15:     0x56374d0c5652 - std::sys_common::backtrace::__rust_begin_short_backtrace::h1bb71a7386fd3269
Nov 03 01:33:52.595 INFO blam!                                at libstd/panicking.rs:289
Nov 03 01:33:52.595 INFO blam!                                at libstd/panic.rs:392
Nov 03 01:33:52.595 INFO blam!                                at libtest/lib.rs:1423
Nov 03 01:33:52.595 INFO blam!                                at libstd/sys_common/backtrace.rs:136
Nov 03 01:33:52.595 INFO blam!   16:     0x56374d0c6104 - std::panicking::try::do_call::h9b94719c3074bb5c
Nov 03 01:33:52.595 INFO blam!                                at libstd/thread/mod.rs:409
Nov 03 01:33:52.595 INFO blam!                                at libstd/panic.rs:313
Nov 03 01:33:52.595 INFO blam!                                at libstd/panicking.rs:310
Nov 03 01:33:52.595 INFO blam!   17:     0x56374d137d69 - __rust_maybe_catch_panic
Nov 03 01:33:52.595 INFO blam!                                at libpanic_unwind/lib.rs:102
Nov 03 01:33:52.595 INFO blam!   18:     0x56374d0b332c - <F as alloc::boxed::FnBox<A>>::call_box::hb3bcd66d16fd3e84
Nov 03 01:33:52.595 INFO blam!                                at libstd/panicking.rs:289
Nov 03 01:33:52.595 INFO blam!                                at libstd/panic.rs:392
Nov 03 01:33:52.595 INFO blam!                                at libstd/thread/mod.rs:408
Nov 03 01:33:52.595 INFO blam!                                at liballoc/boxed.rs:672
Nov 03 01:33:52.595 INFO blam!   19:     0x56374d12278d - std::sys_common::thread::start_thread::had0c80d121669d29
Nov 03 01:33:52.595 INFO blam!                                at liballoc/boxed.rs:682
Nov 03 01:33:52.595 INFO blam!                                at libstd/sys_common/thread.rs:24
Nov 03 01:33:52.595 INFO blam!   20:     0x56374d1157c5 - std::sys::unix::thread::Thread::new::thread_start::h4a5b66a70d76f47f
Nov 03 01:33:52.595 INFO blam!                                at libstd/sys/unix/thread.rs:90
Nov 03 01:33:52.595 INFO blam!   21:     0x7fdb887cb6b9 - start_thread
Nov 03 01:33:52.595 INFO blam!   22:     0x7fdb882eb41c - clone
Nov 03 01:33:52.595 INFO blam!   23:                0x0 - <unknown>
Nov 03 01:33:52.595 INFO blam! 
Nov 03 01:33:52.595 INFO blam! 
Nov 03 01:33:52.595 INFO blam! failures:
Nov 03 01:33:52.595 INFO blam!     reflect
Nov 03 01:33:52.595 INFO blam! 
Nov 03 01:33:52.595 INFO blam! test result: FAILED. 0 passed; 1 failed; 0 ignored; 0 measured; 0 filtered out
Nov 03 01:33:52.595 INFO blam! 
Nov 03 01:33:52.807 INFO running `"docker" "rm" "-f" "d47957e92b32f305d909ce1ec823f8330fc8c3aae4cd7800c83b3e1ac5de13be"`
Nov 03 01:33:52.869 INFO blam! d47957e92b32f305d909ce1ec823f8330fc8c3aae4cd7800c83b3e1ac5de13be
