Oct 31 20:16:12.677 INFO testing starim/hth against 1.30.0 for beta-1.31-1
Oct 31 20:16:12.678 INFO running `"docker" "create" "-v" "/mnt/big/crater/work/local/target-dirs/beta-1.31-1/worker-2/1.30.0:/target:rw,Z" "-v" "/mnt/big/crater/work/local/test-source/worker-2/beta-1.31-1/1.30.0:/source:ro,Z" "-v" "/mnt/big/crater/work/local/cargo-home:/cargo-home:ro,Z" "-v" "/mnt/big/crater/work/local/rustup-home:/rustup-home:ro,Z" "-e" "USER_ID=1000" "-e" "SOURCE_DIR=/source" "-e" "USER_ID=1000" "-e" "CMD=cargo +1.30.0 build --frozen" "-e" "CARGO_TARGET_DIR=/target" "-e" "CARGO_INCREMENTAL=0" "-e" "RUST_BACKTRACE=full" "-e" "RUSTFLAGS=--cap-lints=warn" "-e" "CARGO_HOME=/cargo-home" "-e" "RUSTUP_HOME=/rustup-home" "-m" "1536M" "--network" "none" "crater"`
Oct 31 20:16:13.104 INFO blam! fdd3ed10ff110dc251c203ab5e98a0b1ec3b0c88ed3419b33c4554e867838cea
Oct 31 20:16:13.111 INFO running `"docker" "start" "-a" "fdd3ed10ff110dc251c203ab5e98a0b1ec3b0c88ed3419b33c4554e867838cea"`
Oct 31 20:16:14.439 INFO kablam! usermod: no changes
Oct 31 20:16:14.543 INFO kablam!    Compiling arrayvec v0.4.6
Oct 31 20:16:14.543 INFO kablam!    Compiling env_logger v0.4.3
Oct 31 20:16:14.543 INFO kablam!    Compiling error-chain v0.11.0
Oct 31 20:16:16.995 INFO kablam!    Compiling hth v0.1.0 (/source)
Oct 31 20:16:22.659 INFO kablam!     Finished dev [unoptimized + debuginfo] target(s) in 8.18s
Oct 31 20:16:22.667 INFO kablam! su: No module specific data is present
Oct 31 20:16:23.439 INFO running `"docker" "rm" "-f" "fdd3ed10ff110dc251c203ab5e98a0b1ec3b0c88ed3419b33c4554e867838cea"`
Oct 31 20:16:23.747 INFO blam! fdd3ed10ff110dc251c203ab5e98a0b1ec3b0c88ed3419b33c4554e867838cea
Oct 31 20:16:23.757 INFO running `"docker" "create" "-v" "/mnt/big/crater/work/local/target-dirs/beta-1.31-1/worker-2/1.30.0:/target:rw,Z" "-v" "/mnt/big/crater/work/local/test-source/worker-2/beta-1.31-1/1.30.0:/source:ro,Z" "-v" "/mnt/big/crater/work/local/cargo-home:/cargo-home:ro,Z" "-v" "/mnt/big/crater/work/local/rustup-home:/rustup-home:ro,Z" "-e" "USER_ID=1000" "-e" "SOURCE_DIR=/source" "-e" "USER_ID=1000" "-e" "CMD=cargo +1.30.0 test --frozen --no-run" "-e" "CARGO_TARGET_DIR=/target" "-e" "CARGO_INCREMENTAL=0" "-e" "RUST_BACKTRACE=full" "-e" "RUSTFLAGS=--cap-lints=warn" "-e" "CARGO_HOME=/cargo-home" "-e" "RUSTUP_HOME=/rustup-home" "-m" "1536M" "--network" "none" "crater"`
Oct 31 20:16:24.271 INFO blam! 9fd42034f75f38252b68a40683f8e0c6692b3bc7a84e44fdb7af10cfd73926d4
Oct 31 20:16:24.274 INFO running `"docker" "start" "-a" "9fd42034f75f38252b68a40683f8e0c6692b3bc7a84e44fdb7af10cfd73926d4"`
Oct 31 20:16:25.830 INFO kablam! usermod: no changes
Oct 31 20:16:25.995 INFO kablam!    Compiling hth v0.1.0 (/source)
Oct 31 20:16:32.955 INFO kablam!     Finished dev [unoptimized + debuginfo] target(s) in 7.09s
Oct 31 20:16:32.963 INFO kablam! su: No module specific data is present
Oct 31 20:16:33.543 INFO running `"docker" "rm" "-f" "9fd42034f75f38252b68a40683f8e0c6692b3bc7a84e44fdb7af10cfd73926d4"`
Oct 31 20:16:33.815 INFO blam! 9fd42034f75f38252b68a40683f8e0c6692b3bc7a84e44fdb7af10cfd73926d4
Oct 31 20:16:33.825 INFO running `"docker" "create" "-v" "/mnt/big/crater/work/local/target-dirs/beta-1.31-1/worker-2/1.30.0:/target:rw,Z" "-v" "/mnt/big/crater/work/local/test-source/worker-2/beta-1.31-1/1.30.0:/source:ro,Z" "-v" "/mnt/big/crater/work/local/cargo-home:/cargo-home:ro,Z" "-v" "/mnt/big/crater/work/local/rustup-home:/rustup-home:ro,Z" "-e" "USER_ID=1000" "-e" "SOURCE_DIR=/source" "-e" "USER_ID=1000" "-e" "CMD=cargo +1.30.0 test --frozen" "-e" "CARGO_TARGET_DIR=/target" "-e" "CARGO_INCREMENTAL=0" "-e" "RUST_BACKTRACE=full" "-e" "RUSTFLAGS=--cap-lints=warn" "-e" "CARGO_HOME=/cargo-home" "-e" "RUSTUP_HOME=/rustup-home" "-m" "1536M" "--network" "none" "crater"`
Oct 31 20:16:34.187 INFO blam! 0f1da8d81ad13d70bb62fd7fb2aa497703026f72749e27485a80c6be5df3c30f
Oct 31 20:16:34.189 INFO running `"docker" "start" "-a" "0f1da8d81ad13d70bb62fd7fb2aa497703026f72749e27485a80c6be5df3c30f"`
Oct 31 20:16:35.324 INFO kablam! usermod: no changes
Oct 31 20:16:35.438 INFO kablam!     Finished dev [unoptimized + debuginfo] target(s) in 0.08s
Oct 31 20:16:35.455 INFO kablam!      Running /target/debug/deps/hth-c0060a82eec83970
Oct 31 20:16:35.455 INFO blam! 
Oct 31 20:16:35.455 INFO blam! running 74 tests
Oct 31 20:16:35.455 INFO blam! test core_rules::attack::attack_tests::attack_bonus_attacks_use_conditional_damage_overrides ... ok
Oct 31 20:16:35.455 INFO blam! test core_rules::attack::attack_tests::attack_bonus_attacks_use_automatic_damage_callback ... ok
Oct 31 20:16:35.455 INFO blam! test core_rules::attack::attack_tests::attack_uses_conditional_damage_overrides ... ok
Oct 31 20:16:35.455 INFO blam! test core_rules::attack::attack_tests::attack_natural_six_to_hit_always_succeeds ... ok
Oct 31 20:16:35.455 INFO blam! test core_rules::attack::attack_tests::attack_natural_six_to_wound_always_succeeds ... ok
Oct 31 20:16:35.455 INFO blam! test core_rules::attack::attack_tests::attack_uses_automatic_damage_callback ... ok
Oct 31 20:16:35.455 INFO blam! test core_rules::attack::attack_tests::attack_natural_one_to_wound_always_fails ... ok
Oct 31 20:16:35.455 INFO blam! test core_rules::attack::attack_tests::attack_natural_one_to_hit_always_fails ... ok
Oct 31 20:16:35.455 INFO blam! test core_rules::attack::attack_tests::attack_generates_bonus_attacks ... ok
Oct 31 20:16:35.455 INFO blam! test core_rules::attack::attack_tests::attack_uses_extra_attack_effects ... ok
Oct 31 20:16:35.455 INFO blam! test core_rules::attack::attack_tests::attack_bonus_attacks_use_extra_attack_effects ... ok
Oct 31 20:16:35.455 INFO blam! test core_rules::attack::attack_tests::attack_uses_rerolled_to_hit_value ... ok
Oct 31 20:16:35.455 INFO blam! test core_rules::attack::attack_tests::attack_uses_rerolled_to_wound_value ... ok
Oct 31 20:16:35.455 INFO blam! test core_rules::attack::attack_tests::attack_with_no_callbacks ... ok
Oct 31 20:16:35.455 INFO blam! test core_rules::attack_result::attack_result_tests::add_combines_saveable_wounds ... ok
Oct 31 20:16:35.455 INFO blam! test core_rules::attack_result::attack_result_tests::add_sums_mortal_wounds ... ok
Oct 31 20:16:35.457 INFO blam! test core_rules::attack_result::attack_result_tests::addassign_sums_mortal_wounds ... ok
Oct 31 20:16:35.457 INFO blam! test core_rules::attack_result::attack_result_tests::sum_combines_saveable_wounds ... ok
Oct 31 20:16:35.457 INFO blam! test core_rules::attack_result::attack_result_tests::sum_sums_mortal_wounds ... ok
Oct 31 20:16:35.457 INFO blam! test core_rules::combat_result::combat_result_tests::combat_result_addassign ... ok
Oct 31 20:16:35.457 INFO blam! test core_rules::combat_result::combat_result_tests::combat_result_add ... ok
Oct 31 20:16:35.457 INFO blam! test core_rules::model::model::model_tests::is_alive_returns_false_for_a_model_with_zero_health ... ok
Oct 31 20:16:35.457 INFO blam! test core_rules::model::model::model_tests::is_alive_returns_true_for_a_wounded_model ... ok
Oct 31 20:16:35.457 INFO blam! test core_rules::model::model::model_tests::is_alive_returns_true_for_a_model_at_full_health ... ok
Oct 31 20:16:35.457 INFO blam! test core_rules::model::model::model_tests::attack_uses_all_weapons_in_range ... ok
Oct 31 20:16:35.457 INFO blam! test core_rules::model::model::model_tests::model_at_full_health_has_model_status_FullHealth ... ok
Oct 31 20:16:35.457 INFO blam! test core_rules::attack_result::attack_result_tests::addassign_combines_saveable_wounds ... ok
Oct 31 20:16:35.457 INFO blam! test core_rules::model::model::model_tests::model_at_half_health_has_model_status_Wounded ... ok
Oct 31 20:16:35.458 INFO blam! test core_rules::combat_result::combat_result_tests::combat_result_sum ... ok
Oct 31 20:16:35.471 INFO blam! test core_rules::model::model::model_tests::model_at_zero_health_has_model_status_Dead ... ok
Oct 31 20:16:35.471 INFO blam! test core_rules::model::model::model_tests::attack_only_uses_weapons_in_range ... ok
Oct 31 20:16:35.471 INFO blam! test core_rules::model::model_properties::model_properties_tests::heal_cannot_bring_a_model_beyond_its_maximum_health ... ok
Oct 31 20:16:35.471 INFO blam! test core_rules::model::model_properties::model_properties_tests::heal_restores_an_amount_of_health_less_than_maximum ... ok
Oct 31 20:16:35.475 INFO blam! test core_rules::model::model_properties::model_properties_tests::model_at_zero_health_has_model_status_Dead ... ok
Oct 31 20:16:35.475 INFO blam! test core_rules::model::model_properties::model_properties_tests::heal_restore_health_to_a_dead_model ... ok
Oct 31 20:16:35.479 INFO blam! test core_rules::model::model_properties::model_properties_tests::model_at_full_health_has_model_status_FullHealth ... ok
Oct 31 20:16:35.479 INFO blam! test core_rules::model::model_properties::model_properties_tests::model_at_half_health_has_model_status_Wounded ... ok
Oct 31 20:16:35.479 INFO blam! test core_rules::save::save_tests::save_can_fail_on_reroll ... ok
Oct 31 20:16:35.479 INFO blam! test core_rules::save::save_tests::save_can_succeed_on_reroll ... ok
Oct 31 20:16:35.479 INFO blam! test core_rules::save::save_tests::save_fails_due_to_rend ... ok
Oct 31 20:16:35.479 INFO blam! test core_rules::save::save_tests::save_fails_if_roll_too_low ... ok
Oct 31 20:16:35.479 INFO blam! test core_rules::save::save_tests::save_succeeds_if_roll_exceeds_save ... ok
Oct 31 20:16:35.479 INFO blam! test core_rules::save::save_tests::save_succeeds_if_roll_equals_save ... ok
Oct 31 20:16:35.483 INFO blam! test core_rules::unit::unit::unit_tests::battleshock_on_dead_unit ... ok
Oct 31 20:16:35.485 INFO blam! test core_rules::unit::unit::unit_tests::battleshock_barely ... ok
Oct 31 20:16:35.485 INFO blam! test core_rules::save::save_tests::save_fails_on_natural_one ... ok
Oct 31 20:16:35.485 INFO blam! test core_rules::unit::unit::unit_tests::battleshock_successfully ... ok
Oct 31 20:16:35.485 INFO blam! test core_rules::unit::unit::unit_tests::battleshock_fatal ... ok
Oct 31 20:16:35.485 INFO blam! test core_rules::unit::unit::unit_tests::battleshock_unsuccessfully ... ok
Oct 31 20:16:35.485 INFO blam! test core_rules::unit::unit::unit_tests::move_modifiers_are_applied ... ok
Oct 31 20:16:35.591 INFO blam! test core_rules::model::model::model_tests::model_end_of_turn_callbacks_get_called ... ok
Oct 31 20:16:35.591 INFO blam! test core_rules::weapon::weapon::weapon_tests::attack_uses_bonus_attacks ... ok
Oct 31 20:16:35.591 INFO blam! test core_rules::model::model::model_tests::model_end_of_combat_callbacks_get_called ... ok
Oct 31 20:16:35.591 INFO blam! test core_rules::weapon::weapon::weapon_tests::attack_uses_num_attacks_modifiers ... ok
Oct 31 20:16:35.591 INFO blam! test core_rules::model::model::model_tests::model_start_of_combat_callbacks_get_called ... ok
Oct 31 20:16:35.591 INFO blam! test core_rules::weapon::weapon::weapon_tests::attack_uses_reroll_to_hit_triggers ... ok
Oct 31 20:16:35.591 INFO blam! test core_rules::weapon::weapon::weapon_tests::attack_uses_to_hit_override ... ok
Oct 31 20:16:35.591 INFO blam! test core_rules::weapon::weapon::weapon_tests::attack_uses_to_wound_modifiers ... ok
Oct 31 20:16:35.591 INFO blam! test core_rules::weapon::weapon::weapon_tests::attack_uses_to_hit_modifiers ... ok
Oct 31 20:16:35.591 INFO blam! test core_rules::model::model::model_tests::model_start_of_turn_callbacks_get_called ... ok
Oct 31 20:16:35.603 INFO blam! test core_rules::weapon::weapon::weapon_tests::attack_uses_reroll_to_wound_triggers ... ok
Oct 31 20:16:35.603 INFO blam! test core_rules::weapon::weapon::weapon_tests::num_attacks_can_be_random ... ok
Oct 31 20:16:35.603 INFO blam! test core_rules::weapon::weapon::weapon_tests::num_attacks_is_modified_by_components ... ok
Oct 31 20:16:35.603 INFO blam! test core_rules::unit::unit::unit_tests::unit_end_of_turn_callbacks_get_called ... ok
Oct 31 20:16:35.603 INFO blam! test core_rules::weapon::weapon::weapon_tests::to_hit_is_modified_by_components ... ok
Oct 31 20:16:35.603 INFO blam! test core_rules::weapon::weapon::weapon_tests::to_wound_is_modified_by_components ... ok
Oct 31 20:16:35.603 INFO blam! test core_rules::weapon::weapon::weapon_tests::rend_is_modified_by_components ... ok
Oct 31 20:16:35.615 INFO blam! test core_rules::unit::unit::unit_tests::unit_end_of_combat_callbacks_get_called ... ok
Oct 31 20:16:35.615 INFO blam! test core_rules::weapon::weapon::weapon_tests::weapon_end_of_turn_callbacks_get_called ... ok
Oct 31 20:16:35.615 INFO blam! test core_rules::unit::unit::unit_tests::unit_start_of_turn_callbacks_get_called ... ok
Oct 31 20:16:35.615 INFO blam! test core_rules::weapon::weapon::weapon_tests::weapon_end_of_combat_callbacks_get_called ... ok
Oct 31 20:16:35.615 INFO blam! test core_rules::weapon::weapon::weapon_tests::weapon_start_of_combat_callbacks_get_called ... ok
Oct 31 20:16:35.615 INFO blam! test core_rules::unit::unit::unit_tests::unit_start_of_combat_callbacks_get_called ... ok
Oct 31 20:16:35.615 INFO blam! test core_rules::weapon::weapon::weapon_tests::weapon_start_of_turn_callbacks_get_called ... ok
Oct 31 20:16:35.615 INFO blam! 
Oct 31 20:16:35.615 INFO blam! test result: ok. 74 passed; 0 failed; 0 ignored; 0 measured; 0 filtered out
Oct 31 20:16:35.615 INFO blam! 
Oct 31 20:16:35.619 INFO kablam!      Running /target/debug/deps/main-e096af0d739b2e55
Oct 31 20:16:35.631 INFO blam! 
Oct 31 20:16:35.631 INFO blam! running 0 tests
Oct 31 20:16:35.631 INFO blam! 
Oct 31 20:16:35.631 INFO blam! test result: ok. 0 passed; 0 failed; 0 ignored; 0 measured; 0 filtered out
Oct 31 20:16:35.631 INFO blam! 
Oct 31 20:16:35.631 INFO kablam!      Running /target/debug/deps/mod-fc250bc3f33f4992
Oct 31 20:16:35.643 INFO blam! 
Oct 31 20:16:35.643 INFO blam! running 62 tests
Oct 31 20:16:51.183 INFO blam! test death::coven_throne_tests::coven_throne_mortal_save ... ok
Oct 31 20:16:51.723 INFO blam! test death::coven_throne_tests::coven_throne_standard_save ... ok
Oct 31 20:16:59.392 INFO blam! test death::coven_throne_tests::coven_throne_at_full_health_attack ... ok
Oct 31 20:16:59.799 INFO blam! test death::coven_throne_tests::coven_throne_near_death_attack ... ok
Oct 31 20:17:01.495 INFO blam! test death::coven_throne_tests::coven_throne_lightly_injured_attack ... ok
Oct 31 20:17:02.342 INFO blam! test death::coven_throne_tests::coven_throne_severely_injured_attack ... ok
Oct 31 20:17:02.539 INFO blam! test death::vampire_lord_on_zombie_dragon_tests::vampire_lord_on_zombie_dragon_has_vampiric_regeneration ... ok
Oct 31 20:17:03.963 INFO blam! test death::coven_throne_tests::coven_throne_moderately_injured_attack ... ok
Oct 31 20:17:07.045 INFO blam! test death::morghast_archai_tests::morghast_archai_mortal_save ... ok
Oct 31 20:17:07.411 INFO blam! test death::morghast_archai_tests::morghast_archai_standard_save ... ok
Oct 31 20:17:08.411 INFO blam! test death::morghast_archai_tests::morghast_archai_attack ... ok
Oct 31 20:17:13.201 INFO blam! test death::morghast_harbingers_tests::morghast_harbingers_mortal_save ... ok
Oct 31 20:17:14.339 INFO blam! test death::morghast_harbingers_tests::morghast_harbingers_standard_save ... ok
Oct 31 20:17:20.059 INFO blam! test death::vampire_lord_on_zombie_dragon_tests::vampire_lord_on_zombie_dragon_with_deathlance_at_full_health_attack ... ok
Oct 31 20:17:23.583 INFO blam! test death::vampire_lord_on_zombie_dragon_tests::vampire_lord_on_zombie_dragon_with_deathlance_mortal_save ... ok
Oct 31 20:17:24.003 INFO blam! test death::vampire_lord_on_zombie_dragon_tests::vampire_lord_on_zombie_dragon_with_deathlance_lightly_injured_attack ... ok
Oct 31 20:17:26.223 INFO blam! test death::morghast_harbingers_tests::morghast_harbingers_attack ... ok
Oct 31 20:17:29.443 INFO blam! test death::vampire_lord_on_zombie_dragon_tests::vampire_lord_on_zombie_dragon_with_deathlance_moderately_injured_attack ... ok
Oct 31 20:17:32.307 INFO blam! test death::vampire_lord_on_zombie_dragon_tests::vampire_lord_on_zombie_dragon_with_deathlance_near_death_attack ... ok
Oct 31 20:17:37.803 INFO blam! test death::vampire_lord_on_zombie_dragon_tests::vampire_lord_on_zombie_dragon_with_deathlance_on_the_charge_at_full_health_attack ... ok
Oct 31 20:17:37.851 INFO blam! test death::vampire_lord_on_zombie_dragon_tests::vampire_lord_on_zombie_dragon_with_deathlance_on_the_charge_moderately_injured_attack ... ok
Oct 31 20:17:38.562 INFO blam! test death::vampire_lord_on_zombie_dragon_tests::vampire_lord_on_zombie_dragon_with_deathlance_on_the_charge_lightly_injured_attack ... ok
Oct 31 20:17:43.779 INFO blam! test death::vampire_lord_on_zombie_dragon_tests::vampire_lord_on_zombie_dragon_with_deathlance_on_the_charge_severely_injured_attack ... ok
Oct 31 20:17:45.203 INFO blam! test death::vampire_lord_on_zombie_dragon_tests::vampire_lord_on_zombie_dragon_with_deathlance_on_the_charge_near_death_attack ... ok
Oct 31 20:17:45.587 INFO blam! test death::vampire_lord_on_zombie_dragon_tests::vampire_lord_on_zombie_dragon_with_deathlance_standard_save ... ok
Oct 31 20:17:45.906 INFO blam! test death::vampire_lord_on_zombie_dragon_tests::vampire_lord_on_zombie_dragon_with_sword_and_shield_mortal_save ... ok
Oct 31 20:17:46.019 INFO blam! test death::vampire_lord_tests::vampire_lord_has_vampiric_regeneration ... ok
Oct 31 20:17:50.507 INFO blam! test death::vampire_lord_on_zombie_dragon_tests::vampire_lord_on_zombie_dragon_with_deathlance_severely_injured_attack ... ok
Oct 31 20:17:55.907 INFO blam! test death::vampire_lord_tests::vampire_lord_mortal_save ... ok
Oct 31 20:17:57.253 INFO blam! test death::vampire_lord_on_zombie_dragon_tests::vampire_lord_on_zombie_dragon_with_sword_and_shield_at_full_health_attack ... ok
Oct 31 20:17:57.875 INFO blam! test death::vampire_lord_on_zombie_dragon_tests::vampire_lord_on_zombie_dragon_with_sword_and_shield_standard_save ... ok
Oct 31 20:18:00.703 INFO blam! test death::vampire_lord_on_zombie_dragon_tests::vampire_lord_on_zombie_dragon_with_sword_and_shield_lightly_injured_attack ... ok
Oct 31 20:18:02.187 INFO blam! test death::vampire_lord_on_zombie_dragon_tests::vampire_lord_on_zombie_dragon_with_sword_and_shield_severely_injured_attack ... ok
Oct 31 20:18:03.287 INFO blam! test death::vampire_lord_on_zombie_dragon_tests::vampire_lord_on_zombie_dragon_with_sword_and_shield_moderately_injured_attack ... ok
Oct 31 20:18:05.179 INFO blam! test death::vampire_lord_on_zombie_dragon_tests::vampire_lord_on_zombie_dragon_with_sword_and_shield_near_death_attack ... ok
Oct 31 20:18:08.325 INFO blam! test death::vampire_lord_tests::vampire_lord_standard_save ... FAILED
Oct 31 20:18:14.399 INFO blam! test death::vampire_lord_tests::vampire_lord_with_wings_attack ... ok
Oct 31 20:18:18.128 INFO blam! test death::vampire_lord_tests::vampire_lord_with_mount_attack ... ok
Oct 31 20:18:19.635 INFO blam! test death::vampire_lord_tests::vampire_lord_with_no_upgrades_attack ... ok
Oct 31 20:18:20.117 INFO blam! test ironjawz::megaboss_on_maw_krusha_tests::megaboss_on_maw_krusha_with_boss_gore_hacka_and_scrap_tooth_mortal_save ... ok
Oct 31 20:18:25.569 INFO blam! test ironjawz::megaboss_on_maw_krusha_tests::megaboss_on_maw_krusha_with_boss_gore_hacka_and_scrap_tooth_lightly_injured_attack ... ok
Oct 31 20:18:26.551 INFO blam! test ironjawz::megaboss_on_maw_krusha_tests::megaboss_on_maw_krusha_with_boss_gore_hacka_and_scrap_tooth_at_full_health_attack ... ok
Oct 31 20:18:29.723 INFO blam! test ironjawz::megaboss_on_maw_krusha_tests::megaboss_on_maw_krusha_with_boss_gore_hacka_and_scrap_tooth_moderately_injured_attack ... ok
Oct 31 20:18:33.251 INFO blam! test ironjawz::megaboss_on_maw_krusha_tests::megaboss_on_maw_krusha_with_boss_gore_hacka_and_scrap_tooth_standard_save ... ok
Oct 31 20:18:34.730 INFO blam! test ironjawz::megaboss_on_maw_krusha_tests::megaboss_on_maw_krusha_with_boss_gore_hacka_and_scrap_tooth_near_death_attack ... ok
Oct 31 20:18:38.652 INFO blam! test ironjawz::megaboss_on_maw_krusha_tests::megaboss_on_maw_krusha_with_boss_gore_hacka_and_scrap_tooth_severely_injured_attack ... ok
Oct 31 20:18:40.491 INFO blam! test ironjawz::megaboss_on_maw_krusha_tests::megaboss_on_maw_krusha_with_choppa_and_rip_tooth_lightly_injured_attack ... ok
Oct 31 20:18:41.563 INFO blam! test ironjawz::megaboss_on_maw_krusha_tests::megaboss_on_maw_krusha_with_choppa_and_rip_tooth_at_full_health_attack ... ok
Oct 31 20:18:42.661 INFO blam! test ironjawz::megaboss_on_maw_krusha_tests::megaboss_on_maw_krusha_with_choppa_and_rip_tooth_mortal_save ... ok
Oct 31 20:18:51.327 INFO blam! test ironjawz::megaboss_on_maw_krusha_tests::megaboss_on_maw_krusha_with_choppa_and_rip_tooth_moderately_injured_attack ... ok
Oct 31 20:18:53.110 INFO blam! test ironjawz::megaboss_on_maw_krusha_tests::megaboss_on_maw_krusha_with_choppa_and_rip_tooth_standard_save ... ok
Oct 31 20:18:53.584 INFO blam! test ironjawz::megaboss_on_maw_krusha_tests::megaboss_on_maw_krusha_with_choppa_and_rip_tooth_near_death_attack ... ok
Oct 31 20:18:55.319 INFO blam! test ironjawz::orruk_megaboss_tests::orruk_megaboss_mortal_save ... ok
Oct 31 20:18:55.351 INFO blam! test ironjawz::orruk_megaboss_tests::orruk_megaboss_standard_save ... ok
Oct 31 20:18:55.970 INFO blam! test ironjawz::megaboss_on_maw_krusha_tests::megaboss_on_maw_krusha_with_choppa_and_rip_tooth_severely_injured_attack ... ok
Oct 31 20:18:58.859 INFO blam! test ironjawz::orruk_warchanter_tests::orruk_warchanter_attack ... ok
Oct 31 20:19:00.707 INFO blam! test ironjawz::orruk_megaboss_tests::orruk_megaboss_attack ... ok
Oct 31 20:19:03.643 INFO blam! test ironjawz::orruk_warchanter_tests::orruk_warchanter_save ... ok
Oct 31 20:19:03.658 INFO blam! test ironjawz::orruk_warchanter_tests::orruk_warchanter_mortal_save ... ok
Oct 31 20:19:04.213 INFO blam! test ironjawz::orruk_weirdnob_shaman_tests::orruk_weirdnob_shaman_mortal_save ... ok
Oct 31 20:19:04.324 INFO blam! test ironjawz::orruk_weirdnob_shaman_tests::orruk_weirdnob_shaman_save ... ok
Oct 31 20:19:04.837 INFO blam! test ironjawz::orruk_weirdnob_shaman_tests::orruk_weirdnob_shaman_attack ... ok
Oct 31 20:19:04.838 INFO kablam! error: test failed, to rerun pass '--test mod'
Oct 31 20:19:04.838 INFO blam! 
Oct 31 20:19:04.838 INFO kablam! su: No module specific data is present
Oct 31 20:19:04.838 INFO blam! failures:
Oct 31 20:19:04.838 INFO blam! 
Oct 31 20:19:04.838 INFO blam! ---- death::vampire_lord_tests::vampire_lord_standard_save stdout ----
Oct 31 20:19:04.838 INFO blam! expected: 0.4167
Oct 31 20:19:04.838 INFO blam! actual: 0.4268
Oct 31 20:19:04.838 INFO blam! thread 'death::vampire_lord_tests::vampire_lord_standard_save' panicked at 'assertion failed: (average_unsaved_wounds - expected_unsaved_wounds).abs() <
Oct 31 20:19:04.838 INFO blam!     common::SAVE_EPSILON', tests/death/vampire_lord_tests.rs:103:5
Oct 31 20:19:04.838 INFO blam! stack backtrace:
Oct 31 20:19:04.838 INFO blam!    0:     0x55a8d85d17ee - std::sys::unix::backtrace::tracing::imp::unwind_backtrace::hf5316c67202e23c8
Oct 31 20:19:04.838 INFO blam!                                at libstd/sys/unix/backtrace/tracing/gcc_s.rs:49
Oct 31 20:19:04.838 INFO blam!    1:     0x55a8d85c49e6 - std::sys_common::backtrace::print::h3068ed2a6dc7ac86
Oct 31 20:19:04.838 INFO blam!                                at libstd/sys_common/backtrace.rs:71
Oct 31 20:19:04.838 INFO blam!                                at libstd/sys_common/backtrace.rs:59
Oct 31 20:19:04.838 INFO blam!    2:     0x55a8d85c2dbd - std::panicking::default_hook::{{closure}}::h1b9d29cc09d41897
Oct 31 20:19:04.838 INFO blam!                                at libstd/panicking.rs:211
Oct 31 20:19:04.838 INFO blam!    3:     0x55a8d85c2acb - std::panicking::default_hook::h3a27b204a313406b
Oct 31 20:19:04.838 INFO blam!                                at libstd/panicking.rs:221
Oct 31 20:19:04.838 INFO blam!    4:     0x55a8d85c346c - std::panicking::rust_panic_with_hook::h0e12cb2fc86d00fa
Oct 31 20:19:04.838 INFO blam!                                at libstd/panicking.rs:477
Oct 31 20:19:04.838 INFO blam!    5:     0x55a8d856514f - std::panicking::begin_panic::ha7660934609d49df
Oct 31 20:19:04.838 INFO blam!                                at libstd/panicking.rs:411
Oct 31 20:19:04.838 INFO blam!    6:     0x55a8d83f6b35 - mod::death::vampire_lord_tests::vampire_lord_standard_save::h474947fb8367d145
Oct 31 20:19:04.838 INFO blam!                                at tests/death/vampire_lord_tests.rs:103
Oct 31 20:19:04.838 INFO blam!    7:     0x55a8d83f6679 - mod::death::vampire_lord_tests::vampire_lord_standard_save::{{closure}}::h19b2cf65b30aafa3
Oct 31 20:19:04.838 INFO blam!                                at tests/death/vampire_lord_tests.rs:73
Oct 31 20:19:04.838 INFO blam!    8:     0x55a8d83f1efd - core::ops::function::FnOnce::call_once::h7d25d89b9b9f99d0
Oct 31 20:19:04.838 INFO blam!                                at libcore/ops/function.rs:238
Oct 31 20:19:04.838 INFO blam!    9:     0x55a8d83fe84e - <F as alloc::boxed::FnBox<A>>::call_box::ha9910eac2d17ff23
Oct 31 20:19:04.838 INFO blam!                                at libtest/lib.rs:1461
Oct 31 20:19:04.838 INFO blam!                                at libcore/ops/function.rs:238
Oct 31 20:19:04.838 INFO blam!                                at liballoc/boxed.rs:646
Oct 31 20:19:04.838 INFO blam!   10:     0x55a8d85e0669 - __rust_maybe_catch_panic
Oct 31 20:19:04.838 INFO blam!                                at libpanic_unwind/lib.rs:103
Oct 31 20:19:04.838 INFO blam!   11:     0x55a8d840a15d - std::sys_common::backtrace::__rust_begin_short_backtrace::h470b05235fe5e5ad
Oct 31 20:19:04.838 INFO blam!                                at libstd/panicking.rs:289
Oct 31 20:19:04.838 INFO blam!                                at libstd/panic.rs:392
Oct 31 20:19:04.838 INFO blam!                                at libtest/lib.rs:1416
Oct 31 20:19:04.838 INFO blam!                                at libstd/sys_common/backtrace.rs:136
Oct 31 20:19:04.838 INFO blam!   12:     0x55a8d8422794 - std::panicking::try::do_call::h1f0578498122cc00
Oct 31 20:19:04.838 INFO blam!                                at libstd/thread/mod.rs:409
Oct 31 20:19:04.838 INFO blam!                                at libstd/panic.rs:313
Oct 31 20:19:04.838 INFO blam!                                at libstd/panicking.rs:310
Oct 31 20:19:04.838 INFO blam!   13:     0x55a8d85e0669 - __rust_maybe_catch_panic
Oct 31 20:19:04.838 INFO blam!                                at libpanic_unwind/lib.rs:103
Oct 31 20:19:04.838 INFO blam!   14:     0x55a8d8413066 - <F as alloc::boxed::FnBox<A>>::call_box::h7b129f9f235ab460
Oct 31 20:19:04.838 INFO blam!                                at libstd/panicking.rs:289
Oct 31 20:19:04.838 INFO blam!                                at libstd/panic.rs:392
Oct 31 20:19:04.838 INFO blam!                                at libstd/thread/mod.rs:408
Oct 31 20:19:04.838 INFO blam!                                at liballoc/boxed.rs:646
Oct 31 20:19:04.838 INFO blam!   15:     0x55a8d85d310a - std::sys_common::thread::start_thread::hb77935aee02382da
Oct 31 20:19:04.838 INFO blam!                                at liballoc/boxed.rs:656
Oct 31 20:19:04.838 INFO blam!                                at libstd/sys_common/thread.rs:24
Oct 31 20:19:04.838 INFO blam!   16:     0x55a8d85c3c25 - std::sys::unix::thread::Thread::new::thread_start::hd61f7429b3de1d75
Oct 31 20:19:04.838 INFO blam!                                at libstd/sys/unix/thread.rs:90
Oct 31 20:19:04.838 INFO blam!   17:     0x7f8792b9b6b9 - start_thread
Oct 31 20:19:04.838 INFO blam!   18:     0x7f87926bb41c - clone
Oct 31 20:19:04.838 INFO blam!   19:                0x0 - <unknown>
Oct 31 20:19:04.838 INFO blam! 
Oct 31 20:19:04.838 INFO blam! 
Oct 31 20:19:04.838 INFO blam! failures:
Oct 31 20:19:04.838 INFO blam!     death::vampire_lord_tests::vampire_lord_standard_save
Oct 31 20:19:04.838 INFO blam! 
Oct 31 20:19:04.838 INFO blam! test result: FAILED. 61 passed; 1 failed; 0 ignored; 0 measured; 0 filtered out
Oct 31 20:19:04.838 INFO blam! 
Oct 31 20:19:05.325 INFO running `"docker" "rm" "-f" "0f1da8d81ad13d70bb62fd7fb2aa497703026f72749e27485a80c6be5df3c30f"`
Oct 31 20:19:05.504 INFO blam! 0f1da8d81ad13d70bb62fd7fb2aa497703026f72749e27485a80c6be5df3c30f
