Oct 31 21:53:16.780 INFO testing seb-odessa/evebattle against beta-2018-10-30 for beta-1.31-1
Oct 31 21:53:16.781 INFO running `"docker" "create" "-v" "/mnt/big/crater/work/local/target-dirs/beta-1.31-1/worker-6/beta-2018-10-30:/target:rw,Z" "-v" "/mnt/big/crater/work/local/test-source/worker-6/beta-1.31-1/beta-2018-10-30:/source:ro,Z" "-v" "/mnt/big/crater/work/local/cargo-home:/cargo-home:ro,Z" "-v" "/mnt/big/crater/work/local/rustup-home:/rustup-home:ro,Z" "-e" "USER_ID=1000" "-e" "SOURCE_DIR=/source" "-e" "USER_ID=1000" "-e" "CMD=cargo +beta-2018-10-30 build --frozen" "-e" "CARGO_TARGET_DIR=/target" "-e" "CARGO_INCREMENTAL=0" "-e" "RUST_BACKTRACE=full" "-e" "RUSTFLAGS=--cap-lints=warn" "-e" "CARGO_HOME=/cargo-home" "-e" "RUSTUP_HOME=/rustup-home" "-m" "1536M" "--network" "none" "crater"`
Oct 31 21:53:16.929 INFO blam! 5ec15ee0ac42d208af58ceaa854cf6eca468db2ed0da274109efa3952dd87db2
Oct 31 21:53:16.930 INFO running `"docker" "start" "-a" "5ec15ee0ac42d208af58ceaa854cf6eca468db2ed0da274109efa3952dd87db2"`
Oct 31 21:53:17.727 INFO kablam! usermod: no changes
Oct 31 21:53:17.786 INFO kablam!    Compiling syn v0.15.9
Oct 31 21:53:24.219 INFO kablam!    Compiling serde_derive v1.0.79
Oct 31 21:53:33.982 INFO kablam!    Compiling evebattle v0.1.0 (/source)
Oct 31 21:53:37.263 INFO kablam!     Finished dev [unoptimized + debuginfo] target(s) in 19.51s
Oct 31 21:53:37.279 INFO kablam! su: No module specific data is present
Oct 31 21:53:37.828 INFO running `"docker" "rm" "-f" "5ec15ee0ac42d208af58ceaa854cf6eca468db2ed0da274109efa3952dd87db2"`
Oct 31 21:53:38.078 INFO blam! 5ec15ee0ac42d208af58ceaa854cf6eca468db2ed0da274109efa3952dd87db2
Oct 31 21:53:38.080 INFO running `"docker" "create" "-v" "/mnt/big/crater/work/local/target-dirs/beta-1.31-1/worker-6/beta-2018-10-30:/target:rw,Z" "-v" "/mnt/big/crater/work/local/test-source/worker-6/beta-1.31-1/beta-2018-10-30:/source:ro,Z" "-v" "/mnt/big/crater/work/local/cargo-home:/cargo-home:ro,Z" "-v" "/mnt/big/crater/work/local/rustup-home:/rustup-home:ro,Z" "-e" "USER_ID=1000" "-e" "SOURCE_DIR=/source" "-e" "USER_ID=1000" "-e" "CMD=cargo +beta-2018-10-30 test --frozen --no-run" "-e" "CARGO_TARGET_DIR=/target" "-e" "CARGO_INCREMENTAL=0" "-e" "RUST_BACKTRACE=full" "-e" "RUSTFLAGS=--cap-lints=warn" "-e" "CARGO_HOME=/cargo-home" "-e" "RUSTUP_HOME=/rustup-home" "-m" "1536M" "--network" "none" "crater"`
Oct 31 21:53:38.603 INFO blam! 5954a2884cd22206bb3fdf99edc98549f541bfab2dec3b5d1cc0aebb79945091
Oct 31 21:53:38.609 INFO running `"docker" "start" "-a" "5954a2884cd22206bb3fdf99edc98549f541bfab2dec3b5d1cc0aebb79945091"`
Oct 31 21:53:39.683 INFO kablam! usermod: no changes
Oct 31 21:53:39.788 INFO kablam!    Compiling evebattle v0.1.0 (/source)
Oct 31 21:53:43.823 INFO kablam!     Finished dev [unoptimized + debuginfo] target(s) in 4.10s
Oct 31 21:53:43.831 INFO kablam! su: No module specific data is present
Oct 31 21:53:44.542 INFO running `"docker" "rm" "-f" "5954a2884cd22206bb3fdf99edc98549f541bfab2dec3b5d1cc0aebb79945091"`
Oct 31 21:53:44.811 INFO blam! 5954a2884cd22206bb3fdf99edc98549f541bfab2dec3b5d1cc0aebb79945091
Oct 31 21:53:44.815 INFO running `"docker" "create" "-v" "/mnt/big/crater/work/local/target-dirs/beta-1.31-1/worker-6/beta-2018-10-30:/target:rw,Z" "-v" "/mnt/big/crater/work/local/test-source/worker-6/beta-1.31-1/beta-2018-10-30:/source:ro,Z" "-v" "/mnt/big/crater/work/local/cargo-home:/cargo-home:ro,Z" "-v" "/mnt/big/crater/work/local/rustup-home:/rustup-home:ro,Z" "-e" "USER_ID=1000" "-e" "SOURCE_DIR=/source" "-e" "USER_ID=1000" "-e" "CMD=cargo +beta-2018-10-30 test --frozen" "-e" "CARGO_TARGET_DIR=/target" "-e" "CARGO_INCREMENTAL=0" "-e" "RUST_BACKTRACE=full" "-e" "RUSTFLAGS=--cap-lints=warn" "-e" "CARGO_HOME=/cargo-home" "-e" "RUSTUP_HOME=/rustup-home" "-m" "1536M" "--network" "none" "crater"`
Oct 31 21:53:45.210 INFO blam! c9b387bc2f25dc256a06c37d748e448d52e25369dd560996db83221ebf96f389
Oct 31 21:53:45.223 INFO running `"docker" "start" "-a" "c9b387bc2f25dc256a06c37d748e448d52e25369dd560996db83221ebf96f389"`
Oct 31 21:53:46.831 INFO kablam! usermod: no changes
Oct 31 21:53:46.955 INFO kablam!     Finished dev [unoptimized + debuginfo] target(s) in 0.09s
Oct 31 21:53:46.975 INFO kablam!      Running /target/debug/deps/lib-f3a10454cea6e7a8
Oct 31 21:53:46.987 INFO blam! 
Oct 31 21:53:46.988 INFO blam! running 14 tests
Oct 31 21:53:46.988 INFO blam! test offenses::deserialize_without_webifier ... ok
Oct 31 21:53:46.988 INFO blam! test offenses::deserialize_without_turrets ... ok
Oct 31 21:53:46.988 INFO blam! test offenses::deserialize_without_scrambler ... ok
Oct 31 21:53:46.989 INFO blam! test shield::deserialize ... ok
Oct 31 21:53:46.989 INFO blam! test stasis_webifier::deserialize ... ok
Oct 31 21:53:46.989 INFO blam! test turrets::deserialize ... ok
Oct 31 21:53:46.990 INFO blam! test warp_scrambler::deserialize ... ok
Oct 31 21:53:46.991 INFO blam! test targeting::deserialize ... ok
Oct 31 21:53:46.991 INFO blam! test movement::deserialize ... ok
Oct 31 21:53:46.992 INFO blam! test missiles::deserialize ... ok
Oct 31 21:53:46.992 INFO blam! test armor::deserialize ... ok
Oct 31 21:53:46.992 INFO blam! test structure::deserialize ... ok
Oct 31 21:53:46.992 INFO blam! test offenses::deserialize ... ok
Oct 31 21:53:47.038 INFO blam! test defenses::deserialize ... FAILED
Oct 31 21:53:47.039 INFO blam! 
Oct 31 21:53:47.039 INFO blam! failures:
Oct 31 21:53:47.039 INFO blam! 
Oct 31 21:53:47.039 INFO blam! ---- defenses::deserialize stdout ----
Oct 31 21:53:47.040 INFO blam! thread 'defenses::deserialize' panicked at 'assertion failed: result.is_ok()', src/lib/defenses.rs:49:5
Oct 31 21:53:47.040 INFO blam! stack backtrace:
Oct 31 21:53:47.040 INFO blam!    0:     0x55b838c7c15f - std::sys::unix::backtrace::tracing::imp::unwind_backtrace::h3c55afa80a996a32
Oct 31 21:53:47.041 INFO blam!                                at libstd/sys/unix/backtrace/tracing/gcc_s.rs:49
Oct 31 21:53:47.041 INFO blam!    1:     0x55b838c85187 - std::sys_common::backtrace::print::hcef907ea7a07cd40
Oct 31 21:53:47.041 INFO blam!                                at libstd/sys_common/backtrace.rs:71
Oct 31 21:53:47.041 INFO blam!                                at libstd/sys_common/backtrace.rs:59
Oct 31 21:53:47.042 INFO blam!    2:     0x55b838c7fe6f - std::panicking::default_hook::{{closure}}::hf541876c65f36ea7
Oct 31 21:53:47.042 INFO blam!                                at libstd/panicking.rs:211
Oct 31 21:53:47.042 INFO blam!    3:     0x55b838c7fb6e - std::panicking::default_hook::h4ecc06b30ae4459d
Oct 31 21:53:47.043 INFO blam!                                at libstd/panicking.rs:221
Oct 31 21:53:47.043 INFO blam!    4:     0x55b838c8054e - std::panicking::rust_panic_with_hook::h0cc6d9cc9f34a947
Oct 31 21:53:47.043 INFO blam!                                at libstd/panicking.rs:476
Oct 31 21:53:47.043 INFO blam!    5:     0x55b838c6ddd7 - std::panicking::begin_panic::h13f8286516c05614
Oct 31 21:53:47.044 INFO blam!                                at libstd/panicking.rs:410
Oct 31 21:53:47.044 INFO blam!    6:     0x55b838c03441 - lib::defenses::deserialize::h998794cc2f973f89
Oct 31 21:53:47.044 INFO blam!                                at src/lib/defenses.rs:49
Oct 31 21:53:47.045 INFO blam!    7:     0x55b838c033a9 - lib::defenses::deserialize::{{closure}}::h6c69fff9e11ff0a9
Oct 31 21:53:47.045 INFO blam!                                at src/lib/defenses.rs:22
Oct 31 21:53:47.045 INFO blam!    8:     0x55b838c1699d - core::ops::function::FnOnce::call_once::hdc3990bf7647d394
Oct 31 21:53:47.045 INFO blam!                                at libcore/ops/function.rs:238
Oct 31 21:53:47.046 INFO blam!    9:     0x55b838c1ddfe - <F as alloc::boxed::FnBox<A>>::call_box::hf32558bd83684b60
Oct 31 21:53:47.046 INFO blam!                                at libtest/lib.rs:1468
Oct 31 21:53:47.046 INFO blam!                                at libcore/ops/function.rs:238
Oct 31 21:53:47.047 INFO blam!                                at liballoc/boxed.rs:672
Oct 31 21:53:47.047 INFO blam!   10:     0x55b838c903b9 - __rust_maybe_catch_panic
Oct 31 21:53:47.047 INFO blam!                                at libpanic_unwind/lib.rs:102
Oct 31 21:53:47.047 INFO blam!   11:     0x55b838c3fa62 - std::sys_common::backtrace::__rust_begin_short_backtrace::h1bb71a7386fd3269
Oct 31 21:53:47.048 INFO blam!                                at libstd/panicking.rs:289
Oct 31 21:53:47.048 INFO blam!                                at libstd/panic.rs:392
Oct 31 21:53:47.048 INFO blam!                                at libtest/lib.rs:1423
Oct 31 21:53:47.048 INFO blam!                                at libstd/sys_common/backtrace.rs:136
Oct 31 21:53:47.049 INFO blam!   12:     0x55b838c40514 - std::panicking::try::do_call::h9b94719c3074bb5c
Oct 31 21:53:47.050 INFO kablam! error: test failed, to rerun pass '--lib'
Oct 31 21:53:47.050 INFO blam!                                at libstd/thread/mod.rs:409
Oct 31 21:53:47.051 INFO kablam! su: No module specific data is present
Oct 31 21:53:47.051 INFO blam!                                at libstd/panic.rs:313
Oct 31 21:53:47.051 INFO blam!                                at libstd/panicking.rs:310
Oct 31 21:53:47.052 INFO blam!   13:     0x55b838c903b9 - __rust_maybe_catch_panic
Oct 31 21:53:47.052 INFO blam!                                at libpanic_unwind/lib.rs:102
Oct 31 21:53:47.052 INFO blam!   14:     0x55b838c2d73c - <F as alloc::boxed::FnBox<A>>::call_box::hb3bcd66d16fd3e84
Oct 31 21:53:47.052 INFO blam!                                at libstd/panicking.rs:289
Oct 31 21:53:47.053 INFO blam!                                at libstd/panic.rs:392
Oct 31 21:53:47.053 INFO blam!                                at libstd/thread/mod.rs:408
Oct 31 21:53:47.053 INFO blam!                                at liballoc/boxed.rs:672
Oct 31 21:53:47.055 INFO blam!   15:     0x55b838c7dd6d - std::sys_common::thread::start_thread::had0c80d121669d29
Oct 31 21:53:47.056 INFO blam!                                at liballoc/boxed.rs:682
Oct 31 21:53:47.056 INFO blam!                                at libstd/sys_common/thread.rs:24
Oct 31 21:53:47.056 INFO blam!   16:     0x55b838c73565 - std::sys::unix::thread::Thread::new::thread_start::h4a5b66a70d76f47f
Oct 31 21:53:47.057 INFO blam!                                at libstd/sys/unix/thread.rs:90
Oct 31 21:53:47.057 INFO blam!   17:     0x7fda48fce6b9 - start_thread
Oct 31 21:53:47.057 INFO blam!   18:     0x7fda48aee41c - clone
Oct 31 21:53:47.058 INFO blam!   19:                0x0 - <unknown>
Oct 31 21:53:47.058 INFO blam! 
Oct 31 21:53:47.059 INFO blam! 
Oct 31 21:53:47.059 INFO blam! failures:
Oct 31 21:53:47.060 INFO blam!     defenses::deserialize
Oct 31 21:53:47.060 INFO blam! 
Oct 31 21:53:47.060 INFO blam! test result: FAILED. 13 passed; 1 failed; 0 ignored; 0 measured; 0 filtered out
Oct 31 21:53:47.060 INFO blam! 
Oct 31 21:53:47.775 INFO running `"docker" "rm" "-f" "c9b387bc2f25dc256a06c37d748e448d52e25369dd560996db83221ebf96f389"`
Oct 31 21:53:48.160 INFO blam! c9b387bc2f25dc256a06c37d748e448d52e25369dd560996db83221ebf96f389
