Oct 31 21:57:14.451 INFO testing scrolliris/nib against beta-2018-10-30 for beta-1.31-1
Oct 31 21:57:14.451 INFO running `"docker" "create" "-v" "/mnt/big/crater/work/local/target-dirs/beta-1.31-1/worker-5/beta-2018-10-30:/target:rw,Z" "-v" "/mnt/big/crater/work/local/test-source/worker-5/beta-1.31-1/beta-2018-10-30:/source:ro,Z" "-v" "/mnt/big/crater/work/local/cargo-home:/cargo-home:ro,Z" "-v" "/mnt/big/crater/work/local/rustup-home:/rustup-home:ro,Z" "-e" "USER_ID=1000" "-e" "SOURCE_DIR=/source" "-e" "USER_ID=1000" "-e" "CMD=cargo +beta-2018-10-30 build --frozen" "-e" "CARGO_TARGET_DIR=/target" "-e" "CARGO_INCREMENTAL=0" "-e" "RUST_BACKTRACE=full" "-e" "RUSTFLAGS=--cap-lints=warn" "-e" "CARGO_HOME=/cargo-home" "-e" "RUSTUP_HOME=/rustup-home" "-m" "1536M" "--network" "none" "crater"`
Oct 31 21:57:14.718 INFO blam! ad53ab21ebedfec68f1bc02a3b8c387e00046d5082138c196fc86e557470a344
Oct 31 21:57:14.721 INFO running `"docker" "start" "-a" "ad53ab21ebedfec68f1bc02a3b8c387e00046d5082138c196fc86e557470a344"`
Oct 31 21:57:15.466 INFO kablam! usermod: no changes
Oct 31 21:57:15.611 INFO kablam!    Compiling proc-macro2 v0.4.18
Oct 31 21:57:15.611 INFO kablam!    Compiling clap v2.32.0
Oct 31 21:57:19.586 INFO kablam!    Compiling quote v0.6.8
Oct 31 21:57:21.028 INFO kablam!    Compiling syn v0.14.9
Oct 31 21:57:31.070 INFO kablam!    Compiling structopt-derive v0.2.10
Oct 31 21:57:33.891 INFO kablam!    Compiling structopt v0.2.10
Oct 31 21:57:34.209 INFO kablam!    Compiling nib v0.0.1 (/source)
Oct 31 21:57:35.323 INFO kablam!     Finished dev [unoptimized + debuginfo] target(s) in 19.84s
Oct 31 21:57:35.331 INFO kablam! su: No module specific data is present
Oct 31 21:57:35.885 INFO running `"docker" "rm" "-f" "ad53ab21ebedfec68f1bc02a3b8c387e00046d5082138c196fc86e557470a344"`
Oct 31 21:57:36.219 INFO blam! ad53ab21ebedfec68f1bc02a3b8c387e00046d5082138c196fc86e557470a344
Oct 31 21:57:36.219 INFO running `"docker" "create" "-v" "/mnt/big/crater/work/local/target-dirs/beta-1.31-1/worker-5/beta-2018-10-30:/target:rw,Z" "-v" "/mnt/big/crater/work/local/test-source/worker-5/beta-1.31-1/beta-2018-10-30:/source:ro,Z" "-v" "/mnt/big/crater/work/local/cargo-home:/cargo-home:ro,Z" "-v" "/mnt/big/crater/work/local/rustup-home:/rustup-home:ro,Z" "-e" "USER_ID=1000" "-e" "SOURCE_DIR=/source" "-e" "USER_ID=1000" "-e" "CMD=cargo +beta-2018-10-30 test --frozen --no-run" "-e" "CARGO_TARGET_DIR=/target" "-e" "CARGO_INCREMENTAL=0" "-e" "RUST_BACKTRACE=full" "-e" "RUSTFLAGS=--cap-lints=warn" "-e" "CARGO_HOME=/cargo-home" "-e" "RUSTUP_HOME=/rustup-home" "-m" "1536M" "--network" "none" "crater"`
Oct 31 21:57:36.544 INFO blam! 9a9586aed072e6d5a692ce402b08eef0394ee964826cf2b8258bc4535a67947d
Oct 31 21:57:36.545 INFO running `"docker" "start" "-a" "9a9586aed072e6d5a692ce402b08eef0394ee964826cf2b8258bc4535a67947d"`
Oct 31 21:57:37.430 INFO kablam! usermod: no changes
Oct 31 21:57:37.559 INFO kablam!    Compiling nib v0.0.1 (/source)
Oct 31 21:57:39.174 INFO kablam!     Finished dev [unoptimized + debuginfo] target(s) in 1.71s
Oct 31 21:57:39.183 INFO kablam! su: No module specific data is present
Oct 31 21:57:39.841 INFO running `"docker" "rm" "-f" "9a9586aed072e6d5a692ce402b08eef0394ee964826cf2b8258bc4535a67947d"`
Oct 31 21:57:40.110 INFO blam! 9a9586aed072e6d5a692ce402b08eef0394ee964826cf2b8258bc4535a67947d
Oct 31 21:57:40.117 INFO running `"docker" "create" "-v" "/mnt/big/crater/work/local/target-dirs/beta-1.31-1/worker-5/beta-2018-10-30:/target:rw,Z" "-v" "/mnt/big/crater/work/local/test-source/worker-5/beta-1.31-1/beta-2018-10-30:/source:ro,Z" "-v" "/mnt/big/crater/work/local/cargo-home:/cargo-home:ro,Z" "-v" "/mnt/big/crater/work/local/rustup-home:/rustup-home:ro,Z" "-e" "USER_ID=1000" "-e" "SOURCE_DIR=/source" "-e" "USER_ID=1000" "-e" "CMD=cargo +beta-2018-10-30 test --frozen" "-e" "CARGO_TARGET_DIR=/target" "-e" "CARGO_INCREMENTAL=0" "-e" "RUST_BACKTRACE=full" "-e" "RUSTFLAGS=--cap-lints=warn" "-e" "CARGO_HOME=/cargo-home" "-e" "RUSTUP_HOME=/rustup-home" "-m" "1536M" "--network" "none" "crater"`
Oct 31 21:57:40.519 INFO blam! 2d8f45e563a182fa222c145db6100001bc246c87788dd1ca6c4f018ae0d5c9c2
Oct 31 21:57:40.525 INFO running `"docker" "start" "-a" "2d8f45e563a182fa222c145db6100001bc246c87788dd1ca6c4f018ae0d5c9c2"`
Oct 31 21:57:41.498 INFO kablam! usermod: no changes
Oct 31 21:57:41.671 INFO kablam!     Finished dev [unoptimized + debuginfo] target(s) in 0.14s
Oct 31 21:57:41.671 INFO kablam!      Running /target/debug/deps/nib-55bee7a1c9a47e25
Oct 31 21:57:41.675 INFO kablam!      Running /target/debug/deps/integration_test-b696eb056d8a5b7c
Oct 31 21:57:41.675 INFO blam! 
Oct 31 21:57:41.676 INFO blam! running 0 tests
Oct 31 21:57:41.676 INFO blam! 
Oct 31 21:57:41.676 INFO blam! test result: ok. 0 passed; 0 failed; 0 ignored; 0 measured; 0 filtered out
Oct 31 21:57:41.676 INFO blam! 
Oct 31 21:57:41.703 INFO blam! 
Oct 31 21:57:41.703 INFO blam! running 2 tests
Oct 31 21:57:41.759 INFO blam! test integration_test::test_run_with_help ... FAILED
Oct 31 21:57:41.768 INFO blam! test integration_test::test_run_with_unknown_option ... FAILED
Oct 31 21:57:41.768 INFO kablam! error: test failed, to rerun pass '--test integration_test'
Oct 31 21:57:41.768 INFO blam! 
Oct 31 21:57:41.769 INFO kablam! su: No module specific data is present
Oct 31 21:57:41.769 INFO blam! failures:
Oct 31 21:57:41.769 INFO blam! 
Oct 31 21:57:41.770 INFO blam! ---- integration_test::test_run_with_help stdout ----
Oct 31 21:57:41.770 INFO blam! thread 'integration_test::test_run_with_help' panicked at 'called `Result::unwrap()` on an `Err` value: Os { code: 2, kind: NotFound, message: "No such file or directory" }', libcore/result.rs:1009:5
Oct 31 21:57:41.770 INFO blam! stack backtrace:
Oct 31 21:57:41.770 INFO blam!    0:     0x556142ed616f - std::sys::unix::backtrace::tracing::imp::unwind_backtrace::h3c55afa80a996a32
Oct 31 21:57:41.771 INFO blam!                                at libstd/sys/unix/backtrace/tracing/gcc_s.rs:49
Oct 31 21:57:41.771 INFO blam!    1:     0x556142ee2957 - std::sys_common::backtrace::print::hcef907ea7a07cd40
Oct 31 21:57:41.771 INFO blam!                                at libstd/sys_common/backtrace.rs:71
Oct 31 21:57:41.772 INFO blam!                                at libstd/sys_common/backtrace.rs:59
Oct 31 21:57:41.772 INFO blam!    2:     0x556142edb50f - std::panicking::default_hook::{{closure}}::hf541876c65f36ea7
Oct 31 21:57:41.772 INFO blam!                                at libstd/panicking.rs:211
Oct 31 21:57:41.772 INFO blam!    3:     0x556142edb20e - std::panicking::default_hook::h4ecc06b30ae4459d
Oct 31 21:57:41.773 INFO blam!                                at libstd/panicking.rs:221
Oct 31 21:57:41.773 INFO blam!    4:     0x556142edbbee - std::panicking::rust_panic_with_hook::h0cc6d9cc9f34a947
Oct 31 21:57:41.773 INFO blam!                                at libstd/panicking.rs:476
Oct 31 21:57:41.773 INFO blam!    5:     0x556142edb791 - std::panicking::continue_panic_fmt::hc71ad5f01496e320
Oct 31 21:57:41.774 INFO blam!                                at libstd/panicking.rs:390
Oct 31 21:57:41.774 INFO blam!    6:     0x556142edb675 - rust_begin_unwind
Oct 31 21:57:41.774 INFO blam!                                at libstd/panicking.rs:325
Oct 31 21:57:41.775 INFO blam!    7:     0x556142f1d8ac - core::panicking::panic_fmt::ha71638b7d4f53c35
Oct 31 21:57:41.775 INFO blam!                                at libcore/panicking.rs:77
Oct 31 21:57:41.775 INFO blam!    8:     0x556142e7ed77 - core::result::unwrap_failed::h8ae45fe9b7c0ecea
Oct 31 21:57:41.775 INFO blam!                                at libcore/macros.rs:26
Oct 31 21:57:41.776 INFO blam!    9:     0x556142e7e800 - <core::result::Result<T, E>>::unwrap::h8a104912c8cd109f
Oct 31 21:57:41.776 INFO blam!                                at libcore/result.rs:808
Oct 31 21:57:41.776 INFO blam!   10:     0x556142e82cf7 - integration_test::integration_test::test_run_with_help::h98d68b1d5177d3bb
Oct 31 21:57:41.777 INFO blam!                                at tests/integration_test.rs:17
Oct 31 21:57:41.777 INFO blam!   11:     0x556142e82c49 - integration_test::integration_test::test_run_with_help::{{closure}}::h4b01263d2faff6fa
Oct 31 21:57:41.777 INFO blam!                                at tests/integration_test.rs:16
Oct 31 21:57:41.778 INFO blam!   12:     0x556142e7c27d - core::ops::function::FnOnce::call_once::h9b084131ebe1fa6c
Oct 31 21:57:41.778 INFO blam!                                at libcore/ops/function.rs:238
Oct 31 21:57:41.778 INFO blam!   13:     0x556142e85c3e - <F as alloc::boxed::FnBox<A>>::call_box::hf32558bd83684b60
Oct 31 21:57:41.778 INFO blam!                                at libtest/lib.rs:1468
Oct 31 21:57:41.779 INFO blam!                                at libcore/ops/function.rs:238
Oct 31 21:57:41.779 INFO blam!                                at liballoc/boxed.rs:672
Oct 31 21:57:41.779 INFO blam!   14:     0x556142eedb89 - __rust_maybe_catch_panic
Oct 31 21:57:41.780 INFO blam!                                at libpanic_unwind/lib.rs:102
Oct 31 21:57:41.780 INFO blam!   15:     0x556142ea78a2 - std::sys_common::backtrace::__rust_begin_short_backtrace::h1bb71a7386fd3269
Oct 31 21:57:41.780 INFO blam!                                at libstd/panicking.rs:289
Oct 31 21:57:41.780 INFO blam!                                at libstd/panic.rs:392
Oct 31 21:57:41.781 INFO blam!                                at libtest/lib.rs:1423
Oct 31 21:57:41.781 INFO blam!                                at libstd/sys_common/backtrace.rs:136
Oct 31 21:57:41.781 INFO blam!   16:     0x556142ea8354 - std::panicking::try::do_call::h9b94719c3074bb5c
Oct 31 21:57:41.782 INFO blam!                                at libstd/thread/mod.rs:409
Oct 31 21:57:41.782 INFO blam!                                at libstd/panic.rs:313
Oct 31 21:57:41.782 INFO blam!                                at libstd/panicking.rs:310
Oct 31 21:57:41.782 INFO blam!   17:     0x556142eedb89 - __rust_maybe_catch_panic
Oct 31 21:57:41.783 INFO blam!                                at libpanic_unwind/lib.rs:102
Oct 31 21:57:41.783 INFO blam!   18:     0x556142e9557c - <F as alloc::boxed::FnBox<A>>::call_box::hb3bcd66d16fd3e84
Oct 31 21:57:41.783 INFO blam!                                at libstd/panicking.rs:289
Oct 31 21:57:41.784 INFO blam!                                at libstd/panic.rs:392
Oct 31 21:57:41.784 INFO blam!                                at libstd/thread/mod.rs:408
Oct 31 21:57:41.784 INFO blam!                                at liballoc/boxed.rs:672
Oct 31 21:57:41.784 INFO blam!   19:     0x556142ed85ad - std::sys_common::thread::start_thread::had0c80d121669d29
Oct 31 21:57:41.785 INFO blam!                                at liballoc/boxed.rs:682
Oct 31 21:57:41.785 INFO blam!                                at libstd/sys_common/thread.rs:24
Oct 31 21:57:41.785 INFO blam!   20:     0x556142ecb975 - std::sys::unix::thread::Thread::new::thread_start::h4a5b66a70d76f47f
Oct 31 21:57:41.786 INFO blam!                                at libstd/sys/unix/thread.rs:90
Oct 31 21:57:41.786 INFO blam!   21:     0x7f0de27666b9 - start_thread
Oct 31 21:57:41.786 INFO blam!   22:     0x7f0de228641c - clone
Oct 31 21:57:41.786 INFO blam!   23:                0x0 - <unknown>
Oct 31 21:57:41.787 INFO blam! 
Oct 31 21:57:41.787 INFO blam! ---- integration_test::test_run_with_unknown_option stdout ----
Oct 31 21:57:41.787 INFO blam! thread 'integration_test::test_run_with_unknown_option' panicked at 'called `Result::unwrap()` on an `Err` value: Os { code: 2, kind: NotFound, message: "No such file or directory" }', libcore/result.rs:1009:5
Oct 31 21:57:41.787 INFO blam! stack backtrace:
Oct 31 21:57:41.788 INFO blam!    0:     0x556142ed616f - std::sys::unix::backtrace::tracing::imp::unwind_backtrace::h3c55afa80a996a32
Oct 31 21:57:41.788 INFO blam!                                at libstd/sys/unix/backtrace/tracing/gcc_s.rs:49
Oct 31 21:57:41.788 INFO blam!    1:     0x556142ee2957 - std::sys_common::backtrace::print::hcef907ea7a07cd40
Oct 31 21:57:41.789 INFO blam!                                at libstd/sys_common/backtrace.rs:71
Oct 31 21:57:41.789 INFO blam!                                at libstd/sys_common/backtrace.rs:59
Oct 31 21:57:41.789 INFO blam!    2:     0x556142edb50f - std::panicking::default_hook::{{closure}}::hf541876c65f36ea7
Oct 31 21:57:41.790 INFO blam!                                at libstd/panicking.rs:211
Oct 31 21:57:41.790 INFO blam!    3:     0x556142edb20e - std::panicking::default_hook::h4ecc06b30ae4459d
Oct 31 21:57:41.790 INFO blam!                                at libstd/panicking.rs:221
Oct 31 21:57:41.790 INFO blam!    4:     0x556142edbbee - std::panicking::rust_panic_with_hook::h0cc6d9cc9f34a947
Oct 31 21:57:41.795 INFO blam!                                at libstd/panicking.rs:476
Oct 31 21:57:41.795 INFO blam!    5:     0x556142edb791 - std::panicking::continue_panic_fmt::hc71ad5f01496e320
Oct 31 21:57:41.795 INFO blam!                                at libstd/panicking.rs:390
Oct 31 21:57:41.796 INFO blam!    6:     0x556142edb675 - rust_begin_unwind
Oct 31 21:57:41.796 INFO blam!                                at libstd/panicking.rs:325
Oct 31 21:57:41.796 INFO blam!    7:     0x556142f1d8ac - core::panicking::panic_fmt::ha71638b7d4f53c35
Oct 31 21:57:41.796 INFO blam!                                at libcore/panicking.rs:77
Oct 31 21:57:41.797 INFO blam!    8:     0x556142e7ed77 - core::result::unwrap_failed::h8ae45fe9b7c0ecea
Oct 31 21:57:41.797 INFO blam!                                at libcore/macros.rs:26
Oct 31 21:57:41.797 INFO blam!    9:     0x556142e7e800 - <core::result::Result<T, E>>::unwrap::h8a104912c8cd109f
Oct 31 21:57:41.797 INFO blam!                                at libcore/result.rs:808
Oct 31 21:57:41.798 INFO blam!   10:     0x556142e82907 - integration_test::integration_test::test_run_with_unknown_option::h80b1fab05445f123
Oct 31 21:57:41.798 INFO blam!                                at tests/integration_test.rs:7
Oct 31 21:57:41.798 INFO blam!   11:     0x556142e82859 - integration_test::integration_test::test_run_with_unknown_option::{{closure}}::h8fd7006aa112fa89
Oct 31 21:57:41.799 INFO blam!                                at tests/integration_test.rs:6
Oct 31 21:57:41.799 INFO blam!   12:     0x556142e7c23d - core::ops::function::FnOnce::call_once::h6007a5b478f2b4b1
Oct 31 21:57:41.799 INFO blam!                                at libcore/ops/function.rs:238
Oct 31 21:57:41.799 INFO blam!   13:     0x556142e85c3e - <F as alloc::boxed::FnBox<A>>::call_box::hf32558bd83684b60
Oct 31 21:57:41.800 INFO blam!                                at libtest/lib.rs:1468
Oct 31 21:57:41.800 INFO blam!                                at libcore/ops/function.rs:238
Oct 31 21:57:41.800 INFO blam!                                at liballoc/boxed.rs:672
Oct 31 21:57:41.801 INFO blam!   14:     0x556142eedb89 - __rust_maybe_catch_panic
Oct 31 21:57:41.801 INFO blam!                                at libpanic_unwind/lib.rs:102
Oct 31 21:57:41.801 INFO blam!   15:     0x556142ea78a2 - std::sys_common::backtrace::__rust_begin_short_backtrace::h1bb71a7386fd3269
Oct 31 21:57:41.801 INFO blam!                                at libstd/panicking.rs:289
Oct 31 21:57:41.802 INFO blam!                                at libstd/panic.rs:392
Oct 31 21:57:41.802 INFO blam!                                at libtest/lib.rs:1423
Oct 31 21:57:41.802 INFO blam!                                at libstd/sys_common/backtrace.rs:136
Oct 31 21:57:41.803 INFO blam!   16:     0x556142ea8354 - std::panicking::try::do_call::h9b94719c3074bb5c
Oct 31 21:57:41.803 INFO blam!                                at libstd/thread/mod.rs:409
Oct 31 21:57:41.803 INFO blam!                                at libstd/panic.rs:313
Oct 31 21:57:41.803 INFO blam!                                at libstd/panicking.rs:310
Oct 31 21:57:41.804 INFO blam!   17:     0x556142eedb89 - __rust_maybe_catch_panic
Oct 31 21:57:41.804 INFO blam!                                at libpanic_unwind/lib.rs:102
Oct 31 21:57:41.804 INFO blam!   18:     0x556142e9557c - <F as alloc::boxed::FnBox<A>>::call_box::hb3bcd66d16fd3e84
Oct 31 21:57:41.805 INFO blam!                                at libstd/panicking.rs:289
Oct 31 21:57:41.805 INFO blam!                                at libstd/panic.rs:392
Oct 31 21:57:41.805 INFO blam!                                at libstd/thread/mod.rs:408
Oct 31 21:57:41.805 INFO blam!                                at liballoc/boxed.rs:672
Oct 31 21:57:41.806 INFO blam!   19:     0x556142ed85ad - std::sys_common::thread::start_thread::had0c80d121669d29
Oct 31 21:57:41.806 INFO blam!                                at liballoc/boxed.rs:682
Oct 31 21:57:41.806 INFO blam!                                at libstd/sys_common/thread.rs:24
Oct 31 21:57:41.807 INFO blam!   20:     0x556142ecb975 - std::sys::unix::thread::Thread::new::thread_start::h4a5b66a70d76f47f
Oct 31 21:57:41.807 INFO blam!                                at libstd/sys/unix/thread.rs:90
Oct 31 21:57:41.807 INFO blam!   21:     0x7f0de27666b9 - start_thread
Oct 31 21:57:41.807 INFO blam!   22:     0x7f0de228641c - clone
Oct 31 21:57:41.808 INFO blam!   23:                0x0 - <unknown>
Oct 31 21:57:41.808 INFO blam! 
Oct 31 21:57:41.808 INFO blam! 
Oct 31 21:57:41.809 INFO blam! failures:
Oct 31 21:57:41.809 INFO blam!     integration_test::test_run_with_help
Oct 31 21:57:41.809 INFO blam!     integration_test::test_run_with_unknown_option
Oct 31 21:57:41.810 INFO blam! 
Oct 31 21:57:41.810 INFO blam! test result: FAILED. 0 passed; 2 failed; 0 ignored; 0 measured; 0 filtered out
Oct 31 21:57:41.810 INFO blam! 
Oct 31 21:57:42.451 INFO running `"docker" "rm" "-f" "2d8f45e563a182fa222c145db6100001bc246c87788dd1ca6c4f018ae0d5c9c2"`
Oct 31 21:57:42.725 INFO blam! 2d8f45e563a182fa222c145db6100001bc246c87788dd1ca6c4f018ae0d5c9c2
