Oct 31 22:22:29.875 INFO testing saks/hb_api against 1.30.0 for beta-1.31-1
Oct 31 22:22:29.876 INFO running `"docker" "create" "-v" "/mnt/big/crater/work/local/target-dirs/beta-1.31-1/worker-5/1.30.0:/target:rw,Z" "-v" "/mnt/big/crater/work/local/test-source/worker-5/beta-1.31-1/1.30.0:/source:ro,Z" "-v" "/mnt/big/crater/work/local/cargo-home:/cargo-home:ro,Z" "-v" "/mnt/big/crater/work/local/rustup-home:/rustup-home:ro,Z" "-e" "USER_ID=1000" "-e" "SOURCE_DIR=/source" "-e" "USER_ID=1000" "-e" "CMD=cargo +1.30.0 build --frozen" "-e" "CARGO_TARGET_DIR=/target" "-e" "CARGO_INCREMENTAL=0" "-e" "RUST_BACKTRACE=full" "-e" "RUSTFLAGS=--cap-lints=warn" "-e" "CARGO_HOME=/cargo-home" "-e" "RUSTUP_HOME=/rustup-home" "-m" "1536M" "--network" "none" "crater"`
Oct 31 22:22:30.447 INFO blam! 990f9a6677c7de4c037c89f180e67a67a6ba92f679ba5e97c523d52c5d95e8cf
Oct 31 22:22:30.455 INFO running `"docker" "start" "-a" "990f9a6677c7de4c037c89f180e67a67a6ba92f679ba5e97c523d52c5d95e8cf"`
Oct 31 22:22:31.487 INFO kablam! usermod: no changes
Oct 31 22:22:31.959 INFO kablam!    Compiling failure_derive v0.1.3
Oct 31 22:22:31.965 INFO kablam!    Compiling arc-swap v0.3.4
Oct 31 22:22:31.965 INFO kablam!    Compiling opaque-debug v0.1.1
Oct 31 22:22:31.966 INFO kablam!    Compiling indexmap v1.0.2
Oct 31 22:22:31.966 INFO kablam!    Compiling libc v0.1.12
Oct 31 22:22:31.977 INFO kablam!    Compiling actix-web v0.7.13
Oct 31 22:22:31.979 INFO kablam!    Compiling log v0.4.6
Oct 31 22:22:31.992 INFO kablam!    Compiling cargon v0.0.1
Oct 31 22:22:32.275 INFO kablam!    Compiling fastpbkdf2 v0.1.0
Oct 31 22:22:34.227 INFO kablam!    Compiling regex-syntax v0.6.2
Oct 31 22:22:34.591 INFO kablam!    Compiling signal-hook v0.1.5
Oct 31 22:22:34.591 INFO kablam!    Compiling mio v0.6.16
Oct 31 22:22:34.616 INFO kablam!    Compiling r2d2 v0.8.2
Oct 31 22:22:34.815 INFO kablam!    Compiling tokio-io v0.1.10
Oct 31 22:22:34.883 INFO kablam!    Compiling http v0.1.13
Oct 31 22:22:35.585 INFO kablam!    Compiling num-integer v0.1.39
Oct 31 22:22:40.252 INFO kablam!    Compiling syn v0.15.17
Oct 31 22:22:40.306 INFO kablam!    Compiling block-cipher-trait v0.5.3
Oct 31 22:22:40.493 INFO kablam!    Compiling pwhash v0.2.0
Oct 31 22:22:41.461 INFO kablam!    Compiling tokio-codec v0.1.1
Oct 31 22:22:42.871 INFO kablam!    Compiling num-iter v0.1.37
Oct 31 22:22:43.503 INFO kablam!    Compiling num-bigint v0.1.44
Oct 31 22:22:46.975 INFO kablam!    Compiling chrono v0.4.6
Oct 31 22:22:47.175 INFO kablam!    Compiling cookie v0.11.0
Oct 31 22:22:47.495 INFO kablam!    Compiling frank_jwt v3.0.2
Oct 31 22:22:50.991 INFO kablam!    Compiling blowfish v0.3.0
Oct 31 22:22:56.107 INFO kablam!    Compiling tokio-threadpool v0.1.8
Oct 31 22:22:56.239 INFO kablam!    Compiling mio-uds v0.6.7
Oct 31 22:22:59.044 INFO kablam!    Compiling bcrypt v0.2.1
Oct 31 22:22:59.089 INFO kablam!    Compiling tokio-reactor v0.1.6
Oct 31 22:23:07.215 INFO kablam!    Compiling num v0.1.42
Oct 31 22:23:07.219 INFO kablam!    Compiling tokio-udp v0.1.2
Oct 31 22:23:07.259 INFO kablam!    Compiling tokio-tcp v0.1.2
Oct 31 22:23:07.275 INFO kablam!    Compiling tokio-uds v0.2.3
Oct 31 22:23:07.763 INFO kablam!    Compiling tokio-signal v0.2.6
Oct 31 22:23:08.059 INFO kablam!    Compiling tokio-fs v0.1.4
Oct 31 22:23:13.616 INFO kablam!    Compiling bigdecimal v0.0.11
Oct 31 22:23:13.671 INFO kablam!    Compiling h2 v0.1.13
Oct 31 22:23:13.859 INFO kablam!    Compiling trust-dns-proto v0.4.3
Oct 31 22:23:13.987 INFO kablam!    Compiling tokio v0.1.11
Oct 31 22:23:14.519 INFO kablam!    Compiling regex v1.0.5
Oct 31 22:23:16.931 INFO kablam!    Compiling diesel v1.3.3
Oct 31 22:23:38.160 INFO kablam!    Compiling env_logger v0.5.13
Oct 31 22:23:38.254 INFO kablam!    Compiling djangohashers v0.3.1
Oct 31 22:23:38.371 INFO kablam!    Compiling trust-dns-resolver v0.9.1
Oct 31 22:23:38.499 INFO kablam!    Compiling synstructure v0.10.1
Oct 31 22:23:38.499 INFO kablam!    Compiling actix_derive v0.3.1
Oct 31 22:23:38.499 INFO kablam!    Compiling serde_derive v1.0.80
Oct 31 22:23:57.459 INFO kablam!    Compiling failure v0.1.3
Oct 31 22:23:58.467 INFO kablam!    Compiling trust-dns-proto v0.5.0-alpha.5
Oct 31 22:23:58.468 INFO kablam!    Compiling actix v0.7.5
Oct 31 22:23:58.468 INFO kablam!    Compiling dotenv v0.13.0
Oct 31 22:24:18.245 INFO kablam!    Compiling trust-dns-resolver v0.10.0-alpha.3
Oct 31 22:24:34.907 INFO kablam!    Compiling actix-net v0.1.1
Oct 31 22:25:12.595 INFO kablam!    Compiling octo-budget-api v0.1.0 (/source)
Oct 31 22:25:30.953 INFO kablam!     Finished dev [unoptimized + debuginfo] target(s) in 2m 59s
Oct 31 22:25:30.970 INFO kablam! su: No module specific data is present
Oct 31 22:25:31.227 INFO running `"docker" "rm" "-f" "990f9a6677c7de4c037c89f180e67a67a6ba92f679ba5e97c523d52c5d95e8cf"`
Oct 31 22:25:31.323 INFO blam! 990f9a6677c7de4c037c89f180e67a67a6ba92f679ba5e97c523d52c5d95e8cf
Oct 31 22:25:31.324 INFO running `"docker" "create" "-v" "/mnt/big/crater/work/local/target-dirs/beta-1.31-1/worker-5/1.30.0:/target:rw,Z" "-v" "/mnt/big/crater/work/local/test-source/worker-5/beta-1.31-1/1.30.0:/source:ro,Z" "-v" "/mnt/big/crater/work/local/cargo-home:/cargo-home:ro,Z" "-v" "/mnt/big/crater/work/local/rustup-home:/rustup-home:ro,Z" "-e" "USER_ID=1000" "-e" "SOURCE_DIR=/source" "-e" "USER_ID=1000" "-e" "CMD=cargo +1.30.0 test --frozen --no-run" "-e" "CARGO_TARGET_DIR=/target" "-e" "CARGO_INCREMENTAL=0" "-e" "RUST_BACKTRACE=full" "-e" "RUSTFLAGS=--cap-lints=warn" "-e" "CARGO_HOME=/cargo-home" "-e" "RUSTUP_HOME=/rustup-home" "-m" "1536M" "--network" "none" "crater"`
Oct 31 22:25:31.518 INFO blam! 9c76a2cd80bd52a5ca12ed4aebe269636a24e529ad8433cfaa6e99027f20e3e0
Oct 31 22:25:31.520 INFO running `"docker" "start" "-a" "9c76a2cd80bd52a5ca12ed4aebe269636a24e529ad8433cfaa6e99027f20e3e0"`
Oct 31 22:25:32.063 INFO kablam! usermod: no changes
Oct 31 22:25:32.407 INFO kablam!    Compiling octo-budget-api v0.1.0 (/source)
Oct 31 22:25:34.683 INFO kablam! warning: unused import: `super::*`
Oct 31 22:25:34.683 INFO kablam!   --> src/apps/records_app/db.rs:57:9
Oct 31 22:25:34.683 INFO kablam!    |
Oct 31 22:25:34.683 INFO kablam! 57 |     use super::*;
Oct 31 22:25:34.683 INFO kablam!    |         ^^^^^^^^
Oct 31 22:25:34.683 INFO kablam!    |
Oct 31 22:25:34.683 INFO kablam!    = note: #[warn(unused_imports)] on by default
Oct 31 22:25:34.683 INFO kablam! 
Oct 31 22:25:49.145 INFO kablam!     Finished dev [unoptimized + debuginfo] target(s) in 17.06s
Oct 31 22:25:49.174 INFO kablam! su: No module specific data is present
Oct 31 22:25:49.779 INFO running `"docker" "rm" "-f" "9c76a2cd80bd52a5ca12ed4aebe269636a24e529ad8433cfaa6e99027f20e3e0"`
Oct 31 22:25:50.056 INFO blam! 9c76a2cd80bd52a5ca12ed4aebe269636a24e529ad8433cfaa6e99027f20e3e0
Oct 31 22:25:50.061 INFO running `"docker" "create" "-v" "/mnt/big/crater/work/local/target-dirs/beta-1.31-1/worker-5/1.30.0:/target:rw,Z" "-v" "/mnt/big/crater/work/local/test-source/worker-5/beta-1.31-1/1.30.0:/source:ro,Z" "-v" "/mnt/big/crater/work/local/cargo-home:/cargo-home:ro,Z" "-v" "/mnt/big/crater/work/local/rustup-home:/rustup-home:ro,Z" "-e" "USER_ID=1000" "-e" "SOURCE_DIR=/source" "-e" "USER_ID=1000" "-e" "CMD=cargo +1.30.0 test --frozen" "-e" "CARGO_TARGET_DIR=/target" "-e" "CARGO_INCREMENTAL=0" "-e" "RUST_BACKTRACE=full" "-e" "RUSTFLAGS=--cap-lints=warn" "-e" "CARGO_HOME=/cargo-home" "-e" "RUSTUP_HOME=/rustup-home" "-m" "1536M" "--network" "none" "crater"`
Oct 31 22:25:50.511 INFO blam! 53dd91e8fc53282f59a7df92663a1184822044a306bd2586ef52a3f69d24c007
Oct 31 22:25:50.523 INFO running `"docker" "start" "-a" "53dd91e8fc53282f59a7df92663a1184822044a306bd2586ef52a3f69d24c007"`
Oct 31 22:25:51.483 INFO kablam! usermod: no changes
Oct 31 22:25:51.798 INFO kablam!     Finished dev [unoptimized + debuginfo] target(s) in 0.28s
Oct 31 22:25:51.819 INFO kablam!      Running /target/debug/deps/octo_budget_api-9a6e7856674096f8
Oct 31 22:25:51.830 INFO blam! 
Oct 31 22:25:51.830 INFO blam! running 13 tests
Oct 31 22:25:51.874 INFO blam! test apps::records_app::db::test::test_foo ... ok
Oct 31 22:25:51.887 INFO blam! test auth_token::test::test_create_token ... ok
Oct 31 22:25:51.894 INFO blam! test auth_token::test::test_verify_expired_token ... ok
Oct 31 22:25:51.903 INFO blam! test auth_token::test::test_verify_token ... ok
Oct 31 22:25:51.907 INFO blam! test auth_token::test::test_verify_token_with_wrong_signature ... ok
Oct 31 22:25:51.907 INFO blam! test db::auth::test::test_find_existing_user ... ok
Oct 31 22:25:52.034 INFO blam! test apps::auth_app::utils::test::test_validate_password_err ... ok
Oct 31 22:25:52.034 INFO blam! test apps::auth_app::utils::test::test_validate_password_ok ... ok
Oct 31 22:25:52.119 INFO blam! test apps::auth_app::test::test_not_json_body ... FAILED
Oct 31 22:25:52.128 INFO blam! test apps::records_app::test::test_auth_required_for_records_app ... FAILED
Oct 31 22:25:52.129 INFO blam! test apps::records_app::test::test_auth_success_for_records_app ... FAILED
Oct 31 22:25:52.129 INFO blam! test apps::auth_app::utils::test::test_generate_token ... ok
Oct 31 22:25:52.129 INFO blam! test apps::auth_app::test::test_validation ... FAILED
Oct 31 22:25:52.129 INFO blam! 
Oct 31 22:25:52.130 INFO blam! failures:
Oct 31 22:25:52.130 INFO blam! 
Oct 31 22:25:52.130 INFO blam! ---- apps::auth_app::test::test_not_json_body stdout ----
Oct 31 22:25:52.131 INFO blam! thread 'apps::auth_app::test::test_not_json_body' panicked at 'Failed to parse .env file', libcore/option.rs:1000:5
Oct 31 22:25:52.131 INFO blam! stack backtrace:
Oct 31 22:25:52.131 INFO blam!    0:     0x5649bebe1d1e - std::sys::unix::backtrace::tracing::imp::unwind_backtrace::hf5316c67202e23c8
Oct 31 22:25:52.132 INFO blam!                                at libstd/sys/unix/backtrace/tracing/gcc_s.rs:49
Oct 31 22:25:52.132 INFO blam!    1:     0x5649bebd2626 - std::sys_common::backtrace::print::h3068ed2a6dc7ac86
Oct 31 22:25:52.132 INFO blam!                                at libstd/sys_common/backtrace.rs:71
Oct 31 22:25:52.133 INFO blam!                                at libstd/sys_common/backtrace.rs:59
Oct 31 22:25:52.133 INFO blam!    2:     0x5649bebd08cd - std::panicking::default_hook::{{closure}}::h1b9d29cc09d41897
Oct 31 22:25:52.133 INFO blam!                                at libstd/panicking.rs:211
Oct 31 22:25:52.133 INFO blam!    3:     0x5649bebd05db - std::panicking::default_hook::h3a27b204a313406b
Oct 31 22:25:52.134 INFO blam!                                at libstd/panicking.rs:221
Oct 31 22:25:52.134 INFO blam!    4:     0x5649bebd0f7c - std::panicking::rust_panic_with_hook::h0e12cb2fc86d00fa
Oct 31 22:25:52.134 INFO blam!                                at libstd/panicking.rs:477
Oct 31 22:25:52.135 INFO blam!    5:     0x5649bebd0b39 - std::panicking::continue_panic_fmt::h141671b29fe0e27d
Oct 31 22:25:52.135 INFO blam!                                at libstd/panicking.rs:391
Oct 31 22:25:52.135 INFO blam!    6:     0x5649bebd0a35 - rust_begin_unwind
Oct 31 22:25:52.135 INFO blam!                                at libstd/panicking.rs:326
Oct 31 22:25:52.136 INFO blam!    7:     0x5649bec1d72b - core::panicking::panic_fmt::h429a06507aba9228
Oct 31 22:25:52.136 INFO blam!                                at libcore/panicking.rs:77
Oct 31 22:25:52.136 INFO kablam! error: test failed, to rerun pass '--bin octo-budget-api'
Oct 31 22:25:52.137 INFO blam!    8:     0x5649bec1d7a1 - core::option::expect_failed::h4c79c3aae6612643
Oct 31 22:25:52.137 INFO blam!                                at libcore/option.rs:1000
Oct 31 22:25:52.137 INFO blam!    9:     0x5649bdf92373 - <core::option::Option<T>>::expect::heaa1cf4a38dfbac9
Oct 31 22:25:52.138 INFO kablam! su: No module specific data is present
Oct 31 22:25:52.138 INFO blam!                                at libcore/option.rs:312
Oct 31 22:25:52.138 INFO blam!   10:     0x5649be0a2f78 - octo_budget_api::apps::auth_app::test::setup::h01bcd033c59d7889
Oct 31 22:25:52.138 INFO blam!                                at src/apps/auth_app/mod.rs:60
Oct 31 22:25:52.139 INFO blam!   11:     0x5649be0a5083 - octo_budget_api::apps::auth_app::test::test_not_json_body::hed94837c605a531b
Oct 31 22:25:52.139 INFO blam!                                at src/apps/auth_app/mod.rs:90
Oct 31 22:25:52.139 INFO blam!   12:     0x5649be0a5059 - octo_budget_api::apps::auth_app::test::test_not_json_body::{{closure}}::habf7c9c39235d948
Oct 31 22:25:52.140 INFO blam!                                at src/apps/auth_app/mod.rs:89
Oct 31 22:25:52.140 INFO blam!   13:     0x5649bdf4dfed - core::ops::function::FnOnce::call_once::h4ea2d3bead26ee03
Oct 31 22:25:52.140 INFO blam!                                at libcore/ops/function.rs:238
Oct 31 22:25:52.140 INFO blam!   14:     0x5649be0c668e - <F as alloc::boxed::FnBox<A>>::call_box::ha9910eac2d17ff23
Oct 31 22:25:52.141 INFO blam!                                at libtest/lib.rs:1461
Oct 31 22:25:52.141 INFO blam!                                at libcore/ops/function.rs:238
Oct 31 22:25:52.141 INFO blam!                                at liballoc/boxed.rs:646
Oct 31 22:25:52.142 INFO blam!   15:     0x5649bebf1349 - __rust_maybe_catch_panic
Oct 31 22:25:52.142 INFO blam!                                at libpanic_unwind/lib.rs:103
Oct 31 22:25:52.142 INFO blam!   16:     0x5649be0d1f9d - std::sys_common::backtrace::__rust_begin_short_backtrace::h470b05235fe5e5ad
Oct 31 22:25:52.143 INFO blam!                                at libstd/panicking.rs:289
Oct 31 22:25:52.143 INFO blam!                                at libstd/panic.rs:392
Oct 31 22:25:52.143 INFO blam!                                at libtest/lib.rs:1416
Oct 31 22:25:52.143 INFO blam!                                at libstd/sys_common/backtrace.rs:136
Oct 31 22:25:52.144 INFO blam!   17:     0x5649be0ea5d4 - std::panicking::try::do_call::h1f0578498122cc00
Oct 31 22:25:52.144 INFO blam!                                at libstd/thread/mod.rs:409
Oct 31 22:25:52.144 INFO blam!                                at libstd/panic.rs:313
Oct 31 22:25:52.144 INFO blam!                                at libstd/panicking.rs:310
Oct 31 22:25:52.145 INFO blam!   18:     0x5649bebf1349 - __rust_maybe_catch_panic
Oct 31 22:25:52.145 INFO blam!                                at libpanic_unwind/lib.rs:103
Oct 31 22:25:52.145 INFO blam!   19:     0x5649be0daea6 - <F as alloc::boxed::FnBox<A>>::call_box::h7b129f9f235ab460
Oct 31 22:25:52.146 INFO blam!                                at libstd/panicking.rs:289
Oct 31 22:25:52.146 INFO blam!                                at libstd/panic.rs:392
Oct 31 22:25:52.146 INFO blam!                                at libstd/thread/mod.rs:408
Oct 31 22:25:52.146 INFO blam!                                at liballoc/boxed.rs:646
Oct 31 22:25:52.147 INFO blam!   20:     0x5649bebe3baa - std::sys_common::thread::start_thread::hb77935aee02382da
Oct 31 22:25:52.147 INFO blam!                                at liballoc/boxed.rs:656
Oct 31 22:25:52.147 INFO blam!                                at libstd/sys_common/thread.rs:24
Oct 31 22:25:52.148 INFO blam!   21:     0x5649bebd1735 - std::sys::unix::thread::Thread::new::thread_start::hd61f7429b3de1d75
Oct 31 22:25:52.148 INFO blam!                                at libstd/sys/unix/thread.rs:90
Oct 31 22:25:52.148 INFO blam!   22:     0x7f864eef66b9 - start_thread
Oct 31 22:25:52.149 INFO blam!   23:     0x7f864f95041c - clone
Oct 31 22:25:52.149 INFO blam!   24:                0x0 - <unknown>
Oct 31 22:25:52.149 INFO blam! 
Oct 31 22:25:52.149 INFO blam! ---- apps::records_app::test::test_auth_required_for_records_app stdout ----
Oct 31 22:25:52.150 INFO blam! thread 'apps::records_app::test::test_auth_required_for_records_app' panicked at 'Failed to parse .env file', libcore/option.rs:1000:5
Oct 31 22:25:52.150 INFO blam! stack backtrace:
Oct 31 22:25:52.150 INFO blam!    0:     0x5649bebe1d1e - std::sys::unix::backtrace::tracing::imp::unwind_backtrace::hf5316c67202e23c8
Oct 31 22:25:52.151 INFO blam!                                at libstd/sys/unix/backtrace/tracing/gcc_s.rs:49
Oct 31 22:25:52.151 INFO blam!    1:     0x5649bebd2626 - std::sys_common::backtrace::print::h3068ed2a6dc7ac86
Oct 31 22:25:52.151 INFO blam!                                at libstd/sys_common/backtrace.rs:71
Oct 31 22:25:52.152 INFO blam!                                at libstd/sys_common/backtrace.rs:59
Oct 31 22:25:52.152 INFO blam!    2:     0x5649bebd08cd - std::panicking::default_hook::{{closure}}::h1b9d29cc09d41897
Oct 31 22:25:52.152 INFO blam!                                at libstd/panicking.rs:211
Oct 31 22:25:52.152 INFO blam!    3:     0x5649bebd05db - std::panicking::default_hook::h3a27b204a313406b
Oct 31 22:25:52.153 INFO blam!                                at libstd/panicking.rs:221
Oct 31 22:25:52.153 INFO blam!    4:     0x5649bebd0f7c - std::panicking::rust_panic_with_hook::h0e12cb2fc86d00fa
Oct 31 22:25:52.153 INFO blam!                                at libstd/panicking.rs:477
Oct 31 22:25:52.153 INFO blam!    5:     0x5649bebd0b39 - std::panicking::continue_panic_fmt::h141671b29fe0e27d
Oct 31 22:25:52.154 INFO blam!                                at libstd/panicking.rs:391
Oct 31 22:25:52.154 INFO blam!    6:     0x5649bebd0a35 - rust_begin_unwind
Oct 31 22:25:52.155 INFO blam!                                at libstd/panicking.rs:326
Oct 31 22:25:52.155 INFO blam!    7:     0x5649bec1d72b - core::panicking::panic_fmt::h429a06507aba9228
Oct 31 22:25:52.155 INFO blam!                                at libcore/panicking.rs:77
Oct 31 22:25:52.155 INFO blam!    8:     0x5649bec1d7a1 - core::option::expect_failed::h4c79c3aae6612643
Oct 31 22:25:52.156 INFO blam!                                at libcore/option.rs:1000
Oct 31 22:25:52.156 INFO blam!    9:     0x5649bdf92373 - <core::option::Option<T>>::expect::heaa1cf4a38dfbac9
Oct 31 22:25:52.156 INFO blam!                                at libcore/option.rs:312
Oct 31 22:25:52.157 INFO blam!   10:     0x5649be0064e8 - octo_budget_api::apps::records_app::test::setup::h4a9193f20cc629e0
Oct 31 22:25:52.157 INFO blam!                                at src/apps/records_app/mod.rs:73
Oct 31 22:25:52.157 INFO blam!   11:     0x5649be006fd3 - octo_budget_api::apps::records_app::test::test_auth_required_for_records_app::habe358ced6acc37a
Oct 31 22:25:52.157 INFO blam!                                at src/apps/records_app/mod.rs:92
Oct 31 22:25:52.158 INFO blam!   12:     0x5649be006fa9 - octo_budget_api::apps::records_app::test::test_auth_required_for_records_app::{{closure}}::h1508f62c1e14a818
Oct 31 22:25:52.158 INFO blam!                                at src/apps/records_app/mod.rs:91
Oct 31 22:25:52.158 INFO blam!   13:     0x5649bdf4dced - core::ops::function::FnOnce::call_once::h363fc5d0bb9dafd7
Oct 31 22:25:52.159 INFO blam!                                at libcore/ops/function.rs:238
Oct 31 22:25:52.159 INFO blam!   14:     0x5649be0c668e - <F as alloc::boxed::FnBox<A>>::call_box::ha9910eac2d17ff23
Oct 31 22:25:52.159 INFO blam!                                at libtest/lib.rs:1461
Oct 31 22:25:52.160 INFO blam!                                at libcore/ops/function.rs:238
Oct 31 22:25:52.160 INFO blam!                                at liballoc/boxed.rs:646
Oct 31 22:25:52.160 INFO blam!   15:     0x5649bebf1349 - __rust_maybe_catch_panic
Oct 31 22:25:52.160 INFO blam!                                at libpanic_unwind/lib.rs:103
Oct 31 22:25:52.161 INFO blam!   16:     0x5649be0d1f9d - std::sys_common::backtrace::__rust_begin_short_backtrace::h470b05235fe5e5ad
Oct 31 22:25:52.161 INFO blam!                                at libstd/panicking.rs:289
Oct 31 22:25:52.161 INFO blam!                                at libstd/panic.rs:392
Oct 31 22:25:52.162 INFO blam!                                at libtest/lib.rs:1416
Oct 31 22:25:52.162 INFO blam!                                at libstd/sys_common/backtrace.rs:136
Oct 31 22:25:52.162 INFO blam!   17:     0x5649be0ea5d4 - std::panicking::try::do_call::h1f0578498122cc00
Oct 31 22:25:52.162 INFO blam!                                at libstd/thread/mod.rs:409
Oct 31 22:25:52.163 INFO blam!                                at libstd/panic.rs:313
Oct 31 22:25:52.163 INFO blam!                                at libstd/panicking.rs:310
Oct 31 22:25:52.163 INFO blam!   18:     0x5649bebf1349 - __rust_maybe_catch_panic
Oct 31 22:25:52.164 INFO blam!                                at libpanic_unwind/lib.rs:103
Oct 31 22:25:52.164 INFO blam!   19:     0x5649be0daea6 - <F as alloc::boxed::FnBox<A>>::call_box::h7b129f9f235ab460
Oct 31 22:25:52.164 INFO blam!                                at libstd/panicking.rs:289
Oct 31 22:25:52.165 INFO blam!                                at libstd/panic.rs:392
Oct 31 22:25:52.165 INFO blam!                                at libstd/thread/mod.rs:408
Oct 31 22:25:52.165 INFO blam!                                at liballoc/boxed.rs:646
Oct 31 22:25:52.166 INFO blam!   20:     0x5649bebe3baa - std::sys_common::thread::start_thread::hb77935aee02382da
Oct 31 22:25:52.166 INFO blam!                                at liballoc/boxed.rs:656
Oct 31 22:25:52.166 INFO blam!                                at libstd/sys_common/thread.rs:24
Oct 31 22:25:52.166 INFO blam!   21:     0x5649bebd1735 - std::sys::unix::thread::Thread::new::thread_start::hd61f7429b3de1d75
Oct 31 22:25:52.167 INFO blam!                                at libstd/sys/unix/thread.rs:90
Oct 31 22:25:52.167 INFO blam!   22:     0x7f864eef66b9 - start_thread
Oct 31 22:25:52.167 INFO blam!   23:     0x7f864f95041c - clone
Oct 31 22:25:52.168 INFO blam!   24:                0x0 - <unknown>
Oct 31 22:25:52.168 INFO blam! 
Oct 31 22:25:52.168 INFO blam! ---- apps::records_app::test::test_auth_success_for_records_app stdout ----
Oct 31 22:25:52.168 INFO blam! thread 'apps::records_app::test::test_auth_success_for_records_app' panicked at 'Failed to parse .env file', libcore/option.rs:1000:5
Oct 31 22:25:52.169 INFO blam! stack backtrace:
Oct 31 22:25:52.169 INFO blam!    0:     0x5649bebe1d1e - std::sys::unix::backtrace::tracing::imp::unwind_backtrace::hf5316c67202e23c8
Oct 31 22:25:52.169 INFO blam!                                at libstd/sys/unix/backtrace/tracing/gcc_s.rs:49
Oct 31 22:25:52.169 INFO blam!    1:     0x5649bebd2626 - std::sys_common::backtrace::print::h3068ed2a6dc7ac86
Oct 31 22:25:52.170 INFO blam!                                at libstd/sys_common/backtrace.rs:71
Oct 31 22:25:52.170 INFO blam!                                at libstd/sys_common/backtrace.rs:59
Oct 31 22:25:52.170 INFO blam!    2:     0x5649bebd08cd - std::panicking::default_hook::{{closure}}::h1b9d29cc09d41897
Oct 31 22:25:52.175 INFO blam!                                at libstd/panicking.rs:211
Oct 31 22:25:52.175 INFO blam!    3:     0x5649bebd05db - std::panicking::default_hook::h3a27b204a313406b
Oct 31 22:25:52.175 INFO blam!                                at libstd/panicking.rs:221
Oct 31 22:25:52.175 INFO blam!    4:     0x5649bebd0f7c - std::panicking::rust_panic_with_hook::h0e12cb2fc86d00fa
Oct 31 22:25:52.176 INFO blam!                                at libstd/panicking.rs:477
Oct 31 22:25:52.176 INFO blam!    5:     0x5649bebd0b39 - std::panicking::continue_panic_fmt::h141671b29fe0e27d
Oct 31 22:25:52.176 INFO blam!                                at libstd/panicking.rs:391
Oct 31 22:25:52.176 INFO blam!    6:     0x5649bebd0a35 - rust_begin_unwind
Oct 31 22:25:52.177 INFO blam!                                at libstd/panicking.rs:326
Oct 31 22:25:52.177 INFO blam!    7:     0x5649bec1d72b - core::panicking::panic_fmt::h429a06507aba9228
Oct 31 22:25:52.177 INFO blam!                                at libcore/panicking.rs:77
Oct 31 22:25:52.177 INFO blam!    8:     0x5649bec1d7a1 - core::option::expect_failed::h4c79c3aae6612643
Oct 31 22:25:52.178 INFO blam!                                at libcore/option.rs:1000
Oct 31 22:25:52.178 INFO blam!    9:     0x5649bdf92373 - <core::option::Option<T>>::expect::heaa1cf4a38dfbac9
Oct 31 22:25:52.178 INFO blam!                                at libcore/option.rs:312
Oct 31 22:25:52.178 INFO blam!   10:     0x5649be0064e8 - octo_budget_api::apps::records_app::test::setup::h4a9193f20cc629e0
Oct 31 22:25:52.179 INFO blam!                                at src/apps/records_app/mod.rs:73
Oct 31 22:25:52.179 INFO blam!   11:     0x5649be00740b - octo_budget_api::apps::records_app::test::test_auth_success_for_records_app::hc54cf80a82518d76
Oct 31 22:25:52.179 INFO blam!                                at src/apps/records_app/mod.rs:108
Oct 31 22:25:52.179 INFO blam!   12:     0x5649be0073d9 - octo_budget_api::apps::records_app::test::test_auth_success_for_records_app::{{closure}}::hf7a43b5ed23c695b
Oct 31 22:25:52.180 INFO blam!                                at src/apps/records_app/mod.rs:107
Oct 31 22:25:52.180 INFO blam!   13:     0x5649bdf4dfad - core::ops::function::FnOnce::call_once::h45e6a769b96969b9
Oct 31 22:25:52.180 INFO blam!                                at libcore/ops/function.rs:238
Oct 31 22:25:52.180 INFO blam!   14:     0x5649be0c668e - <F as alloc::boxed::FnBox<A>>::call_box::ha9910eac2d17ff23
Oct 31 22:25:52.181 INFO blam!                                at libtest/lib.rs:1461
Oct 31 22:25:52.181 INFO blam!                                at libcore/ops/function.rs:238
Oct 31 22:25:52.181 INFO blam!                                at liballoc/boxed.rs:646
Oct 31 22:25:52.181 INFO blam!   15:     0x5649bebf1349 - __rust_maybe_catch_panic
Oct 31 22:25:52.182 INFO blam!                                at libpanic_unwind/lib.rs:103
Oct 31 22:25:52.182 INFO blam!   16:     0x5649be0d1f9d - std::sys_common::backtrace::__rust_begin_short_backtrace::h470b05235fe5e5ad
Oct 31 22:25:52.182 INFO blam!                                at libstd/panicking.rs:289
Oct 31 22:25:52.183 INFO blam!                                at libstd/panic.rs:392
Oct 31 22:25:52.183 INFO blam!                                at libtest/lib.rs:1416
Oct 31 22:25:52.183 INFO blam!                                at libstd/sys_common/backtrace.rs:136
Oct 31 22:25:52.183 INFO blam!   17:     0x5649be0ea5d4 - std::panicking::try::do_call::h1f0578498122cc00
Oct 31 22:25:52.184 INFO blam!                                at libstd/thread/mod.rs:409
Oct 31 22:25:52.184 INFO blam!                                at libstd/panic.rs:313
Oct 31 22:25:52.184 INFO blam!                                at libstd/panicking.rs:310
Oct 31 22:25:52.184 INFO blam!   18:     0x5649bebf1349 - __rust_maybe_catch_panic
Oct 31 22:25:52.185 INFO blam!                                at libpanic_unwind/lib.rs:103
Oct 31 22:25:52.185 INFO blam!   19:     0x5649be0daea6 - <F as alloc::boxed::FnBox<A>>::call_box::h7b129f9f235ab460
Oct 31 22:25:52.185 INFO blam!                                at libstd/panicking.rs:289
Oct 31 22:25:52.186 INFO blam!                                at libstd/panic.rs:392
Oct 31 22:25:52.186 INFO blam!                                at libstd/thread/mod.rs:408
Oct 31 22:25:52.186 INFO blam!                                at liballoc/boxed.rs:646
Oct 31 22:25:52.186 INFO blam!   20:     0x5649bebe3baa - std::sys_common::thread::start_thread::hb77935aee02382da
Oct 31 22:25:52.187 INFO blam!                                at liballoc/boxed.rs:656
Oct 31 22:25:52.187 INFO blam!                                at libstd/sys_common/thread.rs:24
Oct 31 22:25:52.187 INFO blam!   21:     0x5649bebd1735 - std::sys::unix::thread::Thread::new::thread_start::hd61f7429b3de1d75
Oct 31 22:25:52.188 INFO blam!                                at libstd/sys/unix/thread.rs:90
Oct 31 22:25:52.188 INFO blam!   22:     0x7f864eef66b9 - start_thread
Oct 31 22:25:52.188 INFO blam!   23:     0x7f864f95041c - clone
Oct 31 22:25:52.188 INFO blam!   24:                0x0 - <unknown>
Oct 31 22:25:52.189 INFO blam! 
Oct 31 22:25:52.189 INFO blam! ---- apps::auth_app::test::test_validation stdout ----
Oct 31 22:25:52.189 INFO blam! thread 'apps::auth_app::test::test_validation' panicked at 'Failed to parse .env file', libcore/option.rs:1000:5
Oct 31 22:25:52.190 INFO blam! stack backtrace:
Oct 31 22:25:52.190 INFO blam!    0:     0x5649bebe1d1e - std::sys::unix::backtrace::tracing::imp::unwind_backtrace::hf5316c67202e23c8
Oct 31 22:25:52.190 INFO blam!                                at libstd/sys/unix/backtrace/tracing/gcc_s.rs:49
Oct 31 22:25:52.191 INFO blam!    1:     0x5649bebd2626 - std::sys_common::backtrace::print::h3068ed2a6dc7ac86
Oct 31 22:25:52.191 INFO blam!                                at libstd/sys_common/backtrace.rs:71
Oct 31 22:25:52.191 INFO blam!                                at libstd/sys_common/backtrace.rs:59
Oct 31 22:25:52.191 INFO blam!    2:     0x5649bebd08cd - std::panicking::default_hook::{{closure}}::h1b9d29cc09d41897
Oct 31 22:25:52.192 INFO blam!                                at libstd/panicking.rs:211
Oct 31 22:25:52.192 INFO blam!    3:     0x5649bebd05db - std::panicking::default_hook::h3a27b204a313406b
Oct 31 22:25:52.192 INFO blam!                                at libstd/panicking.rs:221
Oct 31 22:25:52.193 INFO blam!    4:     0x5649bebd0f7c - std::panicking::rust_panic_with_hook::h0e12cb2fc86d00fa
Oct 31 22:25:52.193 INFO blam!                                at libstd/panicking.rs:477
Oct 31 22:25:52.193 INFO blam!    5:     0x5649bebd0b39 - std::panicking::continue_panic_fmt::h141671b29fe0e27d
Oct 31 22:25:52.193 INFO blam!                                at libstd/panicking.rs:391
Oct 31 22:25:52.194 INFO blam!    6:     0x5649bebd0a35 - rust_begin_unwind
Oct 31 22:25:52.194 INFO blam!                                at libstd/panicking.rs:326
Oct 31 22:25:52.194 INFO blam!    7:     0x5649bec1d72b - core::panicking::panic_fmt::h429a06507aba9228
Oct 31 22:25:52.195 INFO blam!                                at libcore/panicking.rs:77
Oct 31 22:25:52.195 INFO blam!    8:     0x5649bec1d7a1 - core::option::expect_failed::h4c79c3aae6612643
Oct 31 22:25:52.195 INFO blam!                                at libcore/option.rs:1000
Oct 31 22:25:52.196 INFO blam!    9:     0x5649bdf92373 - <core::option::Option<T>>::expect::heaa1cf4a38dfbac9
Oct 31 22:25:52.196 INFO blam!                                at libcore/option.rs:312
Oct 31 22:25:52.196 INFO blam!   10:     0x5649be0a2f78 - octo_budget_api::apps::auth_app::test::setup::h01bcd033c59d7889
Oct 31 22:25:52.196 INFO blam!                                at src/apps/auth_app/mod.rs:60
Oct 31 22:25:52.196 INFO blam!   11:     0x5649be0a44c1 - octo_budget_api::apps::auth_app::test::test_validation::h0753862e3a86fea0
Oct 31 22:25:52.196 INFO blam!                                at src/apps/auth_app/mod.rs:65
Oct 31 22:25:52.196 INFO blam!   12:     0x5649be0a4479 - octo_budget_api::apps::auth_app::test::test_validation::{{closure}}::hd5bcc162eba742a2
Oct 31 22:25:52.196 INFO blam!                                at src/apps/auth_app/mod.rs:64
Oct 31 22:25:52.196 INFO blam!   13:     0x5649bdf4e7ad - core::ops::function::FnOnce::call_once::hccef29543766bb2f
Oct 31 22:25:52.196 INFO blam!                                at libcore/ops/function.rs:238
Oct 31 22:25:52.196 INFO blam!   14:     0x5649be0c668e - <F as alloc::boxed::FnBox<A>>::call_box::ha9910eac2d17ff23
Oct 31 22:25:52.196 INFO blam!                                at libtest/lib.rs:1461
Oct 31 22:25:52.196 INFO blam!                                at libcore/ops/function.rs:238
Oct 31 22:25:52.196 INFO blam!                                at liballoc/boxed.rs:646
Oct 31 22:25:52.196 INFO blam!   15:     0x5649bebf1349 - __rust_maybe_catch_panic
Oct 31 22:25:52.196 INFO blam!                                at libpanic_unwind/lib.rs:103
Oct 31 22:25:52.196 INFO blam!   16:     0x5649be0d1f9d - std::sys_common::backtrace::__rust_begin_short_backtrace::h470b05235fe5e5ad
Oct 31 22:25:52.196 INFO blam!                                at libstd/panicking.rs:289
Oct 31 22:25:52.196 INFO blam!                                at libstd/panic.rs:392
Oct 31 22:25:52.196 INFO blam!                                at libtest/lib.rs:1416
Oct 31 22:25:52.196 INFO blam!                                at libstd/sys_common/backtrace.rs:136
Oct 31 22:25:52.196 INFO blam!   17:     0x5649be0ea5d4 - std::panicking::try::do_call::h1f0578498122cc00
Oct 31 22:25:52.196 INFO blam!                                at libstd/thread/mod.rs:409
Oct 31 22:25:52.196 INFO blam!                                at libstd/panic.rs:313
Oct 31 22:25:52.196 INFO blam!                                at libstd/panicking.rs:310
Oct 31 22:25:52.196 INFO blam!   18:     0x5649bebf1349 - __rust_maybe_catch_panic
Oct 31 22:25:52.196 INFO blam!                                at libpanic_unwind/lib.rs:103
Oct 31 22:25:52.196 INFO blam!   19:     0x5649be0daea6 - <F as alloc::boxed::FnBox<A>>::call_box::h7b129f9f235ab460
Oct 31 22:25:52.197 INFO blam!                                at libstd/panicking.rs:289
Oct 31 22:25:52.197 INFO blam!                                at libstd/panic.rs:392
Oct 31 22:25:52.197 INFO blam!                                at libstd/thread/mod.rs:408
Oct 31 22:25:52.197 INFO blam!                                at liballoc/boxed.rs:646
Oct 31 22:25:52.197 INFO blam!   20:     0x5649bebe3baa - std::sys_common::thread::start_thread::hb77935aee02382da
Oct 31 22:25:52.197 INFO blam!                                at liballoc/boxed.rs:656
Oct 31 22:25:52.197 INFO blam!                                at libstd/sys_common/thread.rs:24
Oct 31 22:25:52.197 INFO blam!   21:     0x5649bebd1735 - std::sys::unix::thread::Thread::new::thread_start::hd61f7429b3de1d75
Oct 31 22:25:52.197 INFO blam!                                at libstd/sys/unix/thread.rs:90
Oct 31 22:25:52.197 INFO blam!   22:     0x7f864eef66b9 - start_thread
Oct 31 22:25:52.197 INFO blam!   23:     0x7f864f95041c - clone
Oct 31 22:25:52.204 INFO blam!   24:                0x0 - <unknown>
Oct 31 22:25:52.205 INFO blam! 
Oct 31 22:25:52.205 INFO blam! 
Oct 31 22:25:52.205 INFO blam! failures:
Oct 31 22:25:52.205 INFO blam!     apps::auth_app::test::test_not_json_body
Oct 31 22:25:52.206 INFO blam!     apps::auth_app::test::test_validation
Oct 31 22:25:52.206 INFO blam!     apps::records_app::test::test_auth_required_for_records_app
Oct 31 22:25:52.206 INFO blam!     apps::records_app::test::test_auth_success_for_records_app
Oct 31 22:25:52.207 INFO blam! 
Oct 31 22:25:52.207 INFO blam! test result: FAILED. 9 passed; 4 failed; 0 ignored; 0 measured; 0 filtered out
Oct 31 22:25:52.207 INFO blam! 
Oct 31 22:25:52.811 INFO running `"docker" "rm" "-f" "53dd91e8fc53282f59a7df92663a1184822044a306bd2586ef52a3f69d24c007"`
Oct 31 22:25:53.005 INFO blam! 53dd91e8fc53282f59a7df92663a1184822044a306bd2586ef52a3f69d24c007
