Oct 31 23:24:48.586 INFO testing rharel/rust-squid-downloader against beta-2018-10-30 for beta-1.31-1
Oct 31 23:24:48.587 INFO running `"docker" "create" "-v" "/mnt/big/crater/work/local/target-dirs/beta-1.31-1/worker-0/beta-2018-10-30:/target:rw,Z" "-v" "/mnt/big/crater/work/local/test-source/worker-0/beta-1.31-1/beta-2018-10-30:/source:ro,Z" "-v" "/mnt/big/crater/work/local/cargo-home:/cargo-home:ro,Z" "-v" "/mnt/big/crater/work/local/rustup-home:/rustup-home:ro,Z" "-e" "USER_ID=1000" "-e" "SOURCE_DIR=/source" "-e" "USER_ID=1000" "-e" "CMD=cargo +beta-2018-10-30 build --frozen" "-e" "CARGO_TARGET_DIR=/target" "-e" "CARGO_INCREMENTAL=0" "-e" "RUST_BACKTRACE=full" "-e" "RUSTFLAGS=--cap-lints=warn" "-e" "CARGO_HOME=/cargo-home" "-e" "RUSTUP_HOME=/rustup-home" "-m" "1536M" "--network" "none" "crater"`
Oct 31 23:24:49.171 INFO blam! b67e018a4aaeb442658265969bee893e1d21ac8f4dd19cea95bd39d8e0bfc786
Oct 31 23:24:49.173 INFO running `"docker" "start" "-a" "b67e018a4aaeb442658265969bee893e1d21ac8f4dd19cea95bd39d8e0bfc786"`
Oct 31 23:24:51.270 INFO kablam! usermod: no changes
Oct 31 23:24:51.427 INFO kablam!    Compiling gcc v0.3.46
Oct 31 23:24:51.427 INFO kablam!    Compiling openssl v0.9.12
Oct 31 23:24:51.436 INFO kablam!    Compiling unicode-bidi v0.2.6
Oct 31 23:24:51.439 INFO kablam!    Compiling hyper v0.10.10
Oct 31 23:24:54.855 INFO kablam!    Compiling idna v0.1.1
Oct 31 23:24:55.927 INFO kablam!    Compiling openssl-sys v0.9.12
Oct 31 23:25:00.031 INFO kablam!    Compiling url v1.4.0
Oct 31 23:25:06.911 INFO kablam!    Compiling native-tls v0.1.2
Oct 31 23:25:13.455 INFO kablam!    Compiling hyper-native-tls v0.2.2
Oct 31 23:25:14.291 INFO kablam!    Compiling squid-downloader v0.1.0 (/source)
Oct 31 23:25:19.836 INFO kablam!     Finished dev [unoptimized + debuginfo] target(s) in 28.53s
Oct 31 23:25:19.844 INFO kablam! su: No module specific data is present
Oct 31 23:25:20.693 INFO running `"docker" "rm" "-f" "b67e018a4aaeb442658265969bee893e1d21ac8f4dd19cea95bd39d8e0bfc786"`
Oct 31 23:25:21.067 INFO blam! b67e018a4aaeb442658265969bee893e1d21ac8f4dd19cea95bd39d8e0bfc786
Oct 31 23:25:21.071 INFO running `"docker" "create" "-v" "/mnt/big/crater/work/local/target-dirs/beta-1.31-1/worker-0/beta-2018-10-30:/target:rw,Z" "-v" "/mnt/big/crater/work/local/test-source/worker-0/beta-1.31-1/beta-2018-10-30:/source:ro,Z" "-v" "/mnt/big/crater/work/local/cargo-home:/cargo-home:ro,Z" "-v" "/mnt/big/crater/work/local/rustup-home:/rustup-home:ro,Z" "-e" "USER_ID=1000" "-e" "SOURCE_DIR=/source" "-e" "USER_ID=1000" "-e" "CMD=cargo +beta-2018-10-30 test --frozen --no-run" "-e" "CARGO_TARGET_DIR=/target" "-e" "CARGO_INCREMENTAL=0" "-e" "RUST_BACKTRACE=full" "-e" "RUSTFLAGS=--cap-lints=warn" "-e" "CARGO_HOME=/cargo-home" "-e" "RUSTUP_HOME=/rustup-home" "-m" "1536M" "--network" "none" "crater"`
Oct 31 23:25:21.429 INFO blam! e711ba1af91909ed58020dc8da392786e2f884889847e0d380c47d349b931559
Oct 31 23:25:21.431 INFO running `"docker" "start" "-a" "e711ba1af91909ed58020dc8da392786e2f884889847e0d380c47d349b931559"`
Oct 31 23:25:23.387 INFO kablam! usermod: no changes
Oct 31 23:25:23.511 INFO kablam!    Compiling squid-downloader v0.1.0 (/source)
Oct 31 23:25:27.908 INFO kablam!     Finished dev [unoptimized + debuginfo] target(s) in 4.50s
Oct 31 23:25:27.919 INFO kablam! su: No module specific data is present
Oct 31 23:25:29.370 INFO running `"docker" "rm" "-f" "e711ba1af91909ed58020dc8da392786e2f884889847e0d380c47d349b931559"`
Oct 31 23:25:29.620 INFO blam! e711ba1af91909ed58020dc8da392786e2f884889847e0d380c47d349b931559
Oct 31 23:25:29.621 INFO running `"docker" "create" "-v" "/mnt/big/crater/work/local/target-dirs/beta-1.31-1/worker-0/beta-2018-10-30:/target:rw,Z" "-v" "/mnt/big/crater/work/local/test-source/worker-0/beta-1.31-1/beta-2018-10-30:/source:ro,Z" "-v" "/mnt/big/crater/work/local/cargo-home:/cargo-home:ro,Z" "-v" "/mnt/big/crater/work/local/rustup-home:/rustup-home:ro,Z" "-e" "USER_ID=1000" "-e" "SOURCE_DIR=/source" "-e" "USER_ID=1000" "-e" "CMD=cargo +beta-2018-10-30 test --frozen" "-e" "CARGO_TARGET_DIR=/target" "-e" "CARGO_INCREMENTAL=0" "-e" "RUST_BACKTRACE=full" "-e" "RUSTFLAGS=--cap-lints=warn" "-e" "CARGO_HOME=/cargo-home" "-e" "RUSTUP_HOME=/rustup-home" "-m" "1536M" "--network" "none" "crater"`
Oct 31 23:25:30.027 INFO blam! 0c586aeb2585df0bfd8b86905f2a623818fbef7ba511f7ee3e71e84369e9d083
Oct 31 23:25:30.033 INFO running `"docker" "start" "-a" "0c586aeb2585df0bfd8b86905f2a623818fbef7ba511f7ee3e71e84369e9d083"`
Oct 31 23:25:31.847 INFO kablam! usermod: no changes
Oct 31 23:25:32.035 INFO kablam!     Finished dev [unoptimized + debuginfo] target(s) in 0.15s
Oct 31 23:25:32.047 INFO kablam!      Running /target/debug/deps/squid-36f095e85467e015
Oct 31 23:25:32.050 INFO blam! 
Oct 31 23:25:32.050 INFO blam! running 3 tests
Oct 31 23:25:32.051 INFO blam! test download::tests::new ... ignored
Oct 31 23:25:32.135 INFO blam! test download::tests::new_with_invalid_target_url ... ok
Oct 31 23:25:32.199 INFO blam! test download::tests::new_with_invalid_output_directory ... FAILED
Oct 31 23:25:32.199 INFO blam! 
Oct 31 23:25:32.199 INFO blam! failures:
Oct 31 23:25:32.199 INFO blam! 
Oct 31 23:25:32.199 INFO blam! ---- download::tests::new_with_invalid_output_directory stdout ----
Oct 31 23:25:32.199 INFO blam! thread 'download::tests::new_with_invalid_output_directory' panicked at 'Expected an output-related error, got 'Err(Http(Io(Custom { kind: Other, error: StringError("failed to lookup address information: Temporary failure in name resolution") })))' instead.', src/download.rs:928:16
Oct 31 23:25:32.199 INFO blam! stack backtrace:
Oct 31 23:25:32.199 INFO blam!    0:     0x561afc27da2f - std::sys::unix::backtrace::tracing::imp::unwind_backtrace::h3c55afa80a996a32
Oct 31 23:25:32.199 INFO blam!                                at libstd/sys/unix/backtrace/tracing/gcc_s.rs:49
Oct 31 23:25:32.199 INFO blam!    1:     0x561afc2871b7 - std::sys_common::backtrace::print::hcef907ea7a07cd40
Oct 31 23:25:32.199 INFO blam!                                at libstd/sys_common/backtrace.rs:71
Oct 31 23:25:32.199 INFO blam!                                at libstd/sys_common/backtrace.rs:59
Oct 31 23:25:32.199 INFO blam!    2:     0x561afc281c8f - std::panicking::default_hook::{{closure}}::hf541876c65f36ea7
Oct 31 23:25:32.199 INFO blam!                                at libstd/panicking.rs:211
Oct 31 23:25:32.199 INFO blam!    3:     0x561afc28198e - std::panicking::default_hook::h4ecc06b30ae4459d
Oct 31 23:25:32.199 INFO blam!                                at libstd/panicking.rs:221
Oct 31 23:25:32.199 INFO blam!    4:     0x561afc28236e - std::panicking::rust_panic_with_hook::h0cc6d9cc9f34a947
Oct 31 23:25:32.199 INFO blam!                                at libstd/panicking.rs:476
Oct 31 23:25:32.199 INFO blam!    5:     0x561afc281f11 - std::panicking::continue_panic_fmt::hc71ad5f01496e320
Oct 31 23:25:32.199 INFO blam!                                at libstd/panicking.rs:390
Oct 31 23:25:32.199 INFO blam!    6:     0x561afc281e5e - std::panicking::begin_panic_fmt::hdb958223ae20ca60
Oct 31 23:25:32.199 INFO blam!                                at libstd/panicking.rs:345
Oct 31 23:25:32.199 INFO blam!    7:     0x561afc11a2f9 - squid::download::tests::new_with_invalid_output_directory::hfdcfdff69b105829
Oct 31 23:25:32.199 INFO blam!                                at src/download.rs:928
Oct 31 23:25:32.199 INFO blam!    8:     0x561afc11a149 - squid::download::tests::new_with_invalid_output_directory::{{closure}}::h60adca14ec34e93f
Oct 31 23:25:32.199 INFO blam!                                at src/download.rs:917
Oct 31 23:25:32.199 INFO blam!    9:     0x561afc11af0d - core::ops::function::FnOnce::call_once::h36d06a2a2fd59c29
Oct 31 23:25:32.199 INFO blam!                                at libcore/ops/function.rs:238
Oct 31 23:25:32.199 INFO blam!   10:     0x561afc12fd1e - <F as alloc::boxed::FnBox<A>>::call_box::hf32558bd83684b60
Oct 31 23:25:32.199 INFO blam!                                at libtest/lib.rs:1468
Oct 31 23:25:32.199 INFO blam!                                at libcore/ops/function.rs:238
Oct 31 23:25:32.199 INFO blam!                                at liballoc/boxed.rs:672
Oct 31 23:25:32.199 INFO blam!   11:     0x561afc2923e9 - __rust_maybe_catch_panic
Oct 31 23:25:32.199 INFO blam!                                at libpanic_unwind/lib.rs:102
Oct 31 23:25:32.199 INFO blam!   12:     0x561afc151982 - std::sys_common::backtrace::__rust_begin_short_backtrace::h1bb71a7386fd3269
Oct 31 23:25:32.199 INFO blam!                                at libstd/panicking.rs:289
Oct 31 23:25:32.199 INFO blam!                                at libstd/panic.rs:392
Oct 31 23:25:32.200 INFO blam!                                at libtest/lib.rs:1423
Oct 31 23:25:32.200 INFO blam!                                at libstd/sys_common/backtrace.rs:136
Oct 31 23:25:32.200 INFO blam!   13:     0x561afc152434 - std::panicking::try::do_call::h9b94719c3074bb5c
Oct 31 23:25:32.200 INFO blam!                                at libstd/thread/mod.rs:409
Oct 31 23:25:32.200 INFO blam!                                at libstd/panic.rs:313
Oct 31 23:25:32.200 INFO blam!                                at libstd/panicking.rs:310
Oct 31 23:25:32.200 INFO blam!   14:     0x561afc2923e9 - __rust_maybe_catch_panic
Oct 31 23:25:32.200 INFO blam!                                at libpanic_unwind/lib.rs:102
Oct 31 23:25:32.200 INFO blam!   15:     0x561afc13f65c - <F as alloc::boxed::FnBox<A>>::call_box::hb3bcd66d16fd3e84
Oct 31 23:25:32.200 INFO blam!                                at libstd/panicking.rs:289
Oct 31 23:25:32.200 INFO blam!                                at libstd/panic.rs:392
Oct 31 23:25:32.200 INFO blam!                                at libstd/thread/mod.rs:408
Oct 31 23:25:32.200 INFO blam!                                at liballoc/boxed.rs:672
Oct 31 23:25:32.200 INFO blam!   16:     0x561afc27f90d - std::sys_common::thread::start_thread::had0c80d121669d29
Oct 31 23:25:32.200 INFO blam!                                at liballoc/boxed.rs:682
Oct 31 23:25:32.200 INFO blam!                                at libstd/sys_common/thread.rs:24
Oct 31 23:25:32.200 INFO blam!   17:     0x561afc2733c5 - std::sys::unix::thread::Thread::new::thread_start::h4a5b66a70d76f47f
Oct 31 23:25:32.200 INFO blam!                                at libstd/sys/unix/thread.rs:90
Oct 31 23:25:32.200 INFO blam!   18:     0x7f52011f46b9 - start_thread
Oct 31 23:25:32.200 INFO blam!   19:     0x7f5200d1441c - clone
Oct 31 23:25:32.200 INFO blam!   20:                0x0 - <unknown>
Oct 31 23:25:32.200 INFO blam! 
Oct 31 23:25:32.200 INFO blam! 
Oct 31 23:25:32.200 INFO blam! failures:
Oct 31 23:25:32.200 INFO blam!     download::tests::new_with_invalid_output_directory
Oct 31 23:25:32.200 INFO blam! 
Oct 31 23:25:32.200 INFO blam! test result: FAILED. 1 passed; 1 failed; 1 ignored; 0 measured; 0 filtered out
Oct 31 23:25:32.200 INFO blam! 
Oct 31 23:25:32.212 INFO kablam! error: test failed, to rerun pass '--lib'
Oct 31 23:25:32.212 INFO kablam! su: No module specific data is present
Oct 31 23:25:33.479 INFO running `"docker" "rm" "-f" "0c586aeb2585df0bfd8b86905f2a623818fbef7ba511f7ee3e71e84369e9d083"`
Oct 31 23:25:33.837 INFO blam! 0c586aeb2585df0bfd8b86905f2a623818fbef7ba511f7ee3e71e84369e9d083
