Oct 31 23:41:59.161 INFO testing raventid/soap-rs against beta-2018-10-30 for beta-1.31-1
Oct 31 23:41:59.161 INFO running `"docker" "create" "-v" "/mnt/big/crater/work/local/target-dirs/beta-1.31-1/worker-1/beta-2018-10-30:/target:rw,Z" "-v" "/mnt/big/crater/work/local/test-source/worker-1/beta-1.31-1/beta-2018-10-30:/source:ro,Z" "-v" "/mnt/big/crater/work/local/cargo-home:/cargo-home:ro,Z" "-v" "/mnt/big/crater/work/local/rustup-home:/rustup-home:ro,Z" "-e" "USER_ID=1000" "-e" "SOURCE_DIR=/source" "-e" "USER_ID=1000" "-e" "CMD=cargo +beta-2018-10-30 build --frozen" "-e" "CARGO_TARGET_DIR=/target" "-e" "CARGO_INCREMENTAL=0" "-e" "RUST_BACKTRACE=full" "-e" "RUSTFLAGS=--cap-lints=warn" "-e" "CARGO_HOME=/cargo-home" "-e" "RUSTUP_HOME=/rustup-home" "-m" "1536M" "--network" "none" "crater"`
Oct 31 23:41:59.595 INFO blam! 2a2129977656fe77963270daa2585a28ba141833cae8f9c35f648889a6f87d74
Oct 31 23:41:59.607 INFO running `"docker" "start" "-a" "2a2129977656fe77963270daa2585a28ba141833cae8f9c35f648889a6f87d74"`
Oct 31 23:42:00.735 INFO kablam! usermod: no changes
Oct 31 23:42:00.983 INFO kablam!    Compiling xml-rs v0.4.1
Oct 31 23:42:00.983 INFO kablam!    Compiling mime v0.2.6
Oct 31 23:42:01.023 INFO kablam!    Compiling error-chain v0.10.0
Oct 31 23:42:03.159 INFO kablam!    Compiling hyper v0.10.13
Oct 31 23:42:14.524 INFO kablam!    Compiling soap v0.0.1 (/source)
Oct 31 23:42:16.635 INFO kablam!     Finished dev [unoptimized + debuginfo] target(s) in 15.85s
Oct 31 23:42:16.639 INFO kablam! su: No module specific data is present
Oct 31 23:42:17.391 INFO running `"docker" "rm" "-f" "2a2129977656fe77963270daa2585a28ba141833cae8f9c35f648889a6f87d74"`
Oct 31 23:42:17.655 INFO blam! 2a2129977656fe77963270daa2585a28ba141833cae8f9c35f648889a6f87d74
Oct 31 23:42:17.673 INFO running `"docker" "create" "-v" "/mnt/big/crater/work/local/target-dirs/beta-1.31-1/worker-1/beta-2018-10-30:/target:rw,Z" "-v" "/mnt/big/crater/work/local/test-source/worker-1/beta-1.31-1/beta-2018-10-30:/source:ro,Z" "-v" "/mnt/big/crater/work/local/cargo-home:/cargo-home:ro,Z" "-v" "/mnt/big/crater/work/local/rustup-home:/rustup-home:ro,Z" "-e" "USER_ID=1000" "-e" "SOURCE_DIR=/source" "-e" "USER_ID=1000" "-e" "CMD=cargo +beta-2018-10-30 test --frozen --no-run" "-e" "CARGO_TARGET_DIR=/target" "-e" "CARGO_INCREMENTAL=0" "-e" "RUST_BACKTRACE=full" "-e" "RUSTFLAGS=--cap-lints=warn" "-e" "CARGO_HOME=/cargo-home" "-e" "RUSTUP_HOME=/rustup-home" "-m" "1536M" "--network" "none" "crater"`
Oct 31 23:42:18.175 INFO blam! 5270d75d775fbc3fed45f313bc6baf278d4bb99d6d757460d59179f0e55e8896
Oct 31 23:42:18.179 INFO running `"docker" "start" "-a" "5270d75d775fbc3fed45f313bc6baf278d4bb99d6d757460d59179f0e55e8896"`
Oct 31 23:42:19.069 INFO kablam! usermod: no changes
Oct 31 23:42:19.259 INFO kablam!    Compiling soap v0.0.1 (/source)
Oct 31 23:42:23.382 INFO kablam!     Finished dev [unoptimized + debuginfo] target(s) in 4.28s
Oct 31 23:42:23.396 INFO kablam! su: No module specific data is present
Oct 31 23:42:24.221 INFO running `"docker" "rm" "-f" "5270d75d775fbc3fed45f313bc6baf278d4bb99d6d757460d59179f0e55e8896"`
Oct 31 23:42:24.459 INFO blam! 5270d75d775fbc3fed45f313bc6baf278d4bb99d6d757460d59179f0e55e8896
Oct 31 23:42:24.467 INFO running `"docker" "create" "-v" "/mnt/big/crater/work/local/target-dirs/beta-1.31-1/worker-1/beta-2018-10-30:/target:rw,Z" "-v" "/mnt/big/crater/work/local/test-source/worker-1/beta-1.31-1/beta-2018-10-30:/source:ro,Z" "-v" "/mnt/big/crater/work/local/cargo-home:/cargo-home:ro,Z" "-v" "/mnt/big/crater/work/local/rustup-home:/rustup-home:ro,Z" "-e" "USER_ID=1000" "-e" "SOURCE_DIR=/source" "-e" "USER_ID=1000" "-e" "CMD=cargo +beta-2018-10-30 test --frozen" "-e" "CARGO_TARGET_DIR=/target" "-e" "CARGO_INCREMENTAL=0" "-e" "RUST_BACKTRACE=full" "-e" "RUSTFLAGS=--cap-lints=warn" "-e" "CARGO_HOME=/cargo-home" "-e" "RUSTUP_HOME=/rustup-home" "-m" "1536M" "--network" "none" "crater"`
Oct 31 23:42:24.847 INFO blam! a7843c854b857b8e4385e891f18d7ec1c4fae538fbfb422b4cba70781363fdbd
Oct 31 23:42:24.863 INFO running `"docker" "start" "-a" "a7843c854b857b8e4385e891f18d7ec1c4fae538fbfb422b4cba70781363fdbd"`
Oct 31 23:42:25.903 INFO kablam! usermod: no changes
Oct 31 23:42:26.058 INFO kablam!     Finished dev [unoptimized + debuginfo] target(s) in 0.13s
Oct 31 23:42:26.062 INFO kablam!      Running /target/debug/deps/soap-c076209a61b0cdd9
Oct 31 23:42:26.067 INFO blam! 
Oct 31 23:42:26.067 INFO blam! running 6 tests
Oct 31 23:42:26.067 INFO blam! test wsdl::schema::tests::must_check_depth ... ok
Oct 31 23:42:26.075 INFO blam! test wsdl::file::tests::load_file_test ... ok
Oct 31 23:42:26.087 INFO blam! test wsdl::file::tests::load_file_fail_test ... ok
Oct 31 23:42:26.087 INFO blam! test tests::it_works ... ok
Oct 31 23:42:26.128 INFO blam! test wsdl::http::tests::get_url_fail_test ... ok
Oct 31 23:42:26.163 INFO blam! test wsdl::http::tests::get_url_test ... FAILED
Oct 31 23:42:26.163 INFO blam! 
Oct 31 23:42:26.163 INFO blam! failures:
Oct 31 23:42:26.163 INFO blam! 
Oct 31 23:42:26.163 INFO blam! ---- wsdl::http::tests::get_url_test stdout ----
Oct 31 23:42:26.163 INFO blam! thread 'wsdl::http::tests::get_url_test' panicked at 'assertion failed: result.is_ok()', src/wsdl/http.rs:25:9
Oct 31 23:42:26.163 INFO blam! stack backtrace:
Oct 31 23:42:26.163 INFO blam!    0:     0x56549c0d1cef - std::sys::unix::backtrace::tracing::imp::unwind_backtrace::h3c55afa80a996a32
Oct 31 23:42:26.163 INFO blam!                                at libstd/sys/unix/backtrace/tracing/gcc_s.rs:49
Oct 31 23:42:26.163 INFO blam!    1:     0x56549c0db297 - std::sys_common::backtrace::print::hcef907ea7a07cd40
Oct 31 23:42:26.163 INFO blam!                                at libstd/sys_common/backtrace.rs:71
Oct 31 23:42:26.163 INFO blam!                                at libstd/sys_common/backtrace.rs:59
Oct 31 23:42:26.163 INFO blam!    2:     0x56549c0d5e2f - std::panicking::default_hook::{{closure}}::hf541876c65f36ea7
Oct 31 23:42:26.163 INFO blam!                                at libstd/panicking.rs:211
Oct 31 23:42:26.163 INFO blam!    3:     0x56549c0d5b2e - std::panicking::default_hook::h4ecc06b30ae4459d
Oct 31 23:42:26.163 INFO blam!                                at libstd/panicking.rs:221
Oct 31 23:42:26.163 INFO blam!    4:     0x56549c0d650e - std::panicking::rust_panic_with_hook::h0cc6d9cc9f34a947
Oct 31 23:42:26.163 INFO blam!                                at libstd/panicking.rs:476
Oct 31 23:42:26.163 INFO blam!    5:     0x56549c067d27 - std::panicking::begin_panic::ha519c9a85a224f72
Oct 31 23:42:26.163 INFO blam!                                at libstd/panicking.rs:410
Oct 31 23:42:26.163 INFO blam!    6:     0x56549bf5028a - soap::wsdl::http::tests::get_url_test::h6dc0cbdb30dba9c3
Oct 31 23:42:26.163 INFO blam!                                at src/wsdl/http.rs:25
Oct 31 23:42:26.163 INFO blam!    7:     0x56549bf501f9 - soap::wsdl::http::tests::get_url_test::{{closure}}::h1cce6ece7f9292b6
Oct 31 23:42:26.163 INFO blam!                                at src/wsdl/http.rs:22
Oct 31 23:42:26.163 INFO blam!    8:     0x56549bf3ecbd - core::ops::function::FnOnce::call_once::h501898cb5e9e2517
Oct 31 23:42:26.163 INFO blam!                                at libcore/ops/function.rs:238
Oct 31 23:42:26.163 INFO blam!    9:     0x56549bf5201e - <F as alloc::boxed::FnBox<A>>::call_box::hf32558bd83684b60
Oct 31 23:42:26.163 INFO blam!                                at libtest/lib.rs:1468
Oct 31 23:42:26.163 INFO blam!                                at libcore/ops/function.rs:238
Oct 31 23:42:26.163 INFO blam!                                at liballoc/boxed.rs:672
Oct 31 23:42:26.163 INFO blam!   10:     0x56549c0e64c9 - __rust_maybe_catch_panic
Oct 31 23:42:26.163 INFO blam!                                at libpanic_unwind/lib.rs:102
Oct 31 23:42:26.163 INFO blam!   11:     0x56549bf73c82 - std::sys_common::backtrace::__rust_begin_short_backtrace::h1bb71a7386fd3269
Oct 31 23:42:26.163 INFO blam!                                at libstd/panicking.rs:289
Oct 31 23:42:26.163 INFO blam!                                at libstd/panic.rs:392
Oct 31 23:42:26.163 INFO blam!                                at libtest/lib.rs:1423
Oct 31 23:42:26.163 INFO blam!                                at libstd/sys_common/backtrace.rs:136
Oct 31 23:42:26.163 INFO blam!   12:     0x56549bf74734 - std::panicking::try::do_call::h9b94719c3074bb5c
Oct 31 23:42:26.164 INFO blam!                                at libstd/thread/mod.rs:409
Oct 31 23:42:26.164 INFO blam!                                at libstd/panic.rs:313
Oct 31 23:42:26.164 INFO blam!                                at libstd/panicking.rs:310
Oct 31 23:42:26.164 INFO blam!   13:     0x56549c0e64c9 - __rust_maybe_catch_panic
Oct 31 23:42:26.164 INFO blam!                                at libpanic_unwind/lib.rs:102
Oct 31 23:42:26.164 INFO blam!   14:     0x56549bf6195c - <F as alloc::boxed::FnBox<A>>::call_box::hb3bcd66d16fd3e84
Oct 31 23:42:26.164 INFO blam!                                at libstd/panicking.rs:289
Oct 31 23:42:26.164 INFO blam!                                at libstd/panic.rs:392
Oct 31 23:42:26.164 INFO blam!                                at libstd/thread/mod.rs:408
Oct 31 23:42:26.164 INFO blam!                                at liballoc/boxed.rs:672
Oct 31 23:42:26.164 INFO blam!   15:     0x56549c0d3b8d - std::sys_common::thread::start_thread::had0c80d121669d29
Oct 31 23:42:26.164 INFO blam!                                at liballoc/boxed.rs:682
Oct 31 23:42:26.164 INFO blam!                                at libstd/sys_common/thread.rs:24
Oct 31 23:42:26.164 INFO blam!   16:     0x56549c0c7675 - std::sys::unix::thread::Thread::new::thread_start::h4a5b66a70d76f47f
Oct 31 23:42:26.164 INFO blam!                                at libstd/sys/unix/thread.rs:90
Oct 31 23:42:26.164 INFO blam!   17:     0x7f83d25276b9 - start_thread
Oct 31 23:42:26.164 INFO blam!   18:     0x7f83d204741c - clone
Oct 31 23:42:26.164 INFO blam!   19:                0x0 - <unknown>
Oct 31 23:42:26.164 INFO blam! 
Oct 31 23:42:26.164 INFO blam! 
Oct 31 23:42:26.164 INFO blam! failures:
Oct 31 23:42:26.164 INFO blam!     wsdl::http::tests::get_url_test
Oct 31 23:42:26.164 INFO blam! 
Oct 31 23:42:26.164 INFO blam! test result: FAILED. 5 passed; 1 failed; 0 ignored; 0 measured; 0 filtered out
Oct 31 23:42:26.164 INFO blam! 
Oct 31 23:42:26.178 INFO kablam! error: test failed, to rerun pass '--lib'
Oct 31 23:42:26.178 INFO kablam! su: No module specific data is present
Oct 31 23:42:26.539 INFO running `"docker" "rm" "-f" "a7843c854b857b8e4385e891f18d7ec1c4fae538fbfb422b4cba70781363fdbd"`
Oct 31 23:42:26.821 INFO blam! a7843c854b857b8e4385e891f18d7ec1c4fae538fbfb422b4cba70781363fdbd
