Nov 01 00:36:51.438 INFO testing peterdn/shutter against 1.30.0 for beta-1.31-1
Nov 01 00:36:51.440 INFO running `"docker" "create" "-v" "/mnt/big/crater/work/local/target-dirs/beta-1.31-1/worker-7/1.30.0:/target:rw,Z" "-v" "/mnt/big/crater/work/local/test-source/worker-7/beta-1.31-1/1.30.0:/source:ro,Z" "-v" "/mnt/big/crater/work/local/cargo-home:/cargo-home:ro,Z" "-v" "/mnt/big/crater/work/local/rustup-home:/rustup-home:ro,Z" "-e" "USER_ID=1000" "-e" "SOURCE_DIR=/source" "-e" "USER_ID=1000" "-e" "CMD=cargo +1.30.0 build --frozen" "-e" "CARGO_TARGET_DIR=/target" "-e" "CARGO_INCREMENTAL=0" "-e" "RUST_BACKTRACE=full" "-e" "RUSTFLAGS=--cap-lints=warn" "-e" "CARGO_HOME=/cargo-home" "-e" "RUSTUP_HOME=/rustup-home" "-m" "1536M" "--network" "none" "crater"`
Nov 01 00:36:51.864 INFO blam! 0c95d4e0e3f846ed0988406b7f96d4eb23613c895485f27f3ff3d65bfa66683b
Nov 01 00:36:51.866 INFO running `"docker" "start" "-a" "0c95d4e0e3f846ed0988406b7f96d4eb23613c895485f27f3ff3d65bfa66683b"`
Nov 01 00:36:53.268 INFO kablam! usermod: no changes
Nov 01 00:36:53.651 INFO kablam!    Compiling atty v0.2.10
Nov 01 00:36:53.659 INFO kablam!    Compiling openssl-sys v0.9.31
Nov 01 00:36:53.659 INFO kablam!    Compiling uuid v0.6.5
Nov 01 00:36:53.675 INFO kablam!    Compiling backtrace-sys v0.1.23
Nov 01 00:36:53.684 INFO kablam!    Compiling tokio-threadpool v0.1.3
Nov 01 00:36:53.684 INFO kablam!    Compiling rayon-core v1.4.0
Nov 01 00:36:53.688 INFO kablam!    Compiling serde_urlencoded v0.5.2
Nov 01 00:36:53.688 INFO kablam!    Compiling serde_derive v1.0.65
Nov 01 00:36:55.167 INFO kablam!    Compiling backtrace v0.3.8
Nov 01 00:36:55.683 INFO kablam!    Compiling clap v2.31.2
Nov 01 00:36:59.496 INFO kablam!    Compiling failure v0.1.1
Nov 01 00:36:59.560 INFO kablam!    Compiling rayon v1.0.1
Nov 01 00:37:02.283 INFO kablam!    Compiling openssl v0.9.24
Nov 01 00:37:04.662 INFO kablam!    Compiling tokio-fs v0.1.0
Nov 01 00:37:09.416 INFO kablam!    Compiling tokio v0.1.6
Nov 01 00:37:17.943 INFO kablam!    Compiling tokio-core v0.1.17
Nov 01 00:37:27.553 INFO kablam!    Compiling native-tls v0.1.5
Nov 01 00:37:29.987 INFO kablam!    Compiling tokio-proto v0.1.1
Nov 01 00:37:31.439 INFO kablam!    Compiling tokio-tls v0.1.4
Nov 01 00:37:34.341 INFO kablam!    Compiling hyper v0.11.27
Nov 01 00:37:44.283 INFO kablam!    Compiling hyper-tls v0.1.3
Nov 01 00:37:46.035 INFO kablam!    Compiling reqwest v0.8.6
Nov 01 00:37:54.532 INFO kablam!    Compiling instagram-scraper v0.1.0 (/source)
Nov 01 00:38:06.094 INFO kablam!     Finished dev [unoptimized + debuginfo] target(s) in 1m 12s
Nov 01 00:38:06.111 INFO kablam! su: No module specific data is present
Nov 01 00:38:06.967 INFO running `"docker" "rm" "-f" "0c95d4e0e3f846ed0988406b7f96d4eb23613c895485f27f3ff3d65bfa66683b"`
Nov 01 00:38:07.297 INFO blam! 0c95d4e0e3f846ed0988406b7f96d4eb23613c895485f27f3ff3d65bfa66683b
Nov 01 00:38:07.298 INFO running `"docker" "create" "-v" "/mnt/big/crater/work/local/target-dirs/beta-1.31-1/worker-7/1.30.0:/target:rw,Z" "-v" "/mnt/big/crater/work/local/test-source/worker-7/beta-1.31-1/1.30.0:/source:ro,Z" "-v" "/mnt/big/crater/work/local/cargo-home:/cargo-home:ro,Z" "-v" "/mnt/big/crater/work/local/rustup-home:/rustup-home:ro,Z" "-e" "USER_ID=1000" "-e" "SOURCE_DIR=/source" "-e" "USER_ID=1000" "-e" "CMD=cargo +1.30.0 test --frozen --no-run" "-e" "CARGO_TARGET_DIR=/target" "-e" "CARGO_INCREMENTAL=0" "-e" "RUST_BACKTRACE=full" "-e" "RUSTFLAGS=--cap-lints=warn" "-e" "CARGO_HOME=/cargo-home" "-e" "RUSTUP_HOME=/rustup-home" "-m" "1536M" "--network" "none" "crater"`
Nov 01 00:38:07.907 INFO blam! 77bd62a90857967c2b4fbbeeb3a8da57aa03dca6ee724ff75c950d819a27da34
Nov 01 00:38:07.907 INFO running `"docker" "start" "-a" "77bd62a90857967c2b4fbbeeb3a8da57aa03dca6ee724ff75c950d819a27da34"`
Nov 01 00:38:09.495 INFO kablam! usermod: no changes
Nov 01 00:38:09.774 INFO kablam!    Compiling assert_matches v1.2.0
Nov 01 00:38:10.100 INFO kablam!    Compiling instagram-scraper v0.1.0 (/source)
Nov 01 00:38:18.214 INFO kablam!     Finished dev [unoptimized + debuginfo] target(s) in 8.68s
Nov 01 00:38:18.228 INFO kablam! su: No module specific data is present
Nov 01 00:38:18.959 INFO running `"docker" "rm" "-f" "77bd62a90857967c2b4fbbeeb3a8da57aa03dca6ee724ff75c950d819a27da34"`
Nov 01 00:38:19.201 INFO blam! 77bd62a90857967c2b4fbbeeb3a8da57aa03dca6ee724ff75c950d819a27da34
Nov 01 00:38:19.203 INFO running `"docker" "create" "-v" "/mnt/big/crater/work/local/target-dirs/beta-1.31-1/worker-7/1.30.0:/target:rw,Z" "-v" "/mnt/big/crater/work/local/test-source/worker-7/beta-1.31-1/1.30.0:/source:ro,Z" "-v" "/mnt/big/crater/work/local/cargo-home:/cargo-home:ro,Z" "-v" "/mnt/big/crater/work/local/rustup-home:/rustup-home:ro,Z" "-e" "USER_ID=1000" "-e" "SOURCE_DIR=/source" "-e" "USER_ID=1000" "-e" "CMD=cargo +1.30.0 test --frozen" "-e" "CARGO_TARGET_DIR=/target" "-e" "CARGO_INCREMENTAL=0" "-e" "RUST_BACKTRACE=full" "-e" "RUSTFLAGS=--cap-lints=warn" "-e" "CARGO_HOME=/cargo-home" "-e" "RUSTUP_HOME=/rustup-home" "-m" "1536M" "--network" "none" "crater"`
Nov 01 00:38:19.620 INFO blam! b03a59eb1a06a290c2fe82c886cda52875088f2aacf6254b3e1daad431411c19
Nov 01 00:38:19.622 INFO running `"docker" "start" "-a" "b03a59eb1a06a290c2fe82c886cda52875088f2aacf6254b3e1daad431411c19"`
Nov 01 00:38:21.194 INFO kablam! usermod: no changes
Nov 01 00:38:21.491 INFO kablam!     Finished dev [unoptimized + debuginfo] target(s) in 0.28s
Nov 01 00:38:21.502 INFO kablam!      Running /target/debug/deps/shutter-803329f7480ba448
Nov 01 00:38:21.512 INFO blam! 
Nov 01 00:38:21.513 INFO blam! running 4 tests
Nov 01 00:38:21.514 INFO blam! test scrape::tests::test_extract_instagram_json_text ... ok
Nov 01 00:38:21.514 INFO blam! test profile::tests::test_from_json_profile ... ok
Nov 01 00:38:21.529 INFO blam! test scrape::tests::test_get_profile_json_data ... ok
Nov 01 00:38:21.726 INFO blam! test profile::tests::test_get_instagram_profile ... FAILED
Nov 01 00:38:21.727 INFO blam! 
Nov 01 00:38:21.727 INFO blam! failures:
Nov 01 00:38:21.727 INFO blam! 
Nov 01 00:38:21.727 INFO blam! ---- profile::tests::test_get_instagram_profile stdout ----
Nov 01 00:38:21.727 INFO blam! thread 'profile::tests::test_get_instagram_profile' panicked at 'assertion failed: profile.is_ok()', src/profile.rs:102:9
Nov 01 00:38:21.727 INFO blam! stack backtrace:
Nov 01 00:38:21.727 INFO blam!    0:     0x555ff7924bbe - std::sys::unix::backtrace::tracing::imp::unwind_backtrace::hf5316c67202e23c8
Nov 01 00:38:21.727 INFO blam!                                at libstd/sys/unix/backtrace/tracing/gcc_s.rs:49
Nov 01 00:38:21.727 INFO blam!    1:     0x555ff7916d16 - std::sys_common::backtrace::print::h3068ed2a6dc7ac86
Nov 01 00:38:21.727 INFO blam!                                at libstd/sys_common/backtrace.rs:71
Nov 01 00:38:21.727 INFO blam!                                at libstd/sys_common/backtrace.rs:59
Nov 01 00:38:21.727 INFO blam!    2:     0x555ff7914f8d - std::panicking::default_hook::{{closure}}::h1b9d29cc09d41897
Nov 01 00:38:21.727 INFO blam!                                at libstd/panicking.rs:211
Nov 01 00:38:21.727 INFO blam!    3:     0x555ff7914c9b - std::panicking::default_hook::h3a27b204a313406b
Nov 01 00:38:21.727 INFO blam!                                at libstd/panicking.rs:221
Nov 01 00:38:21.727 INFO blam!    4:     0x555ff791563c - std::panicking::rust_panic_with_hook::h0e12cb2fc86d00fa
Nov 01 00:38:21.727 INFO blam!                                at libstd/panicking.rs:477
Nov 01 00:38:21.727 INFO blam!    5:     0x555ff790fcbf - std::panicking::begin_panic::hd7decefa4b909707
Nov 01 00:38:21.727 INFO blam!                                at libstd/panicking.rs:411
Nov 01 00:38:21.727 INFO blam!    6:     0x555ff74cb0b2 - shutter::profile::tests::test_get_instagram_profile::h669a690f02c64ac0
Nov 01 00:38:21.727 INFO blam!                                at src/profile.rs:102
Nov 01 00:38:21.727 INFO blam!    7:     0x555ff74cb019 - shutter::profile::tests::test_get_instagram_profile::{{closure}}::h8f0cf20bf157f215
Nov 01 00:38:21.727 INFO blam!                                at src/profile.rs:99
Nov 01 00:38:21.727 INFO blam!    8:     0x555ff74c721d - core::ops::function::FnOnce::call_once::h990809f351c9982a
Nov 01 00:38:21.727 INFO blam!                                at libcore/ops/function.rs:238
Nov 01 00:38:21.727 INFO blam!    9:     0x555ff74e0ffe - <F as alloc::boxed::FnBox<A>>::call_box::ha9910eac2d17ff23
Nov 01 00:38:21.727 INFO blam!                                at libtest/lib.rs:1461
Nov 01 00:38:21.727 INFO blam!                                at libcore/ops/function.rs:238
Nov 01 00:38:21.727 INFO blam!                                at liballoc/boxed.rs:646
Nov 01 00:38:21.727 INFO blam!   10:     0x555ff7933b59 - __rust_maybe_catch_panic
Nov 01 00:38:21.727 INFO blam!                                at libpanic_unwind/lib.rs:103
Nov 01 00:38:21.727 INFO blam!   11:     0x555ff74ec90d - std::sys_common::backtrace::__rust_begin_short_backtrace::h470b05235fe5e5ad
Nov 01 00:38:21.727 INFO blam!                                at libstd/panicking.rs:289
Nov 01 00:38:21.727 INFO blam!                                at libstd/panic.rs:392
Nov 01 00:38:21.727 INFO blam!                                at libtest/lib.rs:1416
Nov 01 00:38:21.727 INFO blam!                                at libstd/sys_common/backtrace.rs:136
Nov 01 00:38:21.727 INFO blam!   12:     0x555ff7504f44 - std::panicking::try::do_call::h1f0578498122cc00
Nov 01 00:38:21.727 INFO blam!                                at libstd/thread/mod.rs:409
Nov 01 00:38:21.727 INFO blam!                                at libstd/panic.rs:313
Nov 01 00:38:21.727 INFO blam!                                at libstd/panicking.rs:310
Nov 01 00:38:21.727 INFO blam!   13:     0x555ff7933b59 - __rust_maybe_catch_panic
Nov 01 00:38:21.727 INFO blam!                                at libpanic_unwind/lib.rs:103
Nov 01 00:38:21.727 INFO blam!   14:     0x555ff74f5816 - <F as alloc::boxed::FnBox<A>>::call_box::h7b129f9f235ab460
Nov 01 00:38:21.727 INFO blam!                                at libstd/panicking.rs:289
Nov 01 00:38:21.727 INFO blam!                                at libstd/panic.rs:392
Nov 01 00:38:21.727 INFO blam!                                at libstd/thread/mod.rs:408
Nov 01 00:38:21.727 INFO blam!                                at liballoc/boxed.rs:646
Nov 01 00:38:21.727 INFO blam!   15:     0x555ff792670a - std::sys_common::thread::start_thread::hb77935aee02382da
Nov 01 00:38:21.727 INFO blam!                                at liballoc/boxed.rs:656
Nov 01 00:38:21.727 INFO blam!                                at libstd/sys_common/thread.rs:24
Nov 01 00:38:21.727 INFO blam!   16:     0x555ff7915eb5 - std::sys::unix::thread::Thread::new::thread_start::hd61f7429b3de1d75
Nov 01 00:38:21.727 INFO blam!                                at libstd/sys/unix/thread.rs:90
Nov 01 00:38:21.727 INFO blam!   17:     0x7f68e86c76b9 - start_thread
Nov 01 00:38:21.727 INFO blam!   18:     0x7f68e81e741c - clone
Nov 01 00:38:21.727 INFO blam!   19:                0x0 - <unknown>
Nov 01 00:38:21.727 INFO blam! 
Nov 01 00:38:21.727 INFO blam! 
Nov 01 00:38:21.727 INFO blam! failures:
Nov 01 00:38:21.727 INFO blam!     profile::tests::test_get_instagram_profile
Nov 01 00:38:21.727 INFO blam! 
Nov 01 00:38:21.727 INFO blam! test result: FAILED. 3 passed; 1 failed; 0 ignored; 0 measured; 0 filtered out
Nov 01 00:38:21.727 INFO blam! 
Nov 01 00:38:21.733 INFO kablam! error: test failed, to rerun pass '--lib'
Nov 01 00:38:21.738 INFO kablam! su: No module specific data is present
Nov 01 00:38:22.616 INFO running `"docker" "rm" "-f" "b03a59eb1a06a290c2fe82c886cda52875088f2aacf6254b3e1daad431411c19"`
Nov 01 00:38:22.927 INFO blam! b03a59eb1a06a290c2fe82c886cda52875088f2aacf6254b3e1daad431411c19
