Nov 01 00:39:34.236 INFO testing penland365/gh against beta-2018-10-30 for beta-1.31-1
Nov 01 00:39:34.238 INFO running `"docker" "create" "-v" "/mnt/big/crater/work/local/target-dirs/beta-1.31-1/worker-1/beta-2018-10-30:/target:rw,Z" "-v" "/mnt/big/crater/work/local/test-source/worker-1/beta-1.31-1/beta-2018-10-30:/source:ro,Z" "-v" "/mnt/big/crater/work/local/cargo-home:/cargo-home:ro,Z" "-v" "/mnt/big/crater/work/local/rustup-home:/rustup-home:ro,Z" "-e" "USER_ID=1000" "-e" "SOURCE_DIR=/source" "-e" "USER_ID=1000" "-e" "CMD=cargo +beta-2018-10-30 build --frozen" "-e" "CARGO_TARGET_DIR=/target" "-e" "CARGO_INCREMENTAL=0" "-e" "RUST_BACKTRACE=full" "-e" "RUSTFLAGS=--cap-lints=warn" "-e" "CARGO_HOME=/cargo-home" "-e" "RUSTUP_HOME=/rustup-home" "-m" "1536M" "--network" "none" "crater"`
Nov 01 00:39:34.785 INFO blam! b5827242abf6c633bbdc24cd23e8178d1e865645873ade717c8540b87597f625
Nov 01 00:39:34.787 INFO running `"docker" "start" "-a" "b5827242abf6c633bbdc24cd23e8178d1e865645873ade717c8540b87597f625"`
Nov 01 00:39:36.209 INFO kablam! usermod: no changes
Nov 01 00:39:36.383 INFO kablam!    Compiling gcc v0.3.47
Nov 01 00:39:36.383 INFO kablam!    Compiling openssl v0.9.12
Nov 01 00:39:36.419 INFO kablam!    Compiling httparse v1.2.2
Nov 01 00:39:36.419 INFO kablam!    Compiling version v2.0.1
Nov 01 00:39:36.419 INFO kablam!    Compiling unicode-bidi v0.3.2
Nov 01 00:39:36.419 INFO kablam!    Compiling num_cpus v1.4.0
Nov 01 00:39:36.419 INFO kablam!    Compiling mime v0.2.4
Nov 01 00:39:36.419 INFO kablam!    Compiling hyper v0.10.10
Nov 01 00:39:40.879 INFO kablam!    Compiling idna v0.1.2
Nov 01 00:39:42.431 INFO kablam!    Compiling openssl-sys v0.9.12
Nov 01 00:39:45.744 INFO kablam!    Compiling url v1.4.0
Nov 01 00:39:54.699 INFO kablam!    Compiling native-tls v0.1.2
Nov 01 00:40:00.319 INFO kablam!    Compiling hyper-native-tls v0.2.2
Nov 01 00:40:01.300 INFO kablam!    Compiling gh v0.0.2-SNAPSHOT (/source)
Nov 01 00:40:02.391 INFO kablam! warning: unused import: `config`
Nov 01 00:40:02.392 INFO kablam!  --> src/commands/orgs.rs:2:5
Nov 01 00:40:02.392 INFO kablam!   |
Nov 01 00:40:02.392 INFO kablam! 2 | use config;
Nov 01 00:40:02.392 INFO kablam!   |     ^^^^^^
Nov 01 00:40:02.392 INFO kablam!   |
Nov 01 00:40:02.392 INFO kablam!   = note: #[warn(unused_imports)] on by default
Nov 01 00:40:02.392 INFO kablam! 
Nov 01 00:40:02.392 INFO kablam! warning: unused imports: `GitHubResponse`, `orgs`
Nov 01 00:40:02.392 INFO kablam!  --> src/commands/orgs.rs:3:15
Nov 01 00:40:02.392 INFO kablam!   |
Nov 01 00:40:02.392 INFO kablam! 3 | use git_hub::{GitHubResponse, orgs};
Nov 01 00:40:02.392 INFO kablam!   |               ^^^^^^^^^^^^^^  ^^^^
Nov 01 00:40:02.392 INFO kablam! 
Nov 01 00:40:02.392 INFO kablam! warning: unused import: `serde_json`
Nov 01 00:40:02.392 INFO kablam!  --> src/commands/orgs.rs:5:5
Nov 01 00:40:02.392 INFO kablam!   |
Nov 01 00:40:02.392 INFO kablam! 5 | use serde_json;
Nov 01 00:40:02.392 INFO kablam!   |     ^^^^^^^^^^
Nov 01 00:40:02.392 INFO kablam! 
Nov 01 00:40:02.392 INFO kablam! warning: unused import: `serde_json::Error`
Nov 01 00:40:02.392 INFO kablam!  --> src/commands/orgs.rs:6:5
Nov 01 00:40:02.392 INFO kablam!   |
Nov 01 00:40:02.392 INFO kablam! 6 | use serde_json::Error;
Nov 01 00:40:02.392 INFO kablam!   |     ^^^^^^^^^^^^^^^^^
Nov 01 00:40:02.392 INFO kablam! 
Nov 01 00:40:02.392 INFO kablam! warning: unused import: `config`
Nov 01 00:40:02.392 INFO kablam!  --> src/commands/pullreqs.rs:2:5
Nov 01 00:40:02.392 INFO kablam!   |
Nov 01 00:40:02.392 INFO kablam! 2 | use config;
Nov 01 00:40:02.392 INFO kablam!   |     ^^^^^^
Nov 01 00:40:02.392 INFO kablam! 
Nov 01 00:40:02.392 INFO kablam! warning: unused import: `serde_json`
Nov 01 00:40:02.392 INFO kablam!  --> src/commands/pullreqs.rs:4:5
Nov 01 00:40:02.392 INFO kablam!   |
Nov 01 00:40:02.392 INFO kablam! 4 | use serde_json;
Nov 01 00:40:02.392 INFO kablam!   |     ^^^^^^^^^^
Nov 01 00:40:02.392 INFO kablam! 
Nov 01 00:40:02.392 INFO kablam! warning: unused import: `serde_json::Error`
Nov 01 00:40:02.392 INFO kablam!   --> src/config.rs:11:5
Nov 01 00:40:02.392 INFO kablam!    |
Nov 01 00:40:02.392 INFO kablam! 11 | use serde_json::Error;
Nov 01 00:40:02.392 INFO kablam!    |     ^^^^^^^^^^^^^^^^^
Nov 01 00:40:02.392 INFO kablam! 
Nov 01 00:40:02.392 INFO kablam! warning: unused import: `git_hub`
Nov 01 00:40:02.392 INFO kablam!  --> src/git_hub/orgs.rs:3:5
Nov 01 00:40:02.392 INFO kablam!   |
Nov 01 00:40:02.392 INFO kablam! 3 | use git_hub;
Nov 01 00:40:02.392 INFO kablam!   |     ^^^^^^^
Nov 01 00:40:02.392 INFO kablam! 
Nov 01 00:40:02.393 INFO kablam! warning: unused import: `hyper::Url`
Nov 01 00:40:02.393 INFO kablam!  --> src/git_hub/orgs.rs:6:5
Nov 01 00:40:02.393 INFO kablam!   |
Nov 01 00:40:02.393 INFO kablam! 6 | use hyper::Url;
Nov 01 00:40:02.393 INFO kablam!   |     ^^^^^^^^^^
Nov 01 00:40:02.393 INFO kablam! 
Nov 01 00:40:02.393 INFO kablam! warning: unused import: `hyper::client::Request`
Nov 01 00:40:02.393 INFO kablam!  --> src/git_hub/orgs.rs:7:5
Nov 01 00:40:02.393 INFO kablam!   |
Nov 01 00:40:02.393 INFO kablam! 7 | use hyper::client::Request;
Nov 01 00:40:02.393 INFO kablam!   |     ^^^^^^^^^^^^^^^^^^^^^^
Nov 01 00:40:02.393 INFO kablam! 
Nov 01 00:40:02.393 INFO kablam! warning: unused import: `hyper::method::Method`
Nov 01 00:40:02.393 INFO kablam!  --> src/git_hub/orgs.rs:8:5
Nov 01 00:40:02.393 INFO kablam!   |
Nov 01 00:40:02.393 INFO kablam! 8 | use hyper::method::Method;
Nov 01 00:40:02.393 INFO kablam!   |     ^^^^^^^^^^^^^^^^^^^^^
Nov 01 00:40:02.393 INFO kablam! 
Nov 01 00:40:02.393 INFO kablam! warning: unused imports: `Fresh`, `HttpsConnector`
Nov 01 00:40:02.393 INFO kablam!  --> src/git_hub/orgs.rs:9:18
Nov 01 00:40:02.393 INFO kablam!   |
Nov 01 00:40:02.394 INFO kablam! 9 | use hyper::net::{Fresh, HttpsConnector};
Nov 01 00:40:02.394 INFO kablam!   |                  ^^^^^  ^^^^^^^^^^^^^^
Nov 01 00:40:02.394 INFO kablam! 
Nov 01 00:40:02.394 INFO kablam! warning: unused import: `hyper::status::StatusCode`
Nov 01 00:40:02.394 INFO kablam!   --> src/git_hub/orgs.rs:10:5
Nov 01 00:40:02.394 INFO kablam!    |
Nov 01 00:40:02.394 INFO kablam! 10 | use hyper::status::StatusCode;
Nov 01 00:40:02.394 INFO kablam!    |     ^^^^^^^^^^^^^^^^^^^^^^^^^
Nov 01 00:40:02.394 INFO kablam! 
Nov 01 00:40:02.394 INFO kablam! warning: unused import: `std::str::from_utf8`
Nov 01 00:40:02.394 INFO kablam!   --> src/git_hub/orgs.rs:13:5
Nov 01 00:40:02.394 INFO kablam!    |
Nov 01 00:40:02.394 INFO kablam! 13 | use std::str::from_utf8;
Nov 01 00:40:02.394 INFO kablam!    |     ^^^^^^^^^^^^^^^^^^^
Nov 01 00:40:02.394 INFO kablam! 
Nov 01 00:40:02.412 INFO kablam! warning: unused import: `HttpsConnector`
Nov 01 00:40:02.412 INFO kablam!   --> src/git_hub/orgs.rs:72:25
Nov 01 00:40:02.412 INFO kablam!    |
Nov 01 00:40:02.412 INFO kablam! 72 | use hyper::net::{Fresh, HttpsConnector};
Nov 01 00:40:02.412 INFO kablam!    |                         ^^^^^^^^^^^^^^
Nov 01 00:40:02.412 INFO kablam! 
Nov 01 00:40:02.412 INFO kablam! warning: unused import: `hyper::status::StatusCode`
Nov 01 00:40:02.412 INFO kablam!   --> src/git_hub/orgs.rs:73:5
Nov 01 00:40:02.412 INFO kablam!    |
Nov 01 00:40:02.412 INFO kablam! 73 | use hyper::status::StatusCode;
Nov 01 00:40:02.412 INFO kablam!    |     ^^^^^^^^^^^^^^^^^^^^^^^^^
Nov 01 00:40:02.412 INFO kablam! 
Nov 01 00:40:02.433 INFO kablam! warning: use of deprecated item 'std::env::home_dir': This function's behavior is unexpected and probably not what you want. Consider using the home_dir function from https://crates.io/crates/dirs instead.
Nov 01 00:40:02.434 INFO kablam!    --> src/config.rs:139:11
Nov 01 00:40:02.435 INFO kablam!     |
Nov 01 00:40:02.436 INFO kablam! 139 |     match env::home_dir() {
Nov 01 00:40:02.436 INFO kablam!     |           ^^^^^^^^^^^^^
Nov 01 00:40:02.437 INFO kablam!     |
Nov 01 00:40:02.438 INFO kablam!     = note: #[warn(deprecated)] on by default
Nov 01 00:40:02.438 INFO kablam! 
Nov 01 00:40:02.779 INFO kablam! warning: unused variable: `matches`
Nov 01 00:40:02.780 INFO kablam!   --> src/commands/pullreqs.rs:54:19
Nov 01 00:40:02.781 INFO kablam!    |
Nov 01 00:40:02.781 INFO kablam! 54 | fn list_pull_reqs(matches: &ArgMatches) -> () {
Nov 01 00:40:02.782 INFO kablam!    |                   ^^^^^^^ help: consider using `_matches` instead
Nov 01 00:40:02.783 INFO kablam!    |
Nov 01 00:40:02.783 INFO kablam!    = note: #[warn(unused_variables)] on by default
Nov 01 00:40:02.784 INFO kablam! 
Nov 01 00:40:02.784 INFO kablam! warning: unused variable: `matches`
Nov 01 00:40:02.785 INFO kablam!   --> src/commands/pullreqs.rs:75:24
Nov 01 00:40:02.786 INFO kablam!    |
Nov 01 00:40:02.786 INFO kablam! 75 | fn create_pull_request(matches: &ArgMatches) -> () {
Nov 01 00:40:02.787 INFO kablam!    |                        ^^^^^^^ help: consider using `_matches` instead
Nov 01 00:40:02.787 INFO kablam! 
Nov 01 00:40:02.886 INFO kablam! warning: function `SUBCOMMAND` should have a snake case name such as `subcommand`
Nov 01 00:40:02.887 INFO kablam!   --> src/commands/orgs.rs:8:1
Nov 01 00:40:02.887 INFO kablam!    |
Nov 01 00:40:02.888 INFO kablam! 8  | / pub fn SUBCOMMAND<'a, 'b>() -> App<'a, 'b> {
Nov 01 00:40:02.889 INFO kablam! 9  | |     SubCommand::with_name("orgs")
Nov 01 00:40:02.889 INFO kablam! 10 | |                 .about("List, Get, Edit your GitHub Organizations")
Nov 01 00:40:02.890 INFO kablam! 11 | |                 .version(version!())
Nov 01 00:40:02.891 INFO kablam! ...  |
Nov 01 00:40:02.891 INFO kablam! 26 | |                                              .takes_value(true)))
Nov 01 00:40:02.892 INFO kablam! 27 | | }
Nov 01 00:40:02.893 INFO kablam!    | |_^
Nov 01 00:40:02.893 INFO kablam!    |
Nov 01 00:40:02.894 INFO kablam!    = note: #[warn(non_snake_case)] on by default
Nov 01 00:40:02.894 INFO kablam! 
Nov 01 00:40:02.895 INFO kablam! warning: function `SUBCOMMAND` should have a snake case name such as `subcommand`
Nov 01 00:40:02.895 INFO kablam!   --> src/commands/pullreqs.rs:6:1
Nov 01 00:40:02.895 INFO kablam!    |
Nov 01 00:40:02.895 INFO kablam! 6  | / pub fn SUBCOMMAND<'a, 'b>() -> App<'a, 'b> {
Nov 01 00:40:02.896 INFO kablam! 7  | |     SubCommand::with_name("pullreq")
Nov 01 00:40:02.896 INFO kablam! 8  | |                 .about("List, Get, Create, Edit, and Merge a GitHub Pull Request.")
Nov 01 00:40:02.896 INFO kablam! 9  | |                 .version(version!())
Nov 01 00:40:02.896 INFO kablam! ...  |
Nov 01 00:40:02.896 INFO kablam! 42 | |
Nov 01 00:40:02.896 INFO kablam! 43 | | }
Nov 01 00:40:02.896 INFO kablam!    | |_^
Nov 01 00:40:02.896 INFO kablam! 
Nov 01 00:40:06.892 INFO kablam!     Finished dev [unoptimized + debuginfo] target(s) in 30.65s
Nov 01 00:40:06.912 INFO kablam! su: No module specific data is present
Nov 01 00:40:08.293 INFO running `"docker" "rm" "-f" "b5827242abf6c633bbdc24cd23e8178d1e865645873ade717c8540b87597f625"`
Nov 01 00:40:08.611 INFO blam! b5827242abf6c633bbdc24cd23e8178d1e865645873ade717c8540b87597f625
Nov 01 00:40:08.624 INFO running `"docker" "create" "-v" "/mnt/big/crater/work/local/target-dirs/beta-1.31-1/worker-1/beta-2018-10-30:/target:rw,Z" "-v" "/mnt/big/crater/work/local/test-source/worker-1/beta-1.31-1/beta-2018-10-30:/source:ro,Z" "-v" "/mnt/big/crater/work/local/cargo-home:/cargo-home:ro,Z" "-v" "/mnt/big/crater/work/local/rustup-home:/rustup-home:ro,Z" "-e" "USER_ID=1000" "-e" "SOURCE_DIR=/source" "-e" "USER_ID=1000" "-e" "CMD=cargo +beta-2018-10-30 test --frozen --no-run" "-e" "CARGO_TARGET_DIR=/target" "-e" "CARGO_INCREMENTAL=0" "-e" "RUST_BACKTRACE=full" "-e" "RUSTFLAGS=--cap-lints=warn" "-e" "CARGO_HOME=/cargo-home" "-e" "RUSTUP_HOME=/rustup-home" "-m" "1536M" "--network" "none" "crater"`
Nov 01 00:40:09.188 INFO blam! 394094bda12ddfc8c0acad36d87cb7faf6014a2c8712d5bbe5f37ce69b3145f1
Nov 01 00:40:09.190 INFO running `"docker" "start" "-a" "394094bda12ddfc8c0acad36d87cb7faf6014a2c8712d5bbe5f37ce69b3145f1"`
Nov 01 00:40:10.745 INFO kablam! usermod: no changes
Nov 01 00:40:10.952 INFO kablam!    Compiling quickcheck v0.4.1
Nov 01 00:40:13.239 INFO kablam!    Compiling gh v0.0.2-SNAPSHOT (/source)
Nov 01 00:40:14.667 INFO kablam! warning: unused `#[macro_use]` import
Nov 01 00:40:14.667 INFO kablam!  --> src/main.rs:2:1
Nov 01 00:40:14.667 INFO kablam!   |
Nov 01 00:40:14.667 INFO kablam! 2 | #[macro_use]
Nov 01 00:40:14.667 INFO kablam!   | ^^^^^^^^^^^^
Nov 01 00:40:14.667 INFO kablam!   |
Nov 01 00:40:14.667 INFO kablam!   = note: #[warn(unused_imports)] on by default
Nov 01 00:40:14.667 INFO kablam! 
Nov 01 00:40:14.667 INFO kablam! warning: unused import: `config`
Nov 01 00:40:14.667 INFO kablam!  --> src/commands/orgs.rs:2:5
Nov 01 00:40:14.667 INFO kablam!   |
Nov 01 00:40:14.667 INFO kablam! 2 | use config;
Nov 01 00:40:14.667 INFO kablam!   |     ^^^^^^
Nov 01 00:40:14.667 INFO kablam! 
Nov 01 00:40:14.667 INFO kablam! warning: unused imports: `GitHubResponse`, `orgs`
Nov 01 00:40:14.667 INFO kablam!  --> src/commands/orgs.rs:3:15
Nov 01 00:40:14.667 INFO kablam!   |
Nov 01 00:40:14.667 INFO kablam! 3 | use git_hub::{GitHubResponse, orgs};
Nov 01 00:40:14.667 INFO kablam!   |               ^^^^^^^^^^^^^^  ^^^^
Nov 01 00:40:14.667 INFO kablam! 
Nov 01 00:40:14.667 INFO kablam! warning: unused import: `serde_json`
Nov 01 00:40:14.667 INFO kablam!  --> src/commands/orgs.rs:5:5
Nov 01 00:40:14.667 INFO kablam!   |
Nov 01 00:40:14.667 INFO kablam! 5 | use serde_json;
Nov 01 00:40:14.667 INFO kablam!   |     ^^^^^^^^^^
Nov 01 00:40:14.667 INFO kablam! 
Nov 01 00:40:14.667 INFO kablam! warning: unused import: `serde_json::Error`
Nov 01 00:40:14.667 INFO kablam!  --> src/commands/orgs.rs:6:5
Nov 01 00:40:14.667 INFO kablam!   |
Nov 01 00:40:14.667 INFO kablam! 6 | use serde_json::Error;
Nov 01 00:40:14.667 INFO kablam!   |     ^^^^^^^^^^^^^^^^^
Nov 01 00:40:14.667 INFO kablam! 
Nov 01 00:40:14.667 INFO kablam! warning: unused import: `config`
Nov 01 00:40:14.667 INFO kablam!  --> src/commands/pullreqs.rs:2:5
Nov 01 00:40:14.667 INFO kablam!   |
Nov 01 00:40:14.667 INFO kablam! 2 | use config;
Nov 01 00:40:14.667 INFO kablam!   |     ^^^^^^
Nov 01 00:40:14.667 INFO kablam! 
Nov 01 00:40:14.667 INFO kablam! warning: unused import: `serde_json`
Nov 01 00:40:14.667 INFO kablam!  --> src/commands/pullreqs.rs:4:5
Nov 01 00:40:14.667 INFO kablam!   |
Nov 01 00:40:14.667 INFO kablam! 4 | use serde_json;
Nov 01 00:40:14.667 INFO kablam!   |     ^^^^^^^^^^
Nov 01 00:40:14.667 INFO kablam! 
Nov 01 00:40:14.667 INFO kablam! warning: unused import: `serde_json::Error`
Nov 01 00:40:14.667 INFO kablam!   --> src/config.rs:11:5
Nov 01 00:40:14.667 INFO kablam!    |
Nov 01 00:40:14.667 INFO kablam! 11 | use serde_json::Error;
Nov 01 00:40:14.667 INFO kablam!    |     ^^^^^^^^^^^^^^^^^
Nov 01 00:40:14.667 INFO kablam! 
Nov 01 00:40:14.667 INFO kablam! warning: unused import: `git_hub`
Nov 01 00:40:14.667 INFO kablam!  --> src/git_hub/orgs.rs:3:5
Nov 01 00:40:14.667 INFO kablam!   |
Nov 01 00:40:14.667 INFO kablam! 3 | use git_hub;
Nov 01 00:40:14.667 INFO kablam!   |     ^^^^^^^
Nov 01 00:40:14.667 INFO kablam! 
Nov 01 00:40:14.667 INFO kablam! warning: unused import: `hyper::Url`
Nov 01 00:40:14.667 INFO kablam!  --> src/git_hub/orgs.rs:6:5
Nov 01 00:40:14.667 INFO kablam!   |
Nov 01 00:40:14.667 INFO kablam! 6 | use hyper::Url;
Nov 01 00:40:14.667 INFO kablam!   |     ^^^^^^^^^^
Nov 01 00:40:14.667 INFO kablam! 
Nov 01 00:40:14.667 INFO kablam! warning: unused import: `hyper::client::Request`
Nov 01 00:40:14.667 INFO kablam!  --> src/git_hub/orgs.rs:7:5
Nov 01 00:40:14.667 INFO kablam!   |
Nov 01 00:40:14.667 INFO kablam! 7 | use hyper::client::Request;
Nov 01 00:40:14.667 INFO kablam!   |     ^^^^^^^^^^^^^^^^^^^^^^
Nov 01 00:40:14.667 INFO kablam! 
Nov 01 00:40:14.667 INFO kablam! warning: unused import: `hyper::method::Method`
Nov 01 00:40:14.667 INFO kablam!  --> src/git_hub/orgs.rs:8:5
Nov 01 00:40:14.667 INFO kablam!   |
Nov 01 00:40:14.667 INFO kablam! 8 | use hyper::method::Method;
Nov 01 00:40:14.667 INFO kablam!   |     ^^^^^^^^^^^^^^^^^^^^^
Nov 01 00:40:14.667 INFO kablam! 
Nov 01 00:40:14.668 INFO kablam! warning: unused imports: `Fresh`, `HttpsConnector`
Nov 01 00:40:14.668 INFO kablam!  --> src/git_hub/orgs.rs:9:18
Nov 01 00:40:14.668 INFO kablam!   |
Nov 01 00:40:14.668 INFO kablam! 9 | use hyper::net::{Fresh, HttpsConnector};
Nov 01 00:40:14.668 INFO kablam!   |                  ^^^^^  ^^^^^^^^^^^^^^
Nov 01 00:40:14.668 INFO kablam! 
Nov 01 00:40:14.668 INFO kablam! warning: unused import: `hyper::status::StatusCode`
Nov 01 00:40:14.668 INFO kablam!   --> src/git_hub/orgs.rs:10:5
Nov 01 00:40:14.668 INFO kablam!    |
Nov 01 00:40:14.668 INFO kablam! 10 | use hyper::status::StatusCode;
Nov 01 00:40:14.668 INFO kablam!    |     ^^^^^^^^^^^^^^^^^^^^^^^^^
Nov 01 00:40:14.668 INFO kablam! 
Nov 01 00:40:14.668 INFO kablam! warning: unused import: `std::str::from_utf8`
Nov 01 00:40:14.668 INFO kablam!   --> src/git_hub/orgs.rs:13:5
Nov 01 00:40:14.668 INFO kablam!    |
Nov 01 00:40:14.668 INFO kablam! 13 | use std::str::from_utf8;
Nov 01 00:40:14.668 INFO kablam!    |     ^^^^^^^^^^^^^^^^^^^
Nov 01 00:40:14.668 INFO kablam! 
Nov 01 00:40:14.668 INFO kablam! warning: unused import: `HttpsConnector`
Nov 01 00:40:14.668 INFO kablam!   --> src/git_hub/orgs.rs:72:25
Nov 01 00:40:14.668 INFO kablam!    |
Nov 01 00:40:14.668 INFO kablam! 72 | use hyper::net::{Fresh, HttpsConnector};
Nov 01 00:40:14.668 INFO kablam!    |                         ^^^^^^^^^^^^^^
Nov 01 00:40:14.668 INFO kablam! 
Nov 01 00:40:14.668 INFO kablam! warning: unused import: `hyper::status::StatusCode`
Nov 01 00:40:14.668 INFO kablam!   --> src/git_hub/orgs.rs:73:5
Nov 01 00:40:14.668 INFO kablam!    |
Nov 01 00:40:14.668 INFO kablam! 73 | use hyper::status::StatusCode;
Nov 01 00:40:14.668 INFO kablam!    |     ^^^^^^^^^^^^^^^^^^^^^^^^^
Nov 01 00:40:14.668 INFO kablam! 
Nov 01 00:40:14.704 INFO kablam! warning: use of deprecated item 'std::env::home_dir': This function's behavior is unexpected and probably not what you want. Consider using the home_dir function from https://crates.io/crates/dirs instead.
Nov 01 00:40:14.704 INFO kablam!    --> src/config.rs:139:11
Nov 01 00:40:14.704 INFO kablam!     |
Nov 01 00:40:14.704 INFO kablam! 139 |     match env::home_dir() {
Nov 01 00:40:14.704 INFO kablam!     |           ^^^^^^^^^^^^^
Nov 01 00:40:14.704 INFO kablam!     |
Nov 01 00:40:14.704 INFO kablam!     = note: #[warn(deprecated)] on by default
Nov 01 00:40:14.704 INFO kablam! 
Nov 01 00:40:15.087 INFO kablam! warning: unused variable: `matches`
Nov 01 00:40:15.087 INFO kablam!   --> src/commands/pullreqs.rs:54:19
Nov 01 00:40:15.087 INFO kablam!    |
Nov 01 00:40:15.087 INFO kablam! 54 | fn list_pull_reqs(matches: &ArgMatches) -> () {
Nov 01 00:40:15.087 INFO kablam!    |                   ^^^^^^^ help: consider using `_matches` instead
Nov 01 00:40:15.087 INFO kablam!    |
Nov 01 00:40:15.087 INFO kablam!    = note: #[warn(unused_variables)] on by default
Nov 01 00:40:15.087 INFO kablam! 
Nov 01 00:40:15.087 INFO kablam! warning: unused variable: `matches`
Nov 01 00:40:15.087 INFO kablam!   --> src/commands/pullreqs.rs:75:24
Nov 01 00:40:15.087 INFO kablam!    |
Nov 01 00:40:15.087 INFO kablam! 75 | fn create_pull_request(matches: &ArgMatches) -> () {
Nov 01 00:40:15.087 INFO kablam!    |                        ^^^^^^^ help: consider using `_matches` instead
Nov 01 00:40:15.087 INFO kablam! 
Nov 01 00:40:15.217 INFO kablam! warning: function `SUBCOMMAND` should have a snake case name such as `subcommand`
Nov 01 00:40:15.217 INFO kablam!   --> src/commands/orgs.rs:8:1
Nov 01 00:40:15.217 INFO kablam!    |
Nov 01 00:40:15.217 INFO kablam! 8  | / pub fn SUBCOMMAND<'a, 'b>() -> App<'a, 'b> {
Nov 01 00:40:15.217 INFO kablam! 9  | |     SubCommand::with_name("orgs")
Nov 01 00:40:15.217 INFO kablam! 10 | |                 .about("List, Get, Edit your GitHub Organizations")
Nov 01 00:40:15.217 INFO kablam! 11 | |                 .version(version!())
Nov 01 00:40:15.217 INFO kablam! ...  |
Nov 01 00:40:15.217 INFO kablam! 26 | |                                              .takes_value(true)))
Nov 01 00:40:15.217 INFO kablam! 27 | | }
Nov 01 00:40:15.217 INFO kablam!    | |_^
Nov 01 00:40:15.217 INFO kablam!    |
Nov 01 00:40:15.217 INFO kablam!    = note: #[warn(non_snake_case)] on by default
Nov 01 00:40:15.217 INFO kablam! 
Nov 01 00:40:15.231 INFO kablam! warning: function `SUBCOMMAND` should have a snake case name such as `subcommand`
Nov 01 00:40:15.231 INFO kablam!   --> src/commands/pullreqs.rs:6:1
Nov 01 00:40:15.231 INFO kablam!    |
Nov 01 00:40:15.231 INFO kablam! 6  | / pub fn SUBCOMMAND<'a, 'b>() -> App<'a, 'b> {
Nov 01 00:40:15.231 INFO kablam! 7  | |     SubCommand::with_name("pullreq")
Nov 01 00:40:15.231 INFO kablam! 8  | |                 .about("List, Get, Create, Edit, and Merge a GitHub Pull Request.")
Nov 01 00:40:15.231 INFO kablam! 9  | |                 .version(version!())
Nov 01 00:40:15.231 INFO kablam! ...  |
Nov 01 00:40:15.231 INFO kablam! 42 | |
Nov 01 00:40:15.231 INFO kablam! 43 | | }
Nov 01 00:40:15.231 INFO kablam!    | |_^
Nov 01 00:40:15.231 INFO kablam! 
Nov 01 00:40:19.706 INFO kablam!     Finished dev [unoptimized + debuginfo] target(s) in 8.91s
Nov 01 00:40:19.723 INFO kablam! su: No module specific data is present
Nov 01 00:40:21.547 INFO running `"docker" "rm" "-f" "394094bda12ddfc8c0acad36d87cb7faf6014a2c8712d5bbe5f37ce69b3145f1"`
Nov 01 00:40:21.951 INFO blam! 394094bda12ddfc8c0acad36d87cb7faf6014a2c8712d5bbe5f37ce69b3145f1
Nov 01 00:40:21.951 INFO running `"docker" "create" "-v" "/mnt/big/crater/work/local/target-dirs/beta-1.31-1/worker-1/beta-2018-10-30:/target:rw,Z" "-v" "/mnt/big/crater/work/local/test-source/worker-1/beta-1.31-1/beta-2018-10-30:/source:ro,Z" "-v" "/mnt/big/crater/work/local/cargo-home:/cargo-home:ro,Z" "-v" "/mnt/big/crater/work/local/rustup-home:/rustup-home:ro,Z" "-e" "USER_ID=1000" "-e" "SOURCE_DIR=/source" "-e" "USER_ID=1000" "-e" "CMD=cargo +beta-2018-10-30 test --frozen" "-e" "CARGO_TARGET_DIR=/target" "-e" "CARGO_INCREMENTAL=0" "-e" "RUST_BACKTRACE=full" "-e" "RUSTFLAGS=--cap-lints=warn" "-e" "CARGO_HOME=/cargo-home" "-e" "RUSTUP_HOME=/rustup-home" "-m" "1536M" "--network" "none" "crater"`
Nov 01 00:40:22.549 INFO blam! d8c3278de828ec0d103d53801c71fdfebdc62021e717f016f1387986017cde1c
Nov 01 00:40:22.551 INFO running `"docker" "start" "-a" "d8c3278de828ec0d103d53801c71fdfebdc62021e717f016f1387986017cde1c"`
Nov 01 00:40:24.029 INFO kablam! usermod: no changes
Nov 01 00:40:24.227 INFO kablam!     Finished dev [unoptimized + debuginfo] target(s) in 0.17s
Nov 01 00:40:24.245 INFO kablam!      Running /target/debug/deps/gh-69443a332d78b536
Nov 01 00:40:24.255 INFO blam! 
Nov 01 00:40:24.255 INFO blam! running 11 tests
Nov 01 00:40:24.281 INFO blam! test commands::orgs::list::tests::test_build_output_forbidden ... ok
Nov 01 00:40:24.281 INFO blam! test commands::orgs::list::tests::test_build_200_ok_no_string_body_output ... ok
Nov 01 00:40:24.281 INFO blam! test commands::orgs::list::tests::test_build_output_no_string_body ... ok
Nov 01 00:40:24.281 INFO blam! test commands::orgs::list::tests::test_build_output_unauthorized ... ok
Nov 01 00:40:24.281 INFO blam! test evidence::json_ops::tests::test_to_pretty_json_or_die_serialize ... ok
Nov 01 00:40:24.288 INFO blam! test commands::orgs::list::tests::test_build_output_unknown ... ok
Nov 01 00:40:24.323 INFO blam! test evidence::json_ops::tests::test_from_str_or_die_deserialize ... ok
Nov 01 00:40:24.407 INFO blam! test evidence::json_ops::tests::test_from_str_or_die_die ... ok
Nov 01 00:40:24.407 INFO blam! test git_hub::tests::test_add_base_headers ... FAILED
Nov 01 00:40:24.407 INFO blam! test git_hub::tests::test_add_headers ... FAILED
Nov 01 00:40:24.407 INFO blam! test git_hub::tests::test_add_auth_header ... FAILED
Nov 01 00:40:24.407 INFO blam! 
Nov 01 00:40:24.407 INFO blam! failures:
Nov 01 00:40:24.407 INFO blam! 
Nov 01 00:40:24.407 INFO blam! ---- git_hub::tests::test_add_base_headers stdout ----
Nov 01 00:40:24.407 INFO blam! thread 'git_hub::tests::test_add_base_headers' panicked at 'called `Result::unwrap()` on an `Err` value: Io(Custom { kind: Other, error: StringError("failed to lookup address information: Temporary failure in name resolution") })', libcore/result.rs:1009:5
Nov 01 00:40:24.407 INFO blam! stack backtrace:
Nov 01 00:40:24.407 INFO blam!    0:     0x55703784a91f - std::sys::unix::backtrace::tracing::imp::unwind_backtrace::h3c55afa80a996a32
Nov 01 00:40:24.407 INFO blam!                                at libstd/sys/unix/backtrace/tracing/gcc_s.rs:49
Nov 01 00:40:24.407 INFO blam!    1:     0x557037854017 - std::sys_common::backtrace::print::hcef907ea7a07cd40
Nov 01 00:40:24.407 INFO blam!                                at libstd/sys_common/backtrace.rs:71
Nov 01 00:40:24.407 INFO blam!                                at libstd/sys_common/backtrace.rs:59
Nov 01 00:40:24.407 INFO blam!    2:     0x55703784eaef - std::panicking::default_hook::{{closure}}::hf541876c65f36ea7
Nov 01 00:40:24.407 INFO blam!                                at libstd/panicking.rs:211
Nov 01 00:40:24.407 INFO blam!    3:     0x55703784e7ee - std::panicking::default_hook::h4ecc06b30ae4459d
Nov 01 00:40:24.407 INFO blam!                                at libstd/panicking.rs:221
Nov 01 00:40:24.407 INFO blam!    4:     0x55703784f1ce - std::panicking::rust_panic_with_hook::h0cc6d9cc9f34a947
Nov 01 00:40:24.407 INFO blam!                                at libstd/panicking.rs:476
Nov 01 00:40:24.407 INFO blam!    5:     0x55703784ed71 - std::panicking::continue_panic_fmt::hc71ad5f01496e320
Nov 01 00:40:24.407 INFO blam!                                at libstd/panicking.rs:390
Nov 01 00:40:24.407 INFO blam!    6:     0x55703784ec55 - rust_begin_unwind
Nov 01 00:40:24.407 INFO blam!                                at libstd/panicking.rs:325
Nov 01 00:40:24.407 INFO blam!    7:     0x557037894a7c - core::panicking::panic_fmt::ha71638b7d4f53c35
Nov 01 00:40:24.407 INFO blam!                                at libcore/panicking.rs:77
Nov 01 00:40:24.407 INFO blam!    8:     0x5570377829c0 - core::result::unwrap_failed::h66fddad76b6c0343
Nov 01 00:40:24.407 INFO blam!                                at libcore/macros.rs:26
Nov 01 00:40:24.407 INFO blam!    9:     0x5570377016fd - <core::result::Result<T, E>>::unwrap::h6864ec353b357f5c
Nov 01 00:40:24.407 INFO blam!                                at libcore/result.rs:808
Nov 01 00:40:24.407 INFO blam!   10:     0x5570376ed234 - gh::git_hub::tests::build_test_request::hc8f4d8da904b818c
Nov 01 00:40:24.407 INFO blam!                                at src/git_hub/mod.rs:84
Nov 01 00:40:24.407 INFO blam!   11:     0x5570376edd70 - gh::git_hub::tests::test_add_base_headers::h6b760cef7c6bc59f
Nov 01 00:40:24.407 INFO blam!                                at src/git_hub/mod.rs:112
Nov 01 00:40:24.407 INFO blam!   12:     0x5570376edd49 - gh::git_hub::tests::test_add_base_headers::{{closure}}::hbba14ac864d6fbcf
Nov 01 00:40:24.407 INFO blam!                                at src/git_hub/mod.rs:111
Nov 01 00:40:24.407 INFO blam!   13:     0x5570376ee76d - core::ops::function::FnOnce::call_once::h0d2ffcd50c2bf759
Nov 01 00:40:24.407 INFO blam!                                at libcore/ops/function.rs:238
Nov 01 00:40:24.407 INFO blam!   14:     0x55703771104e - <F as alloc::boxed::FnBox<A>>::call_box::hf32558bd83684b60
Nov 01 00:40:24.407 INFO blam!                                at libtest/lib.rs:1468
Nov 01 00:40:24.407 INFO blam!                                at libcore/ops/function.rs:238
Nov 01 00:40:24.407 INFO blam!                                at liballoc/boxed.rs:672
Nov 01 00:40:24.407 INFO blam!   15:     0x55703785f249 - __rust_maybe_catch_panic
Nov 01 00:40:24.407 INFO blam!                                at libpanic_unwind/lib.rs:102
Nov 01 00:40:24.407 INFO blam!   16:     0x557037732cb2 - std::sys_common::backtrace::__rust_begin_short_backtrace::h1bb71a7386fd3269
Nov 01 00:40:24.407 INFO blam!                                at libstd/panicking.rs:289
Nov 01 00:40:24.407 INFO blam!                                at libstd/panic.rs:392
Nov 01 00:40:24.407 INFO blam!                                at libtest/lib.rs:1423
Nov 01 00:40:24.407 INFO blam!                                at libstd/sys_common/backtrace.rs:136
Nov 01 00:40:24.407 INFO blam!   17:     0x557037733764 - std::panicking::try::do_call::h9b94719c3074bb5c
Nov 01 00:40:24.407 INFO blam!                                at libstd/thread/mod.rs:409
Nov 01 00:40:24.407 INFO blam!                                at libstd/panic.rs:313
Nov 01 00:40:24.407 INFO blam!                                at libstd/panicking.rs:310
Nov 01 00:40:24.407 INFO blam!   18:     0x55703785f249 - __rust_maybe_catch_panic
Nov 01 00:40:24.407 INFO blam!                                at libpanic_unwind/lib.rs:102
Nov 01 00:40:24.407 INFO blam!   19:     0x55703772098c - <F as alloc::boxed::FnBox<A>>::call_box::hb3bcd66d16fd3e84
Nov 01 00:40:24.407 INFO blam!                                at libstd/panicking.rs:289
Nov 01 00:40:24.407 INFO blam!                                at libstd/panic.rs:392
Nov 01 00:40:24.407 INFO blam!                                at libstd/thread/mod.rs:408
Nov 01 00:40:24.407 INFO blam!                                at liballoc/boxed.rs:672
Nov 01 00:40:24.407 INFO blam!   20:     0x55703784c7fd - std::sys_common::thread::start_thread::had0c80d121669d29
Nov 01 00:40:24.407 INFO blam!                                at liballoc/boxed.rs:682
Nov 01 00:40:24.407 INFO blam!                                at libstd/sys_common/thread.rs:24
Nov 01 00:40:24.407 INFO blam!   21:     0x557037840465 - std::sys::unix::thread::Thread::new::thread_start::h4a5b66a70d76f47f
Nov 01 00:40:24.407 INFO blam!                                at libstd/sys/unix/thread.rs:90
Nov 01 00:40:24.407 INFO blam!   22:     0x7f67b70716b9 - start_thread
Nov 01 00:40:24.407 INFO blam!   23:     0x7f67b6b9141c - clone
Nov 01 00:40:24.407 INFO blam!   24:                0x0 - <unknown>
Nov 01 00:40:24.407 INFO blam! 
Nov 01 00:40:24.407 INFO blam! ---- git_hub::tests::test_add_headers stdout ----
Nov 01 00:40:24.407 INFO blam! thread 'git_hub::tests::test_add_headers' panicked at 'called `Result::unwrap()` on an `Err` value: Io(Custom { kind: Other, error: StringError("failed to lookup address information: Temporary failure in name resolution") })', libcore/result.rs:1009:5
Nov 01 00:40:24.407 INFO blam! stack backtrace:
Nov 01 00:40:24.407 INFO blam!    0:     0x55703784a91f - std::sys::unix::backtrace::tracing::imp::unwind_backtrace::h3c55afa80a996a32
Nov 01 00:40:24.407 INFO blam!                                at libstd/sys/unix/backtrace/tracing/gcc_s.rs:49
Nov 01 00:40:24.407 INFO blam!    1:     0x557037854017 - std::sys_common::backtrace::print::hcef907ea7a07cd40
Nov 01 00:40:24.407 INFO blam!                                at libstd/sys_common/backtrace.rs:71
Nov 01 00:40:24.407 INFO blam!                                at libstd/sys_common/backtrace.rs:59
Nov 01 00:40:24.407 INFO blam!    2:     0x55703784eaef - std::panicking::default_hook::{{closure}}::hf541876c65f36ea7
Nov 01 00:40:24.407 INFO blam!                                at libstd/panicking.rs:211
Nov 01 00:40:24.407 INFO blam!    3:     0x55703784e7ee - std::panicking::default_hook::h4ecc06b30ae4459d
Nov 01 00:40:24.407 INFO blam!                                at libstd/panicking.rs:221
Nov 01 00:40:24.407 INFO blam!    4:     0x55703784f1ce - std::panicking::rust_panic_with_hook::h0cc6d9cc9f34a947
Nov 01 00:40:24.408 INFO blam!                                at libstd/panicking.rs:476
Nov 01 00:40:24.408 INFO blam!    5:     0x55703784ed71 - std::panicking::continue_panic_fmt::hc71ad5f01496e320
Nov 01 00:40:24.408 INFO blam!                                at libstd/panicking.rs:390
Nov 01 00:40:24.408 INFO blam!    6:     0x55703784ec55 - rust_begin_unwind
Nov 01 00:40:24.408 INFO blam!                                at libstd/panicking.rs:325
Nov 01 00:40:24.408 INFO blam!    7:     0x557037894a7c - core::panicking::panic_fmt::ha71638b7d4f53c35
Nov 01 00:40:24.408 INFO blam!                                at libcore/panicking.rs:77
Nov 01 00:40:24.408 INFO blam!    8:     0x5570377829c0 - core::result::unwrap_failed::h66fddad76b6c0343
Nov 01 00:40:24.408 INFO blam!                                at libcore/macros.rs:26
Nov 01 00:40:24.408 INFO blam!    9:     0x5570377016fd - <core::result::Result<T, E>>::unwrap::h6864ec353b357f5c
Nov 01 00:40:24.408 INFO blam!                                at libcore/result.rs:808
Nov 01 00:40:24.408 INFO blam!   10:     0x5570376ed234 - gh::git_hub::tests::build_test_request::hc8f4d8da904b818c
Nov 01 00:40:24.408 INFO blam!                                at src/git_hub/mod.rs:84
Nov 01 00:40:24.408 INFO blam!   11:     0x5570376edbe0 - gh::git_hub::tests::test_add_headers::h682df68c38ace784
Nov 01 00:40:24.408 INFO blam!                                at src/git_hub/mod.rs:96
Nov 01 00:40:24.408 INFO blam!   12:     0x5570376edbb9 - gh::git_hub::tests::test_add_headers::{{closure}}::hfa0046ca4a439c12
Nov 01 00:40:24.408 INFO blam!                                at src/git_hub/mod.rs:95
Nov 01 00:40:24.408 INFO blam!   13:     0x5570376eea2d - core::ops::function::FnOnce::call_once::h7170970cf1061a19
Nov 01 00:40:24.408 INFO blam!                                at libcore/ops/function.rs:238
Nov 01 00:40:24.408 INFO blam!   14:     0x55703771104e - <F as alloc::boxed::FnBox<A>>::call_box::hf32558bd83684b60
Nov 01 00:40:24.408 INFO blam!                                at libtest/lib.rs:1468
Nov 01 00:40:24.408 INFO blam!                                at libcore/ops/function.rs:238
Nov 01 00:40:24.408 INFO blam!                                at liballoc/boxed.rs:672
Nov 01 00:40:24.408 INFO blam!   15:     0x55703785f249 - __rust_maybe_catch_panic
Nov 01 00:40:24.408 INFO blam!                                at libpanic_unwind/lib.rs:102
Nov 01 00:40:24.408 INFO blam!   16:     0x557037732cb2 - std::sys_common::backtrace::__rust_begin_short_backtrace::h1bb71a7386fd3269
Nov 01 00:40:24.408 INFO blam!                                at libstd/panicking.rs:289
Nov 01 00:40:24.408 INFO blam!                                at libstd/panic.rs:392
Nov 01 00:40:24.408 INFO blam!                                at libtest/lib.rs:1423
Nov 01 00:40:24.408 INFO blam!                                at libstd/sys_common/backtrace.rs:136
Nov 01 00:40:24.408 INFO blam!   17:     0x557037733764 - std::panicking::try::do_call::h9b94719c3074bb5c
Nov 01 00:40:24.408 INFO blam!                                at libstd/thread/mod.rs:409
Nov 01 00:40:24.408 INFO blam!                                at libstd/panic.rs:313
Nov 01 00:40:24.408 INFO blam!                                at libstd/panicking.rs:310
Nov 01 00:40:24.408 INFO blam!   18:     0x55703785f249 - __rust_maybe_catch_panic
Nov 01 00:40:24.408 INFO blam!                                at libpanic_unwind/lib.rs:102
Nov 01 00:40:24.408 INFO blam!   19:     0x55703772098c - <F as alloc::boxed::FnBox<A>>::call_box::hb3bcd66d16fd3e84
Nov 01 00:40:24.408 INFO blam!                                at libstd/panicking.rs:289
Nov 01 00:40:24.408 INFO blam!                                at libstd/panic.rs:392
Nov 01 00:40:24.408 INFO blam!                                at libstd/thread/mod.rs:408
Nov 01 00:40:24.408 INFO blam!                                at liballoc/boxed.rs:672
Nov 01 00:40:24.408 INFO blam!   20:     0x55703784c7fd - std::sys_common::thread::start_thread::had0c80d121669d29
Nov 01 00:40:24.408 INFO blam!                                at liballoc/boxed.rs:682
Nov 01 00:40:24.408 INFO blam!                                at libstd/sys_common/thread.rs:24
Nov 01 00:40:24.408 INFO blam!   21:     0x557037840465 - std::sys::unix::thread::Thread::new::thread_start::h4a5b66a70d76f47f
Nov 01 00:40:24.408 INFO blam!                                at libstd/sys/unix/thread.rs:90
Nov 01 00:40:24.408 INFO blam!   22:     0x7f67b70716b9 - start_thread
Nov 01 00:40:24.408 INFO blam!   23:     0x7f67b6b9141c - clone
Nov 01 00:40:24.408 INFO blam!   24:                0x0 - <unknown>
Nov 01 00:40:24.408 INFO blam! 
Nov 01 00:40:24.408 INFO blam! ---- git_hub::tests::test_add_auth_header stdout ----
Nov 01 00:40:24.408 INFO blam! thread 'git_hub::tests::test_add_auth_header' panicked at 'called `Result::unwrap()` on an `Err` value: Io(Custom { kind: Other, error: StringError("failed to lookup address information: Temporary failure in name resolution") })', libcore/result.rs:1009:5
Nov 01 00:40:24.408 INFO blam! stack backtrace:
Nov 01 00:40:24.408 INFO blam!    0:     0x55703784a91f - std::sys::unix::backtrace::tracing::imp::unwind_backtrace::h3c55afa80a996a32
Nov 01 00:40:24.408 INFO blam!                                at libstd/sys/unix/backtrace/tracing/gcc_s.rs:49
Nov 01 00:40:24.408 INFO blam!    1:     0x557037854017 - std::sys_common::backtrace::print::hcef907ea7a07cd40
Nov 01 00:40:24.408 INFO blam!                                at libstd/sys_common/backtrace.rs:71
Nov 01 00:40:24.408 INFO blam!                                at libstd/sys_common/backtrace.rs:59
Nov 01 00:40:24.408 INFO blam!    2:     0x55703784eaef - std::panicking::default_hook::{{closure}}::hf541876c65f36ea7
Nov 01 00:40:24.408 INFO blam!                                at libstd/panicking.rs:211
Nov 01 00:40:24.408 INFO blam!    3:     0x55703784e7ee - std::panicking::default_hook::h4ecc06b30ae4459d
Nov 01 00:40:24.408 INFO blam!                                at libstd/panicking.rs:221
Nov 01 00:40:24.408 INFO blam!    4:     0x55703784f1ce - std::panicking::rust_panic_with_hook::h0cc6d9cc9f34a947
Nov 01 00:40:24.408 INFO blam!                                at libstd/panicking.rs:476
Nov 01 00:40:24.408 INFO blam!    5:     0x55703784ed71 - std::panicking::continue_panic_fmt::hc71ad5f01496e320
Nov 01 00:40:24.408 INFO blam!                                at libstd/panicking.rs:390
Nov 01 00:40:24.408 INFO blam!    6:     0x55703784ec55 - rust_begin_unwind
Nov 01 00:40:24.408 INFO blam!                                at libstd/panicking.rs:325
Nov 01 00:40:24.408 INFO blam!    7:     0x557037894a7c - core::panicking::panic_fmt::ha71638b7d4f53c35
Nov 01 00:40:24.408 INFO blam!                                at libcore/panicking.rs:77
Nov 01 00:40:24.408 INFO blam!    8:     0x5570377829c0 - core::result::unwrap_failed::h66fddad76b6c0343
Nov 01 00:40:24.408 INFO blam!                                at libcore/macros.rs:26
Nov 01 00:40:24.408 INFO blam!    9:     0x5570377016fd - <core::result::Result<T, E>>::unwrap::h6864ec353b357f5c
Nov 01 00:40:24.408 INFO blam!                                at libcore/result.rs:808
Nov 01 00:40:24.408 INFO blam!   10:     0x5570376ed234 - gh::git_hub::tests::build_test_request::hc8f4d8da904b818c
Nov 01 00:40:24.408 INFO blam!                                at src/git_hub/mod.rs:84
Nov 01 00:40:24.408 INFO blam!   11:     0x5570376edea0 - gh::git_hub::tests::test_add_auth_header::hf5f8dc8b1f28318d
Nov 01 00:40:24.408 INFO blam!                                at src/git_hub/mod.rs:126
Nov 01 00:40:24.408 INFO blam!   12:     0x5570376ede79 - gh::git_hub::tests::test_add_auth_header::{{closure}}::h23cc4b86fd9d8ab4
Nov 01 00:40:24.408 INFO blam!                                at src/git_hub/mod.rs:125
Nov 01 00:40:24.408 INFO blam!   13:     0x5570376ee99d - core::ops::function::FnOnce::call_once::h5e225af112802735
Nov 01 00:40:24.408 INFO blam!                                at libcore/ops/function.rs:238
Nov 01 00:40:24.408 INFO blam!   14:     0x55703771104e - <F as alloc::boxed::FnBox<A>>::call_box::hf32558bd83684b60
Nov 01 00:40:24.408 INFO blam!                                at libtest/lib.rs:1468
Nov 01 00:40:24.408 INFO blam!                                at libcore/ops/function.rs:238
Nov 01 00:40:24.408 INFO blam!                                at liballoc/boxed.rs:672
Nov 01 00:40:24.409 INFO blam!   15:     0x55703785f249 - __rust_maybe_catch_panic
Nov 01 00:40:24.409 INFO blam!                                at libpanic_unwind/lib.rs:102
Nov 01 00:40:24.409 INFO blam!   16:     0x557037732cb2 - std::sys_common::backtrace::__rust_begin_short_backtrace::h1bb71a7386fd3269
Nov 01 00:40:24.409 INFO blam!                                at libstd/panicking.rs:289
Nov 01 00:40:24.409 INFO blam!                                at libstd/panic.rs:392
Nov 01 00:40:24.409 INFO blam!                                at libtest/lib.rs:1423
Nov 01 00:40:24.409 INFO blam!                                at libstd/sys_common/backtrace.rs:136
Nov 01 00:40:24.409 INFO blam!   17:     0x557037733764 - std::panicking::try::do_call::h9b94719c3074bb5c
Nov 01 00:40:24.409 INFO blam!                                at libstd/thread/mod.rs:409
Nov 01 00:40:24.409 INFO blam!                                at libstd/panic.rs:313
Nov 01 00:40:24.409 INFO blam!                                at libstd/panicking.rs:310
Nov 01 00:40:24.409 INFO blam!   18:     0x55703785f249 - __rust_maybe_catch_panic
Nov 01 00:40:24.409 INFO blam!                                at libpanic_unwind/lib.rs:102
Nov 01 00:40:24.409 INFO blam!   19:     0x55703772098c - <F as alloc::boxed::FnBox<A>>::call_box::hb3bcd66d16fd3e84
Nov 01 00:40:24.409 INFO blam!                                at libstd/panicking.rs:289
Nov 01 00:40:24.409 INFO blam!                                at libstd/panic.rs:392
Nov 01 00:40:24.409 INFO blam!                                at libstd/thread/mod.rs:408
Nov 01 00:40:24.409 INFO blam!                                at liballoc/boxed.rs:672
Nov 01 00:40:24.409 INFO blam!   20:     0x55703784c7fd - std::sys_common::thread::start_thread::had0c80d121669d29
Nov 01 00:40:24.409 INFO blam!                                at liballoc/boxed.rs:682
Nov 01 00:40:24.409 INFO blam!                                at libstd/sys_common/thread.rs:24
Nov 01 00:40:24.409 INFO blam!   21:     0x557037840465 - std::sys::unix::thread::Thread::new::thread_start::h4a5b66a70d76f47f
Nov 01 00:40:24.409 INFO blam!                                at libstd/sys/unix/thread.rs:90
Nov 01 00:40:24.409 INFO blam!   22:     0x7f67b70716b9 - start_thread
Nov 01 00:40:24.409 INFO blam!   23:     0x7f67b6b9141c - clone
Nov 01 00:40:24.409 INFO blam!   24:                0x0 - <unknown>
Nov 01 00:40:24.409 INFO blam! 
Nov 01 00:40:24.409 INFO blam! 
Nov 01 00:40:24.409 INFO blam! failures:
Nov 01 00:40:24.409 INFO blam!     git_hub::tests::test_add_auth_header
Nov 01 00:40:24.409 INFO blam!     git_hub::tests::test_add_base_headers
Nov 01 00:40:24.409 INFO blam!     git_hub::tests::test_add_headers
Nov 01 00:40:24.409 INFO blam! 
Nov 01 00:40:24.409 INFO blam! test result: FAILED. 8 passed; 3 failed; 0 ignored; 0 measured; 0 filtered out
Nov 01 00:40:24.409 INFO blam! 
Nov 01 00:40:24.410 INFO kablam! error: test failed, to rerun pass '--bin gh'
Nov 01 00:40:24.410 INFO kablam! su: No module specific data is present
Nov 01 00:40:25.023 INFO running `"docker" "rm" "-f" "d8c3278de828ec0d103d53801c71fdfebdc62021e717f016f1387986017cde1c"`
Nov 01 00:40:25.334 INFO blam! d8c3278de828ec0d103d53801c71fdfebdc62021e717f016f1387986017cde1c
