Nov 01 00:58:19.247 INFO testing otaviopace/minigrep against 1.30.0 for beta-1.31-1
Nov 01 00:58:19.248 INFO running `"docker" "create" "-v" "/mnt/big/crater/work/local/target-dirs/beta-1.31-1/worker-3/1.30.0:/target:rw,Z" "-v" "/mnt/big/crater/work/local/test-source/worker-3/beta-1.31-1/1.30.0:/source:ro,Z" "-v" "/mnt/big/crater/work/local/cargo-home:/cargo-home:ro,Z" "-v" "/mnt/big/crater/work/local/rustup-home:/rustup-home:ro,Z" "-e" "USER_ID=1000" "-e" "SOURCE_DIR=/source" "-e" "USER_ID=1000" "-e" "CMD=cargo +1.30.0 build --frozen" "-e" "CARGO_TARGET_DIR=/target" "-e" "CARGO_INCREMENTAL=0" "-e" "RUST_BACKTRACE=full" "-e" "RUSTFLAGS=--cap-lints=warn" "-e" "CARGO_HOME=/cargo-home" "-e" "RUSTUP_HOME=/rustup-home" "-m" "1536M" "--network" "none" "crater"`
Nov 01 00:58:19.440 INFO blam! 4510b27d2e4babd1620d1f112e1dd3b60318c098fbba017d4609e5987e9edabf
Nov 01 00:58:19.447 INFO running `"docker" "start" "-a" "4510b27d2e4babd1620d1f112e1dd3b60318c098fbba017d4609e5987e9edabf"`
Nov 01 00:58:19.890 INFO kablam! usermod: no changes
Nov 01 00:58:19.931 INFO kablam!    Compiling minigrep v0.1.0 (/source)
Nov 01 00:58:21.160 INFO kablam!     Finished dev [unoptimized + debuginfo] target(s) in 1.25s
Nov 01 00:58:21.162 INFO kablam! su: No module specific data is present
Nov 01 00:58:21.397 INFO running `"docker" "rm" "-f" "4510b27d2e4babd1620d1f112e1dd3b60318c098fbba017d4609e5987e9edabf"`
Nov 01 00:58:21.504 INFO blam! 4510b27d2e4babd1620d1f112e1dd3b60318c098fbba017d4609e5987e9edabf
Nov 01 00:58:21.507 INFO running `"docker" "create" "-v" "/mnt/big/crater/work/local/target-dirs/beta-1.31-1/worker-3/1.30.0:/target:rw,Z" "-v" "/mnt/big/crater/work/local/test-source/worker-3/beta-1.31-1/1.30.0:/source:ro,Z" "-v" "/mnt/big/crater/work/local/cargo-home:/cargo-home:ro,Z" "-v" "/mnt/big/crater/work/local/rustup-home:/rustup-home:ro,Z" "-e" "USER_ID=1000" "-e" "SOURCE_DIR=/source" "-e" "USER_ID=1000" "-e" "CMD=cargo +1.30.0 test --frozen --no-run" "-e" "CARGO_TARGET_DIR=/target" "-e" "CARGO_INCREMENTAL=0" "-e" "RUST_BACKTRACE=full" "-e" "RUSTFLAGS=--cap-lints=warn" "-e" "CARGO_HOME=/cargo-home" "-e" "RUSTUP_HOME=/rustup-home" "-m" "1536M" "--network" "none" "crater"`
Nov 01 00:58:21.843 INFO blam! 7b554444ffc36274f3523ffbc2eb2ea3e3bd38ed433159d32e5fa509002faef8
Nov 01 00:58:21.845 INFO running `"docker" "start" "-a" "7b554444ffc36274f3523ffbc2eb2ea3e3bd38ed433159d32e5fa509002faef8"`
Nov 01 00:58:22.342 INFO kablam! usermod: no changes
Nov 01 00:58:22.371 INFO kablam!    Compiling minigrep v0.1.0 (/source)
Nov 01 00:58:23.446 INFO kablam!     Finished dev [unoptimized + debuginfo] target(s) in 1.08s
Nov 01 00:58:23.450 INFO kablam! su: No module specific data is present
Nov 01 00:58:23.743 INFO running `"docker" "rm" "-f" "7b554444ffc36274f3523ffbc2eb2ea3e3bd38ed433159d32e5fa509002faef8"`
Nov 01 00:58:23.839 INFO blam! 7b554444ffc36274f3523ffbc2eb2ea3e3bd38ed433159d32e5fa509002faef8
Nov 01 00:58:23.841 INFO running `"docker" "create" "-v" "/mnt/big/crater/work/local/target-dirs/beta-1.31-1/worker-3/1.30.0:/target:rw,Z" "-v" "/mnt/big/crater/work/local/test-source/worker-3/beta-1.31-1/1.30.0:/source:ro,Z" "-v" "/mnt/big/crater/work/local/cargo-home:/cargo-home:ro,Z" "-v" "/mnt/big/crater/work/local/rustup-home:/rustup-home:ro,Z" "-e" "USER_ID=1000" "-e" "SOURCE_DIR=/source" "-e" "USER_ID=1000" "-e" "CMD=cargo +1.30.0 test --frozen" "-e" "CARGO_TARGET_DIR=/target" "-e" "CARGO_INCREMENTAL=0" "-e" "RUST_BACKTRACE=full" "-e" "RUSTFLAGS=--cap-lints=warn" "-e" "CARGO_HOME=/cargo-home" "-e" "RUSTUP_HOME=/rustup-home" "-m" "1536M" "--network" "none" "crater"`
Nov 01 00:58:23.988 INFO blam! 9b54a9d8b13714e223cd15f452304394d322534853975096a1f1b0ae3855e9a2
Nov 01 00:58:23.990 INFO running `"docker" "start" "-a" "9b54a9d8b13714e223cd15f452304394d322534853975096a1f1b0ae3855e9a2"`
Nov 01 00:58:24.402 INFO kablam! usermod: no changes
Nov 01 00:58:24.475 INFO kablam!     Finished dev [unoptimized + debuginfo] target(s) in 0.02s
Nov 01 00:58:24.483 INFO kablam!      Running /target/debug/deps/minigrep-e3f239b7a1eb3126
Nov 01 00:58:24.487 INFO blam! 
Nov 01 00:58:24.487 INFO blam! running 10 tests
Nov 01 00:58:24.487 INFO blam! test tests::functions::run_should_return_ok ... ok
Nov 01 00:58:24.487 INFO blam! test tests::config::run_should_return_ok ... ok
Nov 01 00:58:24.488 INFO blam! test tests::functions::search_should_return_case_insensitive ... ok
Nov 01 00:58:24.488 INFO blam! test tests::config::config_new_should_return_config_when_has_var ... ok
Nov 01 00:58:24.489 INFO blam! test tests::functions::search_should_return_case_sensitive ... ok
Nov 01 00:58:24.489 INFO blam! test tests::functions::search_should_return_no_result ... ok
Nov 01 00:58:24.503 INFO blam! test tests::functions::run_should_return_error ... ok
Nov 01 00:58:24.503 INFO blam! test tests::config::config_new_should_return_config_when_not_var ... FAILED
Nov 01 00:58:24.504 INFO blam! test tests::config::run_should_return_error ... ok
Nov 01 00:58:24.505 INFO blam! test tests::config::config_new_should_return_error ... ok
Nov 01 00:58:24.505 INFO blam! 
Nov 01 00:58:24.505 INFO blam! failures:
Nov 01 00:58:24.505 INFO blam! 
Nov 01 00:58:24.505 INFO blam! ---- tests::config::config_new_should_return_config_when_not_var stdout ----
Nov 01 00:58:24.505 INFO blam! thread 'tests::config::config_new_should_return_config_when_not_var' panicked at 'assertion failed: `(left == right)`
Nov 01 00:58:24.505 INFO blam!   left: `Config { query: "bla", file_name: "my_file.txt", case_sensitive: true }`,
Nov 01 00:58:24.505 INFO blam!  right: `Config { query: "bla", file_name: "my_file.txt", case_sensitive: false }`', src/tests/config.rs:14:5
Nov 01 00:58:24.505 INFO blam! stack backtrace:
Nov 01 00:58:24.505 INFO blam!    0:     0x55880280df5e - std::sys::unix::backtrace::tracing::imp::unwind_backtrace::hf5316c67202e23c8
Nov 01 00:58:24.505 INFO blam!                                at libstd/sys/unix/backtrace/tracing/gcc_s.rs:49
Nov 01 00:58:24.505 INFO blam!    1:     0x5588028011c6 - std::sys_common::backtrace::print::h3068ed2a6dc7ac86
Nov 01 00:58:24.505 INFO blam!                                at libstd/sys_common/backtrace.rs:71
Nov 01 00:58:24.505 INFO blam!                                at libstd/sys_common/backtrace.rs:59
Nov 01 00:58:24.505 INFO blam!    2:     0x5588027ff59d - std::panicking::default_hook::{{closure}}::h1b9d29cc09d41897
Nov 01 00:58:24.505 INFO blam!                                at libstd/panicking.rs:211
Nov 01 00:58:24.505 INFO blam!    3:     0x5588027ff2ab - std::panicking::default_hook::h3a27b204a313406b
Nov 01 00:58:24.505 INFO blam!                                at libstd/panicking.rs:221
Nov 01 00:58:24.505 INFO blam!    4:     0x5588027ffc4c - std::panicking::rust_panic_with_hook::h0e12cb2fc86d00fa
Nov 01 00:58:24.506 INFO blam!                                at libstd/panicking.rs:477
Nov 01 00:58:24.506 INFO blam!    5:     0x5588027ff809 - std::panicking::continue_panic_fmt::h141671b29fe0e27d
Nov 01 00:58:24.506 INFO blam!                                at libstd/panicking.rs:391
Nov 01 00:58:24.506 INFO blam!    6:     0x5588027ff76d - std::panicking::begin_panic_fmt::h598547fc766c278a
Nov 01 00:58:24.506 INFO blam!                                at libstd/panicking.rs:346
Nov 01 00:58:24.506 INFO blam!    7:     0x5588027afe9e - minigrep::tests::config::config_new_should_return_config_when_not_var::h89f2c73945120e54
Nov 01 00:58:24.506 INFO blam!                                at src/tests/config.rs:14
Nov 01 00:58:24.506 INFO blam!    8:     0x5588027afac9 - minigrep::tests::config::config_new_should_return_config_when_not_var::{{closure}}::h011c60913a7767fb
Nov 01 00:58:24.506 INFO blam!                                at src/tests/config.rs:4
Nov 01 00:58:24.506 INFO blam!    9:     0x5588027b39dd - core::ops::function::FnOnce::call_once::hbf1c28b559876eea
Nov 01 00:58:24.506 INFO blam!                                at libcore/ops/function.rs:238
Nov 01 00:58:24.506 INFO blam!   10:     0x5588027c00ce - <F as alloc::boxed::FnBox<A>>::call_box::ha9910eac2d17ff23
Nov 01 00:58:24.506 INFO blam!                                at libtest/lib.rs:1461
Nov 01 00:58:24.506 INFO blam!                                at libcore/ops/function.rs:238
Nov 01 00:58:24.506 INFO blam!                                at liballoc/boxed.rs:646
Nov 01 00:58:24.506 INFO blam!   11:     0x55880281d009 - __rust_maybe_catch_panic
Nov 01 00:58:24.506 INFO blam!                                at libpanic_unwind/lib.rs:103
Nov 01 00:58:24.506 INFO blam!   12:     0x5588027cb9dd - std::sys_common::backtrace::__rust_begin_short_backtrace::h470b05235fe5e5ad
Nov 01 00:58:24.506 INFO blam!                                at libstd/panicking.rs:289
Nov 01 00:58:24.506 INFO blam!                                at libstd/panic.rs:392
Nov 01 00:58:24.506 INFO blam!                                at libtest/lib.rs:1416
Nov 01 00:58:24.506 INFO blam!                                at libstd/sys_common/backtrace.rs:136
Nov 01 00:58:24.506 INFO blam!   13:     0x5588027e4014 - std::panicking::try::do_call::h1f0578498122cc00
Nov 01 00:58:24.506 INFO blam!                                at libstd/thread/mod.rs:409
Nov 01 00:58:24.506 INFO blam!                                at libstd/panic.rs:313
Nov 01 00:58:24.506 INFO blam!                                at libstd/panicking.rs:310
Nov 01 00:58:24.506 INFO blam!   14:     0x55880281d009 - __rust_maybe_catch_panic
Nov 01 00:58:24.506 INFO blam!                                at libpanic_unwind/lib.rs:103
Nov 01 00:58:24.506 INFO blam!   15:     0x5588027d48e6 - <F as alloc::boxed::FnBox<A>>::call_box::h7b129f9f235ab460
Nov 01 00:58:24.506 INFO blam!                                at libstd/panicking.rs:289
Nov 01 00:58:24.506 INFO blam!                                at libstd/panic.rs:392
Nov 01 00:58:24.506 INFO blam!                                at libstd/thread/mod.rs:408
Nov 01 00:58:24.506 INFO blam!                                at liballoc/boxed.rs:646
Nov 01 00:58:24.506 INFO blam!   16:     0x55880280f87a - std::sys_common::thread::start_thread::hb77935aee02382da
Nov 01 00:58:24.506 INFO blam!                                at liballoc/boxed.rs:656
Nov 01 00:58:24.506 INFO blam!                                at libstd/sys_common/thread.rs:24
Nov 01 00:58:24.506 INFO blam!   17:     0x558802800405 - std::sys::unix::thread::Thread::new::thread_start::hd61f7429b3de1d75
Nov 01 00:58:24.506 INFO blam!                                at libstd/sys/unix/thread.rs:90
Nov 01 00:58:24.506 INFO blam!   18:     0x7ffa6b0466b9 - start_thread
Nov 01 00:58:24.506 INFO blam!   19:     0x7ffa6ab6641c - clone
Nov 01 00:58:24.506 INFO blam!   20:                0x0 - <unknown>
Nov 01 00:58:24.506 INFO blam! 
Nov 01 00:58:24.506 INFO blam! 
Nov 01 00:58:24.506 INFO blam! failures:
Nov 01 00:58:24.506 INFO blam!     tests::config::config_new_should_return_config_when_not_var
Nov 01 00:58:24.506 INFO blam! 
Nov 01 00:58:24.506 INFO blam! test result: FAILED. 9 passed; 1 failed; 0 ignored; 0 measured; 0 filtered out
Nov 01 00:58:24.506 INFO blam! 
Nov 01 00:58:24.506 INFO kablam! error: test failed, to rerun pass '--lib'
Nov 01 00:58:24.509 INFO kablam! su: No module specific data is present
Nov 01 00:58:25.047 INFO running `"docker" "rm" "-f" "9b54a9d8b13714e223cd15f452304394d322534853975096a1f1b0ae3855e9a2"`
Nov 01 00:58:25.273 INFO blam! 9b54a9d8b13714e223cd15f452304394d322534853975096a1f1b0ae3855e9a2
