Nov 01 01:16:00.736 INFO testing o0Ignition0o/crawl-rs against beta-2018-10-30 for beta-1.31-1
Nov 01 01:16:00.736 INFO running `"docker" "create" "-v" "/mnt/big/crater/work/local/target-dirs/beta-1.31-1/worker-0/beta-2018-10-30:/target:rw,Z" "-v" "/mnt/big/crater/work/local/test-source/worker-0/beta-1.31-1/beta-2018-10-30:/source:ro,Z" "-v" "/mnt/big/crater/work/local/cargo-home:/cargo-home:ro,Z" "-v" "/mnt/big/crater/work/local/rustup-home:/rustup-home:ro,Z" "-e" "USER_ID=1000" "-e" "SOURCE_DIR=/source" "-e" "USER_ID=1000" "-e" "CMD=cargo +beta-2018-10-30 build --frozen" "-e" "CARGO_TARGET_DIR=/target" "-e" "CARGO_INCREMENTAL=0" "-e" "RUST_BACKTRACE=full" "-e" "RUSTFLAGS=--cap-lints=warn" "-e" "CARGO_HOME=/cargo-home" "-e" "RUSTUP_HOME=/rustup-home" "-m" "1536M" "--network" "none" "crater"`
Nov 01 01:16:01.359 INFO blam! 66c8d2801fc8c5c63553422743d3224c47bb6a392b47b5c2f72e6635f310bf6c
Nov 01 01:16:01.361 INFO running `"docker" "start" "-a" "66c8d2801fc8c5c63553422743d3224c47bb6a392b47b5c2f72e6635f310bf6c"`
Nov 01 01:16:02.529 INFO kablam! usermod: no changes
Nov 01 01:16:02.747 INFO kablam!    Compiling tokio-executor v0.1.2
Nov 01 01:16:03.723 INFO kablam!    Compiling tokio-reactor v0.1.1
Nov 01 01:16:03.723 INFO kablam!    Compiling tokio-timer v0.2.0
Nov 01 01:16:03.723 INFO kablam!    Compiling tokio-threadpool v0.1.2
Nov 01 01:16:06.463 INFO kablam!    Compiling tokio-tcp v0.1.0
Nov 01 01:16:06.463 INFO kablam!    Compiling tokio-udp v0.1.0
Nov 01 01:16:08.703 INFO kablam!    Compiling tokio v0.1.5
Nov 01 01:16:11.032 INFO kablam!    Compiling tokio-core v0.1.16
Nov 01 01:16:14.195 INFO kablam!    Compiling tokio-proto v0.1.1
Nov 01 01:16:17.463 INFO kablam!    Compiling hyper v0.11.24
Nov 01 01:16:27.023 INFO kablam!    Compiling crawl-rs v0.0.1 (/source)
Nov 01 01:16:32.389 INFO kablam!     Finished dev [unoptimized + debuginfo] target(s) in 29.83s
Nov 01 01:16:32.403 INFO kablam! su: No module specific data is present
Nov 01 01:16:33.100 INFO running `"docker" "rm" "-f" "66c8d2801fc8c5c63553422743d3224c47bb6a392b47b5c2f72e6635f310bf6c"`
Nov 01 01:16:33.429 INFO blam! 66c8d2801fc8c5c63553422743d3224c47bb6a392b47b5c2f72e6635f310bf6c
Nov 01 01:16:33.435 INFO running `"docker" "create" "-v" "/mnt/big/crater/work/local/target-dirs/beta-1.31-1/worker-0/beta-2018-10-30:/target:rw,Z" "-v" "/mnt/big/crater/work/local/test-source/worker-0/beta-1.31-1/beta-2018-10-30:/source:ro,Z" "-v" "/mnt/big/crater/work/local/cargo-home:/cargo-home:ro,Z" "-v" "/mnt/big/crater/work/local/rustup-home:/rustup-home:ro,Z" "-e" "USER_ID=1000" "-e" "SOURCE_DIR=/source" "-e" "USER_ID=1000" "-e" "CMD=cargo +beta-2018-10-30 test --frozen --no-run" "-e" "CARGO_TARGET_DIR=/target" "-e" "CARGO_INCREMENTAL=0" "-e" "RUST_BACKTRACE=full" "-e" "RUSTFLAGS=--cap-lints=warn" "-e" "CARGO_HOME=/cargo-home" "-e" "RUSTUP_HOME=/rustup-home" "-m" "1536M" "--network" "none" "crater"`
Nov 01 01:16:33.817 INFO blam! a446917761b28754b3b9211de915df1fabda6354c91f6b8fbc6c8e932f6c3385
Nov 01 01:16:33.823 INFO running `"docker" "start" "-a" "a446917761b28754b3b9211de915df1fabda6354c91f6b8fbc6c8e932f6c3385"`
Nov 01 01:16:35.926 INFO kablam! usermod: no changes
Nov 01 01:16:36.123 INFO kablam!    Compiling crawl-rs v0.0.1 (/source)
Nov 01 01:16:44.834 INFO kablam!     Finished dev [unoptimized + debuginfo] target(s) in 8.89s
Nov 01 01:16:44.842 INFO kablam! su: No module specific data is present
Nov 01 01:16:45.615 INFO running `"docker" "rm" "-f" "a446917761b28754b3b9211de915df1fabda6354c91f6b8fbc6c8e932f6c3385"`
Nov 01 01:16:45.864 INFO blam! a446917761b28754b3b9211de915df1fabda6354c91f6b8fbc6c8e932f6c3385
Nov 01 01:16:45.874 INFO running `"docker" "create" "-v" "/mnt/big/crater/work/local/target-dirs/beta-1.31-1/worker-0/beta-2018-10-30:/target:rw,Z" "-v" "/mnt/big/crater/work/local/test-source/worker-0/beta-1.31-1/beta-2018-10-30:/source:ro,Z" "-v" "/mnt/big/crater/work/local/cargo-home:/cargo-home:ro,Z" "-v" "/mnt/big/crater/work/local/rustup-home:/rustup-home:ro,Z" "-e" "USER_ID=1000" "-e" "SOURCE_DIR=/source" "-e" "USER_ID=1000" "-e" "CMD=cargo +beta-2018-10-30 test --frozen" "-e" "CARGO_TARGET_DIR=/target" "-e" "CARGO_INCREMENTAL=0" "-e" "RUST_BACKTRACE=full" "-e" "RUSTFLAGS=--cap-lints=warn" "-e" "CARGO_HOME=/cargo-home" "-e" "RUSTUP_HOME=/rustup-home" "-m" "1536M" "--network" "none" "crater"`
Nov 01 01:16:46.265 INFO blam! da61f192c366cf7f3c5ae1b97a2dc5e73767e30f1fbd7720b95d6423b812b13b
Nov 01 01:16:46.271 INFO running `"docker" "start" "-a" "da61f192c366cf7f3c5ae1b97a2dc5e73767e30f1fbd7720b95d6423b812b13b"`
Nov 01 01:16:47.065 INFO kablam! usermod: no changes
Nov 01 01:16:47.203 INFO kablam!     Finished dev [unoptimized + debuginfo] target(s) in 0.10s
Nov 01 01:16:47.213 INFO kablam!      Running /target/debug/deps/crawl_rs-e339ec94f137a087
Nov 01 01:16:47.221 INFO blam! 
Nov 01 01:16:47.221 INFO blam! running 2 tests
Nov 01 01:16:47.298 INFO blam! test http::client::client_tests::get_string_with_valid_url ... FAILED
Nov 01 01:16:47.298 INFO blam! test http::client::client_tests::get_json_with_valid_url ... FAILED
Nov 01 01:16:47.298 INFO blam! 
Nov 01 01:16:47.298 INFO blam! failures:
Nov 01 01:16:47.298 INFO blam! 
Nov 01 01:16:47.299 INFO blam! ---- http::client::client_tests::get_string_with_valid_url stdout ----
Nov 01 01:16:47.299 INFO blam! thread 'http::client::client_tests::get_string_with_valid_url' panicked at 'called `Result::unwrap()` on an `Err` value: HttpError(Io(Custom { kind: Other, error: StringError("failed to lookup address information: Temporary failure in name resolution") }))', libcore/result.rs:1009:5
Nov 01 01:16:47.299 INFO blam! stack backtrace:
Nov 01 01:16:47.299 INFO blam!    0:     0x55edd615597f - std::sys::unix::backtrace::tracing::imp::unwind_backtrace::h3c55afa80a996a32
Nov 01 01:16:47.299 INFO blam!                                at libstd/sys/unix/backtrace/tracing/gcc_s.rs:49
Nov 01 01:16:47.299 INFO blam!    1:     0x55edd615f057 - std::sys_common::backtrace::print::hcef907ea7a07cd40
Nov 01 01:16:47.299 INFO blam!                                at libstd/sys_common/backtrace.rs:71
Nov 01 01:16:47.299 INFO blam!                                at libstd/sys_common/backtrace.rs:59
Nov 01 01:16:47.299 INFO blam!    2:     0x55edd6159bef - std::panicking::default_hook::{{closure}}::hf541876c65f36ea7
Nov 01 01:16:47.299 INFO blam!                                at libstd/panicking.rs:211
Nov 01 01:16:47.299 INFO blam!    3:     0x55edd61598ee - std::panicking::default_hook::h4ecc06b30ae4459d
Nov 01 01:16:47.299 INFO blam!                                at libstd/panicking.rs:221
Nov 01 01:16:47.299 INFO blam!    4:     0x55edd615a2ce - std::panicking::rust_panic_with_hook::h0cc6d9cc9f34a947
Nov 01 01:16:47.299 INFO blam!                                at libstd/panicking.rs:476
Nov 01 01:16:47.299 INFO blam!    5:     0x55edd6159e71 - std::panicking::continue_panic_fmt::hc71ad5f01496e320
Nov 01 01:16:47.299 INFO blam!                                at libstd/panicking.rs:390
Nov 01 01:16:47.299 INFO blam!    6:     0x55edd6159d55 - rust_begin_unwind
Nov 01 01:16:47.299 INFO blam!                                at libstd/panicking.rs:325
Nov 01 01:16:47.299 INFO blam!    7:     0x55edd619e3dc - core::panicking::panic_fmt::ha71638b7d4f53c35
Nov 01 01:16:47.299 INFO blam!                                at libcore/panicking.rs:77
Nov 01 01:16:47.299 INFO blam!    8:     0x55edd5f7858b - core::result::unwrap_failed::h700ce12438658f7d
Nov 01 01:16:47.299 INFO blam!                                at libcore/macros.rs:26
Nov 01 01:16:47.299 INFO blam!    9:     0x55edd5f73dba - <core::result::Result<T, E>>::unwrap::h0fb9db5e0d76a758
Nov 01 01:16:47.299 INFO blam!                                at libcore/result.rs:808
Nov 01 01:16:47.299 INFO blam!   10:     0x55edd5edfd5f - crawl_rs::http::client::client_tests::get_string_with_valid_url::h1ae7ec0db2cef7bd
Nov 01 01:16:47.299 INFO blam!                                at src/http/client.rs:115
Nov 01 01:16:47.299 INFO blam!   11:     0x55edd5edfcb9 - crawl_rs::http::client::client_tests::get_string_with_valid_url::{{closure}}::hcae013eb31d8d00f
Nov 01 01:16:47.299 INFO blam!                                at src/http/client.rs:113
Nov 01 01:16:47.299 INFO blam!   12:     0x55edd5f0a77d - core::ops::function::FnOnce::call_once::h1d880527ec6d420a
Nov 01 01:16:47.299 INFO blam!                                at libcore/ops/function.rs:238
Nov 01 01:16:47.299 INFO blam!   13:     0x55edd5f7ac0e - <F as alloc::boxed::FnBox<A>>::call_box::hf32558bd83684b60
Nov 01 01:16:47.299 INFO blam!                                at libtest/lib.rs:1468
Nov 01 01:16:47.299 INFO blam!                                at libcore/ops/function.rs:238
Nov 01 01:16:47.299 INFO blam!                                at liballoc/boxed.rs:672
Nov 01 01:16:47.299 INFO blam!   14:     0x55edd616a289 - __rust_maybe_catch_panic
Nov 01 01:16:47.299 INFO blam!                                at libpanic_unwind/lib.rs:102
Nov 01 01:16:47.299 INFO blam!   15:     0x55edd5f9c872 - std::sys_common::backtrace::__rust_begin_short_backtrace::h1bb71a7386fd3269
Nov 01 01:16:47.299 INFO blam!                                at libstd/panicking.rs:289
Nov 01 01:16:47.299 INFO blam!                                at libstd/panic.rs:392
Nov 01 01:16:47.299 INFO blam!                                at libtest/lib.rs:1423
Nov 01 01:16:47.299 INFO blam!                                at libstd/sys_common/backtrace.rs:136
Nov 01 01:16:47.299 INFO blam!   16:     0x55edd5f9d324 - std::panicking::try::do_call::h9b94719c3074bb5c
Nov 01 01:16:47.299 INFO blam!                                at libstd/thread/mod.rs:409
Nov 01 01:16:47.299 INFO blam!                                at libstd/panic.rs:313
Nov 01 01:16:47.299 INFO blam!                                at libstd/panicking.rs:310
Nov 01 01:16:47.299 INFO blam!   17:     0x55edd616a289 - __rust_maybe_catch_panic
Nov 01 01:16:47.299 INFO blam!                                at libpanic_unwind/lib.rs:102
Nov 01 01:16:47.299 INFO blam!   18:     0x55edd5f8a54c - <F as alloc::boxed::FnBox<A>>::call_box::hb3bcd66d16fd3e84
Nov 01 01:16:47.299 INFO blam!                                at libstd/panicking.rs:289
Nov 01 01:16:47.299 INFO blam!                                at libstd/panic.rs:392
Nov 01 01:16:47.299 INFO blam!                                at libstd/thread/mod.rs:408
Nov 01 01:16:47.299 INFO blam!                                at liballoc/boxed.rs:672
Nov 01 01:16:47.299 INFO blam!   19:     0x55edd615795d - std::sys_common::thread::start_thread::had0c80d121669d29
Nov 01 01:16:47.299 INFO blam!                                at liballoc/boxed.rs:682
Nov 01 01:16:47.299 INFO blam!                                at libstd/sys_common/thread.rs:24
Nov 01 01:16:47.299 INFO blam!   20:     0x55edd614ad65 - std::sys::unix::thread::Thread::new::thread_start::h4a5b66a70d76f47f
Nov 01 01:16:47.299 INFO blam!                                at libstd/sys/unix/thread.rs:90
Nov 01 01:16:47.299 INFO blam!   21:     0x7f66f20f26b9 - start_thread
Nov 01 01:16:47.299 INFO blam!   22:     0x7f66f1c1241c - clone
Nov 01 01:16:47.299 INFO blam!   23:                0x0 - <unknown>
Nov 01 01:16:47.299 INFO blam! 
Nov 01 01:16:47.299 INFO blam! ---- http::client::client_tests::get_json_with_valid_url stdout ----
Nov 01 01:16:47.299 INFO blam! thread 'http::client::client_tests::get_json_with_valid_url' panicked at 'called `Result::unwrap()` on an `Err` value: HttpError(Io(Custom { kind: Other, error: StringError("failed to lookup address information: Temporary failure in name resolution") }))', libcore/result.rs:1009:5
Nov 01 01:16:47.299 INFO blam! stack backtrace:
Nov 01 01:16:47.299 INFO blam!    0:     0x55edd615597f - std::sys::unix::backtrace::tracing::imp::unwind_backtrace::h3c55afa80a996a32
Nov 01 01:16:47.299 INFO blam!                                at libstd/sys/unix/backtrace/tracing/gcc_s.rs:49
Nov 01 01:16:47.299 INFO blam!    1:     0x55edd615f057 - std::sys_common::backtrace::print::hcef907ea7a07cd40
Nov 01 01:16:47.299 INFO blam!                                at libstd/sys_common/backtrace.rs:71
Nov 01 01:16:47.299 INFO blam!                                at libstd/sys_common/backtrace.rs:59
Nov 01 01:16:47.299 INFO blam!    2:     0x55edd6159bef - std::panicking::default_hook::{{closure}}::hf541876c65f36ea7
Nov 01 01:16:47.299 INFO blam!                                at libstd/panicking.rs:211
Nov 01 01:16:47.299 INFO blam!    3:     0x55edd61598ee - std::panicking::default_hook::h4ecc06b30ae4459d
Nov 01 01:16:47.299 INFO blam!                                at libstd/panicking.rs:221
Nov 01 01:16:47.299 INFO blam!    4:     0x55edd615a2ce - std::panicking::rust_panic_with_hook::h0cc6d9cc9f34a947
Nov 01 01:16:47.299 INFO blam!                                at libstd/panicking.rs:476
Nov 01 01:16:47.299 INFO blam!    5:     0x55edd6159e71 - std::panicking::continue_panic_fmt::hc71ad5f01496e320
Nov 01 01:16:47.299 INFO blam!                                at libstd/panicking.rs:390
Nov 01 01:16:47.299 INFO blam!    6:     0x55edd6159d55 - rust_begin_unwind
Nov 01 01:16:47.299 INFO blam!                                at libstd/panicking.rs:325
Nov 01 01:16:47.299 INFO blam!    7:     0x55edd619e3dc - core::panicking::panic_fmt::ha71638b7d4f53c35
Nov 01 01:16:47.299 INFO blam!                                at libcore/panicking.rs:77
Nov 01 01:16:47.299 INFO blam!    8:     0x55edd5f7858b - core::result::unwrap_failed::h700ce12438658f7d
Nov 01 01:16:47.299 INFO blam!                                at libcore/macros.rs:26
Nov 01 01:16:47.299 INFO blam!    9:     0x55edd5f74579 - <core::result::Result<T, E>>::unwrap::h6f72290641532e62
Nov 01 01:16:47.299 INFO blam!                                at libcore/result.rs:808
Nov 01 01:16:47.299 INFO blam!   10:     0x55edd5edf91f - crawl_rs::http::client::client_tests::get_json_with_valid_url::h7e43b1009e65d506
Nov 01 01:16:47.299 INFO blam!                                at src/http/client.rs:101
Nov 01 01:16:47.299 INFO blam!   11:     0x55edd5edf879 - crawl_rs::http::client::client_tests::get_json_with_valid_url::{{closure}}::hc9b414ad8d403292
Nov 01 01:16:47.299 INFO blam!                                at src/http/client.rs:99
Nov 01 01:16:47.299 INFO blam!   12:     0x55edd5f0a80d - core::ops::function::FnOnce::call_once::h2b1ba2c1f8883593
Nov 01 01:16:47.299 INFO blam!                                at libcore/ops/function.rs:238
Nov 01 01:16:47.299 INFO blam!   13:     0x55edd5f7ac0e - <F as alloc::boxed::FnBox<A>>::call_box::hf32558bd83684b60
Nov 01 01:16:47.300 INFO blam!                                at libtest/lib.rs:1468
Nov 01 01:16:47.300 INFO blam!                                at libcore/ops/function.rs:238
Nov 01 01:16:47.300 INFO blam!                                at liballoc/boxed.rs:672
Nov 01 01:16:47.300 INFO blam!   14:     0x55edd616a289 - __rust_maybe_catch_panic
Nov 01 01:16:47.300 INFO blam!                                at libpanic_unwind/lib.rs:102
Nov 01 01:16:47.300 INFO blam!   15:     0x55edd5f9c872 - std::sys_common::backtrace::__rust_begin_short_backtrace::h1bb71a7386fd3269
Nov 01 01:16:47.300 INFO blam!                                at libstd/panicking.rs:289
Nov 01 01:16:47.300 INFO blam!                                at libstd/panic.rs:392
Nov 01 01:16:47.301 INFO kablam! error: test failed, to rerun pass '--lib'
Nov 01 01:16:47.301 INFO blam!                                at libtest/lib.rs:1423
Nov 01 01:16:47.301 INFO blam!                                at libstd/sys_common/backtrace.rs:136
Nov 01 01:16:47.301 INFO blam!   16:     0x55edd5f9d324 - std::panicking::try::do_call::h9b94719c3074bb5c
Nov 01 01:16:47.301 INFO blam!                                at libstd/thread/mod.rs:409
Nov 01 01:16:47.301 INFO blam!                                at libstd/panic.rs:313
Nov 01 01:16:47.301 INFO blam!                                at libstd/panicking.rs:310
Nov 01 01:16:47.301 INFO blam!   17:     0x55edd616a289 - __rust_maybe_catch_panic
Nov 01 01:16:47.301 INFO blam!                                at libpanic_unwind/lib.rs:102
Nov 01 01:16:47.301 INFO blam!   18:     0x55edd5f8a54c - <F as alloc::boxed::FnBox<A>>::call_box::hb3bcd66d16fd3e84
Nov 01 01:16:47.301 INFO blam!                                at libstd/panicking.rs:289
Nov 01 01:16:47.301 INFO blam!                                at libstd/panic.rs:392
Nov 01 01:16:47.301 INFO blam!                                at libstd/thread/mod.rs:408
Nov 01 01:16:47.301 INFO blam!                                at liballoc/boxed.rs:672
Nov 01 01:16:47.301 INFO blam!   19:     0x55edd615795d - std::sys_common::thread::start_thread::had0c80d121669d29
Nov 01 01:16:47.301 INFO blam!                                at liballoc/boxed.rs:682
Nov 01 01:16:47.301 INFO blam!                                at libstd/sys_common/thread.rs:24
Nov 01 01:16:47.301 INFO blam!   20:     0x55edd614ad65 - std::sys::unix::thread::Thread::new::thread_start::h4a5b66a70d76f47f
Nov 01 01:16:47.301 INFO blam!                                at libstd/sys/unix/thread.rs:90
Nov 01 01:16:47.301 INFO blam!   21:     0x7f66f20f26b9 - start_thread
Nov 01 01:16:47.301 INFO blam!   22:     0x7f66f1c1241c - clone
Nov 01 01:16:47.301 INFO blam!   23:                0x0 - <unknown>
Nov 01 01:16:47.301 INFO blam! 
Nov 01 01:16:47.301 INFO blam! 
Nov 01 01:16:47.301 INFO blam! failures:
Nov 01 01:16:47.301 INFO blam!     http::client::client_tests::get_json_with_valid_url
Nov 01 01:16:47.301 INFO blam!     http::client::client_tests::get_string_with_valid_url
Nov 01 01:16:47.301 INFO blam! 
Nov 01 01:16:47.301 INFO blam! test result: FAILED. 0 passed; 2 failed; 0 ignored; 0 measured; 0 filtered out
Nov 01 01:16:47.301 INFO blam! 
Nov 01 01:16:47.301 INFO kablam! su: No module specific data is present
Nov 01 01:16:47.912 INFO running `"docker" "rm" "-f" "da61f192c366cf7f3c5ae1b97a2dc5e73767e30f1fbd7720b95d6423b812b13b"`
Nov 01 01:16:48.100 INFO blam! da61f192c366cf7f3c5ae1b97a2dc5e73767e30f1fbd7720b95d6423b812b13b
