Nov 01 03:51:08.685 INFO testing mardiros/cabot against beta-2018-10-30 for beta-1.31-1
Nov 01 03:51:08.687 INFO running `"docker" "create" "-v" "/mnt/big/crater/work/local/target-dirs/beta-1.31-1/worker-1/beta-2018-10-30:/target:rw,Z" "-v" "/mnt/big/crater/work/local/test-source/worker-1/beta-1.31-1/beta-2018-10-30:/source:ro,Z" "-v" "/mnt/big/crater/work/local/cargo-home:/cargo-home:ro,Z" "-v" "/mnt/big/crater/work/local/rustup-home:/rustup-home:ro,Z" "-e" "USER_ID=1000" "-e" "SOURCE_DIR=/source" "-e" "USER_ID=1000" "-e" "CMD=cargo +beta-2018-10-30 build --frozen" "-e" "CARGO_TARGET_DIR=/target" "-e" "CARGO_INCREMENTAL=0" "-e" "RUST_BACKTRACE=full" "-e" "RUSTFLAGS=--cap-lints=warn" "-e" "CARGO_HOME=/cargo-home" "-e" "RUSTUP_HOME=/rustup-home" "-m" "1536M" "--network" "none" "crater"`
Nov 01 03:51:09.237 INFO blam! 647fc156eb5c8e82d5de6ed880cd6a9ff5d2b1f60ecfa8ae2869b87bcd0db8bb
Nov 01 03:51:09.243 INFO running `"docker" "start" "-a" "647fc156eb5c8e82d5de6ed880cd6a9ff5d2b1f60ecfa8ae2869b87bcd0db8bb"`
Nov 01 03:51:10.607 INFO kablam! usermod: no changes
Nov 01 03:51:10.834 INFO kablam!    Compiling ring v0.13.2
Nov 01 03:51:10.847 INFO kablam!    Compiling regex-syntax v0.5.6
Nov 01 03:51:10.851 INFO kablam!    Compiling log v0.3.9
Nov 01 03:51:24.612 INFO kablam!    Compiling webpki v0.18.1
Nov 01 03:51:24.613 INFO kablam!    Compiling sct v0.3.0
Nov 01 03:51:28.861 INFO kablam!    Compiling webpki-roots v0.14.0
Nov 01 03:51:28.861 INFO kablam!    Compiling rustls v0.12.0
Nov 01 03:51:30.839 INFO kablam!    Compiling regex v0.2.11
Nov 01 03:51:44.764 INFO kablam!    Compiling env_logger v0.4.3
Nov 01 03:51:47.795 INFO kablam!    Compiling pretty_env_logger v0.1.1
Nov 01 03:51:54.545 INFO kablam!    Compiling cabot v0.2.0 (/source)
Nov 01 03:52:02.039 INFO kablam!     Finished dev [unoptimized + debuginfo] target(s) in 51.38s
Nov 01 03:52:02.043 INFO kablam! su: No module specific data is present
Nov 01 03:52:03.247 INFO running `"docker" "rm" "-f" "647fc156eb5c8e82d5de6ed880cd6a9ff5d2b1f60ecfa8ae2869b87bcd0db8bb"`
Nov 01 03:52:03.595 INFO blam! 647fc156eb5c8e82d5de6ed880cd6a9ff5d2b1f60ecfa8ae2869b87bcd0db8bb
Nov 01 03:52:03.600 INFO running `"docker" "create" "-v" "/mnt/big/crater/work/local/target-dirs/beta-1.31-1/worker-1/beta-2018-10-30:/target:rw,Z" "-v" "/mnt/big/crater/work/local/test-source/worker-1/beta-1.31-1/beta-2018-10-30:/source:ro,Z" "-v" "/mnt/big/crater/work/local/cargo-home:/cargo-home:ro,Z" "-v" "/mnt/big/crater/work/local/rustup-home:/rustup-home:ro,Z" "-e" "USER_ID=1000" "-e" "SOURCE_DIR=/source" "-e" "USER_ID=1000" "-e" "CMD=cargo +beta-2018-10-30 test --frozen --no-run" "-e" "CARGO_TARGET_DIR=/target" "-e" "CARGO_INCREMENTAL=0" "-e" "RUST_BACKTRACE=full" "-e" "RUSTFLAGS=--cap-lints=warn" "-e" "CARGO_HOME=/cargo-home" "-e" "RUSTUP_HOME=/rustup-home" "-m" "1536M" "--network" "none" "crater"`
Nov 01 03:52:04.106 INFO blam! 73a4e37bf67191d7bf3b6aa73c51ebd5da8e09a9bce043cd4be9b15673c6e55d
Nov 01 03:52:04.109 INFO running `"docker" "start" "-a" "73a4e37bf67191d7bf3b6aa73c51ebd5da8e09a9bce043cd4be9b15673c6e55d"`
Nov 01 03:52:06.143 INFO kablam! usermod: no changes
Nov 01 03:52:06.291 INFO kablam!    Compiling cabot v0.2.0 (/source)
Nov 01 03:52:10.395 INFO kablam!     Finished dev [unoptimized + debuginfo] target(s) in 4.22s
Nov 01 03:52:10.403 INFO kablam! su: No module specific data is present
Nov 01 03:52:11.287 INFO running `"docker" "rm" "-f" "73a4e37bf67191d7bf3b6aa73c51ebd5da8e09a9bce043cd4be9b15673c6e55d"`
Nov 01 03:52:11.547 INFO blam! 73a4e37bf67191d7bf3b6aa73c51ebd5da8e09a9bce043cd4be9b15673c6e55d
Nov 01 03:52:11.651 INFO running `"docker" "create" "-v" "/mnt/big/crater/work/local/target-dirs/beta-1.31-1/worker-1/beta-2018-10-30:/target:rw,Z" "-v" "/mnt/big/crater/work/local/test-source/worker-1/beta-1.31-1/beta-2018-10-30:/source:ro,Z" "-v" "/mnt/big/crater/work/local/cargo-home:/cargo-home:ro,Z" "-v" "/mnt/big/crater/work/local/rustup-home:/rustup-home:ro,Z" "-e" "USER_ID=1000" "-e" "SOURCE_DIR=/source" "-e" "USER_ID=1000" "-e" "CMD=cargo +beta-2018-10-30 test --frozen" "-e" "CARGO_TARGET_DIR=/target" "-e" "CARGO_INCREMENTAL=0" "-e" "RUST_BACKTRACE=full" "-e" "RUSTFLAGS=--cap-lints=warn" "-e" "CARGO_HOME=/cargo-home" "-e" "RUSTUP_HOME=/rustup-home" "-m" "1536M" "--network" "none" "crater"`
Nov 01 03:52:12.070 INFO blam! bb13b04749cd5028fe62c314ea4f0a29454dc56c8e7e7f75600d36c65f3a56d2
Nov 01 03:52:12.079 INFO running `"docker" "start" "-a" "bb13b04749cd5028fe62c314ea4f0a29454dc56c8e7e7f75600d36c65f3a56d2"`
Nov 01 03:52:13.203 INFO kablam! usermod: no changes
Nov 01 03:52:13.323 INFO kablam!     Finished dev [unoptimized + debuginfo] target(s) in 0.09s
Nov 01 03:52:13.334 INFO kablam!      Running /target/debug/deps/cabot-c5dfd3075e60db3f
Nov 01 03:52:13.343 INFO blam! 
Nov 01 03:52:13.343 INFO blam! running 14 tests
Nov 01 03:52:13.343 INFO blam! test request::tests::test_get_request_with_host_to_string ... ok
Nov 01 03:52:13.343 INFO blam! test client::tests::test_build_http_header_obsolete_line_folding ... ok
Nov 01 03:52:13.343 INFO blam! test request::tests::test_get_request_with_headers_to_string ... ok
Nov 01 03:52:13.350 INFO blam! test client::tests::test_build_http_header_obsolete_line_folding_tab ... ok
Nov 01 03:52:13.351 INFO blam! test constants::tests::test_user_agent ... ok
Nov 01 03:52:13.351 INFO blam! test client::tests::test_build_http_response_from_string ... ok
Nov 01 03:52:13.351 INFO blam! test client::tests::test_build_http_no_response_body ... ok
Nov 01 03:52:13.351 INFO blam! test request::tests::test_post_request_with_headers_to_string ... ok
Nov 01 03:52:13.351 INFO blam! test request::tests::test_request_builder_complete ... ok
Nov 01 03:52:13.351 INFO blam! test request::tests::test_get_request_to_string ... ok
Nov 01 03:52:13.354 INFO blam! test request::tests::test_request_builder_simple ... ok
Nov 01 03:52:13.355 INFO blam! test response::tests::test_build_response_ok ... ok
Nov 01 03:52:13.355 INFO blam! test response::tests::test_response_ok ... ok
Nov 01 03:52:13.355 INFO blam! test response::tests::test_response_ok_no_body ... ok
Nov 01 03:52:13.355 INFO blam! 
Nov 01 03:52:13.355 INFO blam! test result: ok. 14 passed; 0 failed; 0 ignored; 0 measured; 0 filtered out
Nov 01 03:52:13.355 INFO blam! 
Nov 01 03:52:13.355 INFO blam! 
Nov 01 03:52:13.355 INFO blam! running 0 tests
Nov 01 03:52:13.355 INFO blam! 
Nov 01 03:52:13.355 INFO blam! test result: ok. 0 passed; 0 failed; 0 ignored; 0 measured; 0 filtered out
Nov 01 03:52:13.355 INFO blam! 
Nov 01 03:52:13.355 INFO kablam!      Running /target/debug/deps/cabot-1987e8f8c00923eb
Nov 01 03:52:13.355 INFO kablam!    Doc-tests cabot
Nov 01 03:52:14.643 INFO blam! 
Nov 01 03:52:14.643 INFO blam! running 3 tests
Nov 01 03:52:23.309 INFO blam! test src/response.rs - response (line 6) ... ok
Nov 01 03:52:23.660 INFO blam! test src/request.rs - request (line 4) ... ok
Nov 01 03:52:23.781 INFO blam! test src/lib.rs -  (line 23) ... FAILED
Nov 01 03:52:23.781 INFO blam! 
Nov 01 03:52:23.781 INFO blam! failures:
Nov 01 03:52:23.783 INFO blam! 
Nov 01 03:52:23.783 INFO blam! ---- src/lib.rs -  (line 23) stdout ----
Nov 01 03:52:23.783 INFO blam! thread 'src/lib.rs -  (line 23)' panicked at 'test executable failed:
Nov 01 03:52:23.783 INFO blam! 
Nov 01 03:52:23.783 INFO blam! thread 'main' panicked at 'called `Result::unwrap()` on an `Err` value: DNSLookupError("failed to lookup address information: Temporary failure in name resolution")', libcore/result.rs:1009:5
Nov 01 03:52:23.783 INFO blam! stack backtrace:
Nov 01 03:52:23.783 INFO blam!    0:     0x563603f522df - std::sys::unix::backtrace::tracing::imp::unwind_backtrace::h3c55afa80a996a32
Nov 01 03:52:23.783 INFO blam!                                at libstd/sys/unix/backtrace/tracing/gcc_s.rs:49
Nov 01 03:52:23.783 INFO blam!    1:     0x563603f5ad97 - std::sys_common::backtrace::print::hcef907ea7a07cd40
Nov 01 03:52:23.783 INFO blam!                                at libstd/sys_common/backtrace.rs:71
Nov 01 03:52:23.783 INFO blam!                                at libstd/sys_common/backtrace.rs:59
Nov 01 03:52:23.783 INFO blam!    2:     0x563603f55bef - std::panicking::default_hook::{{closure}}::hf541876c65f36ea7
Nov 01 03:52:23.783 INFO blam!                                at libstd/panicking.rs:211
Nov 01 03:52:23.783 INFO blam!    3:     0x563603f55954 - std::panicking::default_hook::h4ecc06b30ae4459d
Nov 01 03:52:23.784 INFO blam!                                at libstd/panicking.rs:227
Nov 01 03:52:23.784 INFO blam!    4:     0x563603f5626e - std::panicking::rust_panic_with_hook::h0cc6d9cc9f34a947
Nov 01 03:52:23.784 INFO blam!                                at libstd/panicking.rs:476
Nov 01 03:52:23.784 INFO blam!    5:     0x563603f55e11 - std::panicking::continue_panic_fmt::hc71ad5f01496e320
Nov 01 03:52:23.784 INFO blam!                                at libstd/panicking.rs:390
Nov 01 03:52:23.784 INFO blam!    6:     0x563603f55cf5 - rust_begin_unwind
Nov 01 03:52:23.784 INFO blam!                                at libstd/panicking.rs:325
Nov 01 03:52:23.784 INFO blam!    7:     0x563603f965ec - core::panicking::panic_fmt::ha71638b7d4f53c35
Nov 01 03:52:23.784 INFO blam!                                at libcore/panicking.rs:77
Nov 01 03:52:23.784 INFO blam!    8:     0x563603b6a6c8 - core::result::unwrap_failed::h8591b5f30e37fbc2
Nov 01 03:52:23.784 INFO blam!    9:     0x563603b6a2a9 - <core::result::Result<T, E>>::unwrap::h1e2c0700a2a10296
Nov 01 03:52:23.784 INFO blam!   10:     0x563603b6af57 - rust_out::main::h944e552f3f67b4ba
Nov 01 03:52:23.784 INFO blam!   11:     0x563603b6a192 - std::rt::lang_start::{{closure}}::h55d770898514aeb4
Nov 01 03:52:23.784 INFO blam!   12:     0x563603f55c92 - std::panicking::try::do_call::h203c4989fde7f201
Nov 01 03:52:23.784 INFO blam!                                at libstd/rt.rs:59
Nov 01 03:52:23.784 INFO blam!                                at libstd/panicking.rs:310
Nov 01 03:52:23.784 INFO blam!   13:     0x563603f65fc9 - __rust_maybe_catch_panic
Nov 01 03:52:23.784 INFO blam!                                at libpanic_unwind/lib.rs:102
Nov 01 03:52:23.784 INFO blam!   14:     0x563603f48b8a - std::rt::lang_start_internal::h80fd76ad39d9c8d9
Nov 01 03:52:23.784 INFO blam!                                at libstd/panicking.rs:289
Nov 01 03:52:23.784 INFO blam!                                at libstd/panic.rs:392
Nov 01 03:52:23.784 INFO blam!                                at libstd/rt.rs:58
Nov 01 03:52:23.784 INFO blam!   15:     0x563603b6a174 - std::rt::lang_start::h6dd5f188d9e0f86d
Nov 01 03:52:23.784 INFO blam!   16:     0x563603b6b0fa - main
Nov 01 03:52:23.784 INFO blam!   17:     0x7fa82f9fd82f - __libc_start_main
Nov 01 03:52:23.784 INFO blam!   18:     0x563603b6a028 - _start
Nov 01 03:52:23.784 INFO blam!   19:                0x0 - <unknown>
Nov 01 03:52:23.784 INFO blam! 
Nov 01 03:52:23.784 INFO blam! ', librustdoc/test.rs:367:17
Nov 01 03:52:23.784 INFO blam! stack backtrace:
Nov 01 03:52:23.784 INFO blam!    0:     0x7f86ad1946ff - std::sys::unix::backtrace::tracing::imp::unwind_backtrace::h3c55afa80a996a32
Nov 01 03:52:23.784 INFO blam!                                at libstd/sys/unix/backtrace/tracing/gcc_s.rs:49
Nov 01 03:52:23.784 INFO blam!    1:     0x7f86ad179697 - std::sys_common::backtrace::print::hcef907ea7a07cd40
Nov 01 03:52:23.784 INFO blam!                                at libstd/sys_common/backtrace.rs:71
Nov 01 03:52:23.784 INFO blam!                                at libstd/sys_common/backtrace.rs:59
Nov 01 03:52:23.784 INFO blam!    2:     0x7f86ad19facf - std::panicking::default_hook::{{closure}}::hf541876c65f36ea7
Nov 01 03:52:23.784 INFO blam!                                at libstd/panicking.rs:211
Nov 01 03:52:23.784 INFO blam!    3:     0x7f86ad19f7ce - std::panicking::default_hook::h4ecc06b30ae4459d
Nov 01 03:52:23.784 INFO blam!                                at libstd/panicking.rs:221
Nov 01 03:52:23.784 INFO blam!    4:     0x7f86af43b6d1 - rustc::util::common::panic_hook::hf4e6f5c3b281764b
Nov 01 03:52:23.784 INFO blam!    5:     0x7f86ad1a02c6 - std::panicking::rust_panic_with_hook::h0cc6d9cc9f34a947
Nov 01 03:52:23.784 INFO blam!                                at libstd/panicking.rs:480
Nov 01 03:52:23.784 INFO blam!    6:     0x7f86ad19fe11 - std::panicking::continue_panic_fmt::hc71ad5f01496e320
Nov 01 03:52:23.784 INFO blam!                                at libstd/panicking.rs:390
Nov 01 03:52:23.784 INFO blam!    7:     0x7f86ad19fd5e - std::panicking::begin_panic_fmt::hdb958223ae20ca60
Nov 01 03:52:23.784 INFO blam!                                at libstd/panicking.rs:345
Nov 01 03:52:23.784 INFO blam!    8:     0x55e60dfd3a38 - <rustdoc::test::Collector as rustdoc::test::Tester>::add_test::{{closure}}::{{closure}}::{{closure}}::h1097dd2aed0bc349
Nov 01 03:52:23.784 INFO blam!                                at librustdoc/test.rs:367
Nov 01 03:52:23.784 INFO blam!                                at librustdoc/test.rs:596
Nov 01 03:52:23.784 INFO blam!    9:     0x55e60df88c78 - <scoped_tls::ScopedKey<T>>::set::h9bba31b35056dc07
Nov 01 03:52:23.784 INFO blam!                                at /cargo/registry/src/github.com-1ecc6299db9ec823/scoped-tls-0.1.2/src/lib.rs:155
Nov 01 03:52:23.784 INFO blam!                                at libsyntax/lib.rs:106
Nov 01 03:52:23.784 INFO blam!                                at /cargo/registry/src/github.com-1ecc6299db9ec823/scoped-tls-0.1.2/src/lib.rs:155
Nov 01 03:52:23.784 INFO blam!   10:     0x55e60dd8e481 - syntax::with_globals::h4fd10729776cd915
Nov 01 03:52:23.784 INFO blam!                                at libsyntax/lib.rs:105
Nov 01 03:52:23.784 INFO blam!   11:     0x55e60de415cb - std::panicking::try::do_call::he572b5001749b5c7
Nov 01 03:52:23.784 INFO blam!                                at librustdoc/test.rs:593
Nov 01 03:52:23.784 INFO blam!                                at libstd/panic.rs:313
Nov 01 03:52:23.784 INFO blam!                                at libstd/panicking.rs:310
Nov 01 03:52:23.784 INFO blam!   12:     0x7f86ad1adde9 - __rust_maybe_catch_panic
Nov 01 03:52:23.784 INFO blam!                                at libpanic_unwind/lib.rs:102
Nov 01 03:52:23.784 INFO blam!   13:     0x55e60de63079 - rustc_driver::in_named_rustc_thread::hc8aa36ae7168454b
Nov 01 03:52:23.784 INFO blam!                                at libstd/panicking.rs:289
Nov 01 03:52:23.784 INFO blam!                                at libstd/panic.rs:392
Nov 01 03:52:23.784 INFO blam!                                at librustc_driver/lib.rs:1546
Nov 01 03:52:23.784 INFO blam!   14:     0x55e60dfa1960 - <F as alloc::boxed::FnBox<A>>::call_box::hf53e55f306710650
Nov 01 03:52:23.784 INFO blam!                                at librustdoc/test.rs:593
Nov 01 03:52:23.784 INFO blam!                                at liballoc/boxed.rs:672
Nov 01 03:52:23.784 INFO blam!   15:     0x7f86ae80c142 - <F as alloc::boxed::FnBox<A>>::call_box::hecf56d722ce7bb71
Nov 01 03:52:23.784 INFO blam!                                at libtest/lib.rs:1461
Nov 01 03:52:23.784 INFO blam!                                at liballoc/boxed.rs:672
Nov 01 03:52:23.784 INFO blam!   16:     0x7f86ad1adde9 - __rust_maybe_catch_panic
Nov 01 03:52:23.784 INFO blam!                                at libpanic_unwind/lib.rs:102
Nov 01 03:52:23.784 INFO blam!   17:     0x7f86ae834412 - std::sys_common::backtrace::__rust_begin_short_backtrace::h1bb71a7386fd3269
Nov 01 03:52:23.784 INFO blam!                                at libstd/panicking.rs:289
Nov 01 03:52:23.784 INFO blam!                                at libstd/panic.rs:392
Nov 01 03:52:23.784 INFO blam!                                at libtest/lib.rs:1423
Nov 01 03:52:23.784 INFO blam!                                at libstd/sys_common/backtrace.rs:136
Nov 01 03:52:23.784 INFO blam!   18:     0x7f86ae8351b4 - std::panicking::try::do_call::h9b94719c3074bb5c
Nov 01 03:52:23.784 INFO blam!                                at libstd/thread/mod.rs:409
Nov 01 03:52:23.784 INFO blam!                                at libstd/panic.rs:313
Nov 01 03:52:23.784 INFO blam!                                at libstd/panicking.rs:310
Nov 01 03:52:23.784 INFO blam!   19:     0x7f86ad1adde9 - __rust_maybe_catch_panic
Nov 01 03:52:23.785 INFO blam!                                at libpanic_unwind/lib.rs:102
Nov 01 03:52:23.785 INFO blam!   20:     0x7f86ae81d90c - <F as alloc::boxed::FnBox<A>>::call_box::hb3bcd66d16fd3e84
Nov 01 03:52:23.785 INFO blam!                                at libstd/panicking.rs:289
Nov 01 03:52:23.785 INFO blam!                                at libstd/panic.rs:392
Nov 01 03:52:23.785 INFO blam!                                at libstd/thread/mod.rs:408
Nov 01 03:52:23.785 INFO blam!                                at liballoc/boxed.rs:672
Nov 01 03:52:23.785 INFO blam!   21:     0x7f86ad19aa8d - std::sys_common::thread::start_thread::had0c80d121669d29
Nov 01 03:52:23.785 INFO blam!                                at liballoc/boxed.rs:682
Nov 01 03:52:23.785 INFO blam!                                at libstd/sys_common/thread.rs:24
Nov 01 03:52:23.785 INFO blam!   22:     0x7f86ad170435 - std::sys::unix::thread::Thread::new::thread_start::h4a5b66a70d76f47f
Nov 01 03:52:23.785 INFO blam!                                at libstd/sys/unix/thread.rs:90
Nov 01 03:52:23.785 INFO blam!   23:     0x7f86accfc6b9 - start_thread
Nov 01 03:52:23.785 INFO blam!   24:     0x7f86ac81c41c - clone
Nov 01 03:52:23.785 INFO blam!   25:                0x0 - <unknown>
Nov 01 03:52:23.785 INFO blam! query stack during panic:
Nov 01 03:52:23.785 INFO blam! end of query stack
Nov 01 03:52:23.785 INFO blam! 
Nov 01 03:52:23.785 INFO blam! 
Nov 01 03:52:23.785 INFO blam! failures:
Nov 01 03:52:23.785 INFO blam!     src/lib.rs -  (line 23)
Nov 01 03:52:23.785 INFO blam! 
Nov 01 03:52:23.785 INFO blam! test result: FAILED. 2 passed; 1 failed; 0 ignored; 0 measured; 0 filtered out
Nov 01 03:52:23.785 INFO blam! 
Nov 01 03:52:23.815 INFO kablam! error: test failed, to rerun pass '--doc'
Nov 01 03:52:23.821 INFO kablam! su: No module specific data is present
Nov 01 03:52:25.091 INFO running `"docker" "rm" "-f" "bb13b04749cd5028fe62c314ea4f0a29454dc56c8e7e7f75600d36c65f3a56d2"`
Nov 01 03:52:25.411 INFO blam! bb13b04749cd5028fe62c314ea4f0a29454dc56c8e7e7f75600d36c65f3a56d2
