Nov 01 03:51:09.638 INFO testing mardiros/cabot against 1.30.0 for beta-1.31-1
Nov 01 03:51:09.639 INFO running `"docker" "create" "-v" "/mnt/big/crater/work/local/target-dirs/beta-1.31-1/worker-0/1.30.0:/target:rw,Z" "-v" "/mnt/big/crater/work/local/test-source/worker-0/beta-1.31-1/1.30.0:/source:ro,Z" "-v" "/mnt/big/crater/work/local/cargo-home:/cargo-home:ro,Z" "-v" "/mnt/big/crater/work/local/rustup-home:/rustup-home:ro,Z" "-e" "USER_ID=1000" "-e" "SOURCE_DIR=/source" "-e" "USER_ID=1000" "-e" "CMD=cargo +1.30.0 build --frozen" "-e" "CARGO_TARGET_DIR=/target" "-e" "CARGO_INCREMENTAL=0" "-e" "RUST_BACKTRACE=full" "-e" "RUSTFLAGS=--cap-lints=warn" "-e" "CARGO_HOME=/cargo-home" "-e" "RUSTUP_HOME=/rustup-home" "-m" "1536M" "--network" "none" "crater"`
Nov 01 03:51:10.008 INFO blam! 55f4dab244fc9ee136abfeef2ecae6007d21dcb9d9524f2704dff0ff85e222db
Nov 01 03:51:10.011 INFO running `"docker" "start" "-a" "55f4dab244fc9ee136abfeef2ecae6007d21dcb9d9524f2704dff0ff85e222db"`
Nov 01 03:51:12.150 INFO kablam! usermod: no changes
Nov 01 03:51:12.431 INFO kablam!    Compiling ucd-util v0.1.2
Nov 01 03:51:12.431 INFO kablam!    Compiling utf8-ranges v1.0.2
Nov 01 03:51:12.443 INFO kablam!    Compiling memchr v2.1.1
Nov 01 03:51:12.443 INFO kablam!    Compiling ring v0.13.2
Nov 01 03:51:12.455 INFO kablam!    Compiling base64 v0.9.3
Nov 01 03:51:15.041 INFO kablam!    Compiling regex-syntax v0.5.6
Nov 01 03:51:19.384 INFO kablam!    Compiling aho-corasick v0.6.9
Nov 01 03:51:28.523 INFO kablam!    Compiling webpki v0.18.1
Nov 01 03:51:28.523 INFO kablam!    Compiling sct v0.3.0
Nov 01 03:51:31.464 INFO kablam!    Compiling webpki-roots v0.14.0
Nov 01 03:51:31.492 INFO kablam!    Compiling rustls v0.12.0
Nov 01 03:51:36.086 INFO kablam!    Compiling regex v0.2.11
Nov 01 03:51:49.930 INFO kablam!    Compiling env_logger v0.4.3
Nov 01 03:51:54.327 INFO kablam!    Compiling pretty_env_logger v0.1.1
Nov 01 03:51:58.037 INFO kablam!    Compiling cabot v0.2.0 (/source)
Nov 01 03:52:05.226 INFO kablam!     Finished dev [unoptimized + debuginfo] target(s) in 53.03s
Nov 01 03:52:05.235 INFO kablam! su: No module specific data is present
Nov 01 03:52:06.484 INFO running `"docker" "rm" "-f" "55f4dab244fc9ee136abfeef2ecae6007d21dcb9d9524f2704dff0ff85e222db"`
Nov 01 03:52:06.815 INFO blam! 55f4dab244fc9ee136abfeef2ecae6007d21dcb9d9524f2704dff0ff85e222db
Nov 01 03:52:06.821 INFO running `"docker" "create" "-v" "/mnt/big/crater/work/local/target-dirs/beta-1.31-1/worker-0/1.30.0:/target:rw,Z" "-v" "/mnt/big/crater/work/local/test-source/worker-0/beta-1.31-1/1.30.0:/source:ro,Z" "-v" "/mnt/big/crater/work/local/cargo-home:/cargo-home:ro,Z" "-v" "/mnt/big/crater/work/local/rustup-home:/rustup-home:ro,Z" "-e" "USER_ID=1000" "-e" "SOURCE_DIR=/source" "-e" "USER_ID=1000" "-e" "CMD=cargo +1.30.0 test --frozen --no-run" "-e" "CARGO_TARGET_DIR=/target" "-e" "CARGO_INCREMENTAL=0" "-e" "RUST_BACKTRACE=full" "-e" "RUSTFLAGS=--cap-lints=warn" "-e" "CARGO_HOME=/cargo-home" "-e" "RUSTUP_HOME=/rustup-home" "-m" "1536M" "--network" "none" "crater"`
Nov 01 03:52:07.327 INFO blam! 9ef60e56df508c9c19ceb83e436ccd5adcaf8c5cf970ea6ae3d5a2d4a2b20478
Nov 01 03:52:07.339 INFO running `"docker" "start" "-a" "9ef60e56df508c9c19ceb83e436ccd5adcaf8c5cf970ea6ae3d5a2d4a2b20478"`
Nov 01 03:52:09.007 INFO kablam! usermod: no changes
Nov 01 03:52:09.155 INFO kablam!    Compiling cabot v0.2.0 (/source)
Nov 01 03:52:13.679 INFO kablam!     Finished dev [unoptimized + debuginfo] target(s) in 4.65s
Nov 01 03:52:13.683 INFO kablam! su: No module specific data is present
Nov 01 03:52:14.324 INFO running `"docker" "rm" "-f" "9ef60e56df508c9c19ceb83e436ccd5adcaf8c5cf970ea6ae3d5a2d4a2b20478"`
Nov 01 03:52:14.574 INFO blam! 9ef60e56df508c9c19ceb83e436ccd5adcaf8c5cf970ea6ae3d5a2d4a2b20478
Nov 01 03:52:14.578 INFO running `"docker" "create" "-v" "/mnt/big/crater/work/local/target-dirs/beta-1.31-1/worker-0/1.30.0:/target:rw,Z" "-v" "/mnt/big/crater/work/local/test-source/worker-0/beta-1.31-1/1.30.0:/source:ro,Z" "-v" "/mnt/big/crater/work/local/cargo-home:/cargo-home:ro,Z" "-v" "/mnt/big/crater/work/local/rustup-home:/rustup-home:ro,Z" "-e" "USER_ID=1000" "-e" "SOURCE_DIR=/source" "-e" "USER_ID=1000" "-e" "CMD=cargo +1.30.0 test --frozen" "-e" "CARGO_TARGET_DIR=/target" "-e" "CARGO_INCREMENTAL=0" "-e" "RUST_BACKTRACE=full" "-e" "RUSTFLAGS=--cap-lints=warn" "-e" "CARGO_HOME=/cargo-home" "-e" "RUSTUP_HOME=/rustup-home" "-m" "1536M" "--network" "none" "crater"`
Nov 01 03:52:14.973 INFO blam! 5cc4df4508076c6e010cad35df9abacc90c00ca0a24b38ef6be9479789f60920
Nov 01 03:52:14.975 INFO running `"docker" "start" "-a" "5cc4df4508076c6e010cad35df9abacc90c00ca0a24b38ef6be9479789f60920"`
Nov 01 03:52:17.147 INFO kablam! usermod: no changes
Nov 01 03:52:17.315 INFO kablam!     Finished dev [unoptimized + debuginfo] target(s) in 0.13s
Nov 01 03:52:17.329 INFO kablam!      Running /target/debug/deps/cabot-94743e25558999fa
Nov 01 03:52:17.331 INFO blam! 
Nov 01 03:52:17.331 INFO blam! running 14 tests
Nov 01 03:52:17.351 INFO blam! test request::tests::test_get_request_to_string ... ok
Nov 01 03:52:17.375 INFO blam! test constants::tests::test_user_agent ... ok
Nov 01 03:52:17.378 INFO blam! test client::tests::test_build_http_header_obsolete_line_folding ... ok
Nov 01 03:52:17.379 INFO blam! test client::tests::test_build_http_no_response_body ... ok
Nov 01 03:52:17.383 INFO blam! test client::tests::test_build_http_header_obsolete_line_folding_tab ... ok
Nov 01 03:52:17.383 INFO blam! test request::tests::test_get_request_with_headers_to_string ... ok
Nov 01 03:52:17.399 INFO blam! test request::tests::test_post_request_with_headers_to_string ... ok
Nov 01 03:52:17.399 INFO blam! test client::tests::test_build_http_response_from_string ... ok
Nov 01 03:52:17.403 INFO blam! test request::tests::test_get_request_with_host_to_string ... ok
Nov 01 03:52:17.403 INFO blam! test request::tests::test_request_builder_simple ... ok
Nov 01 03:52:17.411 INFO blam! test request::tests::test_request_builder_complete ... ok
Nov 01 03:52:17.411 INFO blam! test response::tests::test_build_response_ok ... ok
Nov 01 03:52:17.411 INFO blam! test response::tests::test_response_ok ... ok
Nov 01 03:52:17.411 INFO blam! test response::tests::test_response_ok_no_body ... ok
Nov 01 03:52:17.411 INFO blam! 
Nov 01 03:52:17.411 INFO blam! test result: ok. 14 passed; 0 failed; 0 ignored; 0 measured; 0 filtered out
Nov 01 03:52:17.411 INFO blam! 
Nov 01 03:52:17.415 INFO kablam!      Running /target/debug/deps/cabot-3500018f3b44d6b6
Nov 01 03:52:17.424 INFO blam! 
Nov 01 03:52:17.424 INFO blam! running 0 tests
Nov 01 03:52:17.424 INFO blam! 
Nov 01 03:52:17.424 INFO blam! test result: ok. 0 passed; 0 failed; 0 ignored; 0 measured; 0 filtered out
Nov 01 03:52:17.424 INFO blam! 
Nov 01 03:52:17.425 INFO kablam!    Doc-tests cabot
Nov 01 03:52:18.808 INFO blam! 
Nov 01 03:52:18.809 INFO blam! running 3 tests
Nov 01 03:52:27.443 INFO blam! test src/request.rs - request (line 4) ... ok
Nov 01 03:52:27.579 INFO blam! test src/response.rs - response (line 6) ... ok
Nov 01 03:52:27.793 INFO blam! test src/lib.rs -  (line 23) ... FAILED
Nov 01 03:52:27.793 INFO blam! 
Nov 01 03:52:27.793 INFO blam! failures:
Nov 01 03:52:27.793 INFO blam! 
Nov 01 03:52:27.793 INFO blam! ---- src/lib.rs -  (line 23) stdout ----
Nov 01 03:52:27.793 INFO blam! thread 'src/lib.rs -  (line 23)' panicked at 'test executable failed:
Nov 01 03:52:27.793 INFO blam! 
Nov 01 03:52:27.793 INFO blam! thread 'main' panicked at 'called `Result::unwrap()` on an `Err` value: DNSLookupError("failed to lookup address information: Temporary failure in name resolution")', libcore/result.rs:1009:5
Nov 01 03:52:27.793 INFO blam! stack backtrace:
Nov 01 03:52:27.793 INFO blam!    0:     0x5610addf96be - std::sys::unix::backtrace::tracing::imp::unwind_backtrace::hf5316c67202e23c8
Nov 01 03:52:27.793 INFO blam!                                at libstd/sys/unix/backtrace/tracing/gcc_s.rs:49
Nov 01 03:52:27.793 INFO blam!    1:     0x5610addef4d6 - std::sys_common::backtrace::print::h3068ed2a6dc7ac86
Nov 01 03:52:27.793 INFO blam!                                at libstd/sys_common/backtrace.rs:71
Nov 01 03:52:27.793 INFO blam!                                at libstd/sys_common/backtrace.rs:59
Nov 01 03:52:27.793 INFO blam!    2:     0x5610addedd7d - std::panicking::default_hook::{{closure}}::h1b9d29cc09d41897
Nov 01 03:52:27.793 INFO blam!                                at libstd/panicking.rs:211
Nov 01 03:52:27.793 INFO blam!    3:     0x5610addedaf0 - std::panicking::default_hook::h3a27b204a313406b
Nov 01 03:52:27.793 INFO blam!                                at libstd/panicking.rs:227
Nov 01 03:52:27.793 INFO blam!    4:     0x5610addee3cc - std::panicking::rust_panic_with_hook::h0e12cb2fc86d00fa
Nov 01 03:52:27.793 INFO blam!                                at libstd/panicking.rs:477
Nov 01 03:52:27.793 INFO blam!    5:     0x5610addedf89 - std::panicking::continue_panic_fmt::h141671b29fe0e27d
Nov 01 03:52:27.793 INFO blam!                                at libstd/panicking.rs:391
Nov 01 03:52:27.793 INFO blam!    6:     0x5610addede85 - rust_begin_unwind
Nov 01 03:52:27.793 INFO blam!                                at libstd/panicking.rs:326
Nov 01 03:52:27.793 INFO blam!    7:     0x5610ade32beb - core::panicking::panic_fmt::h429a06507aba9228
Nov 01 03:52:27.793 INFO blam!                                at libcore/panicking.rs:77
Nov 01 03:52:27.793 INFO blam!    8:     0x5610ada18b30 - core::result::unwrap_failed::hc867b371432e3a26
Nov 01 03:52:27.793 INFO blam!    9:     0x5610ada189a1 - <core::result::Result<T, E>>::unwrap::hbc3c84c0785cf5cf
Nov 01 03:52:27.793 INFO blam!   10:     0x5610ada193da - rust_out::main::h944e552f3f67b4ba
Nov 01 03:52:27.793 INFO blam!   11:     0x5610ada192a2 - std::rt::lang_start::{{closure}}::hae3d026ae452bd89
Nov 01 03:52:27.793 INFO blam!   12:     0x5610addede22 - std::panicking::try::do_call::h572dc6f90deb1a4d
Nov 01 03:52:27.793 INFO blam!                                at libstd/rt.rs:59
Nov 01 03:52:27.793 INFO blam!                                at libstd/panicking.rs:310
Nov 01 03:52:27.793 INFO blam!   13:     0x5610ade07929 - __rust_maybe_catch_panic
Nov 01 03:52:27.793 INFO blam!                                at libpanic_unwind/lib.rs:103
Nov 01 03:52:27.793 INFO blam!   14:     0x5610addf50f5 - std::rt::lang_start_internal::hce01021c3c1cf20d
Nov 01 03:52:27.793 INFO blam!                                at libstd/panicking.rs:289
Nov 01 03:52:27.793 INFO blam!                                at libstd/panic.rs:392
Nov 01 03:52:27.793 INFO blam!                                at libstd/rt.rs:58
Nov 01 03:52:27.793 INFO blam!   15:     0x5610ada19283 - std::rt::lang_start::h7b2e7e88015bf7b3
Nov 01 03:52:27.793 INFO blam!   16:     0x5610ada1957a - main
Nov 01 03:52:27.793 INFO blam!   17:     0x7f929051382f - __libc_start_main
Nov 01 03:52:27.793 INFO blam!   18:     0x5610ada184a8 - _start
Nov 01 03:52:27.793 INFO blam!   19:                0x0 - <unknown>
Nov 01 03:52:27.793 INFO blam! 
Nov 01 03:52:27.793 INFO blam! ', librustdoc/test.rs:367:17
Nov 01 03:52:27.793 INFO blam! stack backtrace:
Nov 01 03:52:27.793 INFO blam!    0:     0x7f406a12475e - std::sys::unix::backtrace::tracing::imp::unwind_backtrace::hf5316c67202e23c8
Nov 01 03:52:27.793 INFO blam!                                at libstd/sys/unix/backtrace/tracing/gcc_s.rs:49
Nov 01 03:52:27.793 INFO blam!    1:     0x7f406a0fd946 - std::sys_common::backtrace::print::h3068ed2a6dc7ac86
Nov 01 03:52:27.793 INFO blam!                                at libstd/sys_common/backtrace.rs:71
Nov 01 03:52:27.793 INFO blam!                                at libstd/sys_common/backtrace.rs:59
Nov 01 03:52:27.794 INFO blam!    2:     0x7f406a0fb54d - std::panicking::default_hook::{{closure}}::h1b9d29cc09d41897
Nov 01 03:52:27.794 INFO blam!                                at libstd/panicking.rs:211
Nov 01 03:52:27.794 INFO blam!    3:     0x7f406a0fb25b - std::panicking::default_hook::h3a27b204a313406b
Nov 01 03:52:27.794 INFO blam!                                at libstd/panicking.rs:221
Nov 01 03:52:27.794 INFO blam!    4:     0x7f406c2649f1 - rustc::util::common::panic_hook::hf9d72254884e6e21
Nov 01 03:52:27.794 INFO blam!    5:     0x7f406a0fbc53 - std::panicking::rust_panic_with_hook::h0e12cb2fc86d00fa
Nov 01 03:52:27.794 INFO blam!                                at libstd/panicking.rs:481
Nov 01 03:52:27.794 INFO blam!    6:     0x7f406a0fb7b9 - std::panicking::continue_panic_fmt::h141671b29fe0e27d
Nov 01 03:52:27.794 INFO blam!                                at libstd/panicking.rs:391
Nov 01 03:52:27.794 INFO blam!    7:     0x7f406a0fb71d - std::panicking::begin_panic_fmt::h598547fc766c278a
Nov 01 03:52:27.794 INFO blam!                                at libstd/panicking.rs:346
Nov 01 03:52:27.794 INFO blam!    8:     0x5610c45315f3 - rustdoc::test::Collector::add_test::{{closure}}::{{closure}}::{{closure}}::hed130f7399558a0a
Nov 01 03:52:27.794 INFO blam!                                at librustdoc/test.rs:367
Nov 01 03:52:27.794 INFO blam!                                at librustdoc/test.rs:564
Nov 01 03:52:27.794 INFO blam!    9:     0x5610c44eab40 - <scoped_tls::ScopedKey<T>>::set::h8f0919d2f77ba016
Nov 01 03:52:27.794 INFO blam!                                at /cargo/registry/src/github.com-1ecc6299db9ec823/scoped-tls-0.1.2/src/lib.rs:155
Nov 01 03:52:27.794 INFO blam!                                at libsyntax/lib.rs:108
Nov 01 03:52:27.794 INFO blam!                                at /cargo/registry/src/github.com-1ecc6299db9ec823/scoped-tls-0.1.2/src/lib.rs:155
Nov 01 03:52:27.794 INFO blam!   10:     0x5610c4313c8d - syntax::with_globals::hd11e81a0116456bb
Nov 01 03:52:27.794 INFO blam!                                at libsyntax/lib.rs:107
Nov 01 03:52:27.794 INFO blam!   11:     0x5610c43641a4 - std::panicking::try::do_call::hece5c13d7a24e473
Nov 01 03:52:27.794 INFO blam!                                at librustdoc/test.rs:561
Nov 01 03:52:27.794 INFO blam!                                at libstd/panic.rs:313
Nov 01 03:52:27.794 INFO blam!                                at libstd/panicking.rs:310
Nov 01 03:52:27.794 INFO blam!   12:     0x7f406a13b469 - __rust_maybe_catch_panic
Nov 01 03:52:27.794 INFO blam!                                at libpanic_unwind/lib.rs:103
Nov 01 03:52:27.794 INFO blam!   13:     0x5610c43dbd43 - rustc_driver::in_named_rustc_thread::h2eb14efcd2031db9
Nov 01 03:52:27.794 INFO blam!                                at libstd/panicking.rs:289
Nov 01 03:52:27.794 INFO blam!                                at libstd/panic.rs:392
Nov 01 03:52:27.794 INFO blam!                                at librustc_driver/lib.rs:1574
Nov 01 03:52:27.794 INFO blam!   14:     0x5610c4509e4c - <F as alloc::boxed::FnBox<A>>::call_box::h1a3519e0a4ef9ca4
Nov 01 03:52:27.794 INFO blam!                                at librustdoc/test.rs:561
Nov 01 03:52:27.794 INFO blam!                                at liballoc/boxed.rs:646
Nov 01 03:52:27.794 INFO blam!   15:     0x7f406b77fdc2 - <F as alloc::boxed::FnBox<A>>::call_box::h79a77abfa30ef4cc
Nov 01 03:52:27.794 INFO blam!                                at libtest/lib.rs:1454
Nov 01 03:52:27.794 INFO blam!                                at liballoc/boxed.rs:646
Nov 01 03:52:27.794 INFO blam!   16:     0x7f406a13b469 - __rust_maybe_catch_panic
Nov 01 03:52:27.794 INFO blam!                                at libpanic_unwind/lib.rs:103
Nov 01 03:52:27.794 INFO blam!   17:     0x7f406b78d1fd - std::sys_common::backtrace::__rust_begin_short_backtrace::h470b05235fe5e5ad
Nov 01 03:52:27.794 INFO blam!                                at libstd/panicking.rs:289
Nov 01 03:52:27.794 INFO blam!                                at libstd/panic.rs:392
Nov 01 03:52:27.794 INFO blam!                                at libtest/lib.rs:1416
Nov 01 03:52:27.794 INFO blam!                                at libstd/sys_common/backtrace.rs:136
Nov 01 03:52:27.794 INFO blam!   18:     0x7f406b7ab004 - std::panicking::try::do_call::h1f0578498122cc00
Nov 01 03:52:27.794 INFO blam!                                at libstd/thread/mod.rs:409
Nov 01 03:52:27.794 INFO blam!                                at libstd/panic.rs:313
Nov 01 03:52:27.794 INFO blam!                                at libstd/panicking.rs:310
Nov 01 03:52:27.794 INFO blam!   19:     0x7f406a13b469 - __rust_maybe_catch_panic
Nov 01 03:52:27.794 INFO blam!                                at libpanic_unwind/lib.rs:103
Nov 01 03:52:27.794 INFO blam!   20:     0x7f406b797be6 - <F as alloc::boxed::FnBox<A>>::call_box::h7b129f9f235ab460
Nov 01 03:52:27.794 INFO blam!                                at libstd/panicking.rs:289
Nov 01 03:52:27.794 INFO blam!                                at libstd/panic.rs:392
Nov 01 03:52:27.794 INFO blam!                                at libstd/thread/mod.rs:408
Nov 01 03:52:27.794 INFO blam!                                at liballoc/boxed.rs:646
Nov 01 03:52:27.794 INFO blam!   21:     0x7f406a128c5a - std::sys_common::thread::start_thread::hb77935aee02382da
Nov 01 03:52:27.794 INFO blam!                                at liballoc/boxed.rs:656
Nov 01 03:52:27.794 INFO blam!                                at libstd/sys_common/thread.rs:24
Nov 01 03:52:27.794 INFO blam!   22:     0x7f406a0fc8d5 - std::sys::unix::thread::Thread::new::thread_start::hd61f7429b3de1d75
Nov 01 03:52:27.794 INFO blam!                                at libstd/sys/unix/thread.rs:90
Nov 01 03:52:27.794 INFO blam!   23:     0x7f4069e916b9 - start_thread
Nov 01 03:52:27.794 INFO blam!   24:     0x7f40699b141c - clone
Nov 01 03:52:27.794 INFO blam!   25:                0x0 - <unknown>
Nov 01 03:52:27.794 INFO blam! query stack during panic:
Nov 01 03:52:27.794 INFO blam! end of query stack
Nov 01 03:52:27.794 INFO blam! 
Nov 01 03:52:27.794 INFO blam! 
Nov 01 03:52:27.794 INFO blam! failures:
Nov 01 03:52:27.794 INFO blam!     src/lib.rs -  (line 23)
Nov 01 03:52:27.794 INFO blam! 
Nov 01 03:52:27.794 INFO blam! test result: FAILED. 2 passed; 1 failed; 0 ignored; 0 measured; 0 filtered out
Nov 01 03:52:27.794 INFO blam! 
Nov 01 03:52:27.811 INFO kablam! error: test failed, to rerun pass '--doc'
Nov 01 03:52:27.819 INFO kablam! su: No module specific data is present
Nov 01 03:52:28.811 INFO running `"docker" "rm" "-f" "5cc4df4508076c6e010cad35df9abacc90c00ca0a24b38ef6be9479789f60920"`
Nov 01 03:52:29.077 INFO blam! 5cc4df4508076c6e010cad35df9abacc90c00ca0a24b38ef6be9479789f60920
