Nov 01 07:10:11.556 INFO testing jayjamesjay/http_req against beta-2018-10-30 for beta-1.31-1
Nov 01 07:10:11.556 INFO running `"docker" "create" "-v" "/mnt/big/crater/work/local/target-dirs/beta-1.31-1/worker-5/beta-2018-10-30:/target:rw,Z" "-v" "/mnt/big/crater/work/local/test-source/worker-5/beta-1.31-1/beta-2018-10-30:/source:ro,Z" "-v" "/mnt/big/crater/work/local/cargo-home:/cargo-home:ro,Z" "-v" "/mnt/big/crater/work/local/rustup-home:/rustup-home:ro,Z" "-e" "USER_ID=1000" "-e" "SOURCE_DIR=/source" "-e" "USER_ID=1000" "-e" "CMD=cargo +beta-2018-10-30 build --frozen" "-e" "CARGO_TARGET_DIR=/target" "-e" "CARGO_INCREMENTAL=0" "-e" "RUST_BACKTRACE=full" "-e" "RUSTFLAGS=--cap-lints=warn" "-e" "CARGO_HOME=/cargo-home" "-e" "RUSTUP_HOME=/rustup-home" "-m" "1536M" "--network" "none" "crater"`
Nov 01 07:10:12.017 INFO blam! 51f6fb5a89cf7d6e3ee3d81c02df98f206008c584c5c2bb93a58e9c9748a8cf4
Nov 01 07:10:12.023 INFO running `"docker" "start" "-a" "51f6fb5a89cf7d6e3ee3d81c02df98f206008c584c5c2bb93a58e9c9748a8cf4"`
Nov 01 07:10:13.220 INFO kablam! usermod: no changes
Nov 01 07:10:13.315 INFO kablam!    Compiling openssl v0.10.11
Nov 01 07:10:13.319 INFO kablam!    Compiling native-tls v0.2.1
Nov 01 07:10:19.517 INFO kablam!    Compiling http_req v0.2.1 (/source)
Nov 01 07:10:20.719 INFO kablam!     Finished dev [unoptimized + debuginfo] target(s) in 7.48s
Nov 01 07:10:20.723 INFO kablam! su: No module specific data is present
Nov 01 07:10:21.025 INFO running `"docker" "rm" "-f" "51f6fb5a89cf7d6e3ee3d81c02df98f206008c584c5c2bb93a58e9c9748a8cf4"`
Nov 01 07:10:21.163 INFO blam! 51f6fb5a89cf7d6e3ee3d81c02df98f206008c584c5c2bb93a58e9c9748a8cf4
Nov 01 07:10:21.170 INFO running `"docker" "create" "-v" "/mnt/big/crater/work/local/target-dirs/beta-1.31-1/worker-5/beta-2018-10-30:/target:rw,Z" "-v" "/mnt/big/crater/work/local/test-source/worker-5/beta-1.31-1/beta-2018-10-30:/source:ro,Z" "-v" "/mnt/big/crater/work/local/cargo-home:/cargo-home:ro,Z" "-v" "/mnt/big/crater/work/local/rustup-home:/rustup-home:ro,Z" "-e" "USER_ID=1000" "-e" "SOURCE_DIR=/source" "-e" "USER_ID=1000" "-e" "CMD=cargo +beta-2018-10-30 test --frozen --no-run" "-e" "CARGO_TARGET_DIR=/target" "-e" "CARGO_INCREMENTAL=0" "-e" "RUST_BACKTRACE=full" "-e" "RUSTFLAGS=--cap-lints=warn" "-e" "CARGO_HOME=/cargo-home" "-e" "RUSTUP_HOME=/rustup-home" "-m" "1536M" "--network" "none" "crater"`
Nov 01 07:10:21.371 INFO blam! 59f32b2af189cc1c67dfb71c0ee4d78e192c4d485b8176473b0a59f9f93f73fb
Nov 01 07:10:21.375 INFO running `"docker" "start" "-a" "59f32b2af189cc1c67dfb71c0ee4d78e192c4d485b8176473b0a59f9f93f73fb"`
Nov 01 07:10:22.069 INFO kablam! usermod: no changes
Nov 01 07:10:22.180 INFO kablam!    Compiling http_req v0.2.1 (/source)
Nov 01 07:10:25.232 INFO kablam!     Finished dev [unoptimized + debuginfo] target(s) in 3.14s
Nov 01 07:10:25.237 INFO kablam! su: No module specific data is present
Nov 01 07:10:25.855 INFO running `"docker" "rm" "-f" "59f32b2af189cc1c67dfb71c0ee4d78e192c4d485b8176473b0a59f9f93f73fb"`
Nov 01 07:10:26.079 INFO blam! 59f32b2af189cc1c67dfb71c0ee4d78e192c4d485b8176473b0a59f9f93f73fb
Nov 01 07:10:26.085 INFO running `"docker" "create" "-v" "/mnt/big/crater/work/local/target-dirs/beta-1.31-1/worker-5/beta-2018-10-30:/target:rw,Z" "-v" "/mnt/big/crater/work/local/test-source/worker-5/beta-1.31-1/beta-2018-10-30:/source:ro,Z" "-v" "/mnt/big/crater/work/local/cargo-home:/cargo-home:ro,Z" "-v" "/mnt/big/crater/work/local/rustup-home:/rustup-home:ro,Z" "-e" "USER_ID=1000" "-e" "SOURCE_DIR=/source" "-e" "USER_ID=1000" "-e" "CMD=cargo +beta-2018-10-30 test --frozen" "-e" "CARGO_TARGET_DIR=/target" "-e" "CARGO_INCREMENTAL=0" "-e" "RUST_BACKTRACE=full" "-e" "RUSTFLAGS=--cap-lints=warn" "-e" "CARGO_HOME=/cargo-home" "-e" "RUSTUP_HOME=/rustup-home" "-m" "1536M" "--network" "none" "crater"`
Nov 01 07:10:26.528 INFO blam! a86bab99884ec36f56f9311d999493c472a79cb34b0cbf4ffc46a32457cdffeb
Nov 01 07:10:26.531 INFO running `"docker" "start" "-a" "a86bab99884ec36f56f9311d999493c472a79cb34b0cbf4ffc46a32457cdffeb"`
Nov 01 07:10:26.983 INFO kablam! usermod: no changes
Nov 01 07:10:27.047 INFO kablam!     Finished dev [unoptimized + debuginfo] target(s) in 0.03s
Nov 01 07:10:27.047 INFO kablam!      Running /target/debug/deps/http_req-44183d9a00fe02ee
Nov 01 07:10:27.054 INFO blam! 
Nov 01 07:10:27.054 INFO blam! running 39 tests
Nov 01 07:10:27.054 INFO blam! test request::tests::request_b_connect ... ignored
Nov 01 07:10:27.054 INFO blam! test request::tests::request_b_handle_stream ... ignored
Nov 01 07:10:27.054 INFO blam! test request::tests::request_b_secure_conn ... ignored
Nov 01 07:10:27.054 INFO blam! test request::tests::request_b_send ... ignored
Nov 01 07:10:27.054 INFO blam! test request::tests::request_get ... ignored
Nov 01 07:10:27.054 INFO blam! test request::tests::request_head ... ignored
Nov 01 07:10:27.054 INFO blam! test request::tests::request_b_method ... ok
Nov 01 07:10:27.054 INFO blam! test request::tests::request_b_add_header ... ok
Nov 01 07:10:27.054 INFO blam! test request::tests::request_b_msg ... ok
Nov 01 07:10:27.054 INFO blam! test request::tests::request_b_new ... ok
Nov 01 07:10:27.054 INFO blam! test response::tests::res_append_body ... ok
Nov 01 07:10:27.054 INFO blam! test response::tests::elements_find ... ok
Nov 01 07:10:27.054 INFO blam! test response::tests::res_body ... ok
Nov 01 07:10:27.054 INFO blam! test response::tests::res_headers ... ok
Nov 01 07:10:27.054 INFO blam! test response::tests::res_new ... ok
Nov 01 07:10:27.068 INFO blam! test response::tests::res_parse_headers ... ok
Nov 01 07:10:27.069 INFO blam! test response::tests::res_content_len ... ok
Nov 01 07:10:27.069 INFO blam! test response::tests::res_parse_head ... ok
Nov 01 07:10:27.069 INFO blam! test response::tests::res_status_code ... ok
Nov 01 07:10:27.069 INFO blam! test response::tests::res_parse_status_line ... ok
Nov 01 07:10:27.069 INFO blam! test response::tests::status_from ... ok
Nov 01 07:10:27.069 INFO blam! test response::tests::res_try_from ... ok
Nov 01 07:10:27.069 INFO blam! test response::tests::res_reason ... ok
Nov 01 07:10:27.069 INFO blam! test response::tests::res_version ... ok
Nov 01 07:10:27.069 INFO blam! test request::tests::request_b_set_headers ... ok
Nov 01 07:10:27.069 INFO blam! test url::tests::fragment_url ... ok
Nov 01 07:10:27.069 INFO blam! test request::tests::request_b_default_headers ... ok
Nov 01 07:10:27.071 INFO blam! test request::tests::request_b_body ... ok
Nov 01 07:10:27.075 INFO blam! test url::tests::full_parse ... ok
Nov 01 07:10:27.075 INFO blam! test url::tests::parse_url ... ok
Nov 01 07:10:27.075 INFO blam! test url::tests::port_url ... ok
Nov 01 07:10:27.075 INFO blam! test url::tests::path_url ... ok
Nov 01 07:10:27.075 INFO blam! test url::tests::scheme_url ... ok
Nov 01 07:10:27.075 INFO blam! test url::tests::query_url ... ok
Nov 01 07:10:27.075 INFO blam! test url::tests::host_url ... ok
Nov 01 07:10:27.088 INFO blam! test url::tests::remove_space ... ok
Nov 01 07:10:27.088 INFO blam! test url::tests::uesr_info_url ... ok
Nov 01 07:10:27.088 INFO blam! test url::tests::resource_url ... ok
Nov 01 07:10:27.096 INFO blam! test response::tests::res_from_empty ... ok
Nov 01 07:10:27.096 INFO blam! 
Nov 01 07:10:27.096 INFO blam! test result: ok. 33 passed; 0 failed; 6 ignored; 0 measured; 0 filtered out
Nov 01 07:10:27.096 INFO blam! 
Nov 01 07:10:27.105 INFO kablam!    Doc-tests http_req
Nov 01 07:10:27.968 INFO blam! 
Nov 01 07:10:27.968 INFO blam! running 1 test
Nov 01 07:10:29.746 INFO blam! test src/lib.rs -  (line 6) ... FAILED
Nov 01 07:10:29.747 INFO blam! 
Nov 01 07:10:29.747 INFO blam! failures:
Nov 01 07:10:29.747 INFO blam! 
Nov 01 07:10:29.747 INFO blam! ---- src/lib.rs -  (line 6) stdout ----
Nov 01 07:10:29.747 INFO blam! thread 'src/lib.rs -  (line 6)' panicked at 'test executable failed:
Nov 01 07:10:29.747 INFO blam! 
Nov 01 07:10:29.747 INFO blam! thread 'main' panicked at 'called `Result::unwrap()` on an `Err` value: Custom { kind: Other, error: StringError("failed to lookup address information: Temporary failure in name resolution") }', libcore/result.rs:1009:5
Nov 01 07:10:29.747 INFO blam! stack backtrace:
Nov 01 07:10:29.747 INFO blam!    0:     0x55ea5003bcff - std::sys::unix::backtrace::tracing::imp::unwind_backtrace::h3c55afa80a996a32
Nov 01 07:10:29.747 INFO blam!                                at libstd/sys/unix/backtrace/tracing/gcc_s.rs:49
Nov 01 07:10:29.747 INFO blam!    1:     0x55ea50044e07 - std::sys_common::backtrace::print::hcef907ea7a07cd40
Nov 01 07:10:29.747 INFO blam!                                at libstd/sys_common/backtrace.rs:71
Nov 01 07:10:29.747 INFO blam!                                at libstd/sys_common/backtrace.rs:59
Nov 01 07:10:29.747 INFO blam!    2:     0x55ea5003f91f - std::panicking::default_hook::{{closure}}::hf541876c65f36ea7
Nov 01 07:10:29.747 INFO blam!                                at libstd/panicking.rs:211
Nov 01 07:10:29.747 INFO blam!    3:     0x55ea5003f684 - std::panicking::default_hook::h4ecc06b30ae4459d
Nov 01 07:10:29.747 INFO blam!                                at libstd/panicking.rs:227
Nov 01 07:10:29.747 INFO blam!    4:     0x55ea5003fffe - std::panicking::rust_panic_with_hook::h0cc6d9cc9f34a947
Nov 01 07:10:29.747 INFO blam!                                at libstd/panicking.rs:476
Nov 01 07:10:29.747 INFO blam!    5:     0x55ea5003fba1 - std::panicking::continue_panic_fmt::hc71ad5f01496e320
Nov 01 07:10:29.747 INFO blam!                                at libstd/panicking.rs:390
Nov 01 07:10:29.747 INFO blam!    6:     0x55ea5003fa85 - rust_begin_unwind
Nov 01 07:10:29.747 INFO blam!                                at libstd/panicking.rs:325
Nov 01 07:10:29.747 INFO blam!    7:     0x55ea5007fbcc - core::panicking::panic_fmt::ha71638b7d4f53c35
Nov 01 07:10:29.747 INFO blam!                                at libcore/panicking.rs:77
Nov 01 07:10:29.747 INFO blam!    8:     0x55ea4ffdff5f - core::result::unwrap_failed::hc809d24d40f0d1a7
Nov 01 07:10:29.747 INFO blam!    9:     0x55ea4ffdfdcc - <core::result::Result<T, E>>::unwrap::he73d6b3b34fa58de
Nov 01 07:10:29.747 INFO blam!   10:     0x55ea4ffe02f8 - rust_out::main::h944e552f3f67b4ba
Nov 01 07:10:29.747 INFO blam!   11:     0x55ea4ffdfcf2 - std::rt::lang_start::{{closure}}::h55d770898514aeb4
Nov 01 07:10:29.747 INFO blam!   12:     0x55ea5003fa22 - std::panicking::try::do_call::h203c4989fde7f201
Nov 01 07:10:29.747 INFO blam!                                at libstd/rt.rs:59
Nov 01 07:10:29.747 INFO blam!                                at libstd/panicking.rs:310
Nov 01 07:10:29.747 INFO blam!   13:     0x55ea50050039 - __rust_maybe_catch_panic
Nov 01 07:10:29.747 INFO blam!                                at libpanic_unwind/lib.rs:102
Nov 01 07:10:29.747 INFO blam!   14:     0x55ea500307ca - std::rt::lang_start_internal::h80fd76ad39d9c8d9
Nov 01 07:10:29.747 INFO blam!                                at libstd/panicking.rs:289
Nov 01 07:10:29.747 INFO blam!                                at libstd/panic.rs:392
Nov 01 07:10:29.747 INFO blam!                                at libstd/rt.rs:58
Nov 01 07:10:29.747 INFO blam!   15:     0x55ea4ffdfcd4 - std::rt::lang_start::h6dd5f188d9e0f86d
Nov 01 07:10:29.747 INFO blam!   16:     0x55ea4ffe04aa - main
Nov 01 07:10:29.747 INFO blam!   17:     0x7f4f164d282f - __libc_start_main
Nov 01 07:10:29.747 INFO blam!   18:     0x55ea4ffdfb88 - _start
Nov 01 07:10:29.747 INFO blam!   19:                0x0 - <unknown>
Nov 01 07:10:29.747 INFO blam! 
Nov 01 07:10:29.747 INFO blam! ', librustdoc/test.rs:367:17
Nov 01 07:10:29.747 INFO blam! stack backtrace:
Nov 01 07:10:29.747 INFO blam!    0:     0x7f57a58ba6ff - std::sys::unix::backtrace::tracing::imp::unwind_backtrace::h3c55afa80a996a32
Nov 01 07:10:29.747 INFO blam!                                at libstd/sys/unix/backtrace/tracing/gcc_s.rs:49
Nov 01 07:10:29.747 INFO blam!    1:     0x7f57a589f697 - std::sys_common::backtrace::print::hcef907ea7a07cd40
Nov 01 07:10:29.747 INFO blam!                                at libstd/sys_common/backtrace.rs:71
Nov 01 07:10:29.747 INFO blam!                                at libstd/sys_common/backtrace.rs:59
Nov 01 07:10:29.747 INFO blam!    2:     0x7f57a58c5acf - std::panicking::default_hook::{{closure}}::hf541876c65f36ea7
Nov 01 07:10:29.747 INFO blam!                                at libstd/panicking.rs:211
Nov 01 07:10:29.747 INFO blam!    3:     0x7f57a58c57ce - std::panicking::default_hook::h4ecc06b30ae4459d
Nov 01 07:10:29.747 INFO blam!                                at libstd/panicking.rs:221
Nov 01 07:10:29.747 INFO blam!    4:     0x7f57a7b616d1 - rustc::util::common::panic_hook::hf4e6f5c3b281764b
Nov 01 07:10:29.747 INFO blam!    5:     0x7f57a58c62c6 - std::panicking::rust_panic_with_hook::h0cc6d9cc9f34a947
Nov 01 07:10:29.747 INFO blam!                                at libstd/panicking.rs:480
Nov 01 07:10:29.747 INFO blam!    6:     0x7f57a58c5e11 - std::panicking::continue_panic_fmt::hc71ad5f01496e320
Nov 01 07:10:29.747 INFO blam!                                at libstd/panicking.rs:390
Nov 01 07:10:29.747 INFO blam!    7:     0x7f57a58c5d5e - std::panicking::begin_panic_fmt::hdb958223ae20ca60
Nov 01 07:10:29.747 INFO blam!                                at libstd/panicking.rs:345
Nov 01 07:10:29.747 INFO blam!    8:     0x55567f8caa38 - <rustdoc::test::Collector as rustdoc::test::Tester>::add_test::{{closure}}::{{closure}}::{{closure}}::h1097dd2aed0bc349
Nov 01 07:10:29.747 INFO blam!                                at librustdoc/test.rs:367
Nov 01 07:10:29.748 INFO blam!                                at librustdoc/test.rs:596
Nov 01 07:10:29.748 INFO blam!    9:     0x55567f87fc78 - <scoped_tls::ScopedKey<T>>::set::h9bba31b35056dc07
Nov 01 07:10:29.748 INFO blam!                                at /cargo/registry/src/github.com-1ecc6299db9ec823/scoped-tls-0.1.2/src/lib.rs:155
Nov 01 07:10:29.748 INFO blam!                                at libsyntax/lib.rs:106
Nov 01 07:10:29.748 INFO blam!                                at /cargo/registry/src/github.com-1ecc6299db9ec823/scoped-tls-0.1.2/src/lib.rs:155
Nov 01 07:10:29.748 INFO blam!   10:     0x55567f685481 - syntax::with_globals::h4fd10729776cd915
Nov 01 07:10:29.748 INFO blam!                                at libsyntax/lib.rs:105
Nov 01 07:10:29.748 INFO blam!   11:     0x55567f7385cb - std::panicking::try::do_call::he572b5001749b5c7
Nov 01 07:10:29.748 INFO blam!                                at librustdoc/test.rs:593
Nov 01 07:10:29.748 INFO blam!                                at libstd/panic.rs:313
Nov 01 07:10:29.748 INFO blam!                                at libstd/panicking.rs:310
Nov 01 07:10:29.748 INFO blam!   12:     0x7f57a58d3de9 - __rust_maybe_catch_panic
Nov 01 07:10:29.748 INFO blam!                                at libpanic_unwind/lib.rs:102
Nov 01 07:10:29.748 INFO blam!   13:     0x55567f75a079 - rustc_driver::in_named_rustc_thread::hc8aa36ae7168454b
Nov 01 07:10:29.748 INFO blam!                                at libstd/panicking.rs:289
Nov 01 07:10:29.748 INFO blam!                                at libstd/panic.rs:392
Nov 01 07:10:29.748 INFO blam!                                at librustc_driver/lib.rs:1546
Nov 01 07:10:29.748 INFO blam!   14:     0x55567f898960 - <F as alloc::boxed::FnBox<A>>::call_box::hf53e55f306710650
Nov 01 07:10:29.748 INFO blam!                                at librustdoc/test.rs:593
Nov 01 07:10:29.748 INFO blam!                                at liballoc/boxed.rs:672
Nov 01 07:10:29.748 INFO blam!   15:     0x7f57a6f32142 - <F as alloc::boxed::FnBox<A>>::call_box::hecf56d722ce7bb71
Nov 01 07:10:29.748 INFO blam!                                at libtest/lib.rs:1461
Nov 01 07:10:29.748 INFO blam!                                at liballoc/boxed.rs:672
Nov 01 07:10:29.748 INFO blam!   16:     0x7f57a58d3de9 - __rust_maybe_catch_panic
Nov 01 07:10:29.748 INFO blam!                                at libpanic_unwind/lib.rs:102
Nov 01 07:10:29.748 INFO blam!   17:     0x7f57a6f5a412 - std::sys_common::backtrace::__rust_begin_short_backtrace::h1bb71a7386fd3269
Nov 01 07:10:29.748 INFO blam!                                at libstd/panicking.rs:289
Nov 01 07:10:29.748 INFO blam!                                at libstd/panic.rs:392
Nov 01 07:10:29.748 INFO blam!                                at libtest/lib.rs:1423
Nov 01 07:10:29.748 INFO blam!                                at libstd/sys_common/backtrace.rs:136
Nov 01 07:10:29.748 INFO blam!   18:     0x7f57a6f5b1b4 - std::panicking::try::do_call::h9b94719c3074bb5c
Nov 01 07:10:29.748 INFO blam!                                at libstd/thread/mod.rs:409
Nov 01 07:10:29.748 INFO blam!                                at libstd/panic.rs:313
Nov 01 07:10:29.748 INFO blam!                                at libstd/panicking.rs:310
Nov 01 07:10:29.748 INFO blam!   19:     0x7f57a58d3de9 - __rust_maybe_catch_panic
Nov 01 07:10:29.748 INFO blam!                                at libpanic_unwind/lib.rs:102
Nov 01 07:10:29.748 INFO blam!   20:     0x7f57a6f4390c - <F as alloc::boxed::FnBox<A>>::call_box::hb3bcd66d16fd3e84
Nov 01 07:10:29.748 INFO blam!                                at libstd/panicking.rs:289
Nov 01 07:10:29.748 INFO blam!                                at libstd/panic.rs:392
Nov 01 07:10:29.748 INFO blam!                                at libstd/thread/mod.rs:408
Nov 01 07:10:29.748 INFO blam!                                at liballoc/boxed.rs:672
Nov 01 07:10:29.748 INFO blam!   21:     0x7f57a58c0a8d - std::sys_common::thread::start_thread::had0c80d121669d29
Nov 01 07:10:29.748 INFO blam!                                at liballoc/boxed.rs:682
Nov 01 07:10:29.748 INFO blam!                                at libstd/sys_common/thread.rs:24
Nov 01 07:10:29.748 INFO blam!   22:     0x7f57a5896435 - std::sys::unix::thread::Thread::new::thread_start::h4a5b66a70d76f47f
Nov 01 07:10:29.748 INFO blam!                                at libstd/sys/unix/thread.rs:90
Nov 01 07:10:29.748 INFO blam!   23:     0x7f57a54226b9 - start_thread
Nov 01 07:10:29.748 INFO blam!   24:     0x7f57a4f4241c - clone
Nov 01 07:10:29.748 INFO blam!   25:                0x0 - <unknown>
Nov 01 07:10:29.748 INFO blam! query stack during panic:
Nov 01 07:10:29.748 INFO blam! end of query stack
Nov 01 07:10:29.748 INFO blam! 
Nov 01 07:10:29.748 INFO blam! 
Nov 01 07:10:29.748 INFO blam! failures:
Nov 01 07:10:29.748 INFO blam!     src/lib.rs -  (line 6)
Nov 01 07:10:29.748 INFO blam! 
Nov 01 07:10:29.748 INFO blam! test result: FAILED. 0 passed; 1 failed; 0 ignored; 0 measured; 0 filtered out
Nov 01 07:10:29.748 INFO blam! 
Nov 01 07:10:29.759 INFO kablam! error: test failed, to rerun pass '--doc'
Nov 01 07:10:29.761 INFO kablam! su: No module specific data is present
Nov 01 07:10:30.214 INFO running `"docker" "rm" "-f" "a86bab99884ec36f56f9311d999493c472a79cb34b0cbf4ffc46a32457cdffeb"`
Nov 01 07:10:30.324 INFO blam! a86bab99884ec36f56f9311d999493c472a79cb34b0cbf4ffc46a32457cdffeb
