Nov 01 07:20:34.339 INFO testing jakecraige/pals against beta-2018-10-30 for beta-1.31-1
Nov 01 07:20:34.339 INFO running `"docker" "create" "-v" "/mnt/big/crater/work/local/target-dirs/beta-1.31-1/worker-4/beta-2018-10-30:/target:rw,Z" "-v" "/mnt/big/crater/work/local/test-source/worker-4/beta-1.31-1/beta-2018-10-30:/source:ro,Z" "-v" "/mnt/big/crater/work/local/cargo-home:/cargo-home:ro,Z" "-v" "/mnt/big/crater/work/local/rustup-home:/rustup-home:ro,Z" "-e" "USER_ID=1000" "-e" "SOURCE_DIR=/source" "-e" "USER_ID=1000" "-e" "CMD=cargo +beta-2018-10-30 build --frozen" "-e" "CARGO_TARGET_DIR=/target" "-e" "CARGO_INCREMENTAL=0" "-e" "RUST_BACKTRACE=full" "-e" "RUSTFLAGS=--cap-lints=warn" "-e" "CARGO_HOME=/cargo-home" "-e" "RUSTUP_HOME=/rustup-home" "-m" "1536M" "--network" "none" "crater"`
Nov 01 07:20:34.550 INFO blam! a4b04dc1d31e8334e4e3e11f55fda9dd958e6778acc567d05c66f8a804841824
Nov 01 07:20:34.552 INFO running `"docker" "start" "-a" "a4b04dc1d31e8334e4e3e11f55fda9dd958e6778acc567d05c66f8a804841824"`
Nov 01 07:20:34.943 INFO kablam! usermod: no changes
Nov 01 07:20:35.016 INFO kablam!    Compiling pals v0.1.0 (/source)
Nov 01 07:20:36.249 INFO kablam!     Finished dev [unoptimized + debuginfo] target(s) in 1.29s
Nov 01 07:20:36.252 INFO kablam! su: No module specific data is present
Nov 01 07:20:36.521 INFO running `"docker" "rm" "-f" "a4b04dc1d31e8334e4e3e11f55fda9dd958e6778acc567d05c66f8a804841824"`
Nov 01 07:20:36.659 INFO blam! a4b04dc1d31e8334e4e3e11f55fda9dd958e6778acc567d05c66f8a804841824
Nov 01 07:20:36.661 INFO running `"docker" "create" "-v" "/mnt/big/crater/work/local/target-dirs/beta-1.31-1/worker-4/beta-2018-10-30:/target:rw,Z" "-v" "/mnt/big/crater/work/local/test-source/worker-4/beta-1.31-1/beta-2018-10-30:/source:ro,Z" "-v" "/mnt/big/crater/work/local/cargo-home:/cargo-home:ro,Z" "-v" "/mnt/big/crater/work/local/rustup-home:/rustup-home:ro,Z" "-e" "USER_ID=1000" "-e" "SOURCE_DIR=/source" "-e" "USER_ID=1000" "-e" "CMD=cargo +beta-2018-10-30 test --frozen --no-run" "-e" "CARGO_TARGET_DIR=/target" "-e" "CARGO_INCREMENTAL=0" "-e" "RUST_BACKTRACE=full" "-e" "RUSTFLAGS=--cap-lints=warn" "-e" "CARGO_HOME=/cargo-home" "-e" "RUSTUP_HOME=/rustup-home" "-m" "1536M" "--network" "none" "crater"`
Nov 01 07:20:36.854 INFO blam! 320176393f5b908e809941c9596ccb03cb5a971310f9ea89d84efd1f85679893
Nov 01 07:20:36.857 INFO running `"docker" "start" "-a" "320176393f5b908e809941c9596ccb03cb5a971310f9ea89d84efd1f85679893"`
Nov 01 07:20:37.456 INFO kablam! usermod: no changes
Nov 01 07:20:37.513 INFO kablam!    Compiling pals v0.1.0 (/source)
Nov 01 07:20:41.335 INFO kablam!     Finished dev [unoptimized + debuginfo] target(s) in 3.86s
Nov 01 07:20:41.338 INFO kablam! su: No module specific data is present
Nov 01 07:20:42.309 INFO running `"docker" "rm" "-f" "320176393f5b908e809941c9596ccb03cb5a971310f9ea89d84efd1f85679893"`
Nov 01 07:20:42.635 INFO blam! 320176393f5b908e809941c9596ccb03cb5a971310f9ea89d84efd1f85679893
Nov 01 07:20:42.648 INFO running `"docker" "create" "-v" "/mnt/big/crater/work/local/target-dirs/beta-1.31-1/worker-4/beta-2018-10-30:/target:rw,Z" "-v" "/mnt/big/crater/work/local/test-source/worker-4/beta-1.31-1/beta-2018-10-30:/source:ro,Z" "-v" "/mnt/big/crater/work/local/cargo-home:/cargo-home:ro,Z" "-v" "/mnt/big/crater/work/local/rustup-home:/rustup-home:ro,Z" "-e" "USER_ID=1000" "-e" "SOURCE_DIR=/source" "-e" "USER_ID=1000" "-e" "CMD=cargo +beta-2018-10-30 test --frozen" "-e" "CARGO_TARGET_DIR=/target" "-e" "CARGO_INCREMENTAL=0" "-e" "RUST_BACKTRACE=full" "-e" "RUSTFLAGS=--cap-lints=warn" "-e" "CARGO_HOME=/cargo-home" "-e" "RUSTUP_HOME=/rustup-home" "-m" "1536M" "--network" "none" "crater"`
Nov 01 07:20:43.066 INFO blam! 37bcb20a51218b707787def23da9a3e1e85ac4e08f255f9e1c44e88e7c0dfa54
Nov 01 07:20:43.069 INFO running `"docker" "start" "-a" "37bcb20a51218b707787def23da9a3e1e85ac4e08f255f9e1c44e88e7c0dfa54"`
Nov 01 07:20:44.135 INFO kablam! usermod: no changes
Nov 01 07:20:44.233 INFO kablam!     Finished dev [unoptimized + debuginfo] target(s) in 0.08s
Nov 01 07:20:44.247 INFO kablam!      Running /target/debug/deps/pals-593e946b628cdf4a
Nov 01 07:20:44.251 INFO blam! 
Nov 01 07:20:44.251 INFO blam! running 32 tests
Nov 01 07:20:44.261 INFO blam! test set1::tests::byte_triple_to_6bit ... ok
Nov 01 07:20:44.261 INFO blam! test set1::tests::bytes_to_base64 ... ok
Nov 01 07:20:44.261 INFO blam! test set1::tests::bytes_to_16byte_blocks ... ok
Nov 01 07:20:44.271 INFO blam! test set1::tests::hamming_distance ... ok
Nov 01 07:20:44.272 INFO blam! test set1::tests::frequency_score ... ok
Nov 01 07:20:44.272 INFO blam! test set1::tests::hex_to_nibbles ... ok
Nov 01 07:20:44.272 INFO blam! test set1::tests::nibs_to_bytes ... ok
Nov 01 07:20:44.272 INFO blam! test set1::tests::text_frequency ... ok
Nov 01 07:20:44.273 INFO blam! test set1::tests::transpose ... ok
Nov 01 07:20:44.283 INFO blam! test set1::tests::xor ... ok
Nov 01 07:20:44.283 INFO blam! test set1::tests::nibs_to_byte ... ok
Nov 01 07:20:44.283 INFO blam! test set1::tests::aes_ecb_decrypt ... ok
Nov 01 07:20:44.290 INFO blam! test set1::tests::hex_to_base64 ... ok
Nov 01 07:20:44.291 INFO blam! test set2::aes_cbc::tests::aes_cbc_encrypt_and_decrypt ... ok
Nov 01 07:20:44.291 INFO blam! test set1::tests::xor_encrypt_with_key ... ok
Nov 01 07:20:44.294 INFO blam! test set2::aes_cbc::tests::remove_padding ... ok
Nov 01 07:20:44.295 INFO blam! test set2::aes_cbc::tests::remove_padding_with_challenge_input ... ok
Nov 01 07:20:44.303 INFO blam! test set2::cbc_bitflip::tests::bitflip_attack ... ok
Nov 01 07:20:44.303 INFO blam! test set2::aes_cbc::tests::aes_cbc_decrypt_example ... ok
Nov 01 07:20:44.303 INFO blam! test set2::cbc_bitflip::tests::encrypt_with_extra_works ... ok
Nov 01 07:20:44.303 INFO blam! test set2::cbc_bitflip::tests::is_admin ... ok
Nov 01 07:20:44.303 INFO blam! test set2::ecb_cut_and_paste::tests::profile_for ... ok
Nov 01 07:20:44.319 INFO blam! test set2::ecb_cut_and_paste::tests::gen_admin_cookie ... ok
Nov 01 07:20:44.319 INFO blam! test set2::mode_detection::tests::encryption_oracle ... ok
Nov 01 07:20:44.323 INFO blam! test set2::tests::pkcs_7_pad ... ok
Nov 01 07:20:44.379 INFO blam! test set1::tests::decrypt_single_byte_xor ... ok
Nov 01 07:20:44.445 INFO blam! test set2::mode_detection::tests::detect_encryption ... FAILED
Nov 01 07:20:44.887 INFO blam! test set1::tests::detect_aes_ecb_from_hex_lines ... ok
Nov 01 07:20:45.507 INFO blam! test set2::byte_decryption::tests::ecb_decrypt_using_oracle ... ok
Nov 01 07:20:45.607 INFO blam! test set2::byte_decryption::tests::ecb_decrypt_w_prefix_using_oracle ... ok
Nov 01 07:20:49.519 INFO blam! test set1::tests::detect_single_byte_xor ... ok
Nov 01 07:20:52.469 INFO blam! test set1::tests::decrypt_repeating_xor ... ok
Nov 01 07:20:52.469 INFO blam! 
Nov 01 07:20:52.469 INFO blam! failures:
Nov 01 07:20:52.469 INFO blam! 
Nov 01 07:20:52.470 INFO blam! ---- set2::mode_detection::tests::detect_encryption stdout ----
Nov 01 07:20:52.470 INFO blam! CT: [76, 145, 211, 191, 119, 52, 9, 24, 61, 100, 223, 237, 94, 143, 8, 7, 171, 91, 14, 174, 26, 9, 2, 42, 209, 182, 240, 22, 137, 93, 234, 132, 171, 91, 14, 174, 26, 9, 2, 42, 209, 182, 240, 22, 137, 93, 234, 132, 61, 143, 230, 73, 114, 210, 161, 96, 68, 182, 60, 79, 107, 31, 242, 102], 64
Nov 01 07:20:52.470 INFO blam! Dups: 2
Nov 01 07:20:52.470 INFO blam! CT: [246, 102, 219, 113, 183, 89, 214, 50, 49, 168, 168, 36, 62, 19, 16, 193, 241, 58, 176, 55, 58, 40, 105, 142, 31, 19, 179, 155, 47, 243, 180, 116, 241, 58, 176, 55, 58, 40, 105, 142, 31, 19, 179, 155, 47, 243, 180, 116, 207, 99, 42, 54, 107, 97, 32, 107, 179, 111, 12, 134, 124, 113, 112, 240], 64
Nov 01 07:20:52.470 INFO blam! Dups: 2
Nov 01 07:20:52.470 INFO blam! CT: [34, 5, 71, 221, 35, 243, 88, 67, 236, 191, 128, 10, 243, 123, 38, 17, 102, 58, 68, 114, 156, 4, 145, 206, 40, 207, 245, 159, 71, 231, 100, 138, 252, 211, 10, 181, 211, 249, 8, 206, 5, 249, 80, 42, 154, 104, 177, 220, 107, 225, 48, 116, 230, 251, 18, 196, 175, 33, 216, 184, 230, 185, 213, 116], 64
Nov 01 07:20:52.470 INFO blam! CT: [164, 59, 100, 213, 48, 98, 137, 205, 187, 169, 110, 54, 172, 254, 13, 83, 24, 149, 78, 249, 171, 145, 212, 182, 165, 123, 77, 155, 110, 135, 74, 232, 231, 165, 118, 180, 13, 83, 211, 25, 47, 133, 138, 60, 23, 217, 231, 181, 85, 106, 219, 197, 242, 39, 205, 57, 47, 233, 108, 234, 234, 207, 98, 107], 64
Nov 01 07:20:52.470 INFO blam! Dups: 2
Nov 01 07:20:52.470 INFO blam! thread 'set2::mode_detection::tests::detect_encryption' panicked at 'assertion failed: `(left == right)`
Nov 01 07:20:52.470 INFO blam!   left: `CBC`,
Nov 01 07:20:52.470 INFO blam!  right: `ECB`', src/set2/mode_detection.rs:93:13
Nov 01 07:20:52.470 INFO blam! stack backtrace:
Nov 01 07:20:52.470 INFO blam!    0:     0x5573ca19018f - std::sys::unix::backtrace::tracing::imp::unwind_backtrace::h3c55afa80a996a32
Nov 01 07:20:52.470 INFO blam!                                at libstd/sys/unix/backtrace/tracing/gcc_s.rs:49
Nov 01 07:20:52.470 INFO blam!    1:     0x5573ca1991e7 - std::sys_common::backtrace::print::hcef907ea7a07cd40
Nov 01 07:20:52.470 INFO blam!                                at libstd/sys_common/backtrace.rs:71
Nov 01 07:20:52.470 INFO blam!                                at libstd/sys_common/backtrace.rs:59
Nov 01 07:20:52.470 INFO blam!    2:     0x5573ca193ecf - std::panicking::default_hook::{{closure}}::hf541876c65f36ea7
Nov 01 07:20:52.470 INFO blam!                                at libstd/panicking.rs:211
Nov 01 07:20:52.470 INFO blam!    3:     0x5573ca193bce - std::panicking::default_hook::h4ecc06b30ae4459d
Nov 01 07:20:52.470 INFO blam!                                at libstd/panicking.rs:221
Nov 01 07:20:52.470 INFO blam!    4:     0x5573ca1945ae - std::panicking::rust_panic_with_hook::h0cc6d9cc9f34a947
Nov 01 07:20:52.470 INFO blam!                                at libstd/panicking.rs:476
Nov 01 07:20:52.470 INFO blam!    5:     0x5573ca194151 - std::panicking::continue_panic_fmt::hc71ad5f01496e320
Nov 01 07:20:52.470 INFO blam!                                at libstd/panicking.rs:390
Nov 01 07:20:52.470 INFO blam!    6:     0x5573ca19409e - std::panicking::begin_panic_fmt::hdb958223ae20ca60
Nov 01 07:20:52.470 INFO blam!                                at libstd/panicking.rs:345
Nov 01 07:20:52.470 INFO blam!    7:     0x5573ca0feff9 - pals::set2::mode_detection::tests::detect_encryption::h4abfc18f08d6a2e5
Nov 01 07:20:52.470 INFO blam!                                at src/set2/mode_detection.rs:93
Nov 01 07:20:52.470 INFO blam!    8:     0x5573ca0fece9 - pals::set2::mode_detection::tests::detect_encryption::{{closure}}::h79181d728d319e0a
Nov 01 07:20:52.470 INFO blam!                                at src/set2/mode_detection.rs:84
Nov 01 07:20:52.470 INFO blam!    9:     0x5573ca0dee9d - core::ops::function::FnOnce::call_once::h969a4f9e80644961
Nov 01 07:20:52.470 INFO blam!                                at libcore/ops/function.rs:238
Nov 01 07:20:52.470 INFO blam!   10:     0x5573ca100f3e - <F as alloc::boxed::FnBox<A>>::call_box::hf32558bd83684b60
Nov 01 07:20:52.470 INFO blam!                                at libtest/lib.rs:1468
Nov 01 07:20:52.470 INFO blam!                                at libcore/ops/function.rs:238
Nov 01 07:20:52.470 INFO blam!                                at liballoc/boxed.rs:672
Nov 01 07:20:52.470 INFO blam!   11:     0x5573ca1a4419 - __rust_maybe_catch_panic
Nov 01 07:20:52.470 INFO blam!                                at libpanic_unwind/lib.rs:102
Nov 01 07:20:52.470 INFO blam!   12:     0x5573ca122ba2 - std::sys_common::backtrace::__rust_begin_short_backtrace::h1bb71a7386fd3269
Nov 01 07:20:52.470 INFO blam!                                at libstd/panicking.rs:289
Nov 01 07:20:52.470 INFO blam!                                at libstd/panic.rs:392
Nov 01 07:20:52.470 INFO blam!                                at libtest/lib.rs:1423
Nov 01 07:20:52.470 INFO blam!                                at libstd/sys_common/backtrace.rs:136
Nov 01 07:20:52.470 INFO blam!   13:     0x5573ca123654 - std::panicking::try::do_call::h9b94719c3074bb5c
Nov 01 07:20:52.470 INFO blam!                                at libstd/thread/mod.rs:409
Nov 01 07:20:52.470 INFO blam!                                at libstd/panic.rs:313
Nov 01 07:20:52.471 INFO blam!                                at libstd/panicking.rs:310
Nov 01 07:20:52.471 INFO blam!   14:     0x5573ca1a4419 - __rust_maybe_catch_panic
Nov 01 07:20:52.471 INFO blam!                                at libpanic_unwind/lib.rs:102
Nov 01 07:20:52.471 INFO blam!   15:     0x5573ca11087c - <F as alloc::boxed::FnBox<A>>::call_box::hb3bcd66d16fd3e84
Nov 01 07:20:52.471 INFO blam!                                at libstd/panicking.rs:289
Nov 01 07:20:52.471 INFO blam!                                at libstd/panic.rs:392
Nov 01 07:20:52.471 INFO blam!                                at libstd/thread/mod.rs:408
Nov 01 07:20:52.471 INFO blam!                                at liballoc/boxed.rs:672
Nov 01 07:20:52.471 INFO blam!   16:     0x5573ca191dbd - std::sys_common::thread::start_thread::had0c80d121669d29
Nov 01 07:20:52.471 INFO blam!                                at liballoc/boxed.rs:682
Nov 01 07:20:52.471 INFO blam!                                at libstd/sys_common/thread.rs:24
Nov 01 07:20:52.471 INFO blam!   17:     0x5573ca1872c5 - std::sys::unix::thread::Thread::new::thread_start::h4a5b66a70d76f47f
Nov 01 07:20:52.471 INFO blam!                                at libstd/sys/unix/thread.rs:90
Nov 01 07:20:52.471 INFO blam!   18:     0x7feb29e0a6b9 - start_thread
Nov 01 07:20:52.471 INFO blam!   19:     0x7feb2992a41c - clone
Nov 01 07:20:52.471 INFO blam!   20:                0x0 - <unknown>
Nov 01 07:20:52.471 INFO blam! 
Nov 01 07:20:52.471 INFO blam! 
Nov 01 07:20:52.471 INFO blam! failures:
Nov 01 07:20:52.471 INFO blam!     set2::mode_detection::tests::detect_encryption
Nov 01 07:20:52.471 INFO blam! 
Nov 01 07:20:52.471 INFO blam! test result: FAILED. 31 passed; 1 failed; 0 ignored; 0 measured; 0 filtered out
Nov 01 07:20:52.471 INFO blam! 
Nov 01 07:20:52.473 INFO kablam! error: test failed, to rerun pass '--bin pals'
Nov 01 07:20:52.475 INFO kablam! su: No module specific data is present
Nov 01 07:20:53.387 INFO running `"docker" "rm" "-f" "37bcb20a51218b707787def23da9a3e1e85ac4e08f255f9e1c44e88e7c0dfa54"`
Nov 01 07:20:53.651 INFO blam! 37bcb20a51218b707787def23da9a3e1e85ac4e08f255f9e1c44e88e7c0dfa54
