Nov 01 08:21:14.260 INFO testing hortinstein/rustyhorde against 1.30.0 for beta-1.31-1
Nov 01 08:21:14.260 INFO running `"docker" "create" "-v" "/mnt/big/crater/work/local/target-dirs/beta-1.31-1/worker-3/1.30.0:/target:rw,Z" "-v" "/mnt/big/crater/work/local/test-source/worker-3/beta-1.31-1/1.30.0:/source:ro,Z" "-v" "/mnt/big/crater/work/local/cargo-home:/cargo-home:ro,Z" "-v" "/mnt/big/crater/work/local/rustup-home:/rustup-home:ro,Z" "-e" "USER_ID=1000" "-e" "SOURCE_DIR=/source" "-e" "USER_ID=1000" "-e" "CMD=cargo +1.30.0 build --frozen" "-e" "CARGO_TARGET_DIR=/target" "-e" "CARGO_INCREMENTAL=0" "-e" "RUST_BACKTRACE=full" "-e" "RUSTFLAGS=--cap-lints=warn" "-e" "CARGO_HOME=/cargo-home" "-e" "RUSTUP_HOME=/rustup-home" "-m" "1536M" "--network" "none" "crater"`
Nov 01 08:21:14.519 INFO blam! 5b334fe59f2af85665947d5b499ddbc6933948a8ac06adcad7363698c13840d6
Nov 01 08:21:14.523 INFO running `"docker" "start" "-a" "5b334fe59f2af85665947d5b499ddbc6933948a8ac06adcad7363698c13840d6"`
Nov 01 08:21:15.306 INFO kablam! usermod: no changes
Nov 01 08:21:15.335 INFO kablam! warning: unused manifest key: profile.debug
Nov 01 08:21:15.335 INFO kablam! warning: use `[profile.dev]` to configure debug builds
Nov 01 08:21:15.476 INFO kablam!    Compiling rand v0.4.2
Nov 01 08:21:15.483 INFO kablam!    Compiling num_cpus v1.8.0
Nov 01 08:21:15.484 INFO kablam!    Compiling time v0.1.39
Nov 01 08:21:15.484 INFO kablam!    Compiling openssl-sys v0.9.27
Nov 01 08:21:15.494 INFO kablam!    Compiling serde_json v1.0.10
Nov 01 08:21:15.495 INFO kablam!    Compiling tokio-core v0.1.12
Nov 01 08:21:15.495 INFO kablam!    Compiling serde_urlencoded v0.5.1
Nov 01 08:21:17.587 INFO kablam!    Compiling futures-cpupool v0.1.8
Nov 01 08:21:19.447 INFO kablam!    Compiling openssl v0.9.24
Nov 01 08:21:19.543 INFO kablam!    Compiling rand v0.3.22
Nov 01 08:21:21.271 INFO kablam!    Compiling tokio-proto v0.1.1
Nov 01 08:21:25.603 INFO kablam!    Compiling hyper v0.11.21
Nov 01 08:21:29.117 INFO kablam!    Compiling native-tls v0.1.5
Nov 01 08:21:30.651 INFO kablam!    Compiling tokio-tls v0.1.4
Nov 01 08:21:39.251 INFO kablam!    Compiling hyper-tls v0.1.2
Nov 01 08:21:40.951 INFO kablam!    Compiling reqwest v0.7.3
Nov 01 08:21:46.979 INFO kablam!    Compiling rustyhorde v0.1.0 (/source)
Nov 01 08:21:51.023 INFO kablam! warning: unused import: `std::io`
Nov 01 08:21:51.023 INFO kablam!   --> src/main.rs:16:5
Nov 01 08:21:51.023 INFO kablam!    |
Nov 01 08:21:51.023 INFO kablam! 16 | use std::io;
Nov 01 08:21:51.023 INFO kablam!    |     ^^^^^^^
Nov 01 08:21:51.023 INFO kablam!    |
Nov 01 08:21:51.023 INFO kablam!    = note: #[warn(unused_imports)] on by default
Nov 01 08:21:51.023 INFO kablam! 
Nov 01 08:21:51.284 INFO kablam! warning: function is never used: `parse_pair`
Nov 01 08:21:51.284 INFO kablam!   --> src/tools/tools.rs:11:1
Nov 01 08:21:51.284 INFO kablam!    |
Nov 01 08:21:51.284 INFO kablam! 11 | fn parse_pair<T: FromStr>(s: &str, separator: char) -> Option<(T, T)> {
Nov 01 08:21:51.284 INFO kablam!    | ^^^^^^^^^^^^^^^^^^^^^^^^^^^^^^^^^^^^^^^^^^^^^^^^^^^^^^^^^^^^^^^^^^^^^
Nov 01 08:21:51.284 INFO kablam!    |
Nov 01 08:21:51.284 INFO kablam!    = note: #[warn(dead_code)] on by default
Nov 01 08:21:51.284 INFO kablam! 
Nov 01 08:21:54.564 INFO kablam!     Finished dev [unoptimized + debuginfo] target(s) in 39.23s
Nov 01 08:21:54.570 INFO kablam! su: No module specific data is present
Nov 01 08:21:55.241 INFO running `"docker" "rm" "-f" "5b334fe59f2af85665947d5b499ddbc6933948a8ac06adcad7363698c13840d6"`
Nov 01 08:21:55.541 INFO blam! 5b334fe59f2af85665947d5b499ddbc6933948a8ac06adcad7363698c13840d6
Nov 01 08:21:55.547 INFO running `"docker" "create" "-v" "/mnt/big/crater/work/local/target-dirs/beta-1.31-1/worker-3/1.30.0:/target:rw,Z" "-v" "/mnt/big/crater/work/local/test-source/worker-3/beta-1.31-1/1.30.0:/source:ro,Z" "-v" "/mnt/big/crater/work/local/cargo-home:/cargo-home:ro,Z" "-v" "/mnt/big/crater/work/local/rustup-home:/rustup-home:ro,Z" "-e" "USER_ID=1000" "-e" "SOURCE_DIR=/source" "-e" "USER_ID=1000" "-e" "CMD=cargo +1.30.0 test --frozen --no-run" "-e" "CARGO_TARGET_DIR=/target" "-e" "CARGO_INCREMENTAL=0" "-e" "RUST_BACKTRACE=full" "-e" "RUSTFLAGS=--cap-lints=warn" "-e" "CARGO_HOME=/cargo-home" "-e" "RUSTUP_HOME=/rustup-home" "-m" "1536M" "--network" "none" "crater"`
Nov 01 08:21:55.933 INFO blam! 1f68ed7441ccfb3d720c765d33bd6d1aeebbe0bf4cfdde3150a1848115545a87
Nov 01 08:21:55.947 INFO running `"docker" "start" "-a" "1f68ed7441ccfb3d720c765d33bd6d1aeebbe0bf4cfdde3150a1848115545a87"`
Nov 01 08:21:57.230 INFO kablam! usermod: no changes
Nov 01 08:21:57.294 INFO kablam! warning: unused manifest key: profile.debug
Nov 01 08:21:57.294 INFO kablam! warning: use `[profile.dev]` to configure debug builds
Nov 01 08:21:57.542 INFO kablam!    Compiling rustyhorde v0.1.0 (/source)
Nov 01 08:22:00.591 INFO kablam! warning: unused import: `std::io`
Nov 01 08:22:00.591 INFO kablam!   --> src/main.rs:16:5
Nov 01 08:22:00.591 INFO kablam!    |
Nov 01 08:22:00.591 INFO kablam! 16 | use std::io;
Nov 01 08:22:00.591 INFO kablam!    |     ^^^^^^^
Nov 01 08:22:00.591 INFO kablam!    |
Nov 01 08:22:00.591 INFO kablam!    = note: #[warn(unused_imports)] on by default
Nov 01 08:22:00.591 INFO kablam! 
Nov 01 08:22:03.792 INFO kablam!     Finished dev [unoptimized + debuginfo] target(s) in 6.53s
Nov 01 08:22:03.803 INFO kablam! su: No module specific data is present
Nov 01 08:22:04.793 INFO running `"docker" "rm" "-f" "1f68ed7441ccfb3d720c765d33bd6d1aeebbe0bf4cfdde3150a1848115545a87"`
Nov 01 08:22:05.079 INFO blam! 1f68ed7441ccfb3d720c765d33bd6d1aeebbe0bf4cfdde3150a1848115545a87
Nov 01 08:22:05.088 INFO running `"docker" "create" "-v" "/mnt/big/crater/work/local/target-dirs/beta-1.31-1/worker-3/1.30.0:/target:rw,Z" "-v" "/mnt/big/crater/work/local/test-source/worker-3/beta-1.31-1/1.30.0:/source:ro,Z" "-v" "/mnt/big/crater/work/local/cargo-home:/cargo-home:ro,Z" "-v" "/mnt/big/crater/work/local/rustup-home:/rustup-home:ro,Z" "-e" "USER_ID=1000" "-e" "SOURCE_DIR=/source" "-e" "USER_ID=1000" "-e" "CMD=cargo +1.30.0 test --frozen" "-e" "CARGO_TARGET_DIR=/target" "-e" "CARGO_INCREMENTAL=0" "-e" "RUST_BACKTRACE=full" "-e" "RUSTFLAGS=--cap-lints=warn" "-e" "CARGO_HOME=/cargo-home" "-e" "RUSTUP_HOME=/rustup-home" "-m" "1536M" "--network" "none" "crater"`
Nov 01 08:22:05.495 INFO blam! 490613dbf4a642b12570e7377db764a6e510d653cda5c54810b488988ea8720a
Nov 01 08:22:05.503 INFO running `"docker" "start" "-a" "490613dbf4a642b12570e7377db764a6e510d653cda5c54810b488988ea8720a"`
Nov 01 08:22:06.691 INFO kablam! usermod: no changes
Nov 01 08:22:06.739 INFO kablam! warning: unused manifest key: profile.debug
Nov 01 08:22:06.739 INFO kablam! warning: use `[profile.dev]` to configure debug builds
Nov 01 08:22:06.851 INFO kablam!     Finished dev [unoptimized + debuginfo] target(s) in 0.13s
Nov 01 08:22:06.867 INFO kablam!      Running /target/debug/deps/getcointicker-ce3ac6e2037d62e9
Nov 01 08:22:06.867 INFO blam! 
Nov 01 08:22:06.867 INFO blam! running 2 tests
Nov 01 08:22:06.997 INFO blam! test test_pull_count ... FAILED
Nov 01 08:22:07.011 INFO blam! test test_pull_id ... FAILED
Nov 01 08:22:07.011 INFO kablam! error: test failed, to rerun pass '--lib'
Nov 01 08:22:07.012 INFO blam! 
Nov 01 08:22:07.012 INFO kablam! su: No module specific data is present
Nov 01 08:22:07.012 INFO blam! failures:
Nov 01 08:22:07.012 INFO blam! 
Nov 01 08:22:07.013 INFO blam! ---- test_pull_count stdout ----
Nov 01 08:22:07.013 INFO blam! thread 'test_pull_count' panicked at 'called `Result::unwrap()` on an `Err` value: ErrorImpl { code: ExpectedSomeValue, line: 1, column: 1 }', libcore/result.rs:1009:5
Nov 01 08:22:07.013 INFO blam! stack backtrace:
Nov 01 08:22:07.014 INFO blam!    0:     0x564ead45bd2e - std::sys::unix::backtrace::tracing::imp::unwind_backtrace::hf5316c67202e23c8
Nov 01 08:22:07.014 INFO blam!                                at libstd/sys/unix/backtrace/tracing/gcc_s.rs:49
Nov 01 08:22:07.014 INFO blam!    1:     0x564ead44ded6 - std::sys_common::backtrace::print::h3068ed2a6dc7ac86
Nov 01 08:22:07.014 INFO blam!                                at libstd/sys_common/backtrace.rs:71
Nov 01 08:22:07.015 INFO blam!                                at libstd/sys_common/backtrace.rs:59
Nov 01 08:22:07.015 INFO blam!    2:     0x564ead44c14d - std::panicking::default_hook::{{closure}}::h1b9d29cc09d41897
Nov 01 08:22:07.015 INFO blam!                                at libstd/panicking.rs:211
Nov 01 08:22:07.015 INFO blam!    3:     0x564ead44be5b - std::panicking::default_hook::h3a27b204a313406b
Nov 01 08:22:07.016 INFO blam!                                at libstd/panicking.rs:221
Nov 01 08:22:07.016 INFO blam!    4:     0x564ead44c7fc - std::panicking::rust_panic_with_hook::h0e12cb2fc86d00fa
Nov 01 08:22:07.016 INFO blam!                                at libstd/panicking.rs:477
Nov 01 08:22:07.016 INFO blam!    5:     0x564ead44c3b9 - std::panicking::continue_panic_fmt::h141671b29fe0e27d
Nov 01 08:22:07.017 INFO blam!                                at libstd/panicking.rs:391
Nov 01 08:22:07.017 INFO blam!    6:     0x564ead44c2b5 - rust_begin_unwind
Nov 01 08:22:07.017 INFO blam!                                at libstd/panicking.rs:326
Nov 01 08:22:07.017 INFO blam!    7:     0x564ead4964ab - core::panicking::panic_fmt::h429a06507aba9228
Nov 01 08:22:07.018 INFO blam!                                at libcore/panicking.rs:77
Nov 01 08:22:07.018 INFO blam!    8:     0x564ead167698 - core::result::unwrap_failed::heaba024b5e17d72c
Nov 01 08:22:07.018 INFO blam!                                at libcore/macros.rs:26
Nov 01 08:22:07.019 INFO blam!    9:     0x564ead167346 - <core::result::Result<T, E>>::unwrap::h1d867159b3dd0d7f
Nov 01 08:22:07.019 INFO blam!                                at libcore/result.rs:808
Nov 01 08:22:07.019 INFO blam!   10:     0x564ead163999 - getcointicker::test_pull_count::h5971320c9e258e01
Nov 01 08:22:07.019 INFO blam!                                at src/getcointicker/getcointicker.rs:97
Nov 01 08:22:07.020 INFO blam!   11:     0x564ead163719 - getcointicker::test_pull_count::{{closure}}::h0ea5f63958d1eb7a
Nov 01 08:22:07.020 INFO blam!                                at src/getcointicker/getcointicker.rs:92
Nov 01 08:22:07.020 INFO blam!   12:     0x564ead16455d - core::ops::function::FnOnce::call_once::hcb3968caf01e9b46
Nov 01 08:22:07.020 INFO blam!                                at libcore/ops/function.rs:238
Nov 01 08:22:07.021 INFO blam!   13:     0x564ead16a45e - <F as alloc::boxed::FnBox<A>>::call_box::ha9910eac2d17ff23
Nov 01 08:22:07.021 INFO blam!                                at libtest/lib.rs:1461
Nov 01 08:22:07.021 INFO blam!                                at libcore/ops/function.rs:238
Nov 01 08:22:07.022 INFO blam!                                at liballoc/boxed.rs:646
Nov 01 08:22:07.022 INFO blam!   14:     0x564ead46acc9 - __rust_maybe_catch_panic
Nov 01 08:22:07.022 INFO blam!                                at libpanic_unwind/lib.rs:103
Nov 01 08:22:07.022 INFO blam!   15:     0x564ead175d6d - std::sys_common::backtrace::__rust_begin_short_backtrace::h470b05235fe5e5ad
Nov 01 08:22:07.023 INFO blam!                                at libstd/panicking.rs:289
Nov 01 08:22:07.023 INFO blam!                                at libstd/panic.rs:392
Nov 01 08:22:07.023 INFO blam!                                at libtest/lib.rs:1416
Nov 01 08:22:07.023 INFO blam!                                at libstd/sys_common/backtrace.rs:136
Nov 01 08:22:07.024 INFO blam!   16:     0x564ead18e3a4 - std::panicking::try::do_call::h1f0578498122cc00
Nov 01 08:22:07.024 INFO blam!                                at libstd/thread/mod.rs:409
Nov 01 08:22:07.024 INFO blam!                                at libstd/panic.rs:313
Nov 01 08:22:07.025 INFO blam!                                at libstd/panicking.rs:310
Nov 01 08:22:07.025 INFO blam!   17:     0x564ead46acc9 - __rust_maybe_catch_panic
Nov 01 08:22:07.025 INFO blam!                                at libpanic_unwind/lib.rs:103
Nov 01 08:22:07.025 INFO blam!   18:     0x564ead17ec76 - <F as alloc::boxed::FnBox<A>>::call_box::h7b129f9f235ab460
Nov 01 08:22:07.026 INFO blam!                                at libstd/panicking.rs:289
Nov 01 08:22:07.026 INFO blam!                                at libstd/panic.rs:392
Nov 01 08:22:07.026 INFO blam!                                at libstd/thread/mod.rs:408
Nov 01 08:22:07.026 INFO blam!                                at liballoc/boxed.rs:646
Nov 01 08:22:07.027 INFO blam!   19:     0x564ead45d87a - std::sys_common::thread::start_thread::hb77935aee02382da
Nov 01 08:22:07.027 INFO blam!                                at liballoc/boxed.rs:656
Nov 01 08:22:07.027 INFO blam!                                at libstd/sys_common/thread.rs:24
Nov 01 08:22:07.028 INFO blam!   20:     0x564ead44d075 - std::sys::unix::thread::Thread::new::thread_start::hd61f7429b3de1d75
Nov 01 08:22:07.028 INFO blam!                                at libstd/sys/unix/thread.rs:90
Nov 01 08:22:07.028 INFO blam!   21:     0x7fb27f7576b9 - start_thread
Nov 01 08:22:07.028 INFO blam!   22:     0x7fb27f27741c - clone
Nov 01 08:22:07.029 INFO blam!   23:                0x0 - <unknown>
Nov 01 08:22:07.029 INFO blam! 
Nov 01 08:22:07.029 INFO blam! ---- test_pull_id stdout ----
Nov 01 08:22:07.030 INFO blam! retrieving price information for: bitcoin
Nov 01 08:22:07.030 INFO blam! thread 'test_pull_id' panicked at 'called `Result::unwrap()` on an `Err` value: ErrorImpl { code: ExpectedSomeValue, line: 1, column: 1 }', libcore/result.rs:1009:5
Nov 01 08:22:07.030 INFO blam! stack backtrace:
Nov 01 08:22:07.031 INFO blam!    0:     0x564ead45bd2e - std::sys::unix::backtrace::tracing::imp::unwind_backtrace::hf5316c67202e23c8
Nov 01 08:22:07.031 INFO blam!                                at libstd/sys/unix/backtrace/tracing/gcc_s.rs:49
Nov 01 08:22:07.031 INFO blam!    1:     0x564ead44ded6 - std::sys_common::backtrace::print::h3068ed2a6dc7ac86
Nov 01 08:22:07.032 INFO blam!                                at libstd/sys_common/backtrace.rs:71
Nov 01 08:22:07.032 INFO blam!                                at libstd/sys_common/backtrace.rs:59
Nov 01 08:22:07.032 INFO blam!    2:     0x564ead44c14d - std::panicking::default_hook::{{closure}}::h1b9d29cc09d41897
Nov 01 08:22:07.032 INFO blam!                                at libstd/panicking.rs:211
Nov 01 08:22:07.033 INFO blam!    3:     0x564ead44be5b - std::panicking::default_hook::h3a27b204a313406b
Nov 01 08:22:07.033 INFO blam!                                at libstd/panicking.rs:221
Nov 01 08:22:07.033 INFO blam!    4:     0x564ead44c7fc - std::panicking::rust_panic_with_hook::h0e12cb2fc86d00fa
Nov 01 08:22:07.034 INFO blam!                                at libstd/panicking.rs:477
Nov 01 08:22:07.034 INFO blam!    5:     0x564ead44c3b9 - std::panicking::continue_panic_fmt::h141671b29fe0e27d
Nov 01 08:22:07.034 INFO blam!                                at libstd/panicking.rs:391
Nov 01 08:22:07.034 INFO blam!    6:     0x564ead44c2b5 - rust_begin_unwind
Nov 01 08:22:07.035 INFO blam!                                at libstd/panicking.rs:326
Nov 01 08:22:07.035 INFO blam!    7:     0x564ead4964ab - core::panicking::panic_fmt::h429a06507aba9228
Nov 01 08:22:07.035 INFO blam!                                at libcore/panicking.rs:77
Nov 01 08:22:07.036 INFO blam!    8:     0x564ead167698 - core::result::unwrap_failed::heaba024b5e17d72c
Nov 01 08:22:07.036 INFO blam!                                at libcore/macros.rs:26
Nov 01 08:22:07.036 INFO blam!    9:     0x564ead167346 - <core::result::Result<T, E>>::unwrap::h1d867159b3dd0d7f
Nov 01 08:22:07.036 INFO blam!                                at libcore/result.rs:808
Nov 01 08:22:07.037 INFO blam!   10:     0x564ead16346d - getcointicker::test_pull_id::h95ea98d135ad3b5d
Nov 01 08:22:07.037 INFO blam!                                at src/getcointicker/getcointicker.rs:86
Nov 01 08:22:07.037 INFO blam!   11:     0x564ead1631c9 - getcointicker::test_pull_id::{{closure}}::hd626c31322d84c7d
Nov 01 08:22:07.037 INFO blam!                                at src/getcointicker/getcointicker.rs:81
Nov 01 08:22:07.038 INFO blam!   12:     0x564ead16451d - core::ops::function::FnOnce::call_once::h3de958de8d28260b
Nov 01 08:22:07.038 INFO blam!                                at libcore/ops/function.rs:238
Nov 01 08:22:07.038 INFO blam!   13:     0x564ead16a45e - <F as alloc::boxed::FnBox<A>>::call_box::ha9910eac2d17ff23
Nov 01 08:22:07.039 INFO blam!                                at libtest/lib.rs:1461
Nov 01 08:22:07.039 INFO blam!                                at libcore/ops/function.rs:238
Nov 01 08:22:07.039 INFO blam!                                at liballoc/boxed.rs:646
Nov 01 08:22:07.039 INFO blam!   14:     0x564ead46acc9 - __rust_maybe_catch_panic
Nov 01 08:22:07.040 INFO blam!                                at libpanic_unwind/lib.rs:103
Nov 01 08:22:07.040 INFO blam!   15:     0x564ead175d6d - std::sys_common::backtrace::__rust_begin_short_backtrace::h470b05235fe5e5ad
Nov 01 08:22:07.040 INFO blam!                                at libstd/panicking.rs:289
Nov 01 08:22:07.040 INFO blam!                                at libstd/panic.rs:392
Nov 01 08:22:07.041 INFO blam!                                at libtest/lib.rs:1416
Nov 01 08:22:07.041 INFO blam!                                at libstd/sys_common/backtrace.rs:136
Nov 01 08:22:07.041 INFO blam!   16:     0x564ead18e3a4 - std::panicking::try::do_call::h1f0578498122cc00
Nov 01 08:22:07.041 INFO blam!                                at libstd/thread/mod.rs:409
Nov 01 08:22:07.042 INFO blam!                                at libstd/panic.rs:313
Nov 01 08:22:07.042 INFO blam!                                at libstd/panicking.rs:310
Nov 01 08:22:07.042 INFO blam!   17:     0x564ead46acc9 - __rust_maybe_catch_panic
Nov 01 08:22:07.042 INFO blam!                                at libpanic_unwind/lib.rs:103
Nov 01 08:22:07.043 INFO blam!   18:     0x564ead17ec76 - <F as alloc::boxed::FnBox<A>>::call_box::h7b129f9f235ab460
Nov 01 08:22:07.043 INFO blam!                                at libstd/panicking.rs:289
Nov 01 08:22:07.043 INFO blam!                                at libstd/panic.rs:392
Nov 01 08:22:07.043 INFO blam!                                at libstd/thread/mod.rs:408
Nov 01 08:22:07.044 INFO blam!                                at liballoc/boxed.rs:646
Nov 01 08:22:07.044 INFO blam!   19:     0x564ead45d87a - std::sys_common::thread::start_thread::hb77935aee02382da
Nov 01 08:22:07.044 INFO blam!                                at liballoc/boxed.rs:656
Nov 01 08:22:07.044 INFO blam!                                at libstd/sys_common/thread.rs:24
Nov 01 08:22:07.045 INFO blam!   20:     0x564ead44d075 - std::sys::unix::thread::Thread::new::thread_start::hd61f7429b3de1d75
Nov 01 08:22:07.045 INFO blam!                                at libstd/sys/unix/thread.rs:90
Nov 01 08:22:07.045 INFO blam!   21:     0x7fb27f7576b9 - start_thread
Nov 01 08:22:07.045 INFO blam!   22:     0x7fb27f27741c - clone
Nov 01 08:22:07.046 INFO blam!   23:                0x0 - <unknown>
Nov 01 08:22:07.046 INFO blam! 
Nov 01 08:22:07.046 INFO blam! 
Nov 01 08:22:07.047 INFO blam! failures:
Nov 01 08:22:07.047 INFO blam!     test_pull_count
Nov 01 08:22:07.047 INFO blam!     test_pull_id
Nov 01 08:22:07.047 INFO blam! 
Nov 01 08:22:07.048 INFO blam! test result: FAILED. 0 passed; 2 failed; 0 ignored; 0 measured; 0 filtered out
Nov 01 08:22:07.048 INFO blam! 
Nov 01 08:22:07.837 INFO running `"docker" "rm" "-f" "490613dbf4a642b12570e7377db764a6e510d653cda5c54810b488988ea8720a"`
Nov 01 08:22:08.151 INFO blam! 490613dbf4a642b12570e7377db764a6e510d653cda5c54810b488988ea8720a
