Nov 01 08:58:44.605 INFO testing grauwoelfchen/20min against beta-2018-10-30 for beta-1.31-1
Nov 01 08:58:44.605 INFO running `"docker" "create" "-v" "/mnt/big/crater/work/local/target-dirs/beta-1.31-1/worker-7/beta-2018-10-30:/target:rw,Z" "-v" "/mnt/big/crater/work/local/test-source/worker-7/beta-1.31-1/beta-2018-10-30:/source:ro,Z" "-v" "/mnt/big/crater/work/local/cargo-home:/cargo-home:ro,Z" "-v" "/mnt/big/crater/work/local/rustup-home:/rustup-home:ro,Z" "-e" "USER_ID=1000" "-e" "SOURCE_DIR=/source" "-e" "USER_ID=1000" "-e" "CMD=cargo +beta-2018-10-30 build --frozen" "-e" "CARGO_TARGET_DIR=/target" "-e" "CARGO_INCREMENTAL=0" "-e" "RUST_BACKTRACE=full" "-e" "RUSTFLAGS=--cap-lints=warn" "-e" "CARGO_HOME=/cargo-home" "-e" "RUSTUP_HOME=/rustup-home" "-m" "1536M" "--network" "none" "crater"`
Nov 01 08:58:44.800 INFO blam! be042666245f7e81d0e5d0c9b7512a86868501ecb8b3c7700c3380f3abbe8b79
Nov 01 08:58:44.804 INFO running `"docker" "start" "-a" "be042666245f7e81d0e5d0c9b7512a86868501ecb8b3c7700c3380f3abbe8b79"`
Nov 01 08:58:45.263 INFO kablam! usermod: no changes
Nov 01 08:58:45.354 INFO kablam!    Compiling clap v2.32.0
Nov 01 08:58:45.354 INFO kablam!    Compiling syn v0.15.9
Nov 01 08:58:54.482 INFO kablam!    Compiling structopt-derive v0.2.12
Nov 01 08:58:59.338 INFO kablam!    Compiling structopt v0.2.12
Nov 01 08:58:59.825 INFO kablam!    Compiling 20min v0.0.1 (/source)
Nov 01 08:59:01.615 INFO kablam!     Finished dev [unoptimized + debuginfo] target(s) in 16.32s
Nov 01 08:59:01.617 INFO kablam! su: No module specific data is present
Nov 01 08:59:02.386 INFO running `"docker" "rm" "-f" "be042666245f7e81d0e5d0c9b7512a86868501ecb8b3c7700c3380f3abbe8b79"`
Nov 01 08:59:02.635 INFO blam! be042666245f7e81d0e5d0c9b7512a86868501ecb8b3c7700c3380f3abbe8b79
Nov 01 08:59:02.639 INFO running `"docker" "create" "-v" "/mnt/big/crater/work/local/target-dirs/beta-1.31-1/worker-7/beta-2018-10-30:/target:rw,Z" "-v" "/mnt/big/crater/work/local/test-source/worker-7/beta-1.31-1/beta-2018-10-30:/source:ro,Z" "-v" "/mnt/big/crater/work/local/cargo-home:/cargo-home:ro,Z" "-v" "/mnt/big/crater/work/local/rustup-home:/rustup-home:ro,Z" "-e" "USER_ID=1000" "-e" "SOURCE_DIR=/source" "-e" "USER_ID=1000" "-e" "CMD=cargo +beta-2018-10-30 test --frozen --no-run" "-e" "CARGO_TARGET_DIR=/target" "-e" "CARGO_INCREMENTAL=0" "-e" "RUST_BACKTRACE=full" "-e" "RUSTFLAGS=--cap-lints=warn" "-e" "CARGO_HOME=/cargo-home" "-e" "RUSTUP_HOME=/rustup-home" "-m" "1536M" "--network" "none" "crater"`
Nov 01 08:59:02.887 INFO blam! e9341e9cf4e9e0e5ba115bee487067831e299738437d2dcf1d1a6e95c4f724be
Nov 01 08:59:02.889 INFO running `"docker" "start" "-a" "e9341e9cf4e9e0e5ba115bee487067831e299738437d2dcf1d1a6e95c4f724be"`
Nov 01 08:59:03.455 INFO kablam! usermod: no changes
Nov 01 08:59:03.587 INFO kablam!    Compiling 20min v0.0.1 (/source)
Nov 01 08:59:06.019 INFO kablam!     Finished dev [unoptimized + debuginfo] target(s) in 2.52s
Nov 01 08:59:06.027 INFO kablam! su: No module specific data is present
Nov 01 08:59:06.431 INFO running `"docker" "rm" "-f" "e9341e9cf4e9e0e5ba115bee487067831e299738437d2dcf1d1a6e95c4f724be"`
Nov 01 08:59:06.615 INFO blam! e9341e9cf4e9e0e5ba115bee487067831e299738437d2dcf1d1a6e95c4f724be
Nov 01 08:59:06.619 INFO running `"docker" "create" "-v" "/mnt/big/crater/work/local/target-dirs/beta-1.31-1/worker-7/beta-2018-10-30:/target:rw,Z" "-v" "/mnt/big/crater/work/local/test-source/worker-7/beta-1.31-1/beta-2018-10-30:/source:ro,Z" "-v" "/mnt/big/crater/work/local/cargo-home:/cargo-home:ro,Z" "-v" "/mnt/big/crater/work/local/rustup-home:/rustup-home:ro,Z" "-e" "USER_ID=1000" "-e" "SOURCE_DIR=/source" "-e" "USER_ID=1000" "-e" "CMD=cargo +beta-2018-10-30 test --frozen" "-e" "CARGO_TARGET_DIR=/target" "-e" "CARGO_INCREMENTAL=0" "-e" "RUST_BACKTRACE=full" "-e" "RUSTFLAGS=--cap-lints=warn" "-e" "CARGO_HOME=/cargo-home" "-e" "RUSTUP_HOME=/rustup-home" "-m" "1536M" "--network" "none" "crater"`
Nov 01 08:59:06.899 INFO blam! 135b475d8edecaecdd46a0778f5d755637ef60a02330ad6a21c0ec531f840c08
Nov 01 08:59:06.900 INFO running `"docker" "start" "-a" "135b475d8edecaecdd46a0778f5d755637ef60a02330ad6a21c0ec531f840c08"`
Nov 01 08:59:07.639 INFO kablam! usermod: no changes
Nov 01 08:59:07.752 INFO kablam!     Finished dev [unoptimized + debuginfo] target(s) in 0.08s
Nov 01 08:59:07.760 INFO kablam!      Running /target/debug/deps/20min-ff94ba52ef235f1d
Nov 01 08:59:07.760 INFO blam! 
Nov 01 08:59:07.761 INFO blam! running 3 tests
Nov 01 08:59:07.761 INFO blam! test main_test::test_split_arg ... ok
Nov 01 08:59:07.761 INFO blam! test main_test::test_parse_pair ... ok
Nov 01 08:59:07.787 INFO blam! test config::config_test::test_config_to_tuple ... ok
Nov 01 08:59:07.787 INFO blam! 
Nov 01 08:59:07.787 INFO blam! test result: ok. 3 passed; 0 failed; 0 ignored; 0 measured; 0 filtered out
Nov 01 08:59:07.787 INFO blam! 
Nov 01 08:59:07.787 INFO kablam!      Running /target/debug/deps/integration_test-9bf3519818e9eb74
Nov 01 08:59:07.787 INFO blam! 
Nov 01 08:59:07.787 INFO blam! running 6 tests
Nov 01 08:59:07.813 INFO blam! test integration_test::test_run_with_valid_opts ... FAILED
Nov 01 08:59:07.813 INFO blam! test integration_test::test_run_with_unknown_opts ... FAILED
Nov 01 08:59:07.816 INFO blam! test integration_test::test_run_with_valid_args ... FAILED
Nov 01 08:59:07.816 INFO blam! test integration_test::test_run_with_invalid_args_with_comma ... FAILED
Nov 01 08:59:07.816 INFO blam! test integration_test::test_run_with_invalid_args_without_comma ... FAILED
Nov 01 08:59:07.826 INFO blam! test integration_test::test_run_with_invalid_opts ... FAILED
Nov 01 08:59:07.827 INFO blam! 
Nov 01 08:59:07.827 INFO blam! failures:
Nov 01 08:59:07.827 INFO blam! 
Nov 01 08:59:07.828 INFO blam! ---- integration_test::test_run_with_valid_opts stdout ----
Nov 01 08:59:07.828 INFO blam! thread 'integration_test::test_run_with_valid_opts' panicked at 'called `Result::unwrap()` on an `Err` value: Os { code: 2, kind: NotFound, message: "No such file or directory" }', libcore/result.rs:1009:5
Nov 01 08:59:07.828 INFO blam! stack backtrace:
Nov 01 08:59:07.829 INFO blam!    0:     0x563de1c07dbf - std::sys::unix::backtrace::tracing::imp::unwind_backtrace::h3c55afa80a996a32
Nov 01 08:59:07.829 INFO blam!                                at libstd/sys/unix/backtrace/tracing/gcc_s.rs:49
Nov 01 08:59:07.829 INFO blam!    1:     0x563de1c145a7 - std::sys_common::backtrace::print::hcef907ea7a07cd40
Nov 01 08:59:07.830 INFO blam!                                at libstd/sys_common/backtrace.rs:71
Nov 01 08:59:07.830 INFO blam!                                at libstd/sys_common/backtrace.rs:59
Nov 01 08:59:07.830 INFO blam!    2:     0x563de1c0d15f - std::panicking::default_hook::{{closure}}::hf541876c65f36ea7
Nov 01 08:59:07.830 INFO blam!                                at libstd/panicking.rs:211
Nov 01 08:59:07.831 INFO blam!    3:     0x563de1c0ce5e - std::panicking::default_hook::h4ecc06b30ae4459d
Nov 01 08:59:07.831 INFO blam!                                at libstd/panicking.rs:221
Nov 01 08:59:07.831 INFO blam!    4:     0x563de1c0d83e - std::panicking::rust_panic_with_hook::h0cc6d9cc9f34a947
Nov 01 08:59:07.832 INFO blam!                                at libstd/panicking.rs:476
Nov 01 08:59:07.832 INFO blam!    5:     0x563de1c0d3e1 - std::panicking::continue_panic_fmt::hc71ad5f01496e320
Nov 01 08:59:07.832 INFO blam!                                at libstd/panicking.rs:390
Nov 01 08:59:07.832 INFO blam!    6:     0x563de1c0d2c5 - rust_begin_unwind
Nov 01 08:59:07.833 INFO blam!                                at libstd/panicking.rs:325
Nov 01 08:59:07.833 INFO blam!    7:     0x563de1c4f4fc - core::panicking::panic_fmt::ha71638b7d4f53c35
Nov 01 08:59:07.833 INFO blam!                                at libcore/panicking.rs:77
Nov 01 08:59:07.833 INFO blam!    8:     0x563de1bafb47 - core::result::unwrap_failed::h760a5caf4a540998
Nov 01 08:59:07.834 INFO blam!                                at libcore/macros.rs:26
Nov 01 08:59:07.834 INFO blam!    9:     0x563de1baf480 - <core::result::Result<T, E>>::unwrap::haa5cc468c357465b
Nov 01 08:59:07.834 INFO blam!                                at libcore/result.rs:808
Nov 01 08:59:07.835 INFO blam!   10:     0x563de1baa1b6 - integration_test::integration_test::test_run_with_valid_opts::h8887a21f02f4b73e
Nov 01 08:59:07.835 INFO blam!                                at tests/integration_test.rs:104
Nov 01 08:59:07.835 INFO blam!   11:     0x563de1baa099 - integration_test::integration_test::test_run_with_valid_opts::{{closure}}::h555b5311b2fcfa59
Nov 01 08:59:07.835 INFO blam!                                at tests/integration_test.rs:101
Nov 01 08:59:07.836 INFO blam!   12:     0x563de1bacf7d - core::ops::function::FnOnce::call_once::hef5a2d241fa3bfe3
Nov 01 08:59:07.836 INFO blam!                                at libcore/ops/function.rs:238
Nov 01 08:59:07.836 INFO blam!   13:     0x563de1bb788e - <F as alloc::boxed::FnBox<A>>::call_box::hf32558bd83684b60
Nov 01 08:59:07.837 INFO blam!                                at libtest/lib.rs:1468
Nov 01 08:59:07.837 INFO blam!                                at libcore/ops/function.rs:238
Nov 01 08:59:07.837 INFO blam!                                at liballoc/boxed.rs:672
Nov 01 08:59:07.838 INFO blam!   14:     0x563de1c1f7d9 - __rust_maybe_catch_panic
Nov 01 08:59:07.838 INFO blam!                                at libpanic_unwind/lib.rs:102
Nov 01 08:59:07.838 INFO blam!   15:     0x563de1bd94f2 - std::sys_common::backtrace::__rust_begin_short_backtrace::h1bb71a7386fd3269
Nov 01 08:59:07.839 INFO blam!                                at libstd/panicking.rs:289
Nov 01 08:59:07.839 INFO blam!                                at libstd/panic.rs:392
Nov 01 08:59:07.839 INFO blam!                                at libtest/lib.rs:1423
Nov 01 08:59:07.840 INFO blam!                                at libstd/sys_common/backtrace.rs:136
Nov 01 08:59:07.840 INFO blam!   16:     0x563de1bd9fa4 - std::panicking::try::do_call::h9b94719c3074bb5c
Nov 01 08:59:07.854 INFO blam!                                at libstd/thread/mod.rs:409
Nov 01 08:59:07.854 INFO kablam! error: test failed, to rerun pass '--test integration_test'
Nov 01 08:59:07.854 INFO blam!                                at libstd/panic.rs:313
Nov 01 08:59:07.854 INFO kablam! su: No module specific data is present
Nov 01 08:59:07.855 INFO blam!                                at libstd/panicking.rs:310
Nov 01 08:59:07.855 INFO blam!   17:     0x563de1c1f7d9 - __rust_maybe_catch_panic
Nov 01 08:59:07.855 INFO blam!                                at libpanic_unwind/lib.rs:102
Nov 01 08:59:07.855 INFO blam!   18:     0x563de1bc71cc - <F as alloc::boxed::FnBox<A>>::call_box::hb3bcd66d16fd3e84
Nov 01 08:59:07.855 INFO blam!                                at libstd/panicking.rs:289
Nov 01 08:59:07.855 INFO blam!                                at libstd/panic.rs:392
Nov 01 08:59:07.855 INFO blam!                                at libstd/thread/mod.rs:408
Nov 01 08:59:07.855 INFO blam!                                at liballoc/boxed.rs:672
Nov 01 08:59:07.855 INFO blam!   19:     0x563de1c0a1fd - std::sys_common::thread::start_thread::had0c80d121669d29
Nov 01 08:59:07.855 INFO blam!                                at liballoc/boxed.rs:682
Nov 01 08:59:07.855 INFO blam!                                at libstd/sys_common/thread.rs:24
Nov 01 08:59:07.855 INFO blam!   20:     0x563de1bfd5c5 - std::sys::unix::thread::Thread::new::thread_start::h4a5b66a70d76f47f
Nov 01 08:59:07.855 INFO blam!                                at libstd/sys/unix/thread.rs:90
Nov 01 08:59:07.855 INFO blam!   21:     0x7f3d723056b9 - start_thread
Nov 01 08:59:07.855 INFO blam!   22:     0x7f3d71e2541c - clone
Nov 01 08:59:07.855 INFO blam!   23:                0x0 - <unknown>
Nov 01 08:59:07.855 INFO blam! 
Nov 01 08:59:07.855 INFO blam! ---- integration_test::test_run_with_unknown_opts stdout ----
Nov 01 08:59:07.855 INFO blam! thread 'integration_test::test_run_with_unknown_opts' panicked at 'called `Result::unwrap()` on an `Err` value: Os { code: 2, kind: NotFound, message: "No such file or directory" }', libcore/result.rs:1009:5
Nov 01 08:59:07.855 INFO blam! stack backtrace:
Nov 01 08:59:07.855 INFO blam!    0:     0x563de1c07dbf - std::sys::unix::backtrace::tracing::imp::unwind_backtrace::h3c55afa80a996a32
Nov 01 08:59:07.855 INFO blam!                                at libstd/sys/unix/backtrace/tracing/gcc_s.rs:49
Nov 01 08:59:07.855 INFO blam!    1:     0x563de1c145a7 - std::sys_common::backtrace::print::hcef907ea7a07cd40
Nov 01 08:59:07.855 INFO blam!                                at libstd/sys_common/backtrace.rs:71
Nov 01 08:59:07.855 INFO blam!                                at libstd/sys_common/backtrace.rs:59
Nov 01 08:59:07.855 INFO blam!    2:     0x563de1c0d15f - std::panicking::default_hook::{{closure}}::hf541876c65f36ea7
Nov 01 08:59:07.855 INFO blam!                                at libstd/panicking.rs:211
Nov 01 08:59:07.855 INFO blam!    3:     0x563de1c0ce5e - std::panicking::default_hook::h4ecc06b30ae4459d
Nov 01 08:59:07.855 INFO blam!                                at libstd/panicking.rs:221
Nov 01 08:59:07.855 INFO blam!    4:     0x563de1c0d83e - std::panicking::rust_panic_with_hook::h0cc6d9cc9f34a947
Nov 01 08:59:07.855 INFO blam!                                at libstd/panicking.rs:476
Nov 01 08:59:07.855 INFO blam!    5:     0x563de1c0d3e1 - std::panicking::continue_panic_fmt::hc71ad5f01496e320
Nov 01 08:59:07.855 INFO blam!                                at libstd/panicking.rs:390
Nov 01 08:59:07.855 INFO blam!    6:     0x563de1c0d2c5 - rust_begin_unwind
Nov 01 08:59:07.855 INFO blam!                                at libstd/panicking.rs:325
Nov 01 08:59:07.855 INFO blam!    7:     0x563de1c4f4fc - core::panicking::panic_fmt::ha71638b7d4f53c35
Nov 01 08:59:07.855 INFO blam!                                at libcore/panicking.rs:77
Nov 01 08:59:07.855 INFO blam!    8:     0x563de1bafb47 - core::result::unwrap_failed::h760a5caf4a540998
Nov 01 08:59:07.855 INFO blam!                                at libcore/macros.rs:26
Nov 01 08:59:07.855 INFO blam!    9:     0x563de1baf480 - <core::result::Result<T, E>>::unwrap::haa5cc468c357465b
Nov 01 08:59:07.855 INFO blam!                                at libcore/result.rs:808
Nov 01 08:59:07.855 INFO blam!   10:     0x563de1ba9f58 - integration_test::integration_test::test_run_with_unknown_opts::hefd0767b173f1163
Nov 01 08:59:07.855 INFO blam!                                at tests/integration_test.rs:93
Nov 01 08:59:07.855 INFO blam!   11:     0x563de1ba9eb9 - integration_test::integration_test::test_run_with_unknown_opts::{{closure}}::hf34962b5e7632be3
Nov 01 08:59:07.855 INFO blam!                                at tests/integration_test.rs:92
Nov 01 08:59:07.855 INFO blam!   12:     0x563de1bacefd - core::ops::function::FnOnce::call_once::hbf0923f8598e79de
Nov 01 08:59:07.855 INFO blam!                                at libcore/ops/function.rs:238
Nov 01 08:59:07.855 INFO blam!   13:     0x563de1bb788e - <F as alloc::boxed::FnBox<A>>::call_box::hf32558bd83684b60
Nov 01 08:59:07.855 INFO blam!                                at libtest/lib.rs:1468
Nov 01 08:59:07.855 INFO blam!                                at libcore/ops/function.rs:238
Nov 01 08:59:07.855 INFO blam!                                at liballoc/boxed.rs:672
Nov 01 08:59:07.855 INFO blam!   14:     0x563de1c1f7d9 - __rust_maybe_catch_panic
Nov 01 08:59:07.855 INFO blam!                                at libpanic_unwind/lib.rs:102
Nov 01 08:59:07.855 INFO blam!   15:     0x563de1bd94f2 - std::sys_common::backtrace::__rust_begin_short_backtrace::h1bb71a7386fd3269
Nov 01 08:59:07.855 INFO blam!                                at libstd/panicking.rs:289
Nov 01 08:59:07.855 INFO blam!                                at libstd/panic.rs:392
Nov 01 08:59:07.855 INFO blam!                                at libtest/lib.rs:1423
Nov 01 08:59:07.855 INFO blam!                                at libstd/sys_common/backtrace.rs:136
Nov 01 08:59:07.855 INFO blam!   16:     0x563de1bd9fa4 - std::panicking::try::do_call::h9b94719c3074bb5c
Nov 01 08:59:07.855 INFO blam!                                at libstd/thread/mod.rs:409
Nov 01 08:59:07.855 INFO blam!                                at libstd/panic.rs:313
Nov 01 08:59:07.855 INFO blam!                                at libstd/panicking.rs:310
Nov 01 08:59:07.855 INFO blam!   17:     0x563de1c1f7d9 - __rust_maybe_catch_panic
Nov 01 08:59:07.855 INFO blam!                                at libpanic_unwind/lib.rs:102
Nov 01 08:59:07.855 INFO blam!   18:     0x563de1bc71cc - <F as alloc::boxed::FnBox<A>>::call_box::hb3bcd66d16fd3e84
Nov 01 08:59:07.855 INFO blam!                                at libstd/panicking.rs:289
Nov 01 08:59:07.855 INFO blam!                                at libstd/panic.rs:392
Nov 01 08:59:07.855 INFO blam!                                at libstd/thread/mod.rs:408
Nov 01 08:59:07.855 INFO blam!                                at liballoc/boxed.rs:672
Nov 01 08:59:07.855 INFO blam!   19:     0x563de1c0a1fd - std::sys_common::thread::start_thread::had0c80d121669d29
Nov 01 08:59:07.855 INFO blam!                                at liballoc/boxed.rs:682
Nov 01 08:59:07.855 INFO blam!                                at libstd/sys_common/thread.rs:24
Nov 01 08:59:07.855 INFO blam!   20:     0x563de1bfd5c5 - std::sys::unix::thread::Thread::new::thread_start::h4a5b66a70d76f47f
Nov 01 08:59:07.855 INFO blam!                                at libstd/sys/unix/thread.rs:90
Nov 01 08:59:07.855 INFO blam!   21:     0x7f3d723056b9 - start_thread
Nov 01 08:59:07.855 INFO blam!   22:     0x7f3d71e2541c - clone
Nov 01 08:59:07.855 INFO blam!   23:                0x0 - <unknown>
Nov 01 08:59:07.855 INFO blam! 
Nov 01 08:59:07.855 INFO blam! ---- integration_test::test_run_with_valid_args stdout ----
Nov 01 08:59:07.855 INFO blam! thread 'integration_test::test_run_with_valid_args' panicked at 'called `Result::unwrap()` on an `Err` value: Os { code: 2, kind: NotFound, message: "No such file or directory" }', libcore/result.rs:1009:5
Nov 01 08:59:07.856 INFO blam! stack backtrace:
Nov 01 08:59:07.856 INFO blam!    0:     0x563de1c07dbf - std::sys::unix::backtrace::tracing::imp::unwind_backtrace::h3c55afa80a996a32
Nov 01 08:59:07.856 INFO blam!                                at libstd/sys/unix/backtrace/tracing/gcc_s.rs:49
Nov 01 08:59:07.856 INFO blam!    1:     0x563de1c145a7 - std::sys_common::backtrace::print::hcef907ea7a07cd40
Nov 01 08:59:07.856 INFO blam!                                at libstd/sys_common/backtrace.rs:71
Nov 01 08:59:07.856 INFO blam!                                at libstd/sys_common/backtrace.rs:59
Nov 01 08:59:07.856 INFO blam!    2:     0x563de1c0d15f - std::panicking::default_hook::{{closure}}::hf541876c65f36ea7
Nov 01 08:59:07.856 INFO blam!                                at libstd/panicking.rs:211
Nov 01 08:59:07.856 INFO blam!    3:     0x563de1c0ce5e - std::panicking::default_hook::h4ecc06b30ae4459d
Nov 01 08:59:07.856 INFO blam!                                at libstd/panicking.rs:221
Nov 01 08:59:07.856 INFO blam!    4:     0x563de1c0d83e - std::panicking::rust_panic_with_hook::h0cc6d9cc9f34a947
Nov 01 08:59:07.856 INFO blam!                                at libstd/panicking.rs:476
Nov 01 08:59:07.856 INFO blam!    5:     0x563de1c0d3e1 - std::panicking::continue_panic_fmt::hc71ad5f01496e320
Nov 01 08:59:07.856 INFO blam!                                at libstd/panicking.rs:390
Nov 01 08:59:07.856 INFO blam!    6:     0x563de1c0d2c5 - rust_begin_unwind
Nov 01 08:59:07.856 INFO blam!                                at libstd/panicking.rs:325
Nov 01 08:59:07.856 INFO blam!    7:     0x563de1c4f4fc - core::panicking::panic_fmt::ha71638b7d4f53c35
Nov 01 08:59:07.856 INFO blam!                                at libcore/panicking.rs:77
Nov 01 08:59:07.856 INFO blam!    8:     0x563de1bafb47 - core::result::unwrap_failed::h760a5caf4a540998
Nov 01 08:59:07.856 INFO blam!                                at libcore/macros.rs:26
Nov 01 08:59:07.856 INFO blam!    9:     0x563de1baf480 - <core::result::Result<T, E>>::unwrap::haa5cc468c357465b
Nov 01 08:59:07.856 INFO blam!                                at libcore/result.rs:808
Nov 01 08:59:07.856 INFO blam!   10:     0x563de1ba8b7d - integration_test::integration_test::test_run_with_valid_args::h7608cc7e519cd7a3
Nov 01 08:59:07.856 INFO blam!                                at tests/integration_test.rs:29
Nov 01 08:59:07.856 INFO blam!   11:     0x563de1ba8ac9 - integration_test::integration_test::test_run_with_valid_args::{{closure}}::h8865909aa39a7795
Nov 01 08:59:07.856 INFO blam!                                at tests/integration_test.rs:26
Nov 01 08:59:07.856 INFO blam!   12:     0x563de1bace3d - core::ops::function::FnOnce::call_once::h6ad1fc4b92464d97
Nov 01 08:59:07.856 INFO blam!                                at libcore/ops/function.rs:238
Nov 01 08:59:07.856 INFO blam!   13:     0x563de1bb788e - <F as alloc::boxed::FnBox<A>>::call_box::hf32558bd83684b60
Nov 01 08:59:07.856 INFO blam!                                at libtest/lib.rs:1468
Nov 01 08:59:07.856 INFO blam!                                at libcore/ops/function.rs:238
Nov 01 08:59:07.856 INFO blam!                                at liballoc/boxed.rs:672
Nov 01 08:59:07.856 INFO blam!   14:     0x563de1c1f7d9 - __rust_maybe_catch_panic
Nov 01 08:59:07.856 INFO blam!                                at libpanic_unwind/lib.rs:102
Nov 01 08:59:07.856 INFO blam!   15:     0x563de1bd94f2 - std::sys_common::backtrace::__rust_begin_short_backtrace::h1bb71a7386fd3269
Nov 01 08:59:07.856 INFO blam!                                at libstd/panicking.rs:289
Nov 01 08:59:07.856 INFO blam!                                at libstd/panic.rs:392
Nov 01 08:59:07.856 INFO blam!                                at libtest/lib.rs:1423
Nov 01 08:59:07.856 INFO blam!                                at libstd/sys_common/backtrace.rs:136
Nov 01 08:59:07.856 INFO blam!   16:     0x563de1bd9fa4 - std::panicking::try::do_call::h9b94719c3074bb5c
Nov 01 08:59:07.856 INFO blam!                                at libstd/thread/mod.rs:409
Nov 01 08:59:07.856 INFO blam!                                at libstd/panic.rs:313
Nov 01 08:59:07.856 INFO blam!                                at libstd/panicking.rs:310
Nov 01 08:59:07.856 INFO blam!   17:     0x563de1c1f7d9 - __rust_maybe_catch_panic
Nov 01 08:59:07.856 INFO blam!                                at libpanic_unwind/lib.rs:102
Nov 01 08:59:07.856 INFO blam!   18:     0x563de1bc71cc - <F as alloc::boxed::FnBox<A>>::call_box::hb3bcd66d16fd3e84
Nov 01 08:59:07.856 INFO blam!                                at libstd/panicking.rs:289
Nov 01 08:59:07.856 INFO blam!                                at libstd/panic.rs:392
Nov 01 08:59:07.856 INFO blam!                                at libstd/thread/mod.rs:408
Nov 01 08:59:07.856 INFO blam!                                at liballoc/boxed.rs:672
Nov 01 08:59:07.856 INFO blam!   19:     0x563de1c0a1fd - std::sys_common::thread::start_thread::had0c80d121669d29
Nov 01 08:59:07.856 INFO blam!                                at liballoc/boxed.rs:682
Nov 01 08:59:07.856 INFO blam!                                at libstd/sys_common/thread.rs:24
Nov 01 08:59:07.856 INFO blam!   20:     0x563de1bfd5c5 - std::sys::unix::thread::Thread::new::thread_start::h4a5b66a70d76f47f
Nov 01 08:59:07.856 INFO blam!                                at libstd/sys/unix/thread.rs:90
Nov 01 08:59:07.856 INFO blam!   21:     0x7f3d723056b9 - start_thread
Nov 01 08:59:07.856 INFO blam!   22:     0x7f3d71e2541c - clone
Nov 01 08:59:07.856 INFO blam!   23:                0x0 - <unknown>
Nov 01 08:59:07.856 INFO blam! 
Nov 01 08:59:07.856 INFO blam! ---- integration_test::test_run_with_invalid_args_with_comma stdout ----
Nov 01 08:59:07.856 INFO blam! thread 'integration_test::test_run_with_invalid_args_with_comma' panicked at 'called `Result::unwrap()` on an `Err` value: Os { code: 2, kind: NotFound, message: "No such file or directory" }', libcore/result.rs:1009:5
Nov 01 08:59:07.856 INFO blam! stack backtrace:
Nov 01 08:59:07.856 INFO blam!    0:     0x563de1c07dbf - std::sys::unix::backtrace::tracing::imp::unwind_backtrace::h3c55afa80a996a32
Nov 01 08:59:07.856 INFO blam!                                at libstd/sys/unix/backtrace/tracing/gcc_s.rs:49
Nov 01 08:59:07.856 INFO blam!    1:     0x563de1c145a7 - std::sys_common::backtrace::print::hcef907ea7a07cd40
Nov 01 08:59:07.856 INFO blam!                                at libstd/sys_common/backtrace.rs:71
Nov 01 08:59:07.856 INFO blam!                                at libstd/sys_common/backtrace.rs:59
Nov 01 08:59:07.856 INFO blam!    2:     0x563de1c0d15f - std::panicking::default_hook::{{closure}}::hf541876c65f36ea7
Nov 01 08:59:07.856 INFO blam!                                at libstd/panicking.rs:211
Nov 01 08:59:07.856 INFO blam!    3:     0x563de1c0ce5e - std::panicking::default_hook::h4ecc06b30ae4459d
Nov 01 08:59:07.856 INFO blam!                                at libstd/panicking.rs:221
Nov 01 08:59:07.856 INFO blam!    4:     0x563de1c0d83e - std::panicking::rust_panic_with_hook::h0cc6d9cc9f34a947
Nov 01 08:59:07.856 INFO blam!                                at libstd/panicking.rs:476
Nov 01 08:59:07.856 INFO blam!    5:     0x563de1c0d3e1 - std::panicking::continue_panic_fmt::hc71ad5f01496e320
Nov 01 08:59:07.856 INFO blam!                                at libstd/panicking.rs:390
Nov 01 08:59:07.856 INFO blam!    6:     0x563de1c0d2c5 - rust_begin_unwind
Nov 01 08:59:07.856 INFO blam!                                at libstd/panicking.rs:325
Nov 01 08:59:07.856 INFO blam!    7:     0x563de1c4f4fc - core::panicking::panic_fmt::ha71638b7d4f53c35
Nov 01 08:59:07.856 INFO blam!                                at libcore/panicking.rs:77
Nov 01 08:59:07.856 INFO blam!    8:     0x563de1bafb47 - core::result::unwrap_failed::h760a5caf4a540998
Nov 01 08:59:07.856 INFO blam!                                at libcore/macros.rs:26
Nov 01 08:59:07.856 INFO blam!    9:     0x563de1baf480 - <core::result::Result<T, E>>::unwrap::haa5cc468c357465b
Nov 01 08:59:07.856 INFO blam!                                at libcore/result.rs:808
Nov 01 08:59:07.857 INFO blam!   10:     0x563de1ba87a8 - integration_test::integration_test::test_run_with_invalid_args_with_comma::hb1414a2ae779118c
Nov 01 08:59:07.857 INFO blam!                                at tests/integration_test.rs:9
Nov 01 08:59:07.857 INFO blam!   11:     0x563de1ba8709 - integration_test::integration_test::test_run_with_invalid_args_with_comma::{{closure}}::h211cf4c93dd612c8
Nov 01 08:59:07.857 INFO blam!                                at tests/integration_test.rs:8
Nov 01 08:59:07.857 INFO blam!   12:     0x563de1bacf3d - core::ops::function::FnOnce::call_once::hc97ab62c273d0f46
Nov 01 08:59:07.857 INFO blam!                                at libcore/ops/function.rs:238
Nov 01 08:59:07.857 INFO blam!   13:     0x563de1bb788e - <F as alloc::boxed::FnBox<A>>::call_box::hf32558bd83684b60
Nov 01 08:59:07.857 INFO blam!                                at libtest/lib.rs:1468
Nov 01 08:59:07.857 INFO blam!                                at libcore/ops/function.rs:238
Nov 01 08:59:07.857 INFO blam!                                at liballoc/boxed.rs:672
Nov 01 08:59:07.857 INFO blam!   14:     0x563de1c1f7d9 - __rust_maybe_catch_panic
Nov 01 08:59:07.857 INFO blam!                                at libpanic_unwind/lib.rs:102
Nov 01 08:59:07.857 INFO blam!   15:     0x563de1bd94f2 - std::sys_common::backtrace::__rust_begin_short_backtrace::h1bb71a7386fd3269
Nov 01 08:59:07.857 INFO blam!                                at libstd/panicking.rs:289
Nov 01 08:59:07.857 INFO blam!                                at libstd/panic.rs:392
Nov 01 08:59:07.857 INFO blam!                                at libtest/lib.rs:1423
Nov 01 08:59:07.857 INFO blam!                                at libstd/sys_common/backtrace.rs:136
Nov 01 08:59:07.857 INFO blam!   16:     0x563de1bd9fa4 - std::panicking::try::do_call::h9b94719c3074bb5c
Nov 01 08:59:07.857 INFO blam!                                at libstd/thread/mod.rs:409
Nov 01 08:59:07.857 INFO blam!                                at libstd/panic.rs:313
Nov 01 08:59:07.857 INFO blam!                                at libstd/panicking.rs:310
Nov 01 08:59:07.857 INFO blam!   17:     0x563de1c1f7d9 - __rust_maybe_catch_panic
Nov 01 08:59:07.857 INFO blam!                                at libpanic_unwind/lib.rs:102
Nov 01 08:59:07.857 INFO blam!   18:     0x563de1bc71cc - <F as alloc::boxed::FnBox<A>>::call_box::hb3bcd66d16fd3e84
Nov 01 08:59:07.857 INFO blam!                                at libstd/panicking.rs:289
Nov 01 08:59:07.857 INFO blam!                                at libstd/panic.rs:392
Nov 01 08:59:07.857 INFO blam!                                at libstd/thread/mod.rs:408
Nov 01 08:59:07.857 INFO blam!                                at liballoc/boxed.rs:672
Nov 01 08:59:07.857 INFO blam!   19:     0x563de1c0a1fd - std::sys_common::thread::start_thread::had0c80d121669d29
Nov 01 08:59:07.857 INFO blam!                                at liballoc/boxed.rs:682
Nov 01 08:59:07.857 INFO blam!                                at libstd/sys_common/thread.rs:24
Nov 01 08:59:07.857 INFO blam!   20:     0x563de1bfd5c5 - std::sys::unix::thread::Thread::new::thread_start::h4a5b66a70d76f47f
Nov 01 08:59:07.857 INFO blam!                                at libstd/sys/unix/thread.rs:90
Nov 01 08:59:07.857 INFO blam!   21:     0x7f3d723056b9 - start_thread
Nov 01 08:59:07.857 INFO blam!   22:     0x7f3d71e2541c - clone
Nov 01 08:59:07.857 INFO blam!   23:                0x0 - <unknown>
Nov 01 08:59:07.857 INFO blam! 
Nov 01 08:59:07.857 INFO blam! ---- integration_test::test_run_with_invalid_args_without_comma stdout ----
Nov 01 08:59:07.857 INFO blam! thread 'integration_test::test_run_with_invalid_args_without_comma' panicked at 'called `Result::unwrap()` on an `Err` value: Os { code: 2, kind: NotFound, message: "No such file or directory" }', libcore/result.rs:1009:5
Nov 01 08:59:07.857 INFO blam! stack backtrace:
Nov 01 08:59:07.857 INFO blam!    0:     0x563de1c07dbf - std::sys::unix::backtrace::tracing::imp::unwind_backtrace::h3c55afa80a996a32
Nov 01 08:59:07.857 INFO blam!                                at libstd/sys/unix/backtrace/tracing/gcc_s.rs:49
Nov 01 08:59:07.857 INFO blam!    1:     0x563de1c145a7 - std::sys_common::backtrace::print::hcef907ea7a07cd40
Nov 01 08:59:07.857 INFO blam!                                at libstd/sys_common/backtrace.rs:71
Nov 01 08:59:07.857 INFO blam!                                at libstd/sys_common/backtrace.rs:59
Nov 01 08:59:07.857 INFO blam!    2:     0x563de1c0d15f - std::panicking::default_hook::{{closure}}::hf541876c65f36ea7
Nov 01 08:59:07.857 INFO blam!                                at libstd/panicking.rs:211
Nov 01 08:59:07.857 INFO blam!    3:     0x563de1c0ce5e - std::panicking::default_hook::h4ecc06b30ae4459d
Nov 01 08:59:07.857 INFO blam!                                at libstd/panicking.rs:221
Nov 01 08:59:07.857 INFO blam!    4:     0x563de1c0d83e - std::panicking::rust_panic_with_hook::h0cc6d9cc9f34a947
Nov 01 08:59:07.857 INFO blam!                                at libstd/panicking.rs:476
Nov 01 08:59:07.857 INFO blam!    5:     0x563de1c0d3e1 - std::panicking::continue_panic_fmt::hc71ad5f01496e320
Nov 01 08:59:07.857 INFO blam!                                at libstd/panicking.rs:390
Nov 01 08:59:07.857 INFO blam!    6:     0x563de1c0d2c5 - rust_begin_unwind
Nov 01 08:59:07.857 INFO blam!                                at libstd/panicking.rs:325
Nov 01 08:59:07.857 INFO blam!    7:     0x563de1c4f4fc - core::panicking::panic_fmt::ha71638b7d4f53c35
Nov 01 08:59:07.857 INFO blam!                                at libcore/panicking.rs:77
Nov 01 08:59:07.857 INFO blam!    8:     0x563de1bafb47 - core::result::unwrap_failed::h760a5caf4a540998
Nov 01 08:59:07.857 INFO blam!                                at libcore/macros.rs:26
Nov 01 08:59:07.857 INFO blam!    9:     0x563de1baf480 - <core::result::Result<T, E>>::unwrap::haa5cc468c357465b
Nov 01 08:59:07.857 INFO blam!                                at libcore/result.rs:808
Nov 01 08:59:07.857 INFO blam!   10:     0x563de1ba8988 - integration_test::integration_test::test_run_with_invalid_args_without_comma::h586771ff1aa62112
Nov 01 08:59:07.857 INFO blam!                                at tests/integration_test.rs:18
Nov 01 08:59:07.857 INFO blam!   11:     0x563de1ba88e9 - integration_test::integration_test::test_run_with_invalid_args_without_comma::{{closure}}::h35e5261c69e32dfc
Nov 01 08:59:07.857 INFO blam!                                at tests/integration_test.rs:17
Nov 01 08:59:07.857 INFO blam!   12:     0x563de1bacdfd - core::ops::function::FnOnce::call_once::h457a0b71e6809728
Nov 01 08:59:07.857 INFO blam!                                at libcore/ops/function.rs:238
Nov 01 08:59:07.857 INFO blam!   13:     0x563de1bb788e - <F as alloc::boxed::FnBox<A>>::call_box::hf32558bd83684b60
Nov 01 08:59:07.857 INFO blam!                                at libtest/lib.rs:1468
Nov 01 08:59:07.857 INFO blam!                                at libcore/ops/function.rs:238
Nov 01 08:59:07.857 INFO blam!                                at liballoc/boxed.rs:672
Nov 01 08:59:07.857 INFO blam!   14:     0x563de1c1f7d9 - __rust_maybe_catch_panic
Nov 01 08:59:07.857 INFO blam!                                at libpanic_unwind/lib.rs:102
Nov 01 08:59:07.857 INFO blam!   15:     0x563de1bd94f2 - std::sys_common::backtrace::__rust_begin_short_backtrace::h1bb71a7386fd3269
Nov 01 08:59:07.857 INFO blam!                                at libstd/panicking.rs:289
Nov 01 08:59:07.857 INFO blam!                                at libstd/panic.rs:392
Nov 01 08:59:07.857 INFO blam!                                at libtest/lib.rs:1423
Nov 01 08:59:07.857 INFO blam!                                at libstd/sys_common/backtrace.rs:136
Nov 01 08:59:07.857 INFO blam!   16:     0x563de1bd9fa4 - std::panicking::try::do_call::h9b94719c3074bb5c
Nov 01 08:59:07.857 INFO blam!                                at libstd/thread/mod.rs:409
Nov 01 08:59:07.857 INFO blam!                                at libstd/panic.rs:313
Nov 01 08:59:07.858 INFO blam!                                at libstd/panicking.rs:310
Nov 01 08:59:07.858 INFO blam!   17:     0x563de1c1f7d9 - __rust_maybe_catch_panic
Nov 01 08:59:07.858 INFO blam!                                at libpanic_unwind/lib.rs:102
Nov 01 08:59:07.858 INFO blam!   18:     0x563de1bc71cc - <F as alloc::boxed::FnBox<A>>::call_box::hb3bcd66d16fd3e84
Nov 01 08:59:07.858 INFO blam!                                at libstd/panicking.rs:289
Nov 01 08:59:07.858 INFO blam!                                at libstd/panic.rs:392
Nov 01 08:59:07.858 INFO blam!                                at libstd/thread/mod.rs:408
Nov 01 08:59:07.858 INFO blam!                                at liballoc/boxed.rs:672
Nov 01 08:59:07.858 INFO blam!   19:     0x563de1c0a1fd - std::sys_common::thread::start_thread::had0c80d121669d29
Nov 01 08:59:07.858 INFO blam!                                at liballoc/boxed.rs:682
Nov 01 08:59:07.858 INFO blam!                                at libstd/sys_common/thread.rs:24
Nov 01 08:59:07.858 INFO blam!   20:     0x563de1bfd5c5 - std::sys::unix::thread::Thread::new::thread_start::h4a5b66a70d76f47f
Nov 01 08:59:07.858 INFO blam!                                at libstd/sys/unix/thread.rs:90
Nov 01 08:59:07.858 INFO blam!   21:     0x7f3d723056b9 - start_thread
Nov 01 08:59:07.858 INFO blam!   22:     0x7f3d71e2541c - clone
Nov 01 08:59:07.858 INFO blam!   23:                0x0 - <unknown>
Nov 01 08:59:07.858 INFO blam! 
Nov 01 08:59:07.858 INFO blam! ---- integration_test::test_run_with_invalid_opts stdout ----
Nov 01 08:59:07.858 INFO blam! thread 'integration_test::test_run_with_invalid_opts' panicked at 'called `Result::unwrap()` on an `Err` value: Os { code: 2, kind: NotFound, message: "No such file or directory" }', libcore/result.rs:1009:5
Nov 01 08:59:07.858 INFO blam! stack backtrace:
Nov 01 08:59:07.858 INFO blam!    0:     0x563de1c07dbf - std::sys::unix::backtrace::tracing::imp::unwind_backtrace::h3c55afa80a996a32
Nov 01 08:59:07.858 INFO blam!                                at libstd/sys/unix/backtrace/tracing/gcc_s.rs:49
Nov 01 08:59:07.858 INFO blam!    1:     0x563de1c145a7 - std::sys_common::backtrace::print::hcef907ea7a07cd40
Nov 01 08:59:07.858 INFO blam!                                at libstd/sys_common/backtrace.rs:71
Nov 01 08:59:07.858 INFO blam!                                at libstd/sys_common/backtrace.rs:59
Nov 01 08:59:07.858 INFO blam!    2:     0x563de1c0d15f - std::panicking::default_hook::{{closure}}::hf541876c65f36ea7
Nov 01 08:59:07.858 INFO blam!                                at libstd/panicking.rs:211
Nov 01 08:59:07.858 INFO blam!    3:     0x563de1c0ce5e - std::panicking::default_hook::h4ecc06b30ae4459d
Nov 01 08:59:07.858 INFO blam!                                at libstd/panicking.rs:221
Nov 01 08:59:07.858 INFO blam!    4:     0x563de1c0d83e - std::panicking::rust_panic_with_hook::h0cc6d9cc9f34a947
Nov 01 08:59:07.858 INFO blam!                                at libstd/panicking.rs:476
Nov 01 08:59:07.858 INFO blam!    5:     0x563de1c0d3e1 - std::panicking::continue_panic_fmt::hc71ad5f01496e320
Nov 01 08:59:07.858 INFO blam!                                at libstd/panicking.rs:390
Nov 01 08:59:07.858 INFO blam!    6:     0x563de1c0d2c5 - rust_begin_unwind
Nov 01 08:59:07.858 INFO blam!                                at libstd/panicking.rs:325
Nov 01 08:59:07.858 INFO blam!    7:     0x563de1c4f4fc - core::panicking::panic_fmt::ha71638b7d4f53c35
Nov 01 08:59:07.858 INFO blam!                                at libcore/panicking.rs:77
Nov 01 08:59:07.858 INFO blam!    8:     0x563de1bafb47 - core::result::unwrap_failed::h760a5caf4a540998
Nov 01 08:59:07.858 INFO blam!                                at libcore/macros.rs:26
Nov 01 08:59:07.858 INFO blam!    9:     0x563de1baf480 - <core::result::Result<T, E>>::unwrap::haa5cc468c357465b
Nov 01 08:59:07.858 INFO blam!                                at libcore/result.rs:808
Nov 01 08:59:07.858 INFO blam!   10:     0x563de1ba92b0 - integration_test::integration_test::test_run_with_invalid_opts::he8b906386868f5e3
Nov 01 08:59:07.858 INFO blam!                                at tests/integration_test.rs:49
Nov 01 08:59:07.858 INFO blam!   11:     0x563de1ba91d9 - integration_test::integration_test::test_run_with_invalid_opts::{{closure}}::h7953b49cfd369eb3
Nov 01 08:59:07.858 INFO blam!                                at tests/integration_test.rs:46
Nov 01 08:59:07.858 INFO blam!   12:     0x563de1bace7d - core::ops::function::FnOnce::call_once::hb6577b0b34c1a163
Nov 01 08:59:07.858 INFO blam!                                at libcore/ops/function.rs:238
Nov 01 08:59:07.858 INFO blam!   13:     0x563de1bb788e - <F as alloc::boxed::FnBox<A>>::call_box::hf32558bd83684b60
Nov 01 08:59:07.858 INFO blam!                                at libtest/lib.rs:1468
Nov 01 08:59:07.858 INFO blam!                                at libcore/ops/function.rs:238
Nov 01 08:59:07.858 INFO blam!                                at liballoc/boxed.rs:672
Nov 01 08:59:07.858 INFO blam!   14:     0x563de1c1f7d9 - __rust_maybe_catch_panic
Nov 01 08:59:07.858 INFO blam!                                at libpanic_unwind/lib.rs:102
Nov 01 08:59:07.858 INFO blam!   15:     0x563de1bd94f2 - std::sys_common::backtrace::__rust_begin_short_backtrace::h1bb71a7386fd3269
Nov 01 08:59:07.858 INFO blam!                                at libstd/panicking.rs:289
Nov 01 08:59:07.858 INFO blam!                                at libstd/panic.rs:392
Nov 01 08:59:07.858 INFO blam!                                at libtest/lib.rs:1423
Nov 01 08:59:07.858 INFO blam!                                at libstd/sys_common/backtrace.rs:136
Nov 01 08:59:07.858 INFO blam!   16:     0x563de1bd9fa4 - std::panicking::try::do_call::h9b94719c3074bb5c
Nov 01 08:59:07.858 INFO blam!                                at libstd/thread/mod.rs:409
Nov 01 08:59:07.858 INFO blam!                                at libstd/panic.rs:313
Nov 01 08:59:07.858 INFO blam!                                at libstd/panicking.rs:310
Nov 01 08:59:07.858 INFO blam!   17:     0x563de1c1f7d9 - __rust_maybe_catch_panic
Nov 01 08:59:07.858 INFO blam!                                at libpanic_unwind/lib.rs:102
Nov 01 08:59:07.858 INFO blam!   18:     0x563de1bc71cc - <F as alloc::boxed::FnBox<A>>::call_box::hb3bcd66d16fd3e84
Nov 01 08:59:07.858 INFO blam!                                at libstd/panicking.rs:289
Nov 01 08:59:07.858 INFO blam!                                at libstd/panic.rs:392
Nov 01 08:59:07.858 INFO blam!                                at libstd/thread/mod.rs:408
Nov 01 08:59:07.858 INFO blam!                                at liballoc/boxed.rs:672
Nov 01 08:59:07.858 INFO blam!   19:     0x563de1c0a1fd - std::sys_common::thread::start_thread::had0c80d121669d29
Nov 01 08:59:07.858 INFO blam!                                at liballoc/boxed.rs:682
Nov 01 08:59:07.858 INFO blam!                                at libstd/sys_common/thread.rs:24
Nov 01 08:59:07.858 INFO blam!   20:     0x563de1bfd5c5 - std::sys::unix::thread::Thread::new::thread_start::h4a5b66a70d76f47f
Nov 01 08:59:07.863 INFO blam!                                at libstd/sys/unix/thread.rs:90
Nov 01 08:59:07.863 INFO blam!   21:     0x7f3d723056b9 - start_thread
Nov 01 08:59:07.863 INFO blam!   22:     0x7f3d71e2541c - clone
Nov 01 08:59:07.863 INFO blam!   23:                0x0 - <unknown>
Nov 01 08:59:07.863 INFO blam! 
Nov 01 08:59:07.863 INFO blam! 
Nov 01 08:59:07.863 INFO blam! failures:
Nov 01 08:59:07.863 INFO blam!     integration_test::test_run_with_invalid_args_with_comma
Nov 01 08:59:07.863 INFO blam!     integration_test::test_run_with_invalid_args_without_comma
Nov 01 08:59:07.863 INFO blam!     integration_test::test_run_with_invalid_opts
Nov 01 08:59:07.863 INFO blam!     integration_test::test_run_with_unknown_opts
Nov 01 08:59:07.863 INFO blam!     integration_test::test_run_with_valid_args
Nov 01 08:59:07.863 INFO blam!     integration_test::test_run_with_valid_opts
Nov 01 08:59:07.863 INFO blam! 
Nov 01 08:59:07.863 INFO blam! test result: FAILED. 0 passed; 6 failed; 0 ignored; 0 measured; 0 filtered out
Nov 01 08:59:07.863 INFO blam! 
Nov 01 08:59:08.375 INFO running `"docker" "rm" "-f" "135b475d8edecaecdd46a0778f5d755637ef60a02330ad6a21c0ec531f840c08"`
Nov 01 08:59:08.524 INFO blam! 135b475d8edecaecdd46a0778f5d755637ef60a02330ad6a21c0ec531f840c08
