Nov 01 09:00:54.081 INFO testing golden-coders/bibliology against 1.30.0 for beta-1.31-1
Nov 01 09:00:54.081 INFO running `"docker" "create" "-v" "/mnt/big/crater/work/local/target-dirs/beta-1.31-1/worker-3/1.30.0:/target:rw,Z" "-v" "/mnt/big/crater/work/local/test-source/worker-3/beta-1.31-1/1.30.0:/source:ro,Z" "-v" "/mnt/big/crater/work/local/cargo-home:/cargo-home:ro,Z" "-v" "/mnt/big/crater/work/local/rustup-home:/rustup-home:ro,Z" "-e" "USER_ID=1000" "-e" "SOURCE_DIR=/source" "-e" "USER_ID=1000" "-e" "CMD=cargo +1.30.0 build --frozen" "-e" "CARGO_TARGET_DIR=/target" "-e" "CARGO_INCREMENTAL=0" "-e" "RUST_BACKTRACE=full" "-e" "RUSTFLAGS=--cap-lints=warn" "-e" "CARGO_HOME=/cargo-home" "-e" "RUSTUP_HOME=/rustup-home" "-m" "1536M" "--network" "none" "crater"`
Nov 01 09:00:54.595 INFO blam! d1a47808ab77bd8914d711dd6e1880703529d78a5fa89c584880085b391ffcff
Nov 01 09:00:54.603 INFO running `"docker" "start" "-a" "d1a47808ab77bd8914d711dd6e1880703529d78a5fa89c584880085b391ffcff"`
Nov 01 09:00:55.690 INFO kablam! usermod: no changes
Nov 01 09:00:56.003 INFO kablam!    Compiling toml v0.4.6
Nov 01 09:00:56.003 INFO kablam!    Compiling serde_derive v1.0.71
Nov 01 09:01:11.588 INFO kablam!    Compiling bibliology v0.1.0 (/source)
Nov 01 09:01:13.407 INFO kablam!     Finished dev [unoptimized + debuginfo] target(s) in 17.67s
Nov 01 09:01:13.422 INFO kablam! su: No module specific data is present
Nov 01 09:01:13.865 INFO running `"docker" "rm" "-f" "d1a47808ab77bd8914d711dd6e1880703529d78a5fa89c584880085b391ffcff"`
Nov 01 09:01:13.983 INFO blam! d1a47808ab77bd8914d711dd6e1880703529d78a5fa89c584880085b391ffcff
Nov 01 09:01:13.987 INFO running `"docker" "create" "-v" "/mnt/big/crater/work/local/target-dirs/beta-1.31-1/worker-3/1.30.0:/target:rw,Z" "-v" "/mnt/big/crater/work/local/test-source/worker-3/beta-1.31-1/1.30.0:/source:ro,Z" "-v" "/mnt/big/crater/work/local/cargo-home:/cargo-home:ro,Z" "-v" "/mnt/big/crater/work/local/rustup-home:/rustup-home:ro,Z" "-e" "USER_ID=1000" "-e" "SOURCE_DIR=/source" "-e" "USER_ID=1000" "-e" "CMD=cargo +1.30.0 test --frozen --no-run" "-e" "CARGO_TARGET_DIR=/target" "-e" "CARGO_INCREMENTAL=0" "-e" "RUST_BACKTRACE=full" "-e" "RUSTFLAGS=--cap-lints=warn" "-e" "CARGO_HOME=/cargo-home" "-e" "RUSTUP_HOME=/rustup-home" "-m" "1536M" "--network" "none" "crater"`
Nov 01 09:01:14.216 INFO blam! 5c206ab4b9e2be40e92be10f71a36af19c00b23ce9ac7f1ac9c557ba08786904
Nov 01 09:01:14.218 INFO running `"docker" "start" "-a" "5c206ab4b9e2be40e92be10f71a36af19c00b23ce9ac7f1ac9c557ba08786904"`
Nov 01 09:01:14.731 INFO kablam! usermod: no changes
Nov 01 09:01:14.919 INFO kablam!    Compiling bibliology v0.1.0 (/source)
Nov 01 09:01:17.311 INFO kablam!     Finished dev [unoptimized + debuginfo] target(s) in 2.55s
Nov 01 09:01:17.335 INFO kablam! su: No module specific data is present
Nov 01 09:01:18.103 INFO running `"docker" "rm" "-f" "5c206ab4b9e2be40e92be10f71a36af19c00b23ce9ac7f1ac9c557ba08786904"`
Nov 01 09:01:18.430 INFO blam! 5c206ab4b9e2be40e92be10f71a36af19c00b23ce9ac7f1ac9c557ba08786904
Nov 01 09:01:18.439 INFO running `"docker" "create" "-v" "/mnt/big/crater/work/local/target-dirs/beta-1.31-1/worker-3/1.30.0:/target:rw,Z" "-v" "/mnt/big/crater/work/local/test-source/worker-3/beta-1.31-1/1.30.0:/source:ro,Z" "-v" "/mnt/big/crater/work/local/cargo-home:/cargo-home:ro,Z" "-v" "/mnt/big/crater/work/local/rustup-home:/rustup-home:ro,Z" "-e" "USER_ID=1000" "-e" "SOURCE_DIR=/source" "-e" "USER_ID=1000" "-e" "CMD=cargo +1.30.0 test --frozen" "-e" "CARGO_TARGET_DIR=/target" "-e" "CARGO_INCREMENTAL=0" "-e" "RUST_BACKTRACE=full" "-e" "RUSTFLAGS=--cap-lints=warn" "-e" "CARGO_HOME=/cargo-home" "-e" "RUSTUP_HOME=/rustup-home" "-m" "1536M" "--network" "none" "crater"`
Nov 01 09:01:19.045 INFO blam! c97f4b8261d9e1855f34af0e8735b49e2af795efdc9b10a81646ad6c1bfacb7a
Nov 01 09:01:19.055 INFO running `"docker" "start" "-a" "c97f4b8261d9e1855f34af0e8735b49e2af795efdc9b10a81646ad6c1bfacb7a"`
Nov 01 09:01:19.856 INFO kablam! usermod: no changes
Nov 01 09:01:20.065 INFO kablam!     Finished dev [unoptimized + debuginfo] target(s) in 0.17s
Nov 01 09:01:20.077 INFO kablam!      Running /target/debug/deps/bibliology-470fcaafbc0cc79e
Nov 01 09:01:20.078 INFO blam! 
Nov 01 09:01:20.078 INFO blam! running 2 tests
Nov 01 09:01:20.079 INFO blam! test config::test::fail_to_create_config ... ok
Nov 01 09:01:20.149 INFO blam! test config::test::succeed_to_create_config ... FAILED
Nov 01 09:01:20.149 INFO blam! 
Nov 01 09:01:20.149 INFO blam! failures:
Nov 01 09:01:20.149 INFO blam! 
Nov 01 09:01:20.149 INFO blam! ---- config::test::succeed_to_create_config stdout ----
Nov 01 09:01:20.149 INFO blam! thread 'config::test::succeed_to_create_config' panicked at 'called `Result::unwrap()` on an `Err` value: Os { code: 2, kind: NotFound, message: "No such file or directory" }
Nov 01 09:01:20.150 INFO blam! 
Nov 01 09:01:20.150 INFO blam! stack backtrace:
Nov 01 09:01:20.150 INFO blam!    0:     0x563153399745 - backtrace::backtrace::libunwind::trace::hb1027f9d4001e21a
Nov 01 09:01:20.150 INFO blam!                         at /cargo-home/registry/src/github.com-1ecc6299db9ec823/backtrace-0.3.9/src/backtrace/libunwind.rs:53
Nov 01 09:01:20.151 INFO kablam! error: test failed, to rerun pass '--lib'
Nov 01 09:01:20.151 INFO blam!                          - backtrace::backtrace::trace::h395ff226fda83872
Nov 01 09:01:20.151 INFO blam!                         at /cargo-home/registry/src/github.com-1ecc6299db9ec823/backtrace-0.3.9/src/backtrace/mod.rs:42
Nov 01 09:01:20.151 INFO blam!    1:     0x563153393ede - backtrace::capture::Backtrace::new_unresolved::he230a1a4b548f7f0
Nov 01 09:01:20.151 INFO blam!                         at /cargo-home/registry/src/github.com-1ecc6299db9ec823/backtrace-0.3.9/src/capture.rs:88
Nov 01 09:01:20.151 INFO blam!    2:     0x563153392683 - failure::backtrace::internal::InternalBacktrace::new::h408a792ed5c341c3
Nov 01 09:01:20.152 INFO blam!                         at /cargo-home/registry/src/github.com-1ecc6299db9ec823/failure-0.1.2/src/backtrace/internal.rs:44
Nov 01 09:01:20.152 INFO blam!    3:     0x563153391a1c - failure::backtrace::Backtrace::new::h83aa248140bb1245
Nov 01 09:01:20.152 INFO blam!                         at /cargo-home/registry/src/github.com-1ecc6299db9ec823/failure-0.1.2/src/backtrace/mod.rs:111
Nov 01 09:01:20.152 INFO blam!    4:     0x563153311e7d - <failure::error::error_impl::ErrorImpl as core::convert::From<F>>::from::hab8d99c68b7acd22
Nov 01 09:01:20.152 INFO blam!                         at /cargo-home/registry/src/github.com-1ecc6299db9ec823/failure-0.1.2/src/error/error_impl.rs:20
Nov 01 09:01:20.152 INFO blam!    5:     0x56315330488e - <failure::error::Error as core::convert::From<F>>::from::h650873f7b14d0fee
Nov 01 09:01:20.152 INFO blam!                         at /cargo-home/registry/src/github.com-1ecc6299db9ec823/failure-0.1.2/src/error/mod.rs:36
Nov 01 09:01:20.152 INFO blam!    6:     0x5631532f8a48 - bibliology::config::Config::new::h3b162c5c02fa5e29
Nov 01 09:01:20.152 INFO blam!                         at src/config/mod.rs:73
Nov 01 09:01:20.152 INFO blam!    7:     0x56315330f974 - bibliology::config::test::succeed_to_create_config::h6eb9328d9bc4f8b8
Nov 01 09:01:20.152 INFO blam!                         at src/config/test.rs:7
Nov 01 09:01:20.152 INFO blam!    8:     0x56315330f939 - bibliology::config::test::succeed_to_create_config::{{closure}}::hfa4d26dcd8f4bb05
Nov 01 09:01:20.152 INFO blam!                         at src/config/test.rs:6
Nov 01 09:01:20.152 INFO blam!    9:     0x5631533049dd - core::ops::function::FnOnce::call_once::h57524f9190ee7d92
Nov 01 09:01:20.152 INFO blam!                         at libcore/ops/function.rs:238
Nov 01 09:01:20.152 INFO blam!   10:     0x56315331543e - test::run_test::{{closure}}::hf4068a250838d27b
Nov 01 09:01:20.152 INFO blam!                         at libtest/lib.rs:1461
Nov 01 09:01:20.152 INFO blam!                          - core::ops::function::FnOnce::call_once::hdfd4feedf352750f
Nov 01 09:01:20.152 INFO blam!                         at libcore/ops/function.rs:238
Nov 01 09:01:20.152 INFO blam!                          - <F as alloc::boxed::FnBox<A>>::call_box::ha9910eac2d17ff23
Nov 01 09:01:20.152 INFO blam!                         at liballoc/boxed.rs:646
Nov 01 09:01:20.152 INFO blam!   11:     0x5631533dbfc9 - __rust_maybe_catch_panic
Nov 01 09:01:20.152 INFO blam!                         at libpanic_unwind/lib.rs:103
Nov 01 09:01:20.152 INFO blam!   12:     0x563153320d4d - std::panicking::try::hd0ee8dcb07136cac
Nov 01 09:01:20.152 INFO blam!                         at libstd/panicking.rs:289
Nov 01 09:01:20.152 INFO blam!                          - std::panic::catch_unwind::h3d4bd0497112eda5
Nov 01 09:01:20.152 INFO blam!                         at libstd/panic.rs:392
Nov 01 09:01:20.152 INFO blam!                          - test::run_test::run_test_inner::{{closure}}::h260797d90c7e6a75
Nov 01 09:01:20.152 INFO blam!                         at libtest/lib.rs:1416
Nov 01 09:01:20.152 INFO blam!                          - std::sys_common::backtrace::__rust_begin_short_backtrace::h470b05235fe5e5ad
Nov 01 09:01:20.152 INFO blam!                         at libstd/sys_common/backtrace.rs:136
Nov 01 09:01:20.152 INFO blam!   13:     0x563153339384 - std::thread::Builder::spawn::{{closure}}::{{closure}}::h7b31ebf82e700f54
Nov 01 09:01:20.152 INFO blam!                         at libstd/thread/mod.rs:409
Nov 01 09:01:20.152 INFO blam!                          - <std::panic::AssertUnwindSafe<F> as core::ops::function::FnOnce<()>>::call_once::hd582f65cf50021bb
Nov 01 09:01:20.152 INFO blam!                         at libstd/panic.rs:313
Nov 01 09:01:20.152 INFO blam!                          - std::panicking::try::do_call::h1f0578498122cc00
Nov 01 09:01:20.152 INFO blam!                         at libstd/panicking.rs:310
Nov 01 09:01:20.152 INFO blam!   14:     0x5631533dbfc9 - __rust_maybe_catch_panic
Nov 01 09:01:20.152 INFO blam!                         at libpanic_unwind/lib.rs:103
Nov 01 09:01:20.152 INFO blam!   15:     0x563153329c56 - std::panicking::try::h98677b2e7ed3000c
Nov 01 09:01:20.152 INFO blam!                         at libstd/panicking.rs:289
Nov 01 09:01:20.153 INFO blam!                          - std::panic::catch_unwind::hc09c3094254e9a1f
Nov 01 09:01:20.153 INFO blam!                         at libstd/panic.rs:392
Nov 01 09:01:20.153 INFO blam!                          - std::thread::Builder::spawn::{{closure}}::h34f16bcb619e5d45
Nov 01 09:01:20.153 INFO blam!                         at libstd/thread/mod.rs:408
Nov 01 09:01:20.153 INFO blam!                          - <F as alloc::boxed::FnBox<A>>::call_box::h7b129f9f235ab460
Nov 01 09:01:20.153 INFO blam!                         at liballoc/boxed.rs:646
Nov 01 09:01:20.153 INFO blam!   16:     0x5631533cea5a - <alloc::boxed::Box<(dyn alloc::boxed::FnBox<A, Output=R> + 'a)> as core::ops::function::FnOnce<A>>::call_once::hd022a0500f5eee13
Nov 01 09:01:20.153 INFO blam!                         at liballoc/boxed.rs:656
Nov 01 09:01:20.153 INFO blam!                          - std::sys_common::thread::start_thread::hb77935aee02382da
Nov 01 09:01:20.153 INFO blam!                         at libstd/sys_common/thread.rs:24
Nov 01 09:01:20.153 INFO blam!   17:     0x5631533bf5d5 - std::sys::unix::thread::Thread::new::thread_start::hd61f7429b3de1d75
Nov 01 09:01:20.153 INFO blam!                         at libstd/sys/unix/thread.rs:90
Nov 01 09:01:20.153 INFO blam!   18:     0x7f81bda526b9 - start_thread
Nov 01 09:01:20.153 INFO blam!   19:     0x7f81bd57241c - clone
Nov 01 09:01:20.153 INFO blam!   20:                0x0 - <unknown>', libcore/result.rs:1009:5
Nov 01 09:01:20.153 INFO blam! stack backtrace:
Nov 01 09:01:20.153 INFO blam!    0:     0x5631533cd0de - std::sys::unix::backtrace::tracing::imp::unwind_backtrace::hf5316c67202e23c8
Nov 01 09:01:20.153 INFO blam!                                at libstd/sys/unix/backtrace/tracing/gcc_s.rs:49
Nov 01 09:01:20.153 INFO blam!    1:     0x5631533c0396 - std::sys_common::backtrace::print::h3068ed2a6dc7ac86
Nov 01 09:01:20.153 INFO blam!                                at libstd/sys_common/backtrace.rs:71
Nov 01 09:01:20.153 INFO blam!                                at libstd/sys_common/backtrace.rs:59
Nov 01 09:01:20.153 INFO blam!    2:     0x5631533be76d - std::panicking::default_hook::{{closure}}::h1b9d29cc09d41897
Nov 01 09:01:20.153 INFO blam!                                at libstd/panicking.rs:211
Nov 01 09:01:20.153 INFO blam!    3:     0x5631533be47b - std::panicking::default_hook::h3a27b204a313406b
Nov 01 09:01:20.153 INFO blam!                                at libstd/panicking.rs:221
Nov 01 09:01:20.153 INFO blam!    4:     0x5631533bee1c - std::panicking::rust_panic_with_hook::h0e12cb2fc86d00fa
Nov 01 09:01:20.153 INFO blam!                                at libstd/panicking.rs:477
Nov 01 09:01:20.153 INFO blam!    5:     0x5631533be9d9 - std::panicking::continue_panic_fmt::h141671b29fe0e27d
Nov 01 09:01:20.153 INFO blam!                                at libstd/panicking.rs:391
Nov 01 09:01:20.153 INFO blam!    6:     0x5631533be8d5 - rust_begin_unwind
Nov 01 09:01:20.153 INFO blam!                                at libstd/panicking.rs:326
Nov 01 09:01:20.153 INFO blam!    7:     0x5631534075db - core::panicking::panic_fmt::h429a06507aba9228
Nov 01 09:01:20.153 INFO blam!                                at libcore/panicking.rs:77
Nov 01 09:01:20.153 INFO blam!    8:     0x56315330f63d - core::result::unwrap_failed::h72f3ed58daf8ede9
Nov 01 09:01:20.153 INFO blam!                                at libcore/macros.rs:26
Nov 01 09:01:20.153 INFO blam!    9:     0x56315330e740 - <core::result::Result<T, E>>::unwrap::h5aa5320a45ed2b33
Nov 01 09:01:20.153 INFO blam!                                at libcore/result.rs:808
Nov 01 09:01:20.153 INFO blam!   10:     0x56315330f99a - bibliology::config::test::succeed_to_create_config::h6eb9328d9bc4f8b8
Nov 01 09:01:20.153 INFO blam!                                at src/config/test.rs:7
Nov 01 09:01:20.153 INFO blam!   11:     0x56315330f939 - bibliology::config::test::succeed_to_create_config::{{closure}}::hfa4d26dcd8f4bb05
Nov 01 09:01:20.153 INFO blam!                                at src/config/test.rs:6
Nov 01 09:01:20.153 INFO blam!   12:     0x5631533049dd - core::ops::function::FnOnce::call_once::h57524f9190ee7d92
Nov 01 09:01:20.153 INFO blam!                                at libcore/ops/function.rs:238
Nov 01 09:01:20.153 INFO blam!   13:     0x56315331543e - <F as alloc::boxed::FnBox<A>>::call_box::ha9910eac2d17ff23
Nov 01 09:01:20.153 INFO blam!                                at libtest/lib.rs:1461
Nov 01 09:01:20.153 INFO blam!                                at libcore/ops/function.rs:238
Nov 01 09:01:20.153 INFO blam!                                at liballoc/boxed.rs:646
Nov 01 09:01:20.153 INFO blam!   14:     0x5631533dbfc9 - __rust_maybe_catch_panic
Nov 01 09:01:20.153 INFO blam!                                at libpanic_unwind/lib.rs:103
Nov 01 09:01:20.153 INFO blam!   15:     0x563153320d4d - std::sys_common::backtrace::__rust_begin_short_backtrace::h470b05235fe5e5ad
Nov 01 09:01:20.153 INFO blam!                                at libstd/panicking.rs:289
Nov 01 09:01:20.153 INFO blam!                                at libstd/panic.rs:392
Nov 01 09:01:20.153 INFO blam!                                at libtest/lib.rs:1416
Nov 01 09:01:20.153 INFO blam!                                at libstd/sys_common/backtrace.rs:136
Nov 01 09:01:20.153 INFO blam!   16:     0x563153339384 - std::panicking::try::do_call::h1f0578498122cc00
Nov 01 09:01:20.153 INFO blam!                                at libstd/thread/mod.rs:409
Nov 01 09:01:20.153 INFO blam!                                at libstd/panic.rs:313
Nov 01 09:01:20.153 INFO blam!                                at libstd/panicking.rs:310
Nov 01 09:01:20.153 INFO blam!   17:     0x5631533dbfc9 - __rust_maybe_catch_panic
Nov 01 09:01:20.153 INFO blam!                                at libpanic_unwind/lib.rs:103
Nov 01 09:01:20.153 INFO blam!   18:     0x563153329c56 - <F as alloc::boxed::FnBox<A>>::call_box::h7b129f9f235ab460
Nov 01 09:01:20.153 INFO blam!                                at libstd/panicking.rs:289
Nov 01 09:01:20.153 INFO blam!                                at libstd/panic.rs:392
Nov 01 09:01:20.153 INFO blam!                                at libstd/thread/mod.rs:408
Nov 01 09:01:20.153 INFO blam!                                at liballoc/boxed.rs:646
Nov 01 09:01:20.153 INFO blam!   19:     0x5631533cea5a - std::sys_common::thread::start_thread::hb77935aee02382da
Nov 01 09:01:20.153 INFO blam!                                at liballoc/boxed.rs:656
Nov 01 09:01:20.153 INFO blam!                                at libstd/sys_common/thread.rs:24
Nov 01 09:01:20.153 INFO blam!   20:     0x5631533bf5d5 - std::sys::unix::thread::Thread::new::thread_start::hd61f7429b3de1d75
Nov 01 09:01:20.153 INFO blam!                                at libstd/sys/unix/thread.rs:90
Nov 01 09:01:20.153 INFO blam!   21:     0x7f81bda526b9 - start_thread
Nov 01 09:01:20.153 INFO blam!   22:     0x7f81bd57241c - clone
Nov 01 09:01:20.153 INFO blam!   23:                0x0 - <unknown>
Nov 01 09:01:20.153 INFO blam! 
Nov 01 09:01:20.153 INFO blam! 
Nov 01 09:01:20.153 INFO blam! failures:
Nov 01 09:01:20.153 INFO blam!     config::test::succeed_to_create_config
Nov 01 09:01:20.153 INFO blam! 
Nov 01 09:01:20.153 INFO kablam! su: No module specific data is present
Nov 01 09:01:20.153 INFO blam! test result: FAILED. 1 passed; 1 failed; 0 ignored; 0 measured; 0 filtered out
Nov 01 09:01:20.153 INFO blam! 
Nov 01 09:01:20.387 INFO running `"docker" "rm" "-f" "c97f4b8261d9e1855f34af0e8735b49e2af795efdc9b10a81646ad6c1bfacb7a"`
Nov 01 09:01:20.482 INFO blam! c97f4b8261d9e1855f34af0e8735b49e2af795efdc9b10a81646ad6c1bfacb7a
