Nov 01 09:22:44.122 INFO testing gastamper/sholog against 1.30.0 for beta-1.31-1
Nov 01 09:22:44.122 INFO running `"docker" "create" "-v" "/mnt/big/crater/work/local/target-dirs/beta-1.31-1/worker-6/1.30.0:/target:rw,Z" "-v" "/mnt/big/crater/work/local/test-source/worker-6/beta-1.31-1/1.30.0:/source:ro,Z" "-v" "/mnt/big/crater/work/local/cargo-home:/cargo-home:ro,Z" "-v" "/mnt/big/crater/work/local/rustup-home:/rustup-home:ro,Z" "-e" "USER_ID=1000" "-e" "SOURCE_DIR=/source" "-e" "USER_ID=1000" "-e" "CMD=cargo +1.30.0 build --frozen" "-e" "CARGO_TARGET_DIR=/target" "-e" "CARGO_INCREMENTAL=0" "-e" "RUST_BACKTRACE=full" "-e" "RUSTFLAGS=--cap-lints=warn" "-e" "CARGO_HOME=/cargo-home" "-e" "RUSTUP_HOME=/rustup-home" "-m" "1536M" "--network" "none" "crater"`
Nov 01 09:22:44.317 INFO blam! 56d03186c55db25accde80c970b339076b3e55ea6fb2d1965e00455d29eeffbb
Nov 01 09:22:44.322 INFO running `"docker" "start" "-a" "56d03186c55db25accde80c970b339076b3e55ea6fb2d1965e00455d29eeffbb"`
Nov 01 09:22:44.735 INFO kablam! usermod: no changes
Nov 01 09:22:44.849 INFO kablam!    Compiling openssl v0.10.11
Nov 01 09:22:44.850 INFO kablam!    Compiling openssl-src v110.0.5+1.1.0h
Nov 01 09:22:44.851 INFO kablam!    Compiling hostname v0.1.5
Nov 01 09:22:44.852 INFO kablam!    Compiling rand v0.3.22
Nov 01 09:22:45.615 INFO kablam!    Compiling rust-crypto v0.2.36
Nov 01 09:22:45.835 INFO kablam!    Compiling openssl-sys v0.9.35
Nov 01 09:24:23.043 INFO kablam!    Compiling sholog v0.1.0 (/source)
Nov 01 09:24:27.003 INFO kablam!     Finished dev [unoptimized + debuginfo] target(s) in 1m 42s
Nov 01 09:24:27.011 INFO kablam! su: No module specific data is present
Nov 01 09:24:27.775 INFO running `"docker" "rm" "-f" "56d03186c55db25accde80c970b339076b3e55ea6fb2d1965e00455d29eeffbb"`
Nov 01 09:24:28.047 INFO blam! 56d03186c55db25accde80c970b339076b3e55ea6fb2d1965e00455d29eeffbb
Nov 01 09:24:28.052 INFO running `"docker" "create" "-v" "/mnt/big/crater/work/local/target-dirs/beta-1.31-1/worker-6/1.30.0:/target:rw,Z" "-v" "/mnt/big/crater/work/local/test-source/worker-6/beta-1.31-1/1.30.0:/source:ro,Z" "-v" "/mnt/big/crater/work/local/cargo-home:/cargo-home:ro,Z" "-v" "/mnt/big/crater/work/local/rustup-home:/rustup-home:ro,Z" "-e" "USER_ID=1000" "-e" "SOURCE_DIR=/source" "-e" "USER_ID=1000" "-e" "CMD=cargo +1.30.0 test --frozen --no-run" "-e" "CARGO_TARGET_DIR=/target" "-e" "CARGO_INCREMENTAL=0" "-e" "RUST_BACKTRACE=full" "-e" "RUSTFLAGS=--cap-lints=warn" "-e" "CARGO_HOME=/cargo-home" "-e" "RUSTUP_HOME=/rustup-home" "-m" "1536M" "--network" "none" "crater"`
Nov 01 09:24:28.447 INFO blam! 1029a523664cb7497377522dba2d36431fe294ae8cf3c773153c43818eb78a6a
Nov 01 09:24:28.453 INFO running `"docker" "start" "-a" "1029a523664cb7497377522dba2d36431fe294ae8cf3c773153c43818eb78a6a"`
Nov 01 09:24:29.707 INFO kablam! usermod: no changes
Nov 01 09:24:29.919 INFO kablam!    Compiling sholog v0.1.0 (/source)
Nov 01 09:24:33.699 INFO kablam!     Finished dev [unoptimized + debuginfo] target(s) in 3.95s
Nov 01 09:24:33.707 INFO kablam! su: No module specific data is present
Nov 01 09:24:34.131 INFO running `"docker" "rm" "-f" "1029a523664cb7497377522dba2d36431fe294ae8cf3c773153c43818eb78a6a"`
Nov 01 09:24:34.295 INFO blam! 1029a523664cb7497377522dba2d36431fe294ae8cf3c773153c43818eb78a6a
Nov 01 09:24:34.302 INFO running `"docker" "create" "-v" "/mnt/big/crater/work/local/target-dirs/beta-1.31-1/worker-6/1.30.0:/target:rw,Z" "-v" "/mnt/big/crater/work/local/test-source/worker-6/beta-1.31-1/1.30.0:/source:ro,Z" "-v" "/mnt/big/crater/work/local/cargo-home:/cargo-home:ro,Z" "-v" "/mnt/big/crater/work/local/rustup-home:/rustup-home:ro,Z" "-e" "USER_ID=1000" "-e" "SOURCE_DIR=/source" "-e" "USER_ID=1000" "-e" "CMD=cargo +1.30.0 test --frozen" "-e" "CARGO_TARGET_DIR=/target" "-e" "CARGO_INCREMENTAL=0" "-e" "RUST_BACKTRACE=full" "-e" "RUSTFLAGS=--cap-lints=warn" "-e" "CARGO_HOME=/cargo-home" "-e" "RUSTUP_HOME=/rustup-home" "-m" "1536M" "--network" "none" "crater"`
Nov 01 09:24:34.678 INFO blam! 30c046b94a92fbe76d23d75f151da5dcbe08a33e5f0c3cd1f0fe82bb5d41caaf
Nov 01 09:24:34.681 INFO running `"docker" "start" "-a" "30c046b94a92fbe76d23d75f151da5dcbe08a33e5f0c3cd1f0fe82bb5d41caaf"`
Nov 01 09:24:35.587 INFO kablam! usermod: no changes
Nov 01 09:24:35.691 INFO kablam!     Finished dev [unoptimized + debuginfo] target(s) in 0.08s
Nov 01 09:24:35.706 INFO kablam!      Running /target/debug/deps/sholog-afe2d89a796d2fc4
Nov 01 09:24:35.717 INFO blam! 
Nov 01 09:24:35.717 INFO blam! running 1 test
Nov 01 09:24:35.776 INFO blam! test test::testssl ... FAILED
Nov 01 09:24:35.776 INFO kablam! error: test failed, to rerun pass '--bin sholog'
Nov 01 09:24:35.777 INFO blam! 
Nov 01 09:24:35.777 INFO kablam! su: No module specific data is present
Nov 01 09:24:35.777 INFO blam! failures:
Nov 01 09:24:35.778 INFO blam! 
Nov 01 09:24:35.778 INFO blam! ---- test::testssl stdout ----
Nov 01 09:24:35.778 INFO blam! Server: Building SSL Acceptor
Nov 01 09:24:35.780 INFO blam! thread 'test::testssl' panicked at 'called `Result::unwrap()` on an `Err` value: ErrorStack([Error { code: 33558530, library: "system library", function: "fopen", reason: "No such file or directory", file: "crypto/bio/bss_file.c", line: 292, data: "fopen(\'server.key\',\'r\')" }, Error { code: 537346050, library: "BIO routines", function: "file_ctrl", reason: "system lib", file: "crypto/bio/bss_file.c", line: 294 }, Error { code: 336265218, library: "SSL routines", function: "SSL_CTX_use_PrivateKey_file", reason: "system lib", file: "ssl/ssl_rsa.c", line: 534 }])', libcore/result.rs:1009:5
Nov 01 09:24:35.780 INFO blam! stack backtrace:
Nov 01 09:24:35.780 INFO blam!    0:     0x55fc9a9a39ae - std::sys::unix::backtrace::tracing::imp::unwind_backtrace::hf5316c67202e23c8
Nov 01 09:24:35.781 INFO blam!                                at libstd/sys/unix/backtrace/tracing/gcc_s.rs:49
Nov 01 09:24:35.781 INFO blam!    1:     0x55fc9a9953c6 - std::sys_common::backtrace::print::h3068ed2a6dc7ac86
Nov 01 09:24:35.781 INFO blam!                                at libstd/sys_common/backtrace.rs:71
Nov 01 09:24:35.781 INFO blam!                                at libstd/sys_common/backtrace.rs:59
Nov 01 09:24:35.782 INFO blam!    2:     0x55fc9a99363d - std::panicking::default_hook::{{closure}}::h1b9d29cc09d41897
Nov 01 09:24:35.782 INFO blam!                                at libstd/panicking.rs:211
Nov 01 09:24:35.782 INFO blam!    3:     0x55fc9a99334b - std::panicking::default_hook::h3a27b204a313406b
Nov 01 09:24:35.783 INFO blam!                                at libstd/panicking.rs:221
Nov 01 09:24:35.783 INFO blam!    4:     0x55fc9a993cec - std::panicking::rust_panic_with_hook::h0e12cb2fc86d00fa
Nov 01 09:24:35.783 INFO blam!                                at libstd/panicking.rs:477
Nov 01 09:24:35.784 INFO blam!    5:     0x55fc9a9938a9 - std::panicking::continue_panic_fmt::h141671b29fe0e27d
Nov 01 09:24:35.784 INFO blam!                                at libstd/panicking.rs:391
Nov 01 09:24:35.784 INFO blam!    6:     0x55fc9a9937a5 - rust_begin_unwind
Nov 01 09:24:35.785 INFO blam!                                at libstd/panicking.rs:326
Nov 01 09:24:35.785 INFO blam!    7:     0x55fc9a9dddab - core::panicking::panic_fmt::h429a06507aba9228
Nov 01 09:24:35.785 INFO blam!                                at libcore/panicking.rs:77
Nov 01 09:24:35.785 INFO blam!    8:     0x55fc9a84b0a3 - core::result::unwrap_failed::ha096b0528f5d0988
Nov 01 09:24:35.786 INFO blam!                                at libcore/macros.rs:26
Nov 01 09:24:35.786 INFO blam!    9:     0x55fc9a84a732 - <core::result::Result<T, E>>::unwrap::h8fa97dcfd6072e7c
Nov 01 09:24:35.786 INFO blam!                                at libcore/result.rs:808
Nov 01 09:24:35.787 INFO blam!   10:     0x55fc9a7f524a - sholog::test::test_ssl::h24e98b2393ab3283
Nov 01 09:24:35.787 INFO blam!                                at src/test.rs:10
Nov 01 09:24:35.787 INFO blam!   11:     0x55fc9a7f685c - sholog::test::testssl::hd4aa7c64749851e4
Nov 01 09:24:35.788 INFO blam!                                at src/test.rs:70
Nov 01 09:24:35.788 INFO blam!   12:     0x55fc9a7f6839 - sholog::test::testssl::{{closure}}::h110d3ecd36d6ee5b
Nov 01 09:24:35.788 INFO blam!                                at src/test.rs:69
Nov 01 09:24:35.788 INFO blam!   13:     0x55fc9a8051fd - core::ops::function::FnOnce::call_once::ha66e9a0af9fde65d
Nov 01 09:24:35.789 INFO blam!                                at libcore/ops/function.rs:238
Nov 01 09:24:35.789 INFO blam!   14:     0x55fc9a80887e - <F as alloc::boxed::FnBox<A>>::call_box::ha9910eac2d17ff23
Nov 01 09:24:35.789 INFO blam!                                at libtest/lib.rs:1461
Nov 01 09:24:35.790 INFO blam!                                at libcore/ops/function.rs:238
Nov 01 09:24:35.790 INFO blam!                                at liballoc/boxed.rs:646
Nov 01 09:24:35.790 INFO blam!   15:     0x55fc9a9b2949 - __rust_maybe_catch_panic
Nov 01 09:24:35.791 INFO blam!                                at libpanic_unwind/lib.rs:103
Nov 01 09:24:35.791 INFO blam!   16:     0x55fc9a81418d - std::sys_common::backtrace::__rust_begin_short_backtrace::h470b05235fe5e5ad
Nov 01 09:24:35.791 INFO blam!                                at libstd/panicking.rs:289
Nov 01 09:24:35.792 INFO blam!                                at libstd/panic.rs:392
Nov 01 09:24:35.792 INFO blam!                                at libtest/lib.rs:1416
Nov 01 09:24:35.792 INFO blam!                                at libstd/sys_common/backtrace.rs:136
Nov 01 09:24:35.793 INFO blam!   17:     0x55fc9a82c7c4 - std::panicking::try::do_call::h1f0578498122cc00
Nov 01 09:24:35.793 INFO blam!                                at libstd/thread/mod.rs:409
Nov 01 09:24:35.793 INFO blam!                                at libstd/panic.rs:313
Nov 01 09:24:35.793 INFO blam!                                at libstd/panicking.rs:310
Nov 01 09:24:35.794 INFO blam!   18:     0x55fc9a9b2949 - __rust_maybe_catch_panic
Nov 01 09:24:35.794 INFO blam!                                at libpanic_unwind/lib.rs:103
Nov 01 09:24:35.794 INFO blam!   19:     0x55fc9a81d096 - <F as alloc::boxed::FnBox<A>>::call_box::h7b129f9f235ab460
Nov 01 09:24:35.794 INFO blam!                                at libstd/panicking.rs:289
Nov 01 09:24:35.795 INFO blam!                                at libstd/panic.rs:392
Nov 01 09:24:35.795 INFO blam!                                at libstd/thread/mod.rs:408
Nov 01 09:24:35.795 INFO blam!                                at liballoc/boxed.rs:646
Nov 01 09:24:35.795 INFO blam!   20:     0x55fc9a9a54fa - std::sys_common::thread::start_thread::hb77935aee02382da
Nov 01 09:24:35.795 INFO blam!                                at liballoc/boxed.rs:656
Nov 01 09:24:35.795 INFO blam!                                at libstd/sys_common/thread.rs:24
Nov 01 09:24:35.796 INFO blam!   21:     0x55fc9a994565 - std::sys::unix::thread::Thread::new::thread_start::hd61f7429b3de1d75
Nov 01 09:24:35.796 INFO blam!                                at libstd/sys/unix/thread.rs:90
Nov 01 09:24:35.796 INFO blam!   22:     0x7f092dafd6b9 - start_thread
Nov 01 09:24:35.796 INFO blam!   23:     0x7f092d61d41c - clone
Nov 01 09:24:35.796 INFO blam!   24:                0x0 - <unknown>
Nov 01 09:24:35.796 INFO blam! 
Nov 01 09:24:35.797 INFO blam! 
Nov 01 09:24:35.797 INFO blam! failures:
Nov 01 09:24:35.797 INFO blam!     test::testssl
Nov 01 09:24:35.797 INFO blam! 
Nov 01 09:24:35.797 INFO blam! test result: FAILED. 0 passed; 1 failed; 0 ignored; 0 measured; 0 filtered out
Nov 01 09:24:35.798 INFO blam! 
Nov 01 09:24:36.310 INFO running `"docker" "rm" "-f" "30c046b94a92fbe76d23d75f151da5dcbe08a33e5f0c3cd1f0fe82bb5d41caaf"`
Nov 01 09:24:36.531 INFO blam! 30c046b94a92fbe76d23d75f151da5dcbe08a33e5f0c3cd1f0fe82bb5d41caaf
