Nov 01 09:35:08.744 INFO testing frigus02/crypto-playground against 1.30.0 for beta-1.31-1
Nov 01 09:35:08.745 INFO running `"docker" "create" "-v" "/mnt/big/crater/work/local/target-dirs/beta-1.31-1/worker-1/1.30.0:/target:rw,Z" "-v" "/mnt/big/crater/work/local/test-source/worker-1/beta-1.31-1/1.30.0:/source:ro,Z" "-v" "/mnt/big/crater/work/local/cargo-home:/cargo-home:ro,Z" "-v" "/mnt/big/crater/work/local/rustup-home:/rustup-home:ro,Z" "-e" "USER_ID=1000" "-e" "SOURCE_DIR=/source" "-e" "USER_ID=1000" "-e" "CMD=cargo +1.30.0 build --frozen" "-e" "CARGO_TARGET_DIR=/target" "-e" "CARGO_INCREMENTAL=0" "-e" "RUST_BACKTRACE=full" "-e" "RUSTFLAGS=--cap-lints=warn" "-e" "CARGO_HOME=/cargo-home" "-e" "RUSTUP_HOME=/rustup-home" "-m" "1536M" "--network" "none" "crater"`
Nov 01 09:35:09.012 INFO blam! dfc228345945c894127fd48b8e5b2505b46246efc9bad2f62ad0a4e5cf028bb9
Nov 01 09:35:09.013 INFO running `"docker" "start" "-a" "dfc228345945c894127fd48b8e5b2505b46246efc9bad2f62ad0a4e5cf028bb9"`
Nov 01 09:35:09.376 INFO kablam! usermod: no changes
Nov 01 09:35:09.418 INFO kablam!    Compiling crypto-playground v0.1.0 (/source)
Nov 01 09:35:10.207 INFO kablam! warning: unused variable: `bytes`
Nov 01 09:35:10.208 INFO kablam!  --> src/challenges/break_repeating_key_xor.rs:9:9
Nov 01 09:35:10.208 INFO kablam!   |
Nov 01 09:35:10.208 INFO kablam! 9 |     let bytes = base64::decode(base64);
Nov 01 09:35:10.209 INFO kablam!   |         ^^^^^ help: consider using `_bytes` instead
Nov 01 09:35:10.209 INFO kablam!   |
Nov 01 09:35:10.209 INFO kablam!   = note: #[warn(unused_variables)] on by default
Nov 01 09:35:10.209 INFO kablam! 
Nov 01 09:35:10.247 INFO kablam! warning: function is never used: `get`
Nov 01 09:35:10.247 INFO kablam!  --> src/analysis/hemming_distance.rs:1:1
Nov 01 09:35:10.247 INFO kablam!   |
Nov 01 09:35:10.247 INFO kablam! 1 | pub fn get(bytes_a: &[u8], bytes_b: &[u8]) -> Result<u8, String> {
Nov 01 09:35:10.247 INFO kablam!   | ^^^^^^^^^^^^^^^^^^^^^^^^^^^^^^^^^^^^^^^^^^^^^^^^^^^^^^^^^^^^^^^^
Nov 01 09:35:10.247 INFO kablam!   |
Nov 01 09:35:10.247 INFO kablam!   = note: #[warn(dead_code)] on by default
Nov 01 09:35:10.247 INFO kablam! 
Nov 01 09:35:11.856 INFO kablam!     Finished dev [unoptimized + debuginfo] target(s) in 2.46s
Nov 01 09:35:11.860 INFO kablam! su: No module specific data is present
Nov 01 09:35:12.447 INFO running `"docker" "rm" "-f" "dfc228345945c894127fd48b8e5b2505b46246efc9bad2f62ad0a4e5cf028bb9"`
Nov 01 09:35:12.845 INFO blam! dfc228345945c894127fd48b8e5b2505b46246efc9bad2f62ad0a4e5cf028bb9
Nov 01 09:35:12.855 INFO running `"docker" "create" "-v" "/mnt/big/crater/work/local/target-dirs/beta-1.31-1/worker-1/1.30.0:/target:rw,Z" "-v" "/mnt/big/crater/work/local/test-source/worker-1/beta-1.31-1/1.30.0:/source:ro,Z" "-v" "/mnt/big/crater/work/local/cargo-home:/cargo-home:ro,Z" "-v" "/mnt/big/crater/work/local/rustup-home:/rustup-home:ro,Z" "-e" "USER_ID=1000" "-e" "SOURCE_DIR=/source" "-e" "USER_ID=1000" "-e" "CMD=cargo +1.30.0 test --frozen --no-run" "-e" "CARGO_TARGET_DIR=/target" "-e" "CARGO_INCREMENTAL=0" "-e" "RUST_BACKTRACE=full" "-e" "RUSTFLAGS=--cap-lints=warn" "-e" "CARGO_HOME=/cargo-home" "-e" "RUSTUP_HOME=/rustup-home" "-m" "1536M" "--network" "none" "crater"`
Nov 01 09:35:13.300 INFO blam! 56d200918d1688905e9e388d173c93c6f46b34af10f02000a380b563e64259d5
Nov 01 09:35:13.315 INFO running `"docker" "start" "-a" "56d200918d1688905e9e388d173c93c6f46b34af10f02000a380b563e64259d5"`
Nov 01 09:35:14.503 INFO kablam! usermod: no changes
Nov 01 09:35:14.559 INFO kablam!    Compiling crypto-playground v0.1.0 (/source)
Nov 01 09:35:15.412 INFO kablam! warning: unused variable: `bytes`
Nov 01 09:35:15.412 INFO kablam!  --> src/challenges/break_repeating_key_xor.rs:9:9
Nov 01 09:35:15.413 INFO kablam!   |
Nov 01 09:35:15.413 INFO kablam! 9 |     let bytes = base64::decode(base64);
Nov 01 09:35:15.413 INFO kablam!   |         ^^^^^ help: consider using `_bytes` instead
Nov 01 09:35:15.413 INFO kablam!   |
Nov 01 09:35:15.413 INFO kablam!   = note: #[warn(unused_variables)] on by default
Nov 01 09:35:15.413 INFO kablam! 
Nov 01 09:35:16.831 INFO kablam!     Finished dev [unoptimized + debuginfo] target(s) in 2.30s
Nov 01 09:35:16.834 INFO kablam! su: No module specific data is present
Nov 01 09:35:17.462 INFO running `"docker" "rm" "-f" "56d200918d1688905e9e388d173c93c6f46b34af10f02000a380b563e64259d5"`
Nov 01 09:35:17.708 INFO blam! 56d200918d1688905e9e388d173c93c6f46b34af10f02000a380b563e64259d5
Nov 01 09:35:17.712 INFO running `"docker" "create" "-v" "/mnt/big/crater/work/local/target-dirs/beta-1.31-1/worker-1/1.30.0:/target:rw,Z" "-v" "/mnt/big/crater/work/local/test-source/worker-1/beta-1.31-1/1.30.0:/source:ro,Z" "-v" "/mnt/big/crater/work/local/cargo-home:/cargo-home:ro,Z" "-v" "/mnt/big/crater/work/local/rustup-home:/rustup-home:ro,Z" "-e" "USER_ID=1000" "-e" "SOURCE_DIR=/source" "-e" "USER_ID=1000" "-e" "CMD=cargo +1.30.0 test --frozen" "-e" "CARGO_TARGET_DIR=/target" "-e" "CARGO_INCREMENTAL=0" "-e" "RUST_BACKTRACE=full" "-e" "RUSTFLAGS=--cap-lints=warn" "-e" "CARGO_HOME=/cargo-home" "-e" "RUSTUP_HOME=/rustup-home" "-m" "1536M" "--network" "none" "crater"`
Nov 01 09:35:18.527 INFO blam! 6dea881fdda81ead45b944f638b42f6f7f463e746e324ce8eedf412bb5579098
Nov 01 09:35:18.531 INFO running `"docker" "start" "-a" "6dea881fdda81ead45b944f638b42f6f7f463e746e324ce8eedf412bb5579098"`
Nov 01 09:35:19.138 INFO kablam! usermod: no changes
Nov 01 09:35:19.177 INFO kablam!     Finished dev [unoptimized + debuginfo] target(s) in 0.02s
Nov 01 09:35:19.180 INFO kablam!      Running /target/debug/deps/crypto_playground-e78321ab6140543d
Nov 01 09:35:19.181 INFO blam! 
Nov 01 09:35:19.181 INFO blam! running 14 tests
Nov 01 09:35:19.190 INFO blam! test analysis::hemming_distance::tests::get_test ... ok
Nov 01 09:35:19.190 INFO blam! test challenges::fixed_xor::tests::run_test ... ok
Nov 01 09:35:19.190 INFO blam! test challenges::repeating_key_xor::tests::run_test ... ok
Nov 01 09:35:19.190 INFO blam! test challenges::hex_to_base64::tests::run_test ... ok
Nov 01 09:35:19.190 INFO blam! test challenges::single_byte_xor::tests::run_test ... ok
Nov 01 09:35:19.190 INFO blam! test encoding::xor::tests::encode_repeating_key_test ... ok
Nov 01 09:35:19.191 INFO blam! test encoding::xor::tests::encode_single_byte_test ... ok
Nov 01 09:35:19.191 INFO blam! test encoding::base64::tests::decode_test ... ok
Nov 01 09:35:19.191 INFO blam! test encoding::xor::tests::encode_fixed_length_test ... ok
Nov 01 09:35:19.191 INFO blam! test encoding::base64::tests::encode_test ... ok
Nov 01 09:35:19.191 INFO blam! test encoding::hex::tests::decode_test ... ok
Nov 01 09:35:19.199 INFO blam! test challenges::detect_single_char_xor::tests::run_test ... ok
Nov 01 09:35:19.199 INFO blam! test encoding::hex::tests::encode_test ... ok
Nov 01 09:35:19.220 INFO blam! test challenges::break_repeating_key_xor::tests::run_test ... FAILED
Nov 01 09:35:19.220 INFO blam! 
Nov 01 09:35:19.220 INFO blam! failures:
Nov 01 09:35:19.220 INFO blam! 
Nov 01 09:35:19.220 INFO blam! ---- challenges::break_repeating_key_xor::tests::run_test stdout ----
Nov 01 09:35:19.220 INFO blam! thread 'challenges::break_repeating_key_xor::tests::run_test' panicked at 'assertion failed: `(left == right)`
Nov 01 09:35:19.220 INFO blam!   left: `"Cooking MC\'s like a pound of bacon"`,
Nov 01 09:35:19.220 INFO blam!  right: `"hello"`', src/challenges/break_repeating_key_xor.rs:28:9
Nov 01 09:35:19.220 INFO blam! stack backtrace:
Nov 01 09:35:19.220 INFO blam!    0:     0x55982f22a83e - std::sys::unix::backtrace::tracing::imp::unwind_backtrace::hf5316c67202e23c8
Nov 01 09:35:19.220 INFO blam!                                at libstd/sys/unix/backtrace/tracing/gcc_s.rs:49
Nov 01 09:35:19.220 INFO blam!    1:     0x55982f21dbe6 - std::sys_common::backtrace::print::h3068ed2a6dc7ac86
Nov 01 09:35:19.220 INFO blam!                                at libstd/sys_common/backtrace.rs:71
Nov 01 09:35:19.220 INFO blam!                                at libstd/sys_common/backtrace.rs:59
Nov 01 09:35:19.220 INFO blam!    2:     0x55982f21bfbd - std::panicking::default_hook::{{closure}}::h1b9d29cc09d41897
Nov 01 09:35:19.220 INFO blam!                                at libstd/panicking.rs:211
Nov 01 09:35:19.220 INFO blam!    3:     0x55982f21bccb - std::panicking::default_hook::h3a27b204a313406b
Nov 01 09:35:19.220 INFO blam!                                at libstd/panicking.rs:221
Nov 01 09:35:19.220 INFO blam!    4:     0x55982f21c66c - std::panicking::rust_panic_with_hook::h0e12cb2fc86d00fa
Nov 01 09:35:19.220 INFO blam!                                at libstd/panicking.rs:477
Nov 01 09:35:19.220 INFO blam!    5:     0x55982f21c229 - std::panicking::continue_panic_fmt::h141671b29fe0e27d
Nov 01 09:35:19.220 INFO blam!                                at libstd/panicking.rs:391
Nov 01 09:35:19.220 INFO blam!    6:     0x55982f21c18d - std::panicking::begin_panic_fmt::h598547fc766c278a
Nov 01 09:35:19.220 INFO blam!                                at libstd/panicking.rs:346
Nov 01 09:35:19.220 INFO blam!    7:     0x55982f1b8f3c - crypto_playground::challenges::break_repeating_key_xor::tests::run_test::h2510a79ba66d324e
Nov 01 09:35:19.220 INFO blam!                                at src/challenges/break_repeating_key_xor.rs:28
Nov 01 09:35:19.220 INFO blam!    8:     0x55982f1b8aa9 - crypto_playground::challenges::break_repeating_key_xor::tests::run_test::{{closure}}::h72ab6c69b17a416f
Nov 01 09:35:19.220 INFO blam!                                at src/challenges/break_repeating_key_xor.rs:21
Nov 01 09:35:19.220 INFO blam!    9:     0x55982f1b1e7d - core::ops::function::FnOnce::call_once::hd4915ed9ba2a3c6c
Nov 01 09:35:19.220 INFO blam!                                at libcore/ops/function.rs:238
Nov 01 09:35:19.220 INFO blam!   10:     0x55982f1c62ee - <F as alloc::boxed::FnBox<A>>::call_box::ha9910eac2d17ff23
Nov 01 09:35:19.220 INFO blam!                                at libtest/lib.rs:1461
Nov 01 09:35:19.220 INFO blam!                                at libcore/ops/function.rs:238
Nov 01 09:35:19.220 INFO blam!                                at liballoc/boxed.rs:646
Nov 01 09:35:19.220 INFO blam!   11:     0x55982f2396b9 - __rust_maybe_catch_panic
Nov 01 09:35:19.220 INFO blam!                                at libpanic_unwind/lib.rs:103
Nov 01 09:35:19.220 INFO blam!   12:     0x55982f1d1bfd - std::sys_common::backtrace::__rust_begin_short_backtrace::h470b05235fe5e5ad
Nov 01 09:35:19.220 INFO blam!                                at libstd/panicking.rs:289
Nov 01 09:35:19.220 INFO blam!                                at libstd/panic.rs:392
Nov 01 09:35:19.220 INFO blam!                                at libtest/lib.rs:1416
Nov 01 09:35:19.220 INFO blam!                                at libstd/sys_common/backtrace.rs:136
Nov 01 09:35:19.220 INFO blam!   13:     0x55982f1ea234 - std::panicking::try::do_call::h1f0578498122cc00
Nov 01 09:35:19.220 INFO blam!                                at libstd/thread/mod.rs:409
Nov 01 09:35:19.220 INFO blam!                                at libstd/panic.rs:313
Nov 01 09:35:19.220 INFO blam!                                at libstd/panicking.rs:310
Nov 01 09:35:19.220 INFO blam!   14:     0x55982f2396b9 - __rust_maybe_catch_panic
Nov 01 09:35:19.220 INFO blam!                                at libpanic_unwind/lib.rs:103
Nov 01 09:35:19.220 INFO blam!   15:     0x55982f1dab06 - <F as alloc::boxed::FnBox<A>>::call_box::h7b129f9f235ab460
Nov 01 09:35:19.220 INFO blam!                                at libstd/panicking.rs:289
Nov 01 09:35:19.220 INFO blam!                                at libstd/panic.rs:392
Nov 01 09:35:19.220 INFO blam!                                at libstd/thread/mod.rs:408
Nov 01 09:35:19.220 INFO blam!                                at liballoc/boxed.rs:646
Nov 01 09:35:19.220 INFO blam!   16:     0x55982f22c15a - std::sys_common::thread::start_thread::hb77935aee02382da
Nov 01 09:35:19.220 INFO blam!                                at liballoc/boxed.rs:656
Nov 01 09:35:19.220 INFO blam!                                at libstd/sys_common/thread.rs:24
Nov 01 09:35:19.220 INFO blam!   17:     0x55982f21ce25 - std::sys::unix::thread::Thread::new::thread_start::hd61f7429b3de1d75
Nov 01 09:35:19.220 INFO blam!                                at libstd/sys/unix/thread.rs:90
Nov 01 09:35:19.220 INFO blam!   18:     0x7f62a0aa56b9 - start_thread
Nov 01 09:35:19.220 INFO blam!   19:     0x7f62a05c541c - clone
Nov 01 09:35:19.220 INFO blam!   20:                0x0 - <unknown>
Nov 01 09:35:19.220 INFO blam! 
Nov 01 09:35:19.220 INFO blam! 
Nov 01 09:35:19.220 INFO blam! failures:
Nov 01 09:35:19.220 INFO blam!     challenges::break_repeating_key_xor::tests::run_test
Nov 01 09:35:19.220 INFO blam! 
Nov 01 09:35:19.220 INFO blam! test result: FAILED. 13 passed; 1 failed; 0 ignored; 0 measured; 0 filtered out
Nov 01 09:35:19.220 INFO blam! 
Nov 01 09:35:19.222 INFO kablam! error: test failed, to rerun pass '--bin crypto-playground'
Nov 01 09:35:19.222 INFO kablam! su: No module specific data is present
Nov 01 09:35:19.511 INFO running `"docker" "rm" "-f" "6dea881fdda81ead45b944f638b42f6f7f463e746e324ce8eedf412bb5579098"`
Nov 01 09:35:19.665 INFO blam! 6dea881fdda81ead45b944f638b42f6f7f463e746e324ce8eedf412bb5579098
