Nov 01 10:41:00.562 INFO testing eightbitraptor/otaku_v2 against beta-2018-10-30 for beta-1.31-1
Nov 01 10:41:00.562 INFO running `"docker" "create" "-v" "/mnt/big/crater/work/local/target-dirs/beta-1.31-1/worker-6/beta-2018-10-30:/target:rw,Z" "-v" "/mnt/big/crater/work/local/test-source/worker-6/beta-1.31-1/beta-2018-10-30:/source:ro,Z" "-v" "/mnt/big/crater/work/local/cargo-home:/cargo-home:ro,Z" "-v" "/mnt/big/crater/work/local/rustup-home:/rustup-home:ro,Z" "-e" "USER_ID=1000" "-e" "SOURCE_DIR=/source" "-e" "USER_ID=1000" "-e" "CMD=cargo +beta-2018-10-30 build --frozen" "-e" "CARGO_TARGET_DIR=/target" "-e" "CARGO_INCREMENTAL=0" "-e" "RUST_BACKTRACE=full" "-e" "RUSTFLAGS=--cap-lints=warn" "-e" "CARGO_HOME=/cargo-home" "-e" "RUSTUP_HOME=/rustup-home" "-m" "1536M" "--network" "none" "crater"`
Nov 01 10:41:00.973 INFO blam! 4b3500dca687f3a288b1b6042433bef199e9de5c9689f8b5e0668337430d8e2a
Nov 01 10:41:00.974 INFO running `"docker" "start" "-a" "4b3500dca687f3a288b1b6042433bef199e9de5c9689f8b5e0668337430d8e2a"`
Nov 01 10:41:02.095 INFO kablam! usermod: no changes
Nov 01 10:41:02.349 INFO kablam!    Compiling sqlite3-sys v0.12.0
Nov 01 10:41:02.351 INFO kablam!    Compiling serde_urlencoded v0.5.2
Nov 01 10:41:02.358 INFO kablam!    Compiling tokio-proto v0.1.1
Nov 01 10:41:02.359 INFO kablam!    Compiling tokio-tls v0.1.4
Nov 01 10:41:03.523 INFO kablam!    Compiling sqlite v0.23.9
Nov 01 10:41:08.712 INFO kablam!    Compiling hyper v0.11.27
Nov 01 10:41:19.211 INFO kablam!    Compiling hyper-tls v0.1.3
Nov 01 10:41:21.508 INFO kablam!    Compiling reqwest v0.8.5
Nov 01 10:41:29.824 INFO kablam!    Compiling otaku v0.1.0 (/source)
Nov 01 10:41:36.465 INFO kablam!     Finished dev [unoptimized + debuginfo] target(s) in 34.36s
Nov 01 10:41:36.487 INFO kablam! su: No module specific data is present
Nov 01 10:41:37.370 INFO running `"docker" "rm" "-f" "4b3500dca687f3a288b1b6042433bef199e9de5c9689f8b5e0668337430d8e2a"`
Nov 01 10:41:37.611 INFO blam! 4b3500dca687f3a288b1b6042433bef199e9de5c9689f8b5e0668337430d8e2a
Nov 01 10:41:37.619 INFO running `"docker" "create" "-v" "/mnt/big/crater/work/local/target-dirs/beta-1.31-1/worker-6/beta-2018-10-30:/target:rw,Z" "-v" "/mnt/big/crater/work/local/test-source/worker-6/beta-1.31-1/beta-2018-10-30:/source:ro,Z" "-v" "/mnt/big/crater/work/local/cargo-home:/cargo-home:ro,Z" "-v" "/mnt/big/crater/work/local/rustup-home:/rustup-home:ro,Z" "-e" "USER_ID=1000" "-e" "SOURCE_DIR=/source" "-e" "USER_ID=1000" "-e" "CMD=cargo +beta-2018-10-30 test --frozen --no-run" "-e" "CARGO_TARGET_DIR=/target" "-e" "CARGO_INCREMENTAL=0" "-e" "RUST_BACKTRACE=full" "-e" "RUSTFLAGS=--cap-lints=warn" "-e" "CARGO_HOME=/cargo-home" "-e" "RUSTUP_HOME=/rustup-home" "-m" "1536M" "--network" "none" "crater"`
Nov 01 10:41:38.087 INFO blam! 898de741ba0df949d75252258da42e106025bb914f5129749e0c1363136c3b03
Nov 01 10:41:38.111 INFO running `"docker" "start" "-a" "898de741ba0df949d75252258da42e106025bb914f5129749e0c1363136c3b03"`
Nov 01 10:41:39.823 INFO kablam! usermod: no changes
Nov 01 10:41:40.147 INFO kablam!    Compiling nanoid v0.2.0
Nov 01 10:41:40.149 INFO kablam!    Compiling quote v0.6.2
Nov 01 10:41:40.150 INFO kablam!    Compiling rayon v1.0.1
Nov 01 10:41:44.379 INFO kablam!    Compiling syn v0.14.0
Nov 01 10:41:48.027 INFO kablam!    Compiling jpeg-decoder v0.1.14
Nov 01 10:41:56.139 INFO kablam!    Compiling num-derive v0.2.2
Nov 01 10:41:59.099 INFO kablam!    Compiling image v0.19.0
Nov 01 10:42:13.580 INFO kablam!    Compiling otaku v0.1.0 (/source)
Nov 01 10:42:21.746 INFO kablam!     Finished dev [unoptimized + debuginfo] target(s) in 41.89s
Nov 01 10:42:21.771 INFO kablam! su: No module specific data is present
Nov 01 10:42:23.001 INFO running `"docker" "rm" "-f" "898de741ba0df949d75252258da42e106025bb914f5129749e0c1363136c3b03"`
Nov 01 10:42:23.279 INFO blam! 898de741ba0df949d75252258da42e106025bb914f5129749e0c1363136c3b03
Nov 01 10:42:23.281 INFO running `"docker" "create" "-v" "/mnt/big/crater/work/local/target-dirs/beta-1.31-1/worker-6/beta-2018-10-30:/target:rw,Z" "-v" "/mnt/big/crater/work/local/test-source/worker-6/beta-1.31-1/beta-2018-10-30:/source:ro,Z" "-v" "/mnt/big/crater/work/local/cargo-home:/cargo-home:ro,Z" "-v" "/mnt/big/crater/work/local/rustup-home:/rustup-home:ro,Z" "-e" "USER_ID=1000" "-e" "SOURCE_DIR=/source" "-e" "USER_ID=1000" "-e" "CMD=cargo +beta-2018-10-30 test --frozen" "-e" "CARGO_TARGET_DIR=/target" "-e" "CARGO_INCREMENTAL=0" "-e" "RUST_BACKTRACE=full" "-e" "RUSTFLAGS=--cap-lints=warn" "-e" "CARGO_HOME=/cargo-home" "-e" "RUSTUP_HOME=/rustup-home" "-m" "1536M" "--network" "none" "crater"`
Nov 01 10:42:23.746 INFO blam! 50bc1c2b5d7128e96f146ed2f5e026693b2af1da65d3761bef6288980642f8a4
Nov 01 10:42:23.748 INFO running `"docker" "start" "-a" "50bc1c2b5d7128e96f146ed2f5e026693b2af1da65d3761bef6288980642f8a4"`
Nov 01 10:42:25.303 INFO kablam! usermod: no changes
Nov 01 10:42:25.587 INFO kablam!     Finished dev [unoptimized + debuginfo] target(s) in 0.26s
Nov 01 10:42:25.606 INFO kablam!      Running /target/debug/deps/otaku-cd88af8774a51a58
Nov 01 10:42:25.621 INFO blam! 
Nov 01 10:42:25.621 INFO blam! running 8 tests
Nov 01 10:42:25.638 INFO blam! test catalogue::tests::test_we_can_open_the_db ... ok
Nov 01 10:42:25.639 INFO blam! test catalogue::tests::test_db_state_when_db_is_not_bootstrapped ... ok
Nov 01 10:42:25.648 INFO blam! test catalogue::tests::test_db_state_when_db_is_badly_bootstrapped ... ok
Nov 01 10:42:25.707 INFO blam! test catalogue::tests::test_we_can_bootstrap_the_db ... ok
Nov 01 10:42:25.711 INFO blam! test catalogue::tests::test_db_state_when_db_db_state ... ok
Nov 01 10:42:25.736 INFO blam! test catalogue::tests::test_inserting_images_into_the_catalogue ... ok
Nov 01 10:42:25.915 INFO blam! test downloader::tests::test_it_downloads_an_image_from_a_url ... FAILED
Nov 01 10:42:25.916 INFO blam! test downloader::tests::test_it_can_open_the_saved_image ... FAILED
Nov 01 10:42:25.916 INFO blam! 
Nov 01 10:42:25.916 INFO blam! failures:
Nov 01 10:42:25.916 INFO blam! 
Nov 01 10:42:25.916 INFO blam! ---- downloader::tests::test_it_downloads_an_image_from_a_url stdout ----
Nov 01 10:42:25.916 INFO blam! thread 'downloader::tests::test_it_downloads_an_image_from_a_url' panicked at 'failed to download file: OtakuError', libcore/result.rs:1009:5
Nov 01 10:42:25.916 INFO blam! stack backtrace:
Nov 01 10:42:25.916 INFO blam!    0:     0x556991b8dddf - std::sys::unix::backtrace::tracing::imp::unwind_backtrace::h3c55afa80a996a32
Nov 01 10:42:25.916 INFO blam!                                at libstd/sys/unix/backtrace/tracing/gcc_s.rs:49
Nov 01 10:42:25.916 INFO blam!    1:     0x556991b97737 - std::sys_common::backtrace::print::hcef907ea7a07cd40
Nov 01 10:42:25.916 INFO blam!                                at libstd/sys_common/backtrace.rs:71
Nov 01 10:42:25.916 INFO blam!                                at libstd/sys_common/backtrace.rs:59
Nov 01 10:42:25.916 INFO blam!    2:     0x556991b9213f - std::panicking::default_hook::{{closure}}::hf541876c65f36ea7
Nov 01 10:42:25.916 INFO blam!                                at libstd/panicking.rs:211
Nov 01 10:42:25.916 INFO blam!    3:     0x556991b91e3e - std::panicking::default_hook::h4ecc06b30ae4459d
Nov 01 10:42:25.916 INFO blam!                                at libstd/panicking.rs:221
Nov 01 10:42:25.916 INFO blam!    4:     0x556991b9281e - std::panicking::rust_panic_with_hook::h0cc6d9cc9f34a947
Nov 01 10:42:25.916 INFO blam!                                at libstd/panicking.rs:476
Nov 01 10:42:25.916 INFO blam!    5:     0x556991b923c1 - std::panicking::continue_panic_fmt::hc71ad5f01496e320
Nov 01 10:42:25.916 INFO blam!                                at libstd/panicking.rs:390
Nov 01 10:42:25.916 INFO blam!    6:     0x556991b922a5 - rust_begin_unwind
Nov 01 10:42:25.916 INFO blam!                                at libstd/panicking.rs:325
Nov 01 10:42:25.916 INFO blam!    7:     0x556991bd36fc - core::panicking::panic_fmt::ha71638b7d4f53c35
Nov 01 10:42:25.916 INFO blam!                                at libcore/panicking.rs:77
Nov 01 10:42:25.916 INFO blam!    8:     0x5569917820e1 - core::result::unwrap_failed::ha6104a44d341345b
Nov 01 10:42:25.916 INFO blam!                                at libcore/macros.rs:26
Nov 01 10:42:25.916 INFO blam!    9:     0x556991781150 - <core::result::Result<T, E>>::expect::h4df579c69a097043
Nov 01 10:42:25.916 INFO blam!                                at libcore/result.rs:835
Nov 01 10:42:25.916 INFO blam!   10:     0x55699178697e - otaku::downloader::tests::test_it_downloads_an_image_from_a_url::h65fac5b545d67712
Nov 01 10:42:25.916 INFO blam!                                at src/downloader.rs:34
Nov 01 10:42:25.916 INFO blam!   11:     0x5569917868e9 - otaku::downloader::tests::test_it_downloads_an_image_from_a_url::{{closure}}::h96d03ddf0293d6f7
Nov 01 10:42:25.916 INFO blam!                                at src/downloader.rs:29
Nov 01 10:42:25.916 INFO blam!   12:     0x55699178932d - core::ops::function::FnOnce::call_once::h8385dbaa70273b70
Nov 01 10:42:25.916 INFO blam!                                at libcore/ops/function.rs:238
Nov 01 10:42:25.916 INFO blam!   13:     0x55699178d27e - <F as alloc::boxed::FnBox<A>>::call_box::hf32558bd83684b60
Nov 01 10:42:25.916 INFO blam!                                at libtest/lib.rs:1468
Nov 01 10:42:25.916 INFO blam!                                at libcore/ops/function.rs:238
Nov 01 10:42:25.916 INFO blam!                                at liballoc/boxed.rs:672
Nov 01 10:42:25.916 INFO blam!   14:     0x556991ba2969 - __rust_maybe_catch_panic
Nov 01 10:42:25.917 INFO blam!                                at libpanic_unwind/lib.rs:102
Nov 01 10:42:25.917 INFO blam!   15:     0x5569917aeee2 - std::sys_common::backtrace::__rust_begin_short_backtrace::h1bb71a7386fd3269
Nov 01 10:42:25.917 INFO blam!                                at libstd/panicking.rs:289
Nov 01 10:42:25.917 INFO blam!                                at libstd/panic.rs:392
Nov 01 10:42:25.917 INFO blam!                                at libtest/lib.rs:1423
Nov 01 10:42:25.917 INFO blam!                                at libstd/sys_common/backtrace.rs:136
Nov 01 10:42:25.917 INFO blam!   16:     0x5569917af994 - std::panicking::try::do_call::h9b94719c3074bb5c
Nov 01 10:42:25.917 INFO blam!                                at libstd/thread/mod.rs:409
Nov 01 10:42:25.917 INFO blam!                                at libstd/panic.rs:313
Nov 01 10:42:25.917 INFO blam!                                at libstd/panicking.rs:310
Nov 01 10:42:25.917 INFO blam!   17:     0x556991ba2969 - __rust_maybe_catch_panic
Nov 01 10:42:25.917 INFO blam!                                at libpanic_unwind/lib.rs:102
Nov 01 10:42:25.917 INFO blam!   18:     0x55699179cbbc - <F as alloc::boxed::FnBox<A>>::call_box::hb3bcd66d16fd3e84
Nov 01 10:42:25.917 INFO blam!                                at libstd/panicking.rs:289
Nov 01 10:42:25.917 INFO blam!                                at libstd/panic.rs:392
Nov 01 10:42:25.917 INFO blam!                                at libstd/thread/mod.rs:408
Nov 01 10:42:25.917 INFO blam!                                at liballoc/boxed.rs:672
Nov 01 10:42:25.917 INFO blam!   19:     0x556991b8fe3d - std::sys_common::thread::start_thread::had0c80d121669d29
Nov 01 10:42:25.917 INFO blam!                                at liballoc/boxed.rs:682
Nov 01 10:42:25.917 INFO blam!                                at libstd/sys_common/thread.rs:24
Nov 01 10:42:25.917 INFO blam!   20:     0x556991b82845 - std::sys::unix::thread::Thread::new::thread_start::h4a5b66a70d76f47f
Nov 01 10:42:25.917 INFO blam!                                at libstd/sys/unix/thread.rs:90
Nov 01 10:42:25.917 INFO blam!   21:     0x7f7dbe5ad6b9 - start_thread
Nov 01 10:42:25.917 INFO blam!   22:     0x7f7dbe0cd41c - clone
Nov 01 10:42:25.917 INFO blam!   23:                0x0 - <unknown>
Nov 01 10:42:25.917 INFO blam! 
Nov 01 10:42:25.917 INFO blam! ---- downloader::tests::test_it_can_open_the_saved_image stdout ----
Nov 01 10:42:25.917 INFO blam! thread 'downloader::tests::test_it_can_open_the_saved_image' panicked at 'failed to download file: OtakuError', libcore/result.rs:1009:5
Nov 01 10:42:25.917 INFO blam! stack backtrace:
Nov 01 10:42:25.917 INFO blam!    0:     0x556991b8dddf - std::sys::unix::backtrace::tracing::imp::unwind_backtrace::h3c55afa80a996a32
Nov 01 10:42:25.917 INFO blam!                                at libstd/sys/unix/backtrace/tracing/gcc_s.rs:49
Nov 01 10:42:25.917 INFO blam!    1:     0x556991b97737 - std::sys_common::backtrace::print::hcef907ea7a07cd40
Nov 01 10:42:25.917 INFO blam!                                at libstd/sys_common/backtrace.rs:71
Nov 01 10:42:25.917 INFO blam!                                at libstd/sys_common/backtrace.rs:59
Nov 01 10:42:25.917 INFO blam!    2:     0x556991b9213f - std::panicking::default_hook::{{closure}}::hf541876c65f36ea7
Nov 01 10:42:25.917 INFO blam!                                at libstd/panicking.rs:211
Nov 01 10:42:25.917 INFO blam!    3:     0x556991b91e3e - std::panicking::default_hook::h4ecc06b30ae4459d
Nov 01 10:42:25.917 INFO blam!                                at libstd/panicking.rs:221
Nov 01 10:42:25.917 INFO blam!    4:     0x556991b9281e - std::panicking::rust_panic_with_hook::h0cc6d9cc9f34a947
Nov 01 10:42:25.917 INFO blam!                                at libstd/panicking.rs:476
Nov 01 10:42:25.917 INFO blam!    5:     0x556991b923c1 - std::panicking::continue_panic_fmt::hc71ad5f01496e320
Nov 01 10:42:25.917 INFO blam!                                at libstd/panicking.rs:390
Nov 01 10:42:25.917 INFO blam!    6:     0x556991b922a5 - rust_begin_unwind
Nov 01 10:42:25.917 INFO blam!                                at libstd/panicking.rs:325
Nov 01 10:42:25.917 INFO blam!    7:     0x556991bd36fc - core::panicking::panic_fmt::ha71638b7d4f53c35
Nov 01 10:42:25.917 INFO blam!                                at libcore/panicking.rs:77
Nov 01 10:42:25.917 INFO blam!    8:     0x5569917820e1 - core::result::unwrap_failed::ha6104a44d341345b
Nov 01 10:42:25.917 INFO blam!                                at libcore/macros.rs:26
Nov 01 10:42:25.917 INFO blam!    9:     0x556991781150 - <core::result::Result<T, E>>::expect::h4df579c69a097043
Nov 01 10:42:25.917 INFO blam!                                at libcore/result.rs:835
Nov 01 10:42:25.917 INFO blam!   10:     0x556991786b67 - otaku::downloader::tests::test_it_can_open_the_saved_image::he7b2ec6b7859aee0
Nov 01 10:42:25.917 INFO blam!                                at src/downloader.rs:48
Nov 01 10:42:25.917 INFO blam!   11:     0x556991786ac9 - otaku::downloader::tests::test_it_can_open_the_saved_image::{{closure}}::he77bc85fc782b891
Nov 01 10:42:25.917 INFO blam!                                at src/downloader.rs:40
Nov 01 10:42:25.917 INFO blam!   12:     0x55699178936d - core::ops::function::FnOnce::call_once::ha110badf86ffd0fc
Nov 01 10:42:25.917 INFO blam!                                at libcore/ops/function.rs:238
Nov 01 10:42:25.917 INFO blam!   13:     0x55699178d27e - <F as alloc::boxed::FnBox<A>>::call_box::hf32558bd83684b60
Nov 01 10:42:25.917 INFO blam!                                at libtest/lib.rs:1468
Nov 01 10:42:25.917 INFO blam!                                at libcore/ops/function.rs:238
Nov 01 10:42:25.917 INFO blam!                                at liballoc/boxed.rs:672
Nov 01 10:42:25.917 INFO blam!   14:     0x556991ba2969 - __rust_maybe_catch_panic
Nov 01 10:42:25.917 INFO blam!                                at libpanic_unwind/lib.rs:102
Nov 01 10:42:25.917 INFO blam!   15:     0x5569917aeee2 - std::sys_common::backtrace::__rust_begin_short_backtrace::h1bb71a7386fd3269
Nov 01 10:42:25.917 INFO blam!                                at libstd/panicking.rs:289
Nov 01 10:42:25.917 INFO blam!                                at libstd/panic.rs:392
Nov 01 10:42:25.917 INFO blam!                                at libtest/lib.rs:1423
Nov 01 10:42:25.918 INFO blam!                                at libstd/sys_common/backtrace.rs:136
Nov 01 10:42:25.918 INFO blam!   16:     0x5569917af994 - std::panicking::try::do_call::h9b94719c3074bb5c
Nov 01 10:42:25.918 INFO blam!                                at libstd/thread/mod.rs:409
Nov 01 10:42:25.918 INFO blam!                                at libstd/panic.rs:313
Nov 01 10:42:25.918 INFO blam!                                at libstd/panicking.rs:310
Nov 01 10:42:25.918 INFO blam!   17:     0x556991ba2969 - __rust_maybe_catch_panic
Nov 01 10:42:25.918 INFO blam!                                at libpanic_unwind/lib.rs:102
Nov 01 10:42:25.918 INFO blam!   18:     0x55699179cbbc - <F as alloc::boxed::FnBox<A>>::call_box::hb3bcd66d16fd3e84
Nov 01 10:42:25.918 INFO blam!                                at libstd/panicking.rs:289
Nov 01 10:42:25.918 INFO blam!                                at libstd/panic.rs:392
Nov 01 10:42:25.918 INFO blam!                                at libstd/thread/mod.rs:408
Nov 01 10:42:25.918 INFO blam!                                at liballoc/boxed.rs:672
Nov 01 10:42:25.918 INFO blam!   19:     0x556991b8fe3d - std::sys_common::thread::start_thread::had0c80d121669d29
Nov 01 10:42:25.918 INFO blam!                                at liballoc/boxed.rs:682
Nov 01 10:42:25.918 INFO blam!                                at libstd/sys_common/thread.rs:24
Nov 01 10:42:25.918 INFO blam!   20:     0x556991b82845 - std::sys::unix::thread::Thread::new::thread_start::h4a5b66a70d76f47f
Nov 01 10:42:25.918 INFO blam!                                at libstd/sys/unix/thread.rs:90
Nov 01 10:42:25.918 INFO blam!   21:     0x7f7dbe5ad6b9 - start_thread
Nov 01 10:42:25.918 INFO blam!   22:     0x7f7dbe0cd41c - clone
Nov 01 10:42:25.918 INFO blam!   23:                0x0 - <unknown>
Nov 01 10:42:25.918 INFO blam! 
Nov 01 10:42:25.918 INFO blam! 
Nov 01 10:42:25.918 INFO blam! failures:
Nov 01 10:42:25.918 INFO blam!     downloader::tests::test_it_can_open_the_saved_image
Nov 01 10:42:25.918 INFO blam!     downloader::tests::test_it_downloads_an_image_from_a_url
Nov 01 10:42:25.918 INFO blam! 
Nov 01 10:42:25.918 INFO blam! test result: FAILED. 6 passed; 2 failed; 0 ignored; 0 measured; 0 filtered out
Nov 01 10:42:25.918 INFO blam! 
Nov 01 10:42:25.924 INFO kablam! error: test failed, to rerun pass '--bin otaku'
Nov 01 10:42:25.932 INFO kablam! su: No module specific data is present
Nov 01 10:42:26.858 INFO running `"docker" "rm" "-f" "50bc1c2b5d7128e96f146ed2f5e026693b2af1da65d3761bef6288980642f8a4"`
Nov 01 10:42:27.127 INFO blam! 50bc1c2b5d7128e96f146ed2f5e026693b2af1da65d3761bef6288980642f8a4
