Nov 01 10:41:00.589 INFO testing eightbitraptor/otaku_v2 against 1.30.0 for beta-1.31-1
Nov 01 10:41:00.591 INFO running `"docker" "create" "-v" "/mnt/big/crater/work/local/target-dirs/beta-1.31-1/worker-5/1.30.0:/target:rw,Z" "-v" "/mnt/big/crater/work/local/test-source/worker-5/beta-1.31-1/1.30.0:/source:ro,Z" "-v" "/mnt/big/crater/work/local/cargo-home:/cargo-home:ro,Z" "-v" "/mnt/big/crater/work/local/rustup-home:/rustup-home:ro,Z" "-e" "USER_ID=1000" "-e" "SOURCE_DIR=/source" "-e" "USER_ID=1000" "-e" "CMD=cargo +1.30.0 build --frozen" "-e" "CARGO_TARGET_DIR=/target" "-e" "CARGO_INCREMENTAL=0" "-e" "RUST_BACKTRACE=full" "-e" "RUSTFLAGS=--cap-lints=warn" "-e" "CARGO_HOME=/cargo-home" "-e" "RUSTUP_HOME=/rustup-home" "-m" "1536M" "--network" "none" "crater"`
Nov 01 10:41:01.008 INFO blam! ac2a70ddf77c387a2a2c3e00afacd6d25a35b95fedb5c592e533eb85927d643a
Nov 01 10:41:01.015 INFO running `"docker" "start" "-a" "ac2a70ddf77c387a2a2c3e00afacd6d25a35b95fedb5c592e533eb85927d643a"`
Nov 01 10:41:02.107 INFO kablam! usermod: no changes
Nov 01 10:41:02.399 INFO kablam!    Compiling sqlite3-src v0.2.9
Nov 01 10:41:02.399 INFO kablam!    Compiling bytes v0.4.7
Nov 01 10:41:02.399 INFO kablam!    Compiling serde_urlencoded v0.5.2
Nov 01 10:41:04.409 INFO kablam!    Compiling sqlite3-sys v0.12.0
Nov 01 10:41:05.285 INFO kablam!    Compiling sqlite v0.23.9
Nov 01 10:41:05.729 INFO kablam!    Compiling tokio-io v0.1.6
Nov 01 10:41:08.279 INFO kablam!    Compiling tokio-reactor v0.1.1
Nov 01 10:41:08.279 INFO kablam!    Compiling tokio-fs v0.1.0
Nov 01 10:41:11.167 INFO kablam!    Compiling tokio-udp v0.1.0
Nov 01 10:41:11.167 INFO kablam!    Compiling tokio-tcp v0.1.0
Nov 01 10:41:12.748 INFO kablam!    Compiling tokio v0.1.6
Nov 01 10:41:14.941 INFO kablam!    Compiling tokio-core v0.1.17
Nov 01 10:41:18.319 INFO kablam!    Compiling tokio-proto v0.1.1
Nov 01 10:41:18.319 INFO kablam!    Compiling tokio-tls v0.1.4
Nov 01 10:41:22.537 INFO kablam!    Compiling hyper v0.11.27
Nov 01 10:41:33.695 INFO kablam!    Compiling hyper-tls v0.1.3
Nov 01 10:41:36.267 INFO kablam!    Compiling reqwest v0.8.5
Nov 01 10:41:46.564 INFO kablam!    Compiling otaku v0.1.0 (/source)
Nov 01 10:41:53.288 INFO kablam!     Finished dev [unoptimized + debuginfo] target(s) in 51.16s
Nov 01 10:41:53.301 INFO kablam! su: No module specific data is present
Nov 01 10:41:54.441 INFO running `"docker" "rm" "-f" "ac2a70ddf77c387a2a2c3e00afacd6d25a35b95fedb5c592e533eb85927d643a"`
Nov 01 10:41:54.657 INFO blam! ac2a70ddf77c387a2a2c3e00afacd6d25a35b95fedb5c592e533eb85927d643a
Nov 01 10:41:54.665 INFO running `"docker" "create" "-v" "/mnt/big/crater/work/local/target-dirs/beta-1.31-1/worker-5/1.30.0:/target:rw,Z" "-v" "/mnt/big/crater/work/local/test-source/worker-5/beta-1.31-1/1.30.0:/source:ro,Z" "-v" "/mnt/big/crater/work/local/cargo-home:/cargo-home:ro,Z" "-v" "/mnt/big/crater/work/local/rustup-home:/rustup-home:ro,Z" "-e" "USER_ID=1000" "-e" "SOURCE_DIR=/source" "-e" "USER_ID=1000" "-e" "CMD=cargo +1.30.0 test --frozen --no-run" "-e" "CARGO_TARGET_DIR=/target" "-e" "CARGO_INCREMENTAL=0" "-e" "RUST_BACKTRACE=full" "-e" "RUSTFLAGS=--cap-lints=warn" "-e" "CARGO_HOME=/cargo-home" "-e" "RUSTUP_HOME=/rustup-home" "-m" "1536M" "--network" "none" "crater"`
Nov 01 10:41:55.093 INFO blam! 0878cd436d71d22e2a2f6451dc42c079936e1fda2d94939f9c38c9db7b419748
Nov 01 10:41:55.095 INFO running `"docker" "start" "-a" "0878cd436d71d22e2a2f6451dc42c079936e1fda2d94939f9c38c9db7b419748"`
Nov 01 10:41:56.438 INFO kablam! usermod: no changes
Nov 01 10:41:56.759 INFO kablam!    Compiling nanoid v0.2.0
Nov 01 10:41:56.765 INFO kablam!    Compiling syn v0.14.0
Nov 01 10:41:56.766 INFO kablam!    Compiling rayon-core v1.4.0
Nov 01 10:41:59.992 INFO kablam!    Compiling rayon v1.0.1
Nov 01 10:42:05.821 INFO kablam!    Compiling jpeg-decoder v0.1.14
Nov 01 10:42:08.583 INFO kablam!    Compiling num-derive v0.2.2
Nov 01 10:42:12.995 INFO kablam!    Compiling image v0.19.0
Nov 01 10:42:27.395 INFO kablam!    Compiling otaku v0.1.0 (/source)
Nov 01 10:42:35.275 INFO kablam!     Finished dev [unoptimized + debuginfo] target(s) in 38.81s
Nov 01 10:42:35.299 INFO kablam! su: No module specific data is present
Nov 01 10:42:35.889 INFO running `"docker" "rm" "-f" "0878cd436d71d22e2a2f6451dc42c079936e1fda2d94939f9c38c9db7b419748"`
Nov 01 10:42:36.065 INFO blam! 0878cd436d71d22e2a2f6451dc42c079936e1fda2d94939f9c38c9db7b419748
Nov 01 10:42:36.071 INFO running `"docker" "create" "-v" "/mnt/big/crater/work/local/target-dirs/beta-1.31-1/worker-5/1.30.0:/target:rw,Z" "-v" "/mnt/big/crater/work/local/test-source/worker-5/beta-1.31-1/1.30.0:/source:ro,Z" "-v" "/mnt/big/crater/work/local/cargo-home:/cargo-home:ro,Z" "-v" "/mnt/big/crater/work/local/rustup-home:/rustup-home:ro,Z" "-e" "USER_ID=1000" "-e" "SOURCE_DIR=/source" "-e" "USER_ID=1000" "-e" "CMD=cargo +1.30.0 test --frozen" "-e" "CARGO_TARGET_DIR=/target" "-e" "CARGO_INCREMENTAL=0" "-e" "RUST_BACKTRACE=full" "-e" "RUSTFLAGS=--cap-lints=warn" "-e" "CARGO_HOME=/cargo-home" "-e" "RUSTUP_HOME=/rustup-home" "-m" "1536M" "--network" "none" "crater"`
Nov 01 10:42:36.283 INFO blam! 53f61a60583016e6a3f03ae867faf6491788b12ca56c8094807638ec3ea2ec17
Nov 01 10:42:36.285 INFO running `"docker" "start" "-a" "53f61a60583016e6a3f03ae867faf6491788b12ca56c8094807638ec3ea2ec17"`
Nov 01 10:42:36.945 INFO kablam! usermod: no changes
Nov 01 10:42:37.142 INFO kablam!     Finished dev [unoptimized + debuginfo] target(s) in 0.17s
Nov 01 10:42:37.163 INFO kablam!      Running /target/debug/deps/otaku-fc56b9951c5abf36
Nov 01 10:42:37.170 INFO blam! 
Nov 01 10:42:37.171 INFO blam! running 8 tests
Nov 01 10:42:37.195 INFO blam! test catalogue::tests::test_db_state_when_db_is_not_bootstrapped ... ok
Nov 01 10:42:37.195 INFO blam! test catalogue::tests::test_we_can_open_the_db ... ok
Nov 01 10:42:37.220 INFO blam! test catalogue::tests::test_db_state_when_db_is_badly_bootstrapped ... ok
Nov 01 10:42:37.223 INFO blam! test catalogue::tests::test_db_state_when_db_db_state ... ok
Nov 01 10:42:37.275 INFO blam! test downloader::tests::test_it_downloads_an_image_from_a_url ... FAILED
Nov 01 10:42:37.275 INFO blam! test downloader::tests::test_it_can_open_the_saved_image ... FAILED
Nov 01 10:42:37.316 INFO blam! test catalogue::tests::test_we_can_bootstrap_the_db ... ok
Nov 01 10:42:37.329 INFO blam! test catalogue::tests::test_inserting_images_into_the_catalogue ... ok
Nov 01 10:42:37.329 INFO blam! 
Nov 01 10:42:37.329 INFO blam! failures:
Nov 01 10:42:37.329 INFO blam! 
Nov 01 10:42:37.329 INFO blam! ---- downloader::tests::test_it_downloads_an_image_from_a_url stdout ----
Nov 01 10:42:37.329 INFO blam! thread 'downloader::tests::test_it_downloads_an_image_from_a_url' panicked at 'failed to download file: OtakuError', libcore/result.rs:1009:5
Nov 01 10:42:37.329 INFO blam! stack backtrace:
Nov 01 10:42:37.329 INFO blam!    0:     0x55a8f6a10fce - std::sys::unix::backtrace::tracing::imp::unwind_backtrace::hf5316c67202e23c8
Nov 01 10:42:37.329 INFO blam!                                at libstd/sys/unix/backtrace/tracing/gcc_s.rs:49
Nov 01 10:42:37.329 INFO blam!    1:     0x55a8f6a03026 - std::sys_common::backtrace::print::h3068ed2a6dc7ac86
Nov 01 10:42:37.329 INFO blam!                                at libstd/sys_common/backtrace.rs:71
Nov 01 10:42:37.329 INFO blam!                                at libstd/sys_common/backtrace.rs:59
Nov 01 10:42:37.329 INFO blam!    2:     0x55a8f6a0129d - std::panicking::default_hook::{{closure}}::h1b9d29cc09d41897
Nov 01 10:42:37.329 INFO blam!                                at libstd/panicking.rs:211
Nov 01 10:42:37.329 INFO blam!    3:     0x55a8f6a00fab - std::panicking::default_hook::h3a27b204a313406b
Nov 01 10:42:37.329 INFO blam!                                at libstd/panicking.rs:221
Nov 01 10:42:37.329 INFO blam!    4:     0x55a8f6a0194c - std::panicking::rust_panic_with_hook::h0e12cb2fc86d00fa
Nov 01 10:42:37.329 INFO blam!                                at libstd/panicking.rs:477
Nov 01 10:42:37.329 INFO blam!    5:     0x55a8f6a01509 - std::panicking::continue_panic_fmt::h141671b29fe0e27d
Nov 01 10:42:37.329 INFO blam!                                at libstd/panicking.rs:391
Nov 01 10:42:37.329 INFO blam!    6:     0x55a8f6a01405 - rust_begin_unwind
Nov 01 10:42:37.329 INFO blam!                                at libstd/panicking.rs:326
Nov 01 10:42:37.329 INFO blam!    7:     0x55a8f6a4b97b - core::panicking::panic_fmt::h429a06507aba9228
Nov 01 10:42:37.329 INFO blam!                                at libcore/panicking.rs:77
Nov 01 10:42:37.329 INFO blam!    8:     0x55a8f6621ce9 - core::result::unwrap_failed::h935255bfed19f459
Nov 01 10:42:37.329 INFO blam!                                at libcore/macros.rs:26
Nov 01 10:42:37.329 INFO blam!    9:     0x55a8f6620d24 - <core::result::Result<T, E>>::expect::hd84d3aa33b47273a
Nov 01 10:42:37.329 INFO blam!                                at libcore/result.rs:835
Nov 01 10:42:37.329 INFO blam!   10:     0x55a8f66282cd - otaku::downloader::tests::test_it_downloads_an_image_from_a_url::h4b7e04c91a5eae0d
Nov 01 10:42:37.329 INFO blam!                                at src/downloader.rs:34
Nov 01 10:42:37.329 INFO blam!   11:     0x55a8f6628239 - otaku::downloader::tests::test_it_downloads_an_image_from_a_url::{{closure}}::h7a3341545616677c
Nov 01 10:42:37.329 INFO blam!                                at src/downloader.rs:29
Nov 01 10:42:37.329 INFO blam!   12:     0x55a8f6622d6d - core::ops::function::FnOnce::call_once::hc47493a2fefca7e1
Nov 01 10:42:37.329 INFO blam!                                at libcore/ops/function.rs:238
Nov 01 10:42:37.329 INFO blam!   13:     0x55a8f662cabe - <F as alloc::boxed::FnBox<A>>::call_box::ha9910eac2d17ff23
Nov 01 10:42:37.329 INFO blam!                                at libtest/lib.rs:1461
Nov 01 10:42:37.329 INFO blam!                                at libcore/ops/function.rs:238
Nov 01 10:42:37.329 INFO blam!                                at liballoc/boxed.rs:646
Nov 01 10:42:37.329 INFO blam!   14:     0x55a8f6a20149 - __rust_maybe_catch_panic
Nov 01 10:42:37.329 INFO blam!                                at libpanic_unwind/lib.rs:103
Nov 01 10:42:37.329 INFO blam!   15:     0x55a8f66383cd - std::sys_common::backtrace::__rust_begin_short_backtrace::h470b05235fe5e5ad
Nov 01 10:42:37.329 INFO blam!                                at libstd/panicking.rs:289
Nov 01 10:42:37.329 INFO blam!                                at libstd/panic.rs:392
Nov 01 10:42:37.329 INFO blam!                                at libtest/lib.rs:1416
Nov 01 10:42:37.329 INFO blam!                                at libstd/sys_common/backtrace.rs:136
Nov 01 10:42:37.329 INFO blam!   16:     0x55a8f6650a04 - std::panicking::try::do_call::h1f0578498122cc00
Nov 01 10:42:37.329 INFO blam!                                at libstd/thread/mod.rs:409
Nov 01 10:42:37.329 INFO blam!                                at libstd/panic.rs:313
Nov 01 10:42:37.329 INFO blam!                                at libstd/panicking.rs:310
Nov 01 10:42:37.329 INFO blam!   17:     0x55a8f6a20149 - __rust_maybe_catch_panic
Nov 01 10:42:37.329 INFO blam!                                at libpanic_unwind/lib.rs:103
Nov 01 10:42:37.329 INFO blam!   18:     0x55a8f66412d6 - <F as alloc::boxed::FnBox<A>>::call_box::h7b129f9f235ab460
Nov 01 10:42:37.329 INFO blam!                                at libstd/panicking.rs:289
Nov 01 10:42:37.329 INFO blam!                                at libstd/panic.rs:392
Nov 01 10:42:37.329 INFO blam!                                at libstd/thread/mod.rs:408
Nov 01 10:42:37.329 INFO blam!                                at liballoc/boxed.rs:646
Nov 01 10:42:37.329 INFO blam!   19:     0x55a8f6a12b1a - std::sys_common::thread::start_thread::hb77935aee02382da
Nov 01 10:42:37.329 INFO blam!                                at liballoc/boxed.rs:656
Nov 01 10:42:37.329 INFO blam!                                at libstd/sys_common/thread.rs:24
Nov 01 10:42:37.329 INFO blam!   20:     0x55a8f6a021c5 - std::sys::unix::thread::Thread::new::thread_start::hd61f7429b3de1d75
Nov 01 10:42:37.329 INFO blam!                                at libstd/sys/unix/thread.rs:90
Nov 01 10:42:37.329 INFO blam!   21:     0x7f3556fbe6b9 - start_thread
Nov 01 10:42:37.329 INFO blam!   22:     0x7f3556ade41c - clone
Nov 01 10:42:37.329 INFO blam!   23:                0x0 - <unknown>
Nov 01 10:42:37.330 INFO blam! 
Nov 01 10:42:37.330 INFO blam! ---- downloader::tests::test_it_can_open_the_saved_image stdout ----
Nov 01 10:42:37.330 INFO blam! thread 'downloader::tests::test_it_can_open_the_saved_image' panicked at 'failed to download file: OtakuError', libcore/result.rs:1009:5
Nov 01 10:42:37.330 INFO blam! stack backtrace:
Nov 01 10:42:37.330 INFO blam!    0:     0x55a8f6a10fce - std::sys::unix::backtrace::tracing::imp::unwind_backtrace::hf5316c67202e23c8
Nov 01 10:42:37.330 INFO blam!                                at libstd/sys/unix/backtrace/tracing/gcc_s.rs:49
Nov 01 10:42:37.330 INFO blam!    1:     0x55a8f6a03026 - std::sys_common::backtrace::print::h3068ed2a6dc7ac86
Nov 01 10:42:37.330 INFO blam!                                at libstd/sys_common/backtrace.rs:71
Nov 01 10:42:37.330 INFO blam!                                at libstd/sys_common/backtrace.rs:59
Nov 01 10:42:37.330 INFO blam!    2:     0x55a8f6a0129d - std::panicking::default_hook::{{closure}}::h1b9d29cc09d41897
Nov 01 10:42:37.330 INFO blam!                                at libstd/panicking.rs:211
Nov 01 10:42:37.330 INFO blam!    3:     0x55a8f6a00fab - std::panicking::default_hook::h3a27b204a313406b
Nov 01 10:42:37.330 INFO blam!                                at libstd/panicking.rs:221
Nov 01 10:42:37.330 INFO blam!    4:     0x55a8f6a0194c - std::panicking::rust_panic_with_hook::h0e12cb2fc86d00fa
Nov 01 10:42:37.330 INFO blam!                                at libstd/panicking.rs:477
Nov 01 10:42:37.330 INFO blam!    5:     0x55a8f6a01509 - std::panicking::continue_panic_fmt::h141671b29fe0e27d
Nov 01 10:42:37.330 INFO blam!                                at libstd/panicking.rs:391
Nov 01 10:42:37.330 INFO blam!    6:     0x55a8f6a01405 - rust_begin_unwind
Nov 01 10:42:37.330 INFO blam!                                at libstd/panicking.rs:326
Nov 01 10:42:37.330 INFO blam!    7:     0x55a8f6a4b97b - core::panicking::panic_fmt::h429a06507aba9228
Nov 01 10:42:37.330 INFO blam!                                at libcore/panicking.rs:77
Nov 01 10:42:37.330 INFO blam!    8:     0x55a8f6621ce9 - core::result::unwrap_failed::h935255bfed19f459
Nov 01 10:42:37.330 INFO blam!                                at libcore/macros.rs:26
Nov 01 10:42:37.330 INFO blam!    9:     0x55a8f6620d24 - <core::result::Result<T, E>>::expect::hd84d3aa33b47273a
Nov 01 10:42:37.330 INFO blam!                                at libcore/result.rs:835
Nov 01 10:42:37.330 INFO blam!   10:     0x55a8f66284a6 - otaku::downloader::tests::test_it_can_open_the_saved_image::h1cedf1841e3da859
Nov 01 10:42:37.330 INFO blam!                                at src/downloader.rs:48
Nov 01 10:42:37.330 INFO blam!   11:     0x55a8f6628409 - otaku::downloader::tests::test_it_can_open_the_saved_image::{{closure}}::hd450b75932de9542
Nov 01 10:42:37.330 INFO blam!                                at src/downloader.rs:40
Nov 01 10:42:37.330 INFO blam!   12:     0x55a8f6622cad - core::ops::function::FnOnce::call_once::h7db556177159f998
Nov 01 10:42:37.330 INFO blam!                                at libcore/ops/function.rs:238
Nov 01 10:42:37.330 INFO blam!   13:     0x55a8f662cabe - <F as alloc::boxed::FnBox<A>>::call_box::ha9910eac2d17ff23
Nov 01 10:42:37.330 INFO blam!                                at libtest/lib.rs:1461
Nov 01 10:42:37.330 INFO blam!                                at libcore/ops/function.rs:238
Nov 01 10:42:37.330 INFO blam!                                at liballoc/boxed.rs:646
Nov 01 10:42:37.330 INFO blam!   14:     0x55a8f6a20149 - __rust_maybe_catch_panic
Nov 01 10:42:37.330 INFO blam!                                at libpanic_unwind/lib.rs:103
Nov 01 10:42:37.330 INFO blam!   15:     0x55a8f66383cd - std::sys_common::backtrace::__rust_begin_short_backtrace::h470b05235fe5e5ad
Nov 01 10:42:37.330 INFO blam!                                at libstd/panicking.rs:289
Nov 01 10:42:37.330 INFO blam!                                at libstd/panic.rs:392
Nov 01 10:42:37.330 INFO blam!                                at libtest/lib.rs:1416
Nov 01 10:42:37.330 INFO blam!                                at libstd/sys_common/backtrace.rs:136
Nov 01 10:42:37.330 INFO blam!   16:     0x55a8f6650a04 - std::panicking::try::do_call::h1f0578498122cc00
Nov 01 10:42:37.330 INFO blam!                                at libstd/thread/mod.rs:409
Nov 01 10:42:37.330 INFO blam!                                at libstd/panic.rs:313
Nov 01 10:42:37.330 INFO blam!                                at libstd/panicking.rs:310
Nov 01 10:42:37.330 INFO blam!   17:     0x55a8f6a20149 - __rust_maybe_catch_panic
Nov 01 10:42:37.330 INFO blam!                                at libpanic_unwind/lib.rs:103
Nov 01 10:42:37.330 INFO blam!   18:     0x55a8f66412d6 - <F as alloc::boxed::FnBox<A>>::call_box::h7b129f9f235ab460
Nov 01 10:42:37.330 INFO blam!                                at libstd/panicking.rs:289
Nov 01 10:42:37.330 INFO blam!                                at libstd/panic.rs:392
Nov 01 10:42:37.330 INFO blam!                                at libstd/thread/mod.rs:408
Nov 01 10:42:37.330 INFO blam!                                at liballoc/boxed.rs:646
Nov 01 10:42:37.330 INFO blam!   19:     0x55a8f6a12b1a - std::sys_common::thread::start_thread::hb77935aee02382da
Nov 01 10:42:37.330 INFO blam!                                at liballoc/boxed.rs:656
Nov 01 10:42:37.330 INFO blam!                                at libstd/sys_common/thread.rs:24
Nov 01 10:42:37.330 INFO blam!   20:     0x55a8f6a021c5 - std::sys::unix::thread::Thread::new::thread_start::hd61f7429b3de1d75
Nov 01 10:42:37.330 INFO blam!                                at libstd/sys/unix/thread.rs:90
Nov 01 10:42:37.330 INFO blam!   21:     0x7f3556fbe6b9 - start_thread
Nov 01 10:42:37.330 INFO blam!   22:     0x7f3556ade41c - clone
Nov 01 10:42:37.330 INFO blam!   23:                0x0 - <unknown>
Nov 01 10:42:37.330 INFO blam! 
Nov 01 10:42:37.330 INFO blam! 
Nov 01 10:42:37.330 INFO blam! failures:
Nov 01 10:42:37.330 INFO blam!     downloader::tests::test_it_can_open_the_saved_image
Nov 01 10:42:37.330 INFO blam!     downloader::tests::test_it_downloads_an_image_from_a_url
Nov 01 10:42:37.330 INFO blam! 
Nov 01 10:42:37.330 INFO blam! test result: FAILED. 6 passed; 2 failed; 0 ignored; 0 measured; 0 filtered out
Nov 01 10:42:37.330 INFO blam! 
Nov 01 10:42:37.342 INFO kablam! error: test failed, to rerun pass '--bin otaku'
Nov 01 10:42:37.342 INFO kablam! su: No module specific data is present
Nov 01 10:42:37.769 INFO running `"docker" "rm" "-f" "53f61a60583016e6a3f03ae867faf6491788b12ca56c8094807638ec3ea2ec17"`
Nov 01 10:42:37.841 INFO blam! 53f61a60583016e6a3f03ae867faf6491788b12ca56c8094807638ec3ea2ec17
