Nov 01 11:27:21.660 INFO testing dialogbox/rust-working-samples against beta-2018-10-30 for beta-1.31-1
Nov 01 11:27:21.661 INFO running `"docker" "create" "-v" "/mnt/big/crater/work/local/target-dirs/beta-1.31-1/worker-4/beta-2018-10-30:/target:rw,Z" "-v" "/mnt/big/crater/work/local/test-source/worker-4/beta-1.31-1/beta-2018-10-30:/source:ro,Z" "-v" "/mnt/big/crater/work/local/cargo-home:/cargo-home:ro,Z" "-v" "/mnt/big/crater/work/local/rustup-home:/rustup-home:ro,Z" "-e" "USER_ID=1000" "-e" "SOURCE_DIR=/source" "-e" "USER_ID=1000" "-e" "CMD=cargo +beta-2018-10-30 build --frozen" "-e" "CARGO_TARGET_DIR=/target" "-e" "CARGO_INCREMENTAL=0" "-e" "RUST_BACKTRACE=full" "-e" "RUSTFLAGS=--cap-lints=warn" "-e" "CARGO_HOME=/cargo-home" "-e" "RUSTUP_HOME=/rustup-home" "-m" "1536M" "--network" "none" "crater"`
Nov 01 11:27:22.090 INFO blam! f83c9597267a3cab2181ceada603e6e6e38041e7655b808e934735db4dd708a2
Nov 01 11:27:22.103 INFO running `"docker" "start" "-a" "f83c9597267a3cab2181ceada603e6e6e38041e7655b808e934735db4dd708a2"`
Nov 01 11:27:22.807 INFO kablam! usermod: no changes
Nov 01 11:27:23.051 INFO kablam!    Compiling mio v0.6.15
Nov 01 11:27:23.051 INFO kablam!    Compiling tokio-io v0.1.8
Nov 01 11:27:23.051 INFO kablam!    Compiling syn v0.14.9
Nov 01 11:27:25.491 INFO kablam!    Compiling tokio-codec v0.1.0
Nov 01 11:27:25.491 INFO kablam!    Compiling tokio-fs v0.1.3
Nov 01 11:27:25.491 INFO kablam!    Compiling h2 v0.1.12
Nov 01 11:27:28.063 INFO kablam!    Compiling mio-uds v0.6.6
Nov 01 11:27:28.063 INFO kablam!    Compiling tokio-reactor v0.1.5
Nov 01 11:27:32.966 INFO kablam!    Compiling tokio-tcp v0.1.1
Nov 01 11:27:32.966 INFO kablam!    Compiling tokio-uds v0.2.1
Nov 01 11:27:32.966 INFO kablam!    Compiling tokio-udp v0.1.2
Nov 01 11:27:39.954 INFO kablam!    Compiling tokio v0.1.8
Nov 01 11:27:46.109 INFO kablam!    Compiling synstructure v0.9.0
Nov 01 11:27:46.109 INFO kablam!    Compiling serde_derive v1.0.76
Nov 01 11:27:48.039 INFO kablam!    Compiling hyper v0.12.9
Nov 01 11:27:54.764 INFO kablam!    Compiling failure_derive v0.1.2
Nov 01 11:28:00.443 INFO kablam!    Compiling failure v0.1.2
Nov 01 11:28:06.292 INFO kablam!    Compiling hyper-tls v0.3.0
Nov 01 11:28:11.935 INFO kablam!    Compiling working-samples v0.1.0 (/source)
Nov 01 11:28:14.955 INFO kablam! warning: method is never used: `shear`
Nov 01 11:28:14.956 INFO kablam!   --> src/traitsamples.rs:28:9
Nov 01 11:28:14.956 INFO kablam!    |
Nov 01 11:28:14.956 INFO kablam! 28 |         fn shear(&mut self) {
Nov 01 11:28:14.957 INFO kablam!    |         ^^^^^^^^^^^^^^^^^^^
Nov 01 11:28:14.957 INFO kablam!    |
Nov 01 11:28:14.957 INFO kablam!    = note: #[warn(dead_code)] on by default
Nov 01 11:28:14.957 INFO kablam! 
Nov 01 11:28:21.727 INFO kablam!     Finished dev [unoptimized + debuginfo] target(s) in 58.89s
Nov 01 11:28:21.735 INFO kablam! su: No module specific data is present
Nov 01 11:28:22.370 INFO running `"docker" "rm" "-f" "f83c9597267a3cab2181ceada603e6e6e38041e7655b808e934735db4dd708a2"`
Nov 01 11:28:22.695 INFO blam! f83c9597267a3cab2181ceada603e6e6e38041e7655b808e934735db4dd708a2
Nov 01 11:28:22.705 INFO running `"docker" "create" "-v" "/mnt/big/crater/work/local/target-dirs/beta-1.31-1/worker-4/beta-2018-10-30:/target:rw,Z" "-v" "/mnt/big/crater/work/local/test-source/worker-4/beta-1.31-1/beta-2018-10-30:/source:ro,Z" "-v" "/mnt/big/crater/work/local/cargo-home:/cargo-home:ro,Z" "-v" "/mnt/big/crater/work/local/rustup-home:/rustup-home:ro,Z" "-e" "USER_ID=1000" "-e" "SOURCE_DIR=/source" "-e" "USER_ID=1000" "-e" "CMD=cargo +beta-2018-10-30 test --frozen --no-run" "-e" "CARGO_TARGET_DIR=/target" "-e" "CARGO_INCREMENTAL=0" "-e" "RUST_BACKTRACE=full" "-e" "RUSTFLAGS=--cap-lints=warn" "-e" "CARGO_HOME=/cargo-home" "-e" "RUSTUP_HOME=/rustup-home" "-m" "1536M" "--network" "none" "crater"`
Nov 01 11:28:23.139 INFO blam! 860b519d0125619746b55ef4bc78801a7e83a477b20153d04d4cf0649688649f
Nov 01 11:28:23.151 INFO running `"docker" "start" "-a" "860b519d0125619746b55ef4bc78801a7e83a477b20153d04d4cf0649688649f"`
Nov 01 11:28:24.215 INFO kablam! usermod: no changes
Nov 01 11:28:24.407 INFO kablam!    Compiling working-samples v0.1.0 (/source)
Nov 01 11:28:27.775 INFO kablam! warning: method is never used: `shear`
Nov 01 11:28:27.775 INFO kablam!   --> src/traitsamples.rs:28:9
Nov 01 11:28:27.775 INFO kablam!    |
Nov 01 11:28:27.775 INFO kablam! 28 |         fn shear(&mut self) {
Nov 01 11:28:27.775 INFO kablam!    |         ^^^^^^^^^^^^^^^^^^^
Nov 01 11:28:27.775 INFO kablam!    |
Nov 01 11:28:27.775 INFO kablam!    = note: #[warn(dead_code)] on by default
Nov 01 11:28:27.775 INFO kablam! 
Nov 01 11:28:37.940 INFO kablam!     Finished dev [unoptimized + debuginfo] target(s) in 13.70s
Nov 01 11:28:37.955 INFO kablam! su: No module specific data is present
Nov 01 11:28:38.819 INFO running `"docker" "rm" "-f" "860b519d0125619746b55ef4bc78801a7e83a477b20153d04d4cf0649688649f"`
Nov 01 11:28:39.062 INFO blam! 860b519d0125619746b55ef4bc78801a7e83a477b20153d04d4cf0649688649f
Nov 01 11:28:39.073 INFO running `"docker" "create" "-v" "/mnt/big/crater/work/local/target-dirs/beta-1.31-1/worker-4/beta-2018-10-30:/target:rw,Z" "-v" "/mnt/big/crater/work/local/test-source/worker-4/beta-1.31-1/beta-2018-10-30:/source:ro,Z" "-v" "/mnt/big/crater/work/local/cargo-home:/cargo-home:ro,Z" "-v" "/mnt/big/crater/work/local/rustup-home:/rustup-home:ro,Z" "-e" "USER_ID=1000" "-e" "SOURCE_DIR=/source" "-e" "USER_ID=1000" "-e" "CMD=cargo +beta-2018-10-30 test --frozen" "-e" "CARGO_TARGET_DIR=/target" "-e" "CARGO_INCREMENTAL=0" "-e" "RUST_BACKTRACE=full" "-e" "RUSTFLAGS=--cap-lints=warn" "-e" "CARGO_HOME=/cargo-home" "-e" "RUSTUP_HOME=/rustup-home" "-m" "1536M" "--network" "none" "crater"`
Nov 01 11:28:39.444 INFO blam! 236fdd1e09d75fafa4ca862ef0f0816659309210507cd87381e81c7f5cc8c2c1
Nov 01 11:28:39.455 INFO running `"docker" "start" "-a" "236fdd1e09d75fafa4ca862ef0f0816659309210507cd87381e81c7f5cc8c2c1"`
Nov 01 11:28:41.044 INFO kablam! usermod: no changes
Nov 01 11:28:41.399 INFO kablam!     Finished dev [unoptimized + debuginfo] target(s) in 0.31s
Nov 01 11:28:41.431 INFO kablam!      Running /target/debug/deps/working_samples-c4538f69cf02d9f8
Nov 01 11:28:41.441 INFO blam! 
Nov 01 11:28:41.441 INFO blam! running 17 tests
Nov 01 11:28:41.455 INFO blam! test hn_client::playground::de_list_test ... ok
Nov 01 11:28:41.535 INFO blam! test ownership_demo::tests::distinct_lifttime ... ok
Nov 01 11:28:41.691 INFO blam! test ownership_demo::tests::move_out_from_vec ... ok
Nov 01 11:28:41.723 INFO blam! test ownership_demo::tests::return_ref ... ok
Nov 01 11:28:41.730 INFO blam! test ownership_demo::tests::struct_containing_ref ... ok
Nov 01 11:28:41.731 INFO blam! test traitsamples::test::bothtest::talk_test ... ok
Nov 01 11:28:41.731 INFO blam! test traitsamples::test::dogtest::talk_test ... ok
Nov 01 11:28:41.733 INFO blam! test hn_client::playground::tokio_async_multirequest_using_client_test ... ok
Nov 01 11:28:41.733 INFO blam! test traitsamples::test::sheeptest::talk_test ... ok
Nov 01 11:28:41.748 INFO blam! test word_count::test::count_word_test ... ok
Nov 01 11:28:41.748 INFO blam! test word_count::test::count_word_fn_test ... ok
Nov 01 11:28:41.760 INFO blam! Error: an error occurred trying to connect: failed to lookup address information: Temporary failure in name resolution
Nov 01 11:28:41.764 INFO blam! test hn_client::playground::tokio_async_multirequest_test ... ok
Nov 01 11:28:41.776 INFO blam! test hn_client::playground::top_story_list_test ... ok
Nov 01 11:28:41.777 INFO blam! test hn_client::playground::get_top_list_sample ... ok
Nov 01 11:28:41.841 INFO blam! test hn_client::test::get_top_list_test ... ok
Nov 01 11:28:41.943 INFO blam! test hn_client::test::get_item_test ... FAILED
Nov 01 11:28:41.979 INFO blam! test hn_client::test::get_from_url_should_panic_for_invalid_url ... ok
Nov 01 11:28:41.979 INFO blam! 
Nov 01 11:28:41.979 INFO blam! failures:
Nov 01 11:28:41.979 INFO blam! 
Nov 01 11:28:41.979 INFO blam! ---- hn_client::test::get_item_test stdout ----
Nov 01 11:28:41.979 INFO blam! thread 'hn_client::test::get_item_test' panicked at 'Box<Any>', src/hn_client.rs:150:23
Nov 01 11:28:41.979 INFO blam! stack backtrace:
Nov 01 11:28:41.979 INFO blam!    0:     0x55d6dcf7302f - std::sys::unix::backtrace::tracing::imp::unwind_backtrace::h3c55afa80a996a32
Nov 01 11:28:41.979 INFO blam!                                at libstd/sys/unix/backtrace/tracing/gcc_s.rs:49
Nov 01 11:28:41.979 INFO blam!    1:     0x55d6dcf7cb97 - std::sys_common::backtrace::print::hcef907ea7a07cd40
Nov 01 11:28:41.979 INFO blam!                                at libstd/sys_common/backtrace.rs:71
Nov 01 11:28:41.979 INFO blam!                                at libstd/sys_common/backtrace.rs:59
Nov 01 11:28:41.979 INFO blam!    2:     0x55d6dcf7744f - std::panicking::default_hook::{{closure}}::hf541876c65f36ea7
Nov 01 11:28:41.979 INFO blam!                                at libstd/panicking.rs:211
Nov 01 11:28:41.979 INFO blam!    3:     0x55d6dcf7714e - std::panicking::default_hook::h4ecc06b30ae4459d
Nov 01 11:28:41.979 INFO blam!                                at libstd/panicking.rs:221
Nov 01 11:28:41.979 INFO blam!    4:     0x55d6dcf77b2e - std::panicking::rust_panic_with_hook::h0cc6d9cc9f34a947
Nov 01 11:28:41.979 INFO blam!                                at libstd/panicking.rs:476
Nov 01 11:28:41.979 INFO blam!    5:     0x55d6dcbdafcd - std::panicking::begin_panic::h9e87a4bafec005da
Nov 01 11:28:41.979 INFO blam!                                at libstd/panicking.rs:410
Nov 01 11:28:41.979 INFO blam!    6:     0x55d6dcbe9309 - working_samples::hn_client::test::get_item_test::h63e90e925ba380aa
Nov 01 11:28:41.979 INFO blam!                                at src/hn_client.rs:150
Nov 01 11:28:41.979 INFO blam!    7:     0x55d6dcbe9179 - working_samples::hn_client::test::get_item_test::{{closure}}::hf0bf052289d9caf3
Nov 01 11:28:41.979 INFO blam!                                at src/hn_client.rs:143
Nov 01 11:28:41.979 INFO blam!    8:     0x55d6dcb5280d - core::ops::function::FnOnce::call_once::h61086a982408d8f9
Nov 01 11:28:41.979 INFO blam!                                at libcore/ops/function.rs:238
Nov 01 11:28:41.979 INFO blam!    9:     0x55d6dcbeb16e - <F as alloc::boxed::FnBox<A>>::call_box::hf32558bd83684b60
Nov 01 11:28:41.979 INFO blam!                                at libtest/lib.rs:1468
Nov 01 11:28:41.979 INFO blam!                                at libcore/ops/function.rs:238
Nov 01 11:28:41.979 INFO blam!                                at liballoc/boxed.rs:672
Nov 01 11:28:41.979 INFO blam!   10:     0x55d6dcf87dc9 - __rust_maybe_catch_panic
Nov 01 11:28:41.979 INFO blam!                                at libpanic_unwind/lib.rs:102
Nov 01 11:28:41.980 INFO blam!   11:     0x55d6dcc0cdd2 - std::sys_common::backtrace::__rust_begin_short_backtrace::h1bb71a7386fd3269
Nov 01 11:28:41.980 INFO blam!                                at libstd/panicking.rs:289
Nov 01 11:28:41.980 INFO blam!                                at libstd/panic.rs:392
Nov 01 11:28:41.980 INFO blam!                                at libtest/lib.rs:1423
Nov 01 11:28:41.980 INFO blam!                                at libstd/sys_common/backtrace.rs:136
Nov 01 11:28:41.980 INFO blam!   12:     0x55d6dcc0d884 - std::panicking::try::do_call::h9b94719c3074bb5c
Nov 01 11:28:41.980 INFO blam!                                at libstd/thread/mod.rs:409
Nov 01 11:28:41.980 INFO blam!                                at libstd/panic.rs:313
Nov 01 11:28:41.980 INFO blam!                                at libstd/panicking.rs:310
Nov 01 11:28:41.980 INFO blam!   13:     0x55d6dcf87dc9 - __rust_maybe_catch_panic
Nov 01 11:28:41.980 INFO blam!                                at libpanic_unwind/lib.rs:102
Nov 01 11:28:41.980 INFO blam!   14:     0x55d6dcbfaaac - <F as alloc::boxed::FnBox<A>>::call_box::hb3bcd66d16fd3e84
Nov 01 11:28:41.980 INFO blam!                                at libstd/panicking.rs:289
Nov 01 11:28:41.980 INFO blam!                                at libstd/panic.rs:392
Nov 01 11:28:41.980 INFO blam!                                at libstd/thread/mod.rs:408
Nov 01 11:28:41.980 INFO blam!                                at liballoc/boxed.rs:672
Nov 01 11:28:41.980 INFO blam!   15:     0x55d6dcf7513d - std::sys_common::thread::start_thread::had0c80d121669d29
Nov 01 11:28:41.980 INFO blam!                                at liballoc/boxed.rs:682
Nov 01 11:28:41.980 INFO blam!                                at libstd/sys_common/thread.rs:24
Nov 01 11:28:41.980 INFO blam!   16:     0x55d6dcf678a5 - std::sys::unix::thread::Thread::new::thread_start::h4a5b66a70d76f47f
Nov 01 11:28:41.980 INFO blam!                                at libstd/sys/unix/thread.rs:90
Nov 01 11:28:41.980 INFO blam!   17:     0x7f77fa3d26b9 - start_thread
Nov 01 11:28:41.980 INFO blam!   18:     0x7f77f9ef241c - clone
Nov 01 11:28:41.980 INFO blam!   19:                0x0 - <unknown>
Nov 01 11:28:41.980 INFO blam! 
Nov 01 11:28:41.980 INFO blam! 
Nov 01 11:28:41.980 INFO blam! failures:
Nov 01 11:28:41.980 INFO blam!     hn_client::test::get_item_test
Nov 01 11:28:41.980 INFO blam! 
Nov 01 11:28:41.980 INFO blam! test result: FAILED. 16 passed; 1 failed; 0 ignored; 0 measured; 0 filtered out
Nov 01 11:28:41.980 INFO blam! 
Nov 01 11:28:41.986 INFO kablam! error: test failed, to rerun pass '--lib'
Nov 01 11:28:41.989 INFO kablam! su: No module specific data is present
Nov 01 11:28:43.203 INFO running `"docker" "rm" "-f" "236fdd1e09d75fafa4ca862ef0f0816659309210507cd87381e81c7f5cc8c2c1"`
Nov 01 11:28:43.479 INFO blam! 236fdd1e09d75fafa4ca862ef0f0816659309210507cd87381e81c7f5cc8c2c1
