Nov 01 11:27:23.625 INFO testing dialogbox/rust-working-samples against 1.30.0 for beta-1.31-1
Nov 01 11:27:23.625 INFO running `"docker" "create" "-v" "/mnt/big/crater/work/local/target-dirs/beta-1.31-1/worker-5/1.30.0:/target:rw,Z" "-v" "/mnt/big/crater/work/local/test-source/worker-5/beta-1.31-1/1.30.0:/source:ro,Z" "-v" "/mnt/big/crater/work/local/cargo-home:/cargo-home:ro,Z" "-v" "/mnt/big/crater/work/local/rustup-home:/rustup-home:ro,Z" "-e" "USER_ID=1000" "-e" "SOURCE_DIR=/source" "-e" "USER_ID=1000" "-e" "CMD=cargo +1.30.0 build --frozen" "-e" "CARGO_TARGET_DIR=/target" "-e" "CARGO_INCREMENTAL=0" "-e" "RUST_BACKTRACE=full" "-e" "RUSTFLAGS=--cap-lints=warn" "-e" "CARGO_HOME=/cargo-home" "-e" "RUSTUP_HOME=/rustup-home" "-m" "1536M" "--network" "none" "crater"`
Nov 01 11:27:23.989 INFO blam! 994926dcda2a80bdac473089c50e5a5bc18455af79d08456f51c81d9994a390c
Nov 01 11:27:23.995 INFO running `"docker" "start" "-a" "994926dcda2a80bdac473089c50e5a5bc18455af79d08456f51c81d9994a390c"`
Nov 01 11:27:24.990 INFO kablam! usermod: no changes
Nov 01 11:27:25.311 INFO kablam!    Compiling tokio-io v0.1.8
Nov 01 11:27:25.311 INFO kablam!    Compiling openssl v0.10.11
Nov 01 11:27:25.311 INFO kablam!    Compiling native-tls v0.2.1
Nov 01 11:27:25.316 INFO kablam!    Compiling failure v0.1.2
Nov 01 11:27:28.451 INFO kablam!    Compiling tokio-codec v0.1.0
Nov 01 11:27:28.451 INFO kablam!    Compiling tokio-reactor v0.1.5
Nov 01 11:27:28.451 INFO kablam!    Compiling tokio-fs v0.1.3
Nov 01 11:27:28.451 INFO kablam!    Compiling h2 v0.1.12
Nov 01 11:27:34.351 INFO kablam!    Compiling tokio-uds v0.2.1
Nov 01 11:27:34.351 INFO kablam!    Compiling tokio-tcp v0.1.1
Nov 01 11:27:34.352 INFO kablam!    Compiling tokio-udp v0.1.2
Nov 01 11:27:40.967 INFO kablam!    Compiling tokio v0.1.8
Nov 01 11:27:47.066 INFO kablam!    Compiling hyper v0.12.9
Nov 01 11:27:55.653 INFO kablam!    Compiling hyper-tls v0.3.0
Nov 01 11:27:58.251 INFO kablam!    Compiling working-samples v0.1.0 (/source)
Nov 01 11:28:01.714 INFO kablam! warning: method is never used: `shear`
Nov 01 11:28:01.714 INFO kablam!   --> src/traitsamples.rs:28:9
Nov 01 11:28:01.715 INFO kablam!    |
Nov 01 11:28:01.715 INFO kablam! 28 |         fn shear(&mut self) {
Nov 01 11:28:01.715 INFO kablam!    |         ^^^^^^^^^^^^^^^^^^^
Nov 01 11:28:01.716 INFO kablam!    |
Nov 01 11:28:01.716 INFO kablam!    = note: #[warn(dead_code)] on by default
Nov 01 11:28:01.716 INFO kablam! 
Nov 01 11:28:09.615 INFO kablam!     Finished dev [unoptimized + debuginfo] target(s) in 44.58s
Nov 01 11:28:09.643 INFO kablam! su: No module specific data is present
Nov 01 11:28:10.593 INFO running `"docker" "rm" "-f" "994926dcda2a80bdac473089c50e5a5bc18455af79d08456f51c81d9994a390c"`
Nov 01 11:28:10.854 INFO blam! 994926dcda2a80bdac473089c50e5a5bc18455af79d08456f51c81d9994a390c
Nov 01 11:28:10.859 INFO running `"docker" "create" "-v" "/mnt/big/crater/work/local/target-dirs/beta-1.31-1/worker-5/1.30.0:/target:rw,Z" "-v" "/mnt/big/crater/work/local/test-source/worker-5/beta-1.31-1/1.30.0:/source:ro,Z" "-v" "/mnt/big/crater/work/local/cargo-home:/cargo-home:ro,Z" "-v" "/mnt/big/crater/work/local/rustup-home:/rustup-home:ro,Z" "-e" "USER_ID=1000" "-e" "SOURCE_DIR=/source" "-e" "USER_ID=1000" "-e" "CMD=cargo +1.30.0 test --frozen --no-run" "-e" "CARGO_TARGET_DIR=/target" "-e" "CARGO_INCREMENTAL=0" "-e" "RUST_BACKTRACE=full" "-e" "RUSTFLAGS=--cap-lints=warn" "-e" "CARGO_HOME=/cargo-home" "-e" "RUSTUP_HOME=/rustup-home" "-m" "1536M" "--network" "none" "crater"`
Nov 01 11:28:11.377 INFO blam! a607e47c80cdd4ea196811ab0e6ed869340d08da476a69ea957d153d4fe8c5bc
Nov 01 11:28:11.380 INFO running `"docker" "start" "-a" "a607e47c80cdd4ea196811ab0e6ed869340d08da476a69ea957d153d4fe8c5bc"`
Nov 01 11:28:13.463 INFO kablam! usermod: no changes
Nov 01 11:28:13.786 INFO kablam!    Compiling working-samples v0.1.0 (/source)
Nov 01 11:28:17.259 INFO kablam! warning: method is never used: `shear`
Nov 01 11:28:17.259 INFO kablam!   --> src/traitsamples.rs:28:9
Nov 01 11:28:17.259 INFO kablam!    |
Nov 01 11:28:17.259 INFO kablam! 28 |         fn shear(&mut self) {
Nov 01 11:28:17.259 INFO kablam!    |         ^^^^^^^^^^^^^^^^^^^
Nov 01 11:28:17.259 INFO kablam!    |
Nov 01 11:28:17.259 INFO kablam!    = note: #[warn(dead_code)] on by default
Nov 01 11:28:17.259 INFO kablam! 
Nov 01 11:28:26.159 INFO kablam!     Finished dev [unoptimized + debuginfo] target(s) in 12.63s
Nov 01 11:28:26.175 INFO kablam! su: No module specific data is present
Nov 01 11:28:27.093 INFO running `"docker" "rm" "-f" "a607e47c80cdd4ea196811ab0e6ed869340d08da476a69ea957d153d4fe8c5bc"`
Nov 01 11:28:27.335 INFO blam! a607e47c80cdd4ea196811ab0e6ed869340d08da476a69ea957d153d4fe8c5bc
Nov 01 11:28:27.338 INFO running `"docker" "create" "-v" "/mnt/big/crater/work/local/target-dirs/beta-1.31-1/worker-5/1.30.0:/target:rw,Z" "-v" "/mnt/big/crater/work/local/test-source/worker-5/beta-1.31-1/1.30.0:/source:ro,Z" "-v" "/mnt/big/crater/work/local/cargo-home:/cargo-home:ro,Z" "-v" "/mnt/big/crater/work/local/rustup-home:/rustup-home:ro,Z" "-e" "USER_ID=1000" "-e" "SOURCE_DIR=/source" "-e" "USER_ID=1000" "-e" "CMD=cargo +1.30.0 test --frozen" "-e" "CARGO_TARGET_DIR=/target" "-e" "CARGO_INCREMENTAL=0" "-e" "RUST_BACKTRACE=full" "-e" "RUSTFLAGS=--cap-lints=warn" "-e" "CARGO_HOME=/cargo-home" "-e" "RUSTUP_HOME=/rustup-home" "-m" "1536M" "--network" "none" "crater"`
Nov 01 11:28:27.787 INFO blam! d876f390dc83acddfeea655245a1d28407f20132f5bd325380b942f3c994b510
Nov 01 11:28:27.803 INFO running `"docker" "start" "-a" "d876f390dc83acddfeea655245a1d28407f20132f5bd325380b942f3c994b510"`
Nov 01 11:28:29.071 INFO kablam! usermod: no changes
Nov 01 11:28:29.415 INFO kablam!     Finished dev [unoptimized + debuginfo] target(s) in 0.30s
Nov 01 11:28:29.439 INFO kablam!      Running /target/debug/deps/working_samples-8d66864a9e68f48c
Nov 01 11:28:29.455 INFO blam! 
Nov 01 11:28:29.455 INFO blam! running 17 tests
Nov 01 11:28:29.533 INFO blam! test hn_client::playground::de_list_test ... ok
Nov 01 11:28:29.575 INFO blam! test ownership_demo::tests::distinct_lifttime ... ok
Nov 01 11:28:29.575 INFO blam! test ownership_demo::tests::move_out_from_vec ... ok
Nov 01 11:28:29.626 INFO blam! test ownership_demo::tests::return_ref ... ok
Nov 01 11:28:29.704 INFO blam! Error: an error occurred trying to connect: failed to lookup address information: Temporary failure in name resolution
Nov 01 11:28:29.720 INFO blam! test hn_client::playground::top_story_list_test ... ok
Nov 01 11:28:29.720 INFO blam! test traitsamples::test::bothtest::talk_test ... ok
Nov 01 11:28:29.720 INFO blam! test traitsamples::test::dogtest::talk_test ... ok
Nov 01 11:28:29.720 INFO blam! test traitsamples::test::sheeptest::talk_test ... ok
Nov 01 11:28:29.721 INFO blam! test word_count::test::count_word_fn_test ... ok
Nov 01 11:28:29.735 INFO blam! test ownership_demo::tests::struct_containing_ref ... ok
Nov 01 11:28:29.736 INFO blam! test word_count::test::count_word_test ... ok
Nov 01 11:28:29.736 INFO blam! test hn_client::test::get_top_list_test ... ok
Nov 01 11:28:29.778 INFO blam! test hn_client::playground::tokio_async_multirequest_test ... ok
Nov 01 11:28:29.779 INFO blam! test hn_client::playground::tokio_async_multirequest_using_client_test ... ok
Nov 01 11:28:29.814 INFO blam! test hn_client::playground::get_top_list_sample ... ok
Nov 01 11:28:30.091 INFO blam! test hn_client::test::get_from_url_should_panic_for_invalid_url ... ok
Nov 01 11:28:30.093 INFO blam! test hn_client::test::get_item_test ... FAILED
Nov 01 11:28:30.093 INFO blam! 
Nov 01 11:28:30.093 INFO blam! failures:
Nov 01 11:28:30.093 INFO blam! 
Nov 01 11:28:30.093 INFO blam! ---- hn_client::test::get_item_test stdout ----
Nov 01 11:28:30.093 INFO blam! thread 'hn_client::test::get_item_test' panicked at 'Box<Any>', src/hn_client.rs:150:23
Nov 01 11:28:30.093 INFO blam! stack backtrace:
Nov 01 11:28:30.093 INFO blam!    0:     0x564e03ed132e - std::sys::unix::backtrace::tracing::imp::unwind_backtrace::hf5316c67202e23c8
Nov 01 11:28:30.093 INFO blam!                                at libstd/sys/unix/backtrace/tracing/gcc_s.rs:49
Nov 01 11:28:30.093 INFO blam!    1:     0x564e03ec2f16 - std::sys_common::backtrace::print::h3068ed2a6dc7ac86
Nov 01 11:28:30.093 INFO blam!                                at libstd/sys_common/backtrace.rs:71
Nov 01 11:28:30.093 INFO blam!                                at libstd/sys_common/backtrace.rs:59
Nov 01 11:28:30.093 INFO blam!    2:     0x564e03ec122d - std::panicking::default_hook::{{closure}}::h1b9d29cc09d41897
Nov 01 11:28:30.093 INFO blam!                                at libstd/panicking.rs:211
Nov 01 11:28:30.093 INFO blam!    3:     0x564e03ec0f3b - std::panicking::default_hook::h3a27b204a313406b
Nov 01 11:28:30.093 INFO blam!                                at libstd/panicking.rs:221
Nov 01 11:28:30.093 INFO blam!    4:     0x564e03ec18dc - std::panicking::rust_panic_with_hook::h0e12cb2fc86d00fa
Nov 01 11:28:30.093 INFO blam!                                at libstd/panicking.rs:477
Nov 01 11:28:30.093 INFO blam!    5:     0x564e03a3e759 - std::panicking::begin_panic::h2a0a56d318bd6fe7
Nov 01 11:28:30.093 INFO blam!                                at libstd/panicking.rs:411
Nov 01 11:28:30.093 INFO blam!    6:     0x564e03a3cb89 - working_samples::hn_client::test::get_item_test::h6a849be1d5704774
Nov 01 11:28:30.093 INFO blam!                                at src/hn_client.rs:150
Nov 01 11:28:30.093 INFO blam!    7:     0x564e03a3c9f9 - working_samples::hn_client::test::get_item_test::{{closure}}::h4f9db324e449d146
Nov 01 11:28:30.093 INFO blam!                                at src/hn_client.rs:143
Nov 01 11:28:30.093 INFO blam!    8:     0x564e03ab549d - core::ops::function::FnOnce::call_once::h18581d3d0d74a3ae
Nov 01 11:28:30.093 INFO blam!                                at libcore/ops/function.rs:238
Nov 01 11:28:30.093 INFO blam!    9:     0x564e03b56cbe - <F as alloc::boxed::FnBox<A>>::call_box::ha9910eac2d17ff23
Nov 01 11:28:30.093 INFO blam!                                at libtest/lib.rs:1461
Nov 01 11:28:30.093 INFO blam!                                at libcore/ops/function.rs:238
Nov 01 11:28:30.093 INFO blam!                                at liballoc/boxed.rs:646
Nov 01 11:28:30.093 INFO blam!   10:     0x564e03ee0549 - __rust_maybe_catch_panic
Nov 01 11:28:30.093 INFO blam!                                at libpanic_unwind/lib.rs:103
Nov 01 11:28:30.093 INFO blam!   11:     0x564e03b625cd - std::sys_common::backtrace::__rust_begin_short_backtrace::h470b05235fe5e5ad
Nov 01 11:28:30.093 INFO blam!                                at libstd/panicking.rs:289
Nov 01 11:28:30.093 INFO blam!                                at libstd/panic.rs:392
Nov 01 11:28:30.093 INFO blam!                                at libtest/lib.rs:1416
Nov 01 11:28:30.093 INFO blam!                                at libstd/sys_common/backtrace.rs:136
Nov 01 11:28:30.093 INFO blam!   12:     0x564e03b7ac04 - std::panicking::try::do_call::h1f0578498122cc00
Nov 01 11:28:30.093 INFO blam!                                at libstd/thread/mod.rs:409
Nov 01 11:28:30.093 INFO blam!                                at libstd/panic.rs:313
Nov 01 11:28:30.093 INFO blam!                                at libstd/panicking.rs:310
Nov 01 11:28:30.093 INFO blam!   13:     0x564e03ee0549 - __rust_maybe_catch_panic
Nov 01 11:28:30.094 INFO blam!                                at libpanic_unwind/lib.rs:103
Nov 01 11:28:30.094 INFO blam!   14:     0x564e03b6b4d6 - <F as alloc::boxed::FnBox<A>>::call_box::h7b129f9f235ab460
Nov 01 11:28:30.094 INFO blam!                                at libstd/panicking.rs:289
Nov 01 11:28:30.094 INFO blam!                                at libstd/panic.rs:392
Nov 01 11:28:30.094 INFO blam!                                at libstd/thread/mod.rs:408
Nov 01 11:28:30.094 INFO blam!                                at liballoc/boxed.rs:646
Nov 01 11:28:30.094 INFO blam!   15:     0x564e03ed2eba - std::sys_common::thread::start_thread::hb77935aee02382da
Nov 01 11:28:30.094 INFO blam!                                at liballoc/boxed.rs:656
Nov 01 11:28:30.094 INFO blam!                                at libstd/sys_common/thread.rs:24
Nov 01 11:28:30.094 INFO blam!   16:     0x564e03ec2155 - std::sys::unix::thread::Thread::new::thread_start::hd61f7429b3de1d75
Nov 01 11:28:30.094 INFO blam!                                at libstd/sys/unix/thread.rs:90
Nov 01 11:28:30.094 INFO blam!   17:     0x7f230b73e6b9 - start_thread
Nov 01 11:28:30.094 INFO blam!   18:     0x7f230b25e41c - clone
Nov 01 11:28:30.094 INFO blam!   19:                0x0 - <unknown>
Nov 01 11:28:30.094 INFO blam! 
Nov 01 11:28:30.094 INFO blam! 
Nov 01 11:28:30.094 INFO blam! failures:
Nov 01 11:28:30.094 INFO blam!     hn_client::test::get_item_test
Nov 01 11:28:30.094 INFO blam! 
Nov 01 11:28:30.094 INFO blam! test result: FAILED. 16 passed; 1 failed; 0 ignored; 0 measured; 0 filtered out
Nov 01 11:28:30.094 INFO blam! 
Nov 01 11:28:30.107 INFO kablam! error: test failed, to rerun pass '--lib'
Nov 01 11:28:30.107 INFO kablam! su: No module specific data is present
Nov 01 11:28:30.951 INFO running `"docker" "rm" "-f" "d876f390dc83acddfeea655245a1d28407f20132f5bd325380b942f3c994b510"`
Nov 01 11:28:31.283 INFO blam! d876f390dc83acddfeea655245a1d28407f20132f5bd325380b942f3c994b510
