Nov 01 11:52:35.813 INFO testing dbrgn/tealdeer against 1.30.0 for beta-1.31-1
Nov 01 11:52:35.813 INFO running `"docker" "create" "-v" "/mnt/big/crater/work/local/target-dirs/beta-1.31-1/worker-3/1.30.0:/target:rw,Z" "-v" "/mnt/big/crater/work/local/test-source/worker-3/beta-1.31-1/1.30.0:/source:ro,Z" "-v" "/mnt/big/crater/work/local/cargo-home:/cargo-home:ro,Z" "-v" "/mnt/big/crater/work/local/rustup-home:/rustup-home:ro,Z" "-e" "USER_ID=1000" "-e" "SOURCE_DIR=/source" "-e" "USER_ID=1000" "-e" "CMD=cargo +1.30.0 build --frozen" "-e" "CARGO_TARGET_DIR=/target" "-e" "CARGO_INCREMENTAL=0" "-e" "RUST_BACKTRACE=full" "-e" "RUSTFLAGS=--cap-lints=warn" "-e" "CARGO_HOME=/cargo-home" "-e" "RUSTUP_HOME=/rustup-home" "-m" "1536M" "--network" "none" "crater"`
Nov 01 11:52:36.241 INFO blam! 7fbc2173ec7e8a1824146049d50cd5e0ae9c33f5c89cb53ba08b56b8872f8771
Nov 01 11:52:36.243 INFO running `"docker" "start" "-a" "7fbc2173ec7e8a1824146049d50cd5e0ae9c33f5c89cb53ba08b56b8872f8771"`
Nov 01 11:52:37.628 INFO kablam! usermod: no changes
Nov 01 11:52:37.883 INFO kablam!    Compiling log v0.4.5
Nov 01 11:52:37.901 INFO kablam!    Compiling syn v0.15.13
Nov 01 11:52:48.934 INFO kablam!    Compiling serde_derive v1.0.80
Nov 01 11:53:04.651 INFO kablam!    Compiling docopt v0.8.3
Nov 01 11:53:11.305 INFO kablam!    Compiling tealdeer v1.1.0 (/source)
Nov 01 11:53:19.208 INFO kablam!     Finished dev [unoptimized + debuginfo] target(s) in 41.54s
Nov 01 11:53:19.223 INFO kablam! su: No module specific data is present
Nov 01 11:53:22.094 INFO running `"docker" "rm" "-f" "7fbc2173ec7e8a1824146049d50cd5e0ae9c33f5c89cb53ba08b56b8872f8771"`
Nov 01 11:53:22.331 INFO blam! 7fbc2173ec7e8a1824146049d50cd5e0ae9c33f5c89cb53ba08b56b8872f8771
Nov 01 11:53:22.339 INFO running `"docker" "create" "-v" "/mnt/big/crater/work/local/target-dirs/beta-1.31-1/worker-3/1.30.0:/target:rw,Z" "-v" "/mnt/big/crater/work/local/test-source/worker-3/beta-1.31-1/1.30.0:/source:ro,Z" "-v" "/mnt/big/crater/work/local/cargo-home:/cargo-home:ro,Z" "-v" "/mnt/big/crater/work/local/rustup-home:/rustup-home:ro,Z" "-e" "USER_ID=1000" "-e" "SOURCE_DIR=/source" "-e" "USER_ID=1000" "-e" "CMD=cargo +1.30.0 test --frozen --no-run" "-e" "CARGO_TARGET_DIR=/target" "-e" "CARGO_INCREMENTAL=0" "-e" "RUST_BACKTRACE=full" "-e" "RUSTFLAGS=--cap-lints=warn" "-e" "CARGO_HOME=/cargo-home" "-e" "RUSTUP_HOME=/rustup-home" "-m" "1536M" "--network" "none" "crater"`
Nov 01 11:53:22.851 INFO blam! f14d2afd64297831cc57d3f34044e2cfbc92c79a6fedf45dd5f163fe65aa1c7f
Nov 01 11:53:22.853 INFO running `"docker" "start" "-a" "f14d2afd64297831cc57d3f34044e2cfbc92c79a6fedf45dd5f163fe65aa1c7f"`
Nov 01 11:53:24.607 INFO kablam! usermod: no changes
Nov 01 11:53:24.981 INFO kablam!    Compiling same-file v1.0.3
Nov 01 11:53:24.981 INFO kablam!    Compiling bytecount v0.3.2
Nov 01 11:53:25.011 INFO kablam!    Compiling filetime v0.2.1
Nov 01 11:53:25.019 INFO kablam!    Compiling socket2 v0.3.8
Nov 01 11:53:25.021 INFO kablam!    Compiling log v0.4.5
Nov 01 11:53:25.034 INFO kablam!    Compiling tempdir v0.3.7
Nov 01 11:53:25.034 INFO kablam!    Compiling serde_json v1.0.32
Nov 01 11:53:25.034 INFO kablam!    Compiling memchr v2.1.0
Nov 01 11:53:27.007 INFO kablam!    Compiling backtrace v0.3.9
Nov 01 11:53:29.273 INFO kablam!    Compiling curl-sys v0.4.13
Nov 01 11:53:29.280 INFO kablam!    Compiling utime v0.2.1
Nov 01 11:53:29.315 INFO kablam!    Compiling walkdir v2.2.5
Nov 01 11:53:29.324 INFO kablam!    Compiling tar v0.4.17
Nov 01 11:53:33.339 INFO kablam!    Compiling curl v0.4.18
Nov 01 11:53:33.387 INFO kablam!    Compiling error-chain v0.11.0
Nov 01 11:53:33.399 INFO kablam!    Compiling aho-corasick v0.6.8
Nov 01 11:53:38.295 INFO kablam!    Compiling regex v0.2.11
Nov 01 11:53:40.479 INFO kablam!    Compiling cargo_metadata v0.5.8
Nov 01 11:53:45.355 INFO kablam!    Compiling skeptic v0.13.3
Nov 01 11:53:49.655 INFO kablam!    Compiling docopt v0.8.3
Nov 01 11:53:52.163 INFO kablam!    Compiling assert_cli v0.5.4
Nov 01 11:53:55.803 INFO kablam!    Compiling tealdeer v1.1.0 (/source)
Nov 01 11:54:07.044 INFO kablam!     Finished dev [unoptimized + debuginfo] target(s) in 42.40s
Nov 01 11:54:07.063 INFO kablam! su: No module specific data is present
Nov 01 11:54:08.081 INFO running `"docker" "rm" "-f" "f14d2afd64297831cc57d3f34044e2cfbc92c79a6fedf45dd5f163fe65aa1c7f"`
Nov 01 11:54:08.495 INFO blam! f14d2afd64297831cc57d3f34044e2cfbc92c79a6fedf45dd5f163fe65aa1c7f
Nov 01 11:54:08.503 INFO running `"docker" "create" "-v" "/mnt/big/crater/work/local/target-dirs/beta-1.31-1/worker-3/1.30.0:/target:rw,Z" "-v" "/mnt/big/crater/work/local/test-source/worker-3/beta-1.31-1/1.30.0:/source:ro,Z" "-v" "/mnt/big/crater/work/local/cargo-home:/cargo-home:ro,Z" "-v" "/mnt/big/crater/work/local/rustup-home:/rustup-home:ro,Z" "-e" "USER_ID=1000" "-e" "SOURCE_DIR=/source" "-e" "USER_ID=1000" "-e" "CMD=cargo +1.30.0 test --frozen" "-e" "CARGO_TARGET_DIR=/target" "-e" "CARGO_INCREMENTAL=0" "-e" "RUST_BACKTRACE=full" "-e" "RUSTFLAGS=--cap-lints=warn" "-e" "CARGO_HOME=/cargo-home" "-e" "RUSTUP_HOME=/rustup-home" "-m" "1536M" "--network" "none" "crater"`
Nov 01 11:54:08.879 INFO blam! b1bff693cfcf877d80de30075b186516d58e236406240f938f14b2f660a1b542
Nov 01 11:54:08.881 INFO running `"docker" "start" "-a" "b1bff693cfcf877d80de30075b186516d58e236406240f938f14b2f660a1b542"`
Nov 01 11:54:10.262 INFO kablam! usermod: no changes
Nov 01 11:54:10.572 INFO kablam!     Finished dev [unoptimized + debuginfo] target(s) in 0.28s
Nov 01 11:54:10.582 INFO kablam!      Running /target/debug/deps/tldr-743153f3b93df5d8
Nov 01 11:54:10.601 INFO blam! 
Nov 01 11:54:10.601 INFO blam! running 6 tests
Nov 01 11:54:10.623 INFO blam! test config::test_serialize_deserialize ... ok
Nov 01 11:54:10.627 INFO blam! test tokenizer::test::test_first_line_old_format ... ok
Nov 01 11:54:10.627 INFO blam! test tokenizer::test::test_first_line_new_format ... ok
Nov 01 11:54:10.635 INFO blam! test types::test::test_linetype_from_str ... ok
Nov 01 11:54:10.716 INFO blam! test test::test_docopt_expect_error ... ok
Nov 01 11:54:10.717 INFO blam! test test::test_docopt_os_case_insensitive ... ok
Nov 01 11:54:10.717 INFO blam! 
Nov 01 11:54:10.718 INFO blam! test result: ok. 6 passed; 0 failed; 0 ignored; 0 measured; 0 filtered out
Nov 01 11:54:10.718 INFO blam! 
Nov 01 11:54:10.721 INFO kablam!      Running /target/debug/deps/lib-9ce496a13526ed79
Nov 01 11:54:10.727 INFO blam! 
Nov 01 11:54:10.727 INFO blam! running 10 tests
Nov 01 11:54:11.673 INFO blam! test test_setup_seed_config ... ok
Nov 01 11:54:11.743 INFO blam! test test_correct_rendering_v2 ... ok
Nov 01 11:54:11.895 INFO blam! test test_correct_rendering_v1 ... ok
Nov 01 11:54:11.967 INFO blam! test test_correct_rendering_with_config ... ok
Nov 01 11:54:12.115 INFO blam! test test_quiet_failures ... FAILED
Nov 01 11:54:12.135 INFO blam! test test_quiet_old_cache ... FAILED
Nov 01 11:54:12.183 INFO blam! test test_quiet_cache ... FAILED
Nov 01 11:54:12.204 INFO blam! test test_missing_cache ... ok
Nov 01 11:54:12.352 INFO blam! test test_show_config_path ... ok
Nov 01 11:54:12.728 INFO blam! test test_update_cache ... FAILED
Nov 01 11:54:12.729 INFO kablam! error: test failed, to rerun pass '--test lib'
Nov 01 11:54:12.729 INFO blam! 
Nov 01 11:54:12.729 INFO kablam! su: No module specific data is present
Nov 01 11:54:12.730 INFO blam! failures:
Nov 01 11:54:12.730 INFO blam! 
Nov 01 11:54:12.730 INFO blam! ---- test_quiet_failures stdout ----
Nov 01 11:54:12.731 INFO blam! thread 'test_quiet_failures' panicked at 'CLI assertion failed: (command `cargo run -- --update -q` expected to succeed)
Nov 01 11:54:12.731 INFO blam! status=failed
Nov 01 11:54:12.731 INFO blam! stdout=``````
Nov 01 11:54:12.732 INFO blam! stderr=```    Blocking waiting for file lock on build directory
Nov 01 11:54:12.732 INFO blam!     Finished dev [unoptimized + debuginfo] target(s) in 0.88s
Nov 01 11:54:12.732 INFO blam!      Running `/target/debug/tldr --update -q`
Nov 01 11:54:12.733 INFO blam! Could not update cache: Curl error: [6] Couldn't resolve host name
Nov 01 11:54:12.733 INFO blam! ```', /cargo-home/registry/src/github.com-1ecc6299db9ec823/assert_cli-0.5.4/src/assert.rs:368:13
Nov 01 11:54:12.733 INFO blam! stack backtrace:
Nov 01 11:54:12.733 INFO blam!    0:     0x563a707abc8e - std::sys::unix::backtrace::tracing::imp::unwind_backtrace::hf5316c67202e23c8
Nov 01 11:54:12.733 INFO blam!                                at libstd/sys/unix/backtrace/tracing/gcc_s.rs:49
Nov 01 11:54:12.733 INFO blam!    1:     0x563a70799c66 - std::sys_common::backtrace::print::h3068ed2a6dc7ac86
Nov 01 11:54:12.733 INFO blam!                                at libstd/sys_common/backtrace.rs:71
Nov 01 11:54:12.733 INFO blam!                                at libstd/sys_common/backtrace.rs:59
Nov 01 11:54:12.733 INFO blam!    2:     0x563a7079803d - std::panicking::default_hook::{{closure}}::h1b9d29cc09d41897
Nov 01 11:54:12.733 INFO blam!                                at libstd/panicking.rs:211
Nov 01 11:54:12.733 INFO blam!    3:     0x563a70797d4b - std::panicking::default_hook::h3a27b204a313406b
Nov 01 11:54:12.733 INFO blam!                                at libstd/panicking.rs:221
Nov 01 11:54:12.733 INFO blam!    4:     0x563a707986ec - std::panicking::rust_panic_with_hook::h0e12cb2fc86d00fa
Nov 01 11:54:12.733 INFO blam!                                at libstd/panicking.rs:477
Nov 01 11:54:12.733 INFO blam!    5:     0x563a707982a9 - std::panicking::continue_panic_fmt::h141671b29fe0e27d
Nov 01 11:54:12.733 INFO blam!                                at libstd/panicking.rs:391
Nov 01 11:54:12.733 INFO blam!    6:     0x563a7079820d - std::panicking::begin_panic_fmt::h598547fc766c278a
Nov 01 11:54:12.733 INFO blam!                                at libstd/panicking.rs:346
Nov 01 11:54:12.733 INFO blam!    7:     0x563a70738456 - assert_cli::assert::Assert::unwrap::ha6513e2921786c1a
Nov 01 11:54:12.733 INFO blam!                                at /cargo-home/registry/src/github.com-1ecc6299db9ec823/assert_cli-0.5.4/src/assert.rs:368
Nov 01 11:54:12.733 INFO blam!    8:     0x563a706c0825 - lib::test_quiet_failures::h1fc02012ed1b6369
Nov 01 11:54:12.733 INFO blam!                                at tests/lib.rs:96
Nov 01 11:54:12.733 INFO blam!    9:     0x563a706c0759 - lib::test_quiet_failures::{{closure}}::h4e567a7a201f9c9b
Nov 01 11:54:12.733 INFO blam!                                at tests/lib.rs:93
Nov 01 11:54:12.733 INFO blam!   10:     0x563a706c255d - core::ops::function::FnOnce::call_once::h63ad51b47194307a
Nov 01 11:54:12.733 INFO blam!                                at libcore/ops/function.rs:238
Nov 01 11:54:12.733 INFO blam!   11:     0x563a706c73de - <F as alloc::boxed::FnBox<A>>::call_box::ha9910eac2d17ff23
Nov 01 11:54:12.733 INFO blam!                                at libtest/lib.rs:1461
Nov 01 11:54:12.733 INFO blam!                                at libcore/ops/function.rs:238
Nov 01 11:54:12.733 INFO blam!                                at liballoc/boxed.rs:646
Nov 01 11:54:12.733 INFO blam!   12:     0x563a707beb59 - __rust_maybe_catch_panic
Nov 01 11:54:12.733 INFO blam!                                at libpanic_unwind/lib.rs:103
Nov 01 11:54:12.733 INFO blam!   13:     0x563a706d2ced - std::sys_common::backtrace::__rust_begin_short_backtrace::h470b05235fe5e5ad
Nov 01 11:54:12.733 INFO blam!                                at libstd/panicking.rs:289
Nov 01 11:54:12.733 INFO blam!                                at libstd/panic.rs:392
Nov 01 11:54:12.733 INFO blam!                                at libtest/lib.rs:1416
Nov 01 11:54:12.733 INFO blam!                                at libstd/sys_common/backtrace.rs:136
Nov 01 11:54:12.733 INFO blam!   14:     0x563a706eb324 - std::panicking::try::do_call::h1f0578498122cc00
Nov 01 11:54:12.733 INFO blam!                                at libstd/thread/mod.rs:409
Nov 01 11:54:12.733 INFO blam!                                at libstd/panic.rs:313
Nov 01 11:54:12.733 INFO blam!                                at libstd/panicking.rs:310
Nov 01 11:54:12.733 INFO blam!   15:     0x563a707beb59 - __rust_maybe_catch_panic
Nov 01 11:54:12.733 INFO blam!                                at libpanic_unwind/lib.rs:103
Nov 01 11:54:12.733 INFO blam!   16:     0x563a706dbbf6 - <F as alloc::boxed::FnBox<A>>::call_box::h7b129f9f235ab460
Nov 01 11:54:12.733 INFO blam!                                at libstd/panicking.rs:289
Nov 01 11:54:12.733 INFO blam!                                at libstd/panic.rs:392
Nov 01 11:54:12.733 INFO blam!                                at libstd/thread/mod.rs:408
Nov 01 11:54:12.733 INFO blam!                                at liballoc/boxed.rs:646
Nov 01 11:54:12.733 INFO blam!   17:     0x563a707adcca - std::sys_common::thread::start_thread::hb77935aee02382da
Nov 01 11:54:12.734 INFO blam!                                at liballoc/boxed.rs:656
Nov 01 11:54:12.734 INFO blam!                                at libstd/sys_common/thread.rs:24
Nov 01 11:54:12.734 INFO blam!   18:     0x563a70798ea5 - std::sys::unix::thread::Thread::new::thread_start::hd61f7429b3de1d75
Nov 01 11:54:12.734 INFO blam!                                at libstd/sys/unix/thread.rs:90
Nov 01 11:54:12.734 INFO blam!   19:     0x7f468df076b9 - start_thread
Nov 01 11:54:12.734 INFO blam!   20:     0x7f468da2741c - clone
Nov 01 11:54:12.734 INFO blam!   21:                0x0 - <unknown>
Nov 01 11:54:12.734 INFO blam! 
Nov 01 11:54:12.734 INFO blam! ---- test_quiet_old_cache stdout ----
Nov 01 11:54:12.734 INFO blam! thread 'test_quiet_old_cache' panicked at 'CLI assertion failed: (command `cargo run -- --update -q` expected to succeed)
Nov 01 11:54:12.734 INFO blam! status=failed
Nov 01 11:54:12.734 INFO blam! stdout=``````
Nov 01 11:54:12.734 INFO blam! stderr=```    Blocking waiting for file lock on build directory
Nov 01 11:54:12.734 INFO blam!     Finished dev [unoptimized + debuginfo] target(s) in 0.69s
Nov 01 11:54:12.734 INFO blam!      Running `/target/debug/tldr --update -q`
Nov 01 11:54:12.734 INFO blam! Could not update cache: Curl error: [6] Couldn't resolve host name
Nov 01 11:54:12.734 INFO blam! ```', /cargo-home/registry/src/github.com-1ecc6299db9ec823/assert_cli-0.5.4/src/assert.rs:368:13
Nov 01 11:54:12.734 INFO blam! stack backtrace:
Nov 01 11:54:12.734 INFO blam!    0:     0x563a707abc8e - std::sys::unix::backtrace::tracing::imp::unwind_backtrace::hf5316c67202e23c8
Nov 01 11:54:12.734 INFO blam!                                at libstd/sys/unix/backtrace/tracing/gcc_s.rs:49
Nov 01 11:54:12.734 INFO blam!    1:     0x563a70799c66 - std::sys_common::backtrace::print::h3068ed2a6dc7ac86
Nov 01 11:54:12.734 INFO blam!                                at libstd/sys_common/backtrace.rs:71
Nov 01 11:54:12.734 INFO blam!                                at libstd/sys_common/backtrace.rs:59
Nov 01 11:54:12.734 INFO blam!    2:     0x563a7079803d - std::panicking::default_hook::{{closure}}::h1b9d29cc09d41897
Nov 01 11:54:12.734 INFO blam!                                at libstd/panicking.rs:211
Nov 01 11:54:12.734 INFO blam!    3:     0x563a70797d4b - std::panicking::default_hook::h3a27b204a313406b
Nov 01 11:54:12.734 INFO blam!                                at libstd/panicking.rs:221
Nov 01 11:54:12.734 INFO blam!    4:     0x563a707986ec - std::panicking::rust_panic_with_hook::h0e12cb2fc86d00fa
Nov 01 11:54:12.734 INFO blam!                                at libstd/panicking.rs:477
Nov 01 11:54:12.734 INFO blam!    5:     0x563a707982a9 - std::panicking::continue_panic_fmt::h141671b29fe0e27d
Nov 01 11:54:12.734 INFO blam!                                at libstd/panicking.rs:391
Nov 01 11:54:12.734 INFO blam!    6:     0x563a7079820d - std::panicking::begin_panic_fmt::h598547fc766c278a
Nov 01 11:54:12.734 INFO blam!                                at libstd/panicking.rs:346
Nov 01 11:54:12.734 INFO blam!    7:     0x563a70738456 - assert_cli::assert::Assert::unwrap::ha6513e2921786c1a
Nov 01 11:54:12.734 INFO blam!                                at /cargo-home/registry/src/github.com-1ecc6299db9ec823/assert_cli-0.5.4/src/assert.rs:368
Nov 01 11:54:12.734 INFO blam!    8:     0x563a706c09cb - lib::test_quiet_old_cache::h6eb4eaff4dd51cca
Nov 01 11:54:12.734 INFO blam!                                at tests/lib.rs:115
Nov 01 11:54:12.734 INFO blam!    9:     0x563a706c08f9 - lib::test_quiet_old_cache::{{closure}}::hd196d7e0d61eaa49
Nov 01 11:54:12.734 INFO blam!                                at tests/lib.rs:112
Nov 01 11:54:12.734 INFO blam!   10:     0x563a706c269d - core::ops::function::FnOnce::call_once::hc1024faeac66e725
Nov 01 11:54:12.734 INFO blam!                                at libcore/ops/function.rs:238
Nov 01 11:54:12.734 INFO blam!   11:     0x563a706c73de - <F as alloc::boxed::FnBox<A>>::call_box::ha9910eac2d17ff23
Nov 01 11:54:12.734 INFO blam!                                at libtest/lib.rs:1461
Nov 01 11:54:12.734 INFO blam!                                at libcore/ops/function.rs:238
Nov 01 11:54:12.734 INFO blam!                                at liballoc/boxed.rs:646
Nov 01 11:54:12.734 INFO blam!   12:     0x563a707beb59 - __rust_maybe_catch_panic
Nov 01 11:54:12.734 INFO blam!                                at libpanic_unwind/lib.rs:103
Nov 01 11:54:12.734 INFO blam!   13:     0x563a706d2ced - std::sys_common::backtrace::__rust_begin_short_backtrace::h470b05235fe5e5ad
Nov 01 11:54:12.734 INFO blam!                                at libstd/panicking.rs:289
Nov 01 11:54:12.734 INFO blam!                                at libstd/panic.rs:392
Nov 01 11:54:12.734 INFO blam!                                at libtest/lib.rs:1416
Nov 01 11:54:12.734 INFO blam!                                at libstd/sys_common/backtrace.rs:136
Nov 01 11:54:12.734 INFO blam!   14:     0x563a706eb324 - std::panicking::try::do_call::h1f0578498122cc00
Nov 01 11:54:12.734 INFO blam!                                at libstd/thread/mod.rs:409
Nov 01 11:54:12.734 INFO blam!                                at libstd/panic.rs:313
Nov 01 11:54:12.734 INFO blam!                                at libstd/panicking.rs:310
Nov 01 11:54:12.734 INFO blam!   15:     0x563a707beb59 - __rust_maybe_catch_panic
Nov 01 11:54:12.734 INFO blam!                                at libpanic_unwind/lib.rs:103
Nov 01 11:54:12.734 INFO blam!   16:     0x563a706dbbf6 - <F as alloc::boxed::FnBox<A>>::call_box::h7b129f9f235ab460
Nov 01 11:54:12.734 INFO blam!                                at libstd/panicking.rs:289
Nov 01 11:54:12.734 INFO blam!                                at libstd/panic.rs:392
Nov 01 11:54:12.734 INFO blam!                                at libstd/thread/mod.rs:408
Nov 01 11:54:12.734 INFO blam!                                at liballoc/boxed.rs:646
Nov 01 11:54:12.734 INFO blam!   17:     0x563a707adcca - std::sys_common::thread::start_thread::hb77935aee02382da
Nov 01 11:54:12.734 INFO blam!                                at liballoc/boxed.rs:656
Nov 01 11:54:12.734 INFO blam!                                at libstd/sys_common/thread.rs:24
Nov 01 11:54:12.734 INFO blam!   18:     0x563a70798ea5 - std::sys::unix::thread::Thread::new::thread_start::hd61f7429b3de1d75
Nov 01 11:54:12.734 INFO blam!                                at libstd/sys/unix/thread.rs:90
Nov 01 11:54:12.734 INFO blam!   19:     0x7f468df076b9 - start_thread
Nov 01 11:54:12.734 INFO blam!   20:     0x7f468da2741c - clone
Nov 01 11:54:12.734 INFO blam!   21:                0x0 - <unknown>
Nov 01 11:54:12.734 INFO blam! 
Nov 01 11:54:12.734 INFO blam! ---- test_quiet_cache stdout ----
Nov 01 11:54:12.734 INFO blam! thread 'test_quiet_cache' panicked at 'CLI assertion failed: (command `cargo run -- --update --quiet` expected to succeed)
Nov 01 11:54:12.734 INFO blam! status=failed
Nov 01 11:54:12.734 INFO blam! stdout=``````
Nov 01 11:54:12.734 INFO blam! stderr=```    Blocking waiting for file lock on build directory
Nov 01 11:54:12.734 INFO blam!     Finished dev [unoptimized + debuginfo] target(s) in 1.02s
Nov 01 11:54:12.734 INFO blam!      Running `/target/debug/tldr --update --quiet`
Nov 01 11:54:12.734 INFO blam! Could not update cache: Curl error: [6] Couldn't resolve host name
Nov 01 11:54:12.734 INFO blam! ```', /cargo-home/registry/src/github.com-1ecc6299db9ec823/assert_cli-0.5.4/src/assert.rs:368:13
Nov 01 11:54:12.734 INFO blam! stack backtrace:
Nov 01 11:54:12.734 INFO blam!    0:     0x563a707abc8e - std::sys::unix::backtrace::tracing::imp::unwind_backtrace::hf5316c67202e23c8
Nov 01 11:54:12.735 INFO blam!                                at libstd/sys/unix/backtrace/tracing/gcc_s.rs:49
Nov 01 11:54:12.735 INFO blam!    1:     0x563a70799c66 - std::sys_common::backtrace::print::h3068ed2a6dc7ac86
Nov 01 11:54:12.735 INFO blam!                                at libstd/sys_common/backtrace.rs:71
Nov 01 11:54:12.735 INFO blam!                                at libstd/sys_common/backtrace.rs:59
Nov 01 11:54:12.735 INFO blam!    2:     0x563a7079803d - std::panicking::default_hook::{{closure}}::h1b9d29cc09d41897
Nov 01 11:54:12.735 INFO blam!                                at libstd/panicking.rs:211
Nov 01 11:54:12.735 INFO blam!    3:     0x563a70797d4b - std::panicking::default_hook::h3a27b204a313406b
Nov 01 11:54:12.735 INFO blam!                                at libstd/panicking.rs:221
Nov 01 11:54:12.735 INFO blam!    4:     0x563a707986ec - std::panicking::rust_panic_with_hook::h0e12cb2fc86d00fa
Nov 01 11:54:12.735 INFO blam!                                at libstd/panicking.rs:477
Nov 01 11:54:12.735 INFO blam!    5:     0x563a707982a9 - std::panicking::continue_panic_fmt::h141671b29fe0e27d
Nov 01 11:54:12.735 INFO blam!                                at libstd/panicking.rs:391
Nov 01 11:54:12.735 INFO blam!    6:     0x563a7079820d - std::panicking::begin_panic_fmt::h598547fc766c278a
Nov 01 11:54:12.735 INFO blam!                                at libstd/panicking.rs:346
Nov 01 11:54:12.735 INFO blam!    7:     0x563a70738456 - assert_cli::assert::Assert::unwrap::ha6513e2921786c1a
Nov 01 11:54:12.735 INFO blam!                                at /cargo-home/registry/src/github.com-1ecc6299db9ec823/assert_cli-0.5.4/src/assert.rs:368
Nov 01 11:54:12.735 INFO blam!    8:     0x563a706c0685 - lib::test_quiet_cache::h2c5c991b9bdf2f2e
Nov 01 11:54:12.735 INFO blam!                                at tests/lib.rs:77
Nov 01 11:54:12.735 INFO blam!    9:     0x563a706c05b9 - lib::test_quiet_cache::{{closure}}::hc728c2f74ce51db8
Nov 01 11:54:12.735 INFO blam!                                at tests/lib.rs:75
Nov 01 11:54:12.735 INFO blam!   10:     0x563a706c25dd - core::ops::function::FnOnce::call_once::h8760446fd771a56f
Nov 01 11:54:12.735 INFO blam!                                at libcore/ops/function.rs:238
Nov 01 11:54:12.735 INFO blam!   11:     0x563a706c73de - <F as alloc::boxed::FnBox<A>>::call_box::ha9910eac2d17ff23
Nov 01 11:54:12.735 INFO blam!                                at libtest/lib.rs:1461
Nov 01 11:54:12.735 INFO blam!                                at libcore/ops/function.rs:238
Nov 01 11:54:12.735 INFO blam!                                at liballoc/boxed.rs:646
Nov 01 11:54:12.735 INFO blam!   12:     0x563a707beb59 - __rust_maybe_catch_panic
Nov 01 11:54:12.735 INFO blam!                                at libpanic_unwind/lib.rs:103
Nov 01 11:54:12.735 INFO blam!   13:     0x563a706d2ced - std::sys_common::backtrace::__rust_begin_short_backtrace::h470b05235fe5e5ad
Nov 01 11:54:12.735 INFO blam!                                at libstd/panicking.rs:289
Nov 01 11:54:12.735 INFO blam!                                at libstd/panic.rs:392
Nov 01 11:54:12.735 INFO blam!                                at libtest/lib.rs:1416
Nov 01 11:54:12.735 INFO blam!                                at libstd/sys_common/backtrace.rs:136
Nov 01 11:54:12.735 INFO blam!   14:     0x563a706eb324 - std::panicking::try::do_call::h1f0578498122cc00
Nov 01 11:54:12.735 INFO blam!                                at libstd/thread/mod.rs:409
Nov 01 11:54:12.735 INFO blam!                                at libstd/panic.rs:313
Nov 01 11:54:12.735 INFO blam!                                at libstd/panicking.rs:310
Nov 01 11:54:12.735 INFO blam!   15:     0x563a707beb59 - __rust_maybe_catch_panic
Nov 01 11:54:12.735 INFO blam!                                at libpanic_unwind/lib.rs:103
Nov 01 11:54:12.735 INFO blam!   16:     0x563a706dbbf6 - <F as alloc::boxed::FnBox<A>>::call_box::h7b129f9f235ab460
Nov 01 11:54:12.735 INFO blam!                                at libstd/panicking.rs:289
Nov 01 11:54:12.735 INFO blam!                                at libstd/panic.rs:392
Nov 01 11:54:12.735 INFO blam!                                at libstd/thread/mod.rs:408
Nov 01 11:54:12.735 INFO blam!                                at liballoc/boxed.rs:646
Nov 01 11:54:12.735 INFO blam!   17:     0x563a707adcca - std::sys_common::thread::start_thread::hb77935aee02382da
Nov 01 11:54:12.735 INFO blam!                                at liballoc/boxed.rs:656
Nov 01 11:54:12.735 INFO blam!                                at libstd/sys_common/thread.rs:24
Nov 01 11:54:12.735 INFO blam!   18:     0x563a70798ea5 - std::sys::unix::thread::Thread::new::thread_start::hd61f7429b3de1d75
Nov 01 11:54:12.735 INFO blam!                                at libstd/sys/unix/thread.rs:90
Nov 01 11:54:12.735 INFO blam!   19:     0x7f468df076b9 - start_thread
Nov 01 11:54:12.735 INFO blam!   20:     0x7f468da2741c - clone
Nov 01 11:54:12.735 INFO blam!   21:                0x0 - <unknown>
Nov 01 11:54:12.735 INFO blam! 
Nov 01 11:54:12.735 INFO blam! ---- test_update_cache stdout ----
Nov 01 11:54:12.735 INFO blam! thread 'test_update_cache' panicked at 'CLI assertion failed: (command `cargo run -- --update` expected to succeed)
Nov 01 11:54:12.735 INFO blam! status=failed
Nov 01 11:54:12.735 INFO blam! stdout=``````
Nov 01 11:54:12.735 INFO blam! stderr=```    Finished dev [unoptimized + debuginfo] target(s) in 0.15s
Nov 01 11:54:12.735 INFO blam!      Running `/target/debug/tldr --update`
Nov 01 11:54:12.735 INFO blam! Could not update cache: Curl error: [6] Couldn't resolve host name
Nov 01 11:54:12.735 INFO blam! ```', /cargo-home/registry/src/github.com-1ecc6299db9ec823/assert_cli-0.5.4/src/assert.rs:368:13
Nov 01 11:54:12.735 INFO blam! stack backtrace:
Nov 01 11:54:12.735 INFO blam!    0:     0x563a707abc8e - std::sys::unix::backtrace::tracing::imp::unwind_backtrace::hf5316c67202e23c8
Nov 01 11:54:12.735 INFO blam!                                at libstd/sys/unix/backtrace/tracing/gcc_s.rs:49
Nov 01 11:54:12.735 INFO blam!    1:     0x563a70799c66 - std::sys_common::backtrace::print::h3068ed2a6dc7ac86
Nov 01 11:54:12.735 INFO blam!                                at libstd/sys_common/backtrace.rs:71
Nov 01 11:54:12.735 INFO blam!                                at libstd/sys_common/backtrace.rs:59
Nov 01 11:54:12.735 INFO blam!    2:     0x563a7079803d - std::panicking::default_hook::{{closure}}::h1b9d29cc09d41897
Nov 01 11:54:12.735 INFO blam!                                at libstd/panicking.rs:211
Nov 01 11:54:12.735 INFO blam!    3:     0x563a70797d4b - std::panicking::default_hook::h3a27b204a313406b
Nov 01 11:54:12.735 INFO blam!                                at libstd/panicking.rs:221
Nov 01 11:54:12.735 INFO blam!    4:     0x563a707986ec - std::panicking::rust_panic_with_hook::h0e12cb2fc86d00fa
Nov 01 11:54:12.735 INFO blam!                                at libstd/panicking.rs:477
Nov 01 11:54:12.735 INFO blam!    5:     0x563a707982a9 - std::panicking::continue_panic_fmt::h141671b29fe0e27d
Nov 01 11:54:12.735 INFO blam!                                at libstd/panicking.rs:391
Nov 01 11:54:12.735 INFO blam!    6:     0x563a7079820d - std::panicking::begin_panic_fmt::h598547fc766c278a
Nov 01 11:54:12.735 INFO blam!                                at libstd/panicking.rs:346
Nov 01 11:54:12.735 INFO blam!    7:     0x563a70738456 - assert_cli::assert::Assert::unwrap::ha6513e2921786c1a
Nov 01 11:54:12.735 INFO blam!                                at /cargo-home/registry/src/github.com-1ecc6299db9ec823/assert_cli-0.5.4/src/assert.rs:368
Nov 01 11:54:12.735 INFO blam!    8:     0x563a706c052b - lib::test_update_cache::hc48d3886226083da
Nov 01 11:54:12.735 INFO blam!                                at tests/lib.rs:60
Nov 01 11:54:12.735 INFO blam!    9:     0x563a706c03c9 - lib::test_update_cache::{{closure}}::hae8090704b09d77f
Nov 01 11:54:12.735 INFO blam!                                at tests/lib.rs:50
Nov 01 11:54:12.735 INFO blam!   10:     0x563a706c251d - core::ops::function::FnOnce::call_once::h508b8f71e914a5d1
Nov 01 11:54:12.735 INFO blam!                                at libcore/ops/function.rs:238
Nov 01 11:54:12.735 INFO blam!   11:     0x563a706c73de - <F as alloc::boxed::FnBox<A>>::call_box::ha9910eac2d17ff23
Nov 01 11:54:12.735 INFO blam!                                at libtest/lib.rs:1461
Nov 01 11:54:12.736 INFO blam!                                at libcore/ops/function.rs:238
Nov 01 11:54:12.736 INFO blam!                                at liballoc/boxed.rs:646
Nov 01 11:54:12.736 INFO blam!   12:     0x563a707beb59 - __rust_maybe_catch_panic
Nov 01 11:54:12.736 INFO blam!                                at libpanic_unwind/lib.rs:103
Nov 01 11:54:12.736 INFO blam!   13:     0x563a706d2ced - std::sys_common::backtrace::__rust_begin_short_backtrace::h470b05235fe5e5ad
Nov 01 11:54:12.736 INFO blam!                                at libstd/panicking.rs:289
Nov 01 11:54:12.736 INFO blam!                                at libstd/panic.rs:392
Nov 01 11:54:12.736 INFO blam!                                at libtest/lib.rs:1416
Nov 01 11:54:12.736 INFO blam!                                at libstd/sys_common/backtrace.rs:136
Nov 01 11:54:12.736 INFO blam!   14:     0x563a706eb324 - std::panicking::try::do_call::h1f0578498122cc00
Nov 01 11:54:12.736 INFO blam!                                at libstd/thread/mod.rs:409
Nov 01 11:54:12.736 INFO blam!                                at libstd/panic.rs:313
Nov 01 11:54:12.736 INFO blam!                                at libstd/panicking.rs:310
Nov 01 11:54:12.736 INFO blam!   15:     0x563a707beb59 - __rust_maybe_catch_panic
Nov 01 11:54:12.736 INFO blam!                                at libpanic_unwind/lib.rs:103
Nov 01 11:54:12.736 INFO blam!   16:     0x563a706dbbf6 - <F as alloc::boxed::FnBox<A>>::call_box::h7b129f9f235ab460
Nov 01 11:54:12.736 INFO blam!                                at libstd/panicking.rs:289
Nov 01 11:54:12.736 INFO blam!                                at libstd/panic.rs:392
Nov 01 11:54:12.736 INFO blam!                                at libstd/thread/mod.rs:408
Nov 01 11:54:12.736 INFO blam!                                at liballoc/boxed.rs:646
Nov 01 11:54:12.736 INFO blam!   17:     0x563a707adcca - std::sys_common::thread::start_thread::hb77935aee02382da
Nov 01 11:54:12.736 INFO blam!                                at liballoc/boxed.rs:656
Nov 01 11:54:12.736 INFO blam!                                at libstd/sys_common/thread.rs:24
Nov 01 11:54:12.736 INFO blam!   18:     0x563a70798ea5 - std::sys::unix::thread::Thread::new::thread_start::hd61f7429b3de1d75
Nov 01 11:54:12.736 INFO blam!                                at libstd/sys/unix/thread.rs:90
Nov 01 11:54:12.736 INFO blam!   19:     0x7f468df076b9 - start_thread
Nov 01 11:54:12.736 INFO blam!   20:     0x7f468da2741c - clone
Nov 01 11:54:12.736 INFO blam!   21:                0x0 - <unknown>
Nov 01 11:54:12.736 INFO blam! 
Nov 01 11:54:12.736 INFO blam! 
Nov 01 11:54:12.736 INFO blam! failures:
Nov 01 11:54:12.736 INFO blam!     test_quiet_cache
Nov 01 11:54:12.736 INFO blam!     test_quiet_failures
Nov 01 11:54:12.736 INFO blam!     test_quiet_old_cache
Nov 01 11:54:12.736 INFO blam!     test_update_cache
Nov 01 11:54:12.736 INFO blam! 
Nov 01 11:54:12.736 INFO blam! test result: FAILED. 6 passed; 4 failed; 0 ignored; 0 measured; 0 filtered out
Nov 01 11:54:12.736 INFO blam! 
Nov 01 11:54:13.622 INFO running `"docker" "rm" "-f" "b1bff693cfcf877d80de30075b186516d58e236406240f938f14b2f660a1b542"`
Nov 01 11:54:13.767 INFO blam! b1bff693cfcf877d80de30075b186516d58e236406240f938f14b2f660a1b542
