Nov 01 11:53:02.118 INFO testing dbr/rstvnamer against 1.30.0 for beta-1.31-1
Nov 01 11:53:02.120 INFO running `"docker" "create" "-v" "/mnt/big/crater/work/local/target-dirs/beta-1.31-1/worker-7/1.30.0:/target:rw,Z" "-v" "/mnt/big/crater/work/local/test-source/worker-7/beta-1.31-1/1.30.0:/source:ro,Z" "-v" "/mnt/big/crater/work/local/cargo-home:/cargo-home:ro,Z" "-v" "/mnt/big/crater/work/local/rustup-home:/rustup-home:ro,Z" "-e" "USER_ID=1000" "-e" "SOURCE_DIR=/source" "-e" "USER_ID=1000" "-e" "CMD=cargo +1.30.0 build --frozen" "-e" "CARGO_TARGET_DIR=/target" "-e" "CARGO_INCREMENTAL=0" "-e" "RUST_BACKTRACE=full" "-e" "RUSTFLAGS=--cap-lints=warn" "-e" "CARGO_HOME=/cargo-home" "-e" "RUSTUP_HOME=/rustup-home" "-m" "1536M" "--network" "none" "crater"`
Nov 01 11:53:02.593 INFO blam! 172c7400cb473aea6537842a29b4f1bbba704135e579a8222b2e067a5c7d85a8
Nov 01 11:53:02.595 INFO running `"docker" "start" "-a" "172c7400cb473aea6537842a29b4f1bbba704135e579a8222b2e067a5c7d85a8"`
Nov 01 11:53:04.054 INFO kablam! usermod: no changes
Nov 01 11:53:04.453 INFO kablam!    Compiling symlink v0.1.0
Nov 01 11:53:04.471 INFO kablam!    Compiling relay v0.1.1
Nov 01 11:53:04.509 INFO kablam!    Compiling uuid v0.6.5
Nov 01 11:53:04.567 INFO kablam!    Compiling want v0.0.4
Nov 01 11:53:04.569 INFO kablam!    Compiling tokio-io v0.1.10
Nov 01 11:53:04.569 INFO kablam!    Compiling openssl v0.9.24
Nov 01 11:53:04.570 INFO kablam!    Compiling regex v0.2.11
Nov 01 11:53:11.563 INFO kablam!    Compiling tokio-reactor v0.1.6
Nov 01 11:53:11.564 INFO kablam!    Compiling tokio-codec v0.1.1
Nov 01 11:53:11.565 INFO kablam!    Compiling tokio-fs v0.1.4
Nov 01 11:53:24.903 INFO kablam!    Compiling tokio-udp v0.1.2
Nov 01 11:53:24.903 INFO kablam!    Compiling tokio-uds v0.2.3
Nov 01 11:53:24.903 INFO kablam!    Compiling tokio-tcp v0.1.2
Nov 01 11:53:28.204 INFO kablam!    Compiling native-tls v0.1.5
Nov 01 11:53:32.243 INFO kablam!    Compiling tokio v0.1.11
Nov 01 11:53:35.591 INFO kablam!    Compiling tokio-core v0.1.17
Nov 01 11:53:39.907 INFO kablam!    Compiling tokio-tls v0.1.4
Nov 01 11:53:39.909 INFO kablam!    Compiling hyper v0.11.27
Nov 01 11:53:52.067 INFO kablam!    Compiling hyper-tls v0.1.4
Nov 01 11:53:55.087 INFO kablam!    Compiling reqwest v0.8.8
Nov 01 11:54:06.521 INFO kablam!    Compiling tvdb v0.5.0
Nov 01 11:54:13.266 INFO kablam!    Compiling rstvnamer v0.1.0 (/source)
Nov 01 11:54:19.050 INFO kablam! warning: unused import: `Date`
Nov 01 11:54:19.050 INFO kablam!  --> src/populate.rs:2:58
Nov 01 11:54:19.051 INFO kablam!   |
Nov 01 11:54:19.051 INFO kablam! 2 | use super::parsing::{DateBased, ParsedFile, SeasonBased, Date};
Nov 01 11:54:19.051 INFO kablam!   |                                                          ^^^^
Nov 01 11:54:19.051 INFO kablam!   |
Nov 01 11:54:19.051 INFO kablam!   = note: #[warn(unused_imports)] on by default
Nov 01 11:54:19.051 INFO kablam! 
Nov 01 11:54:19.255 INFO kablam! warning: unused variable: `file`
Nov 01 11:54:19.255 INFO kablam!   --> src/populate.rs:54:24
Nov 01 11:54:19.255 INFO kablam!    |
Nov 01 11:54:19.255 INFO kablam! 54 | fn _populate_datebased(file: &DateBased) -> TvnamerResult<PopulatedFile> {
Nov 01 11:54:19.255 INFO kablam!    |                        ^^^^ help: consider using `_file` instead
Nov 01 11:54:19.255 INFO kablam!    |
Nov 01 11:54:19.255 INFO kablam!    = note: #[warn(unused_variables)] on by default
Nov 01 11:54:19.255 INFO kablam! 
Nov 01 11:54:19.307 INFO kablam! warning: struct is never constructed: `ParsedConfig`
Nov 01 11:54:19.307 INFO kablam!  --> src/config.rs:5:1
Nov 01 11:54:19.307 INFO kablam!   |
Nov 01 11:54:19.307 INFO kablam! 5 | struct ParsedConfig {
Nov 01 11:54:19.307 INFO kablam!   | ^^^^^^^^^^^^^^^^^^^
Nov 01 11:54:19.307 INFO kablam!   |
Nov 01 11:54:19.307 INFO kablam!   = note: #[warn(dead_code)] on by default
Nov 01 11:54:19.307 INFO kablam! 
Nov 01 11:54:30.163 INFO kablam!     Finished dev [unoptimized + debuginfo] target(s) in 1m 26s
Nov 01 11:54:30.175 INFO kablam! su: No module specific data is present
Nov 01 11:54:30.851 INFO running `"docker" "rm" "-f" "172c7400cb473aea6537842a29b4f1bbba704135e579a8222b2e067a5c7d85a8"`
Nov 01 11:54:31.095 INFO blam! 172c7400cb473aea6537842a29b4f1bbba704135e579a8222b2e067a5c7d85a8
Nov 01 11:54:31.102 INFO running `"docker" "create" "-v" "/mnt/big/crater/work/local/target-dirs/beta-1.31-1/worker-7/1.30.0:/target:rw,Z" "-v" "/mnt/big/crater/work/local/test-source/worker-7/beta-1.31-1/1.30.0:/source:ro,Z" "-v" "/mnt/big/crater/work/local/cargo-home:/cargo-home:ro,Z" "-v" "/mnt/big/crater/work/local/rustup-home:/rustup-home:ro,Z" "-e" "USER_ID=1000" "-e" "SOURCE_DIR=/source" "-e" "USER_ID=1000" "-e" "CMD=cargo +1.30.0 test --frozen --no-run" "-e" "CARGO_TARGET_DIR=/target" "-e" "CARGO_INCREMENTAL=0" "-e" "RUST_BACKTRACE=full" "-e" "RUSTFLAGS=--cap-lints=warn" "-e" "CARGO_HOME=/cargo-home" "-e" "RUSTUP_HOME=/rustup-home" "-m" "1536M" "--network" "none" "crater"`
Nov 01 11:54:31.539 INFO blam! 3d75b20df8f2a375f8ea525ca02511f61cc5e68de24f7c7d9484a92c782a53cf
Nov 01 11:54:31.541 INFO running `"docker" "start" "-a" "3d75b20df8f2a375f8ea525ca02511f61cc5e68de24f7c7d9484a92c782a53cf"`
Nov 01 11:54:32.103 INFO kablam! usermod: no changes
Nov 01 11:54:32.309 INFO kablam!    Compiling rstvnamer v0.1.0 (/source)
Nov 01 11:54:38.422 INFO kablam! warning: unused import: `Date`
Nov 01 11:54:38.422 INFO kablam!  --> src/populate.rs:2:58
Nov 01 11:54:38.422 INFO kablam!   |
Nov 01 11:54:38.422 INFO kablam! 2 | use super::parsing::{DateBased, ParsedFile, SeasonBased, Date};
Nov 01 11:54:38.422 INFO kablam!   |                                                          ^^^^
Nov 01 11:54:38.422 INFO kablam!   |
Nov 01 11:54:38.422 INFO kablam!   = note: #[warn(unused_imports)] on by default
Nov 01 11:54:38.422 INFO kablam! 
Nov 01 11:54:38.760 INFO kablam! warning: unused variable: `file`
Nov 01 11:54:38.760 INFO kablam!   --> src/populate.rs:54:24
Nov 01 11:54:38.761 INFO kablam!    |
Nov 01 11:54:38.761 INFO kablam! 54 | fn _populate_datebased(file: &DateBased) -> TvnamerResult<PopulatedFile> {
Nov 01 11:54:38.762 INFO kablam!    |                        ^^^^ help: consider using `_file` instead
Nov 01 11:54:38.762 INFO kablam!    |
Nov 01 11:54:38.763 INFO kablam!    = note: #[warn(unused_variables)] on by default
Nov 01 11:54:38.764 INFO kablam! 
Nov 01 11:54:38.799 INFO kablam! warning: struct is never constructed: `ParsedConfig`
Nov 01 11:54:38.800 INFO kablam!  --> src/config.rs:5:1
Nov 01 11:54:38.800 INFO kablam!   |
Nov 01 11:54:38.800 INFO kablam! 5 | struct ParsedConfig {
Nov 01 11:54:38.800 INFO kablam!   | ^^^^^^^^^^^^^^^^^^^
Nov 01 11:54:38.801 INFO kablam!   |
Nov 01 11:54:38.801 INFO kablam!   = note: #[warn(dead_code)] on by default
Nov 01 11:54:38.801 INFO kablam! 
Nov 01 11:54:39.895 INFO kablam! warning: unused imports: `App`, `Arg`
Nov 01 11:54:39.895 INFO kablam!   --> src/main.rs:10:12
Nov 01 11:54:39.895 INFO kablam!    |
Nov 01 11:54:39.895 INFO kablam! 10 | use clap::{Arg, App};
Nov 01 11:54:39.895 INFO kablam!    |            ^^^  ^^^
Nov 01 11:54:39.895 INFO kablam!    |
Nov 01 11:54:39.895 INFO kablam!    = note: #[warn(unused_imports)] on by default
Nov 01 11:54:39.895 INFO kablam! 
Nov 01 11:54:40.008 INFO kablam! warning: function is never used: `process_one`
Nov 01 11:54:40.008 INFO kablam!   --> src/main.rs:13:1
Nov 01 11:54:40.008 INFO kablam!    |
Nov 01 11:54:40.008 INFO kablam! 13 | fn process_one(path: &Path) -> TvnamerResult<PathBuf> {
Nov 01 11:54:40.008 INFO kablam!    | ^^^^^^^^^^^^^^^^^^^^^^^^^^^^^^^^^^^^^^^^^^^^^^^^^^^^^
Nov 01 11:54:40.008 INFO kablam!    |
Nov 01 11:54:40.008 INFO kablam!    = note: #[warn(dead_code)] on by default
Nov 01 11:54:40.008 INFO kablam! 
Nov 01 11:54:43.831 INFO kablam!     Finished dev [unoptimized + debuginfo] target(s) in 11.71s
Nov 01 11:54:43.843 INFO kablam! su: No module specific data is present
Nov 01 11:54:44.364 INFO running `"docker" "rm" "-f" "3d75b20df8f2a375f8ea525ca02511f61cc5e68de24f7c7d9484a92c782a53cf"`
Nov 01 11:54:44.616 INFO blam! 3d75b20df8f2a375f8ea525ca02511f61cc5e68de24f7c7d9484a92c782a53cf
Nov 01 11:54:44.623 INFO running `"docker" "create" "-v" "/mnt/big/crater/work/local/target-dirs/beta-1.31-1/worker-7/1.30.0:/target:rw,Z" "-v" "/mnt/big/crater/work/local/test-source/worker-7/beta-1.31-1/1.30.0:/source:ro,Z" "-v" "/mnt/big/crater/work/local/cargo-home:/cargo-home:ro,Z" "-v" "/mnt/big/crater/work/local/rustup-home:/rustup-home:ro,Z" "-e" "USER_ID=1000" "-e" "SOURCE_DIR=/source" "-e" "USER_ID=1000" "-e" "CMD=cargo +1.30.0 test --frozen" "-e" "CARGO_TARGET_DIR=/target" "-e" "CARGO_INCREMENTAL=0" "-e" "RUST_BACKTRACE=full" "-e" "RUSTFLAGS=--cap-lints=warn" "-e" "CARGO_HOME=/cargo-home" "-e" "RUSTUP_HOME=/rustup-home" "-m" "1536M" "--network" "none" "crater"`
Nov 01 11:54:44.960 INFO blam! 886a4ee529d8e861ed72fe3bbf88edaee0a646584534455671dafcfe39964dc2
Nov 01 11:54:44.966 INFO running `"docker" "start" "-a" "886a4ee529d8e861ed72fe3bbf88edaee0a646584534455671dafcfe39964dc2"`
Nov 01 11:54:45.596 INFO kablam! usermod: no changes
Nov 01 11:54:45.803 INFO kablam!     Finished dev [unoptimized + debuginfo] target(s) in 0.19s
Nov 01 11:54:45.815 INFO kablam!      Running /target/debug/deps/rstvnamer-6065ad677c8892c2
Nov 01 11:54:45.817 INFO blam! 
Nov 01 11:54:45.817 INFO blam! running 0 tests
Nov 01 11:54:45.817 INFO blam! 
Nov 01 11:54:45.817 INFO blam! test result: ok. 0 passed; 0 failed; 0 ignored; 0 measured; 0 filtered out
Nov 01 11:54:45.817 INFO blam! 
Nov 01 11:54:45.817 INFO kablam!      Running /target/debug/deps/tvnamer-f647b02ea6dee51c
Nov 01 11:54:45.829 INFO kablam!      Running /target/debug/deps/parsing-909df525a633589d
Nov 01 11:54:45.829 INFO blam! 
Nov 01 11:54:45.829 INFO blam! running 0 tests
Nov 01 11:54:45.829 INFO blam! 
Nov 01 11:54:45.829 INFO blam! test result: ok. 0 passed; 0 failed; 0 ignored; 0 measured; 0 filtered out
Nov 01 11:54:45.829 INFO blam! 
Nov 01 11:54:45.833 INFO blam! 
Nov 01 11:54:45.833 INFO blam! running 1 test
Nov 01 11:54:45.889 INFO blam! test test_parsing ... ok
Nov 01 11:54:45.889 INFO blam! 
Nov 01 11:54:45.889 INFO blam! test result: ok. 1 passed; 0 failed; 0 ignored; 0 measured; 0 filtered out
Nov 01 11:54:45.889 INFO blam! 
Nov 01 11:54:45.890 INFO kablam!      Running /target/debug/deps/test_populating-d67b7f1995659ec4
Nov 01 11:54:45.903 INFO blam! 
Nov 01 11:54:45.903 INFO blam! running 2 tests
Nov 01 11:54:46.059 INFO blam! test test_not_found ... ok
Nov 01 11:54:46.249 INFO blam! test test_good ... FAILED
Nov 01 11:54:46.250 INFO blam! 
Nov 01 11:54:46.250 INFO blam! failures:
Nov 01 11:54:46.250 INFO blam! 
Nov 01 11:54:46.250 INFO blam! ---- test_good stdout ----
Nov 01 11:54:46.250 INFO blam! thread 'test_good' panicked at 'Failed to populate: TvdbError { original: CommunicationError { reason: "https://api.thetvdb.com/login: failed to lookup address information: Temporary failure in name resolution" } }', libcore/result.rs:1009:5
Nov 01 11:54:46.250 INFO blam! stack backtrace:
Nov 01 11:54:46.250 INFO blam!    0:     0x5631c8820c8e - std::sys::unix::backtrace::tracing::imp::unwind_backtrace::hf5316c67202e23c8
Nov 01 11:54:46.250 INFO blam!                                at libstd/sys/unix/backtrace/tracing/gcc_s.rs:49
Nov 01 11:54:46.250 INFO blam!    1:     0x5631c8812896 - std::sys_common::backtrace::print::h3068ed2a6dc7ac86
Nov 01 11:54:46.250 INFO blam!                                at libstd/sys_common/backtrace.rs:71
Nov 01 11:54:46.250 INFO blam!                                at libstd/sys_common/backtrace.rs:59
Nov 01 11:54:46.250 INFO blam!    2:     0x5631c8810b0d - std::panicking::default_hook::{{closure}}::h1b9d29cc09d41897
Nov 01 11:54:46.250 INFO blam!                                at libstd/panicking.rs:211
Nov 01 11:54:46.250 INFO blam!    3:     0x5631c881081b - std::panicking::default_hook::h3a27b204a313406b
Nov 01 11:54:46.250 INFO blam!                                at libstd/panicking.rs:221
Nov 01 11:54:46.250 INFO blam!    4:     0x5631c88111bc - std::panicking::rust_panic_with_hook::h0e12cb2fc86d00fa
Nov 01 11:54:46.250 INFO blam!                                at libstd/panicking.rs:477
Nov 01 11:54:46.251 INFO blam!    5:     0x5631c8810d79 - std::panicking::continue_panic_fmt::h141671b29fe0e27d
Nov 01 11:54:46.251 INFO blam!                                at libstd/panicking.rs:391
Nov 01 11:54:46.251 INFO blam!    6:     0x5631c8810c75 - rust_begin_unwind
Nov 01 11:54:46.251 INFO blam!                                at libstd/panicking.rs:326
Nov 01 11:54:46.251 INFO blam!    7:     0x5631c885b4eb - core::panicking::panic_fmt::h429a06507aba9228
Nov 01 11:54:46.251 INFO blam!                                at libcore/panicking.rs:77
Nov 01 11:54:46.251 INFO blam!    8:     0x5631c81dd303 - core::result::unwrap_failed::hf42eab6803ce7302
Nov 01 11:54:46.251 INFO blam!                                at libcore/macros.rs:26
Nov 01 11:54:46.251 INFO blam!    9:     0x5631c81dd123 - <core::result::Result<T, E>>::expect::hf0ec6ea80ed7cc61
Nov 01 11:54:46.251 INFO blam!                                at libcore/result.rs:835
Nov 01 11:54:46.251 INFO blam!   10:     0x5631c81dbeed - test_populating::test_good::h7be04a35f5432bc6
Nov 01 11:54:46.251 INFO blam!                                at tests/test_populating.rs:8
Nov 01 11:54:46.251 INFO blam!   11:     0x5631c81dbdf9 - test_populating::test_good::{{closure}}::h94a604fb45c4018f
Nov 01 11:54:46.251 INFO blam!                                at tests/test_populating.rs:5
Nov 01 11:54:46.251 INFO blam!   12:     0x5631c81dc7ed - core::ops::function::FnOnce::call_once::h62180bfbb35b1b82
Nov 01 11:54:46.251 INFO blam!                                at libcore/ops/function.rs:238
Nov 01 11:54:46.251 INFO blam!   13:     0x5631c81df61e - <F as alloc::boxed::FnBox<A>>::call_box::ha9910eac2d17ff23
Nov 01 11:54:46.251 INFO blam!                                at libtest/lib.rs:1461
Nov 01 11:54:46.251 INFO blam!                                at libcore/ops/function.rs:238
Nov 01 11:54:46.251 INFO blam!                                at liballoc/boxed.rs:646
Nov 01 11:54:46.251 INFO blam!   14:     0x5631c882fc29 - __rust_maybe_catch_panic
Nov 01 11:54:46.251 INFO blam!                                at libpanic_unwind/lib.rs:103
Nov 01 11:54:46.251 INFO blam!   15:     0x5631c81eaf2d - std::sys_common::backtrace::__rust_begin_short_backtrace::h470b05235fe5e5ad
Nov 01 11:54:46.251 INFO blam!                                at libstd/panicking.rs:289
Nov 01 11:54:46.251 INFO blam!                                at libstd/panic.rs:392
Nov 01 11:54:46.251 INFO blam!                                at libtest/lib.rs:1416
Nov 01 11:54:46.251 INFO blam!                                at libstd/sys_common/backtrace.rs:136
Nov 01 11:54:46.251 INFO blam!   16:     0x5631c8203564 - std::panicking::try::do_call::h1f0578498122cc00
Nov 01 11:54:46.251 INFO blam!                                at libstd/thread/mod.rs:409
Nov 01 11:54:46.251 INFO blam!                                at libstd/panic.rs:313
Nov 01 11:54:46.251 INFO blam!                                at libstd/panicking.rs:310
Nov 01 11:54:46.251 INFO blam!   17:     0x5631c882fc29 - __rust_maybe_catch_panic
Nov 01 11:54:46.251 INFO blam!                                at libpanic_unwind/lib.rs:103
Nov 01 11:54:46.251 INFO blam!   18:     0x5631c81f3e36 - <F as alloc::boxed::FnBox<A>>::call_box::h7b129f9f235ab460
Nov 01 11:54:46.251 INFO blam!                                at libstd/panicking.rs:289
Nov 01 11:54:46.251 INFO blam!                                at libstd/panic.rs:392
Nov 01 11:54:46.251 INFO blam!                                at libstd/thread/mod.rs:408
Nov 01 11:54:46.251 INFO blam!                                at liballoc/boxed.rs:646
Nov 01 11:54:46.251 INFO blam!   19:     0x5631c88227da - std::sys_common::thread::start_thread::hb77935aee02382da
Nov 01 11:54:46.251 INFO blam!                                at liballoc/boxed.rs:656
Nov 01 11:54:46.251 INFO blam!                                at libstd/sys_common/thread.rs:24
Nov 01 11:54:46.251 INFO blam!   20:     0x5631c8811a35 - std::sys::unix::thread::Thread::new::thread_start::hd61f7429b3de1d75
Nov 01 11:54:46.251 INFO blam!                                at libstd/sys/unix/thread.rs:90
Nov 01 11:54:46.251 INFO blam!   21:     0x7fcf874ef6b9 - start_thread
Nov 01 11:54:46.251 INFO blam!   22:     0x7fcf8700f41c - clone
Nov 01 11:54:46.251 INFO blam!   23:                0x0 - <unknown>
Nov 01 11:54:46.251 INFO blam! 
Nov 01 11:54:46.251 INFO blam! 
Nov 01 11:54:46.251 INFO blam! failures:
Nov 01 11:54:46.251 INFO blam!     test_good
Nov 01 11:54:46.251 INFO blam! 
Nov 01 11:54:46.251 INFO blam! test result: FAILED. 1 passed; 1 failed; 0 ignored; 0 measured; 0 filtered out
Nov 01 11:54:46.251 INFO blam! 
Nov 01 11:54:46.253 INFO kablam! error: test failed, to rerun pass '--test test_populating'
Nov 01 11:54:46.260 INFO kablam! su: No module specific data is present
Nov 01 11:54:46.885 INFO running `"docker" "rm" "-f" "886a4ee529d8e861ed72fe3bbf88edaee0a646584534455671dafcfe39964dc2"`
Nov 01 11:54:47.211 INFO blam! 886a4ee529d8e861ed72fe3bbf88edaee0a646584534455671dafcfe39964dc2
