Nov 01 17:46:18.595 INFO testing StephanHeijl/global-supertrees against beta-2018-10-30 for beta-1.31-1
Nov 01 17:46:18.596 INFO running `"docker" "create" "-v" "/mnt/big/crater/work/local/target-dirs/beta-1.31-1/worker-1/beta-2018-10-30:/target:rw,Z" "-v" "/mnt/big/crater/work/local/test-source/worker-1/beta-1.31-1/beta-2018-10-30:/source:ro,Z" "-v" "/mnt/big/crater/work/local/cargo-home:/cargo-home:ro,Z" "-v" "/mnt/big/crater/work/local/rustup-home:/rustup-home:ro,Z" "-e" "USER_ID=1000" "-e" "SOURCE_DIR=/source" "-e" "USER_ID=1000" "-e" "CMD=cargo +beta-2018-10-30 build --frozen" "-e" "CARGO_TARGET_DIR=/target" "-e" "CARGO_INCREMENTAL=0" "-e" "RUST_BACKTRACE=full" "-e" "RUSTFLAGS=--cap-lints=warn" "-e" "CARGO_HOME=/cargo-home" "-e" "RUSTUP_HOME=/rustup-home" "-m" "1536M" "--network" "none" "crater"`
Nov 01 17:46:19.171 INFO blam! fe68bc03341010bd6912c7952fec4bb5075c234dad81c43b96f5d3ccfc8d4042
Nov 01 17:46:19.174 INFO running `"docker" "start" "-a" "fe68bc03341010bd6912c7952fec4bb5075c234dad81c43b96f5d3ccfc8d4042"`
Nov 01 17:46:20.301 INFO kablam! usermod: no changes
Nov 01 17:46:20.399 INFO kablam!    Compiling newick v0.1.0 (/source)
Nov 01 17:46:21.019 INFO kablam! warning: unused import: `std::process`
Nov 01 17:46:21.019 INFO kablam!  --> src/tree.rs:4:5
Nov 01 17:46:21.019 INFO kablam!   |
Nov 01 17:46:21.019 INFO kablam! 4 | use std::process;
Nov 01 17:46:21.019 INFO kablam!   |     ^^^^^^^^^^^^
Nov 01 17:46:21.019 INFO kablam!   |
Nov 01 17:46:21.019 INFO kablam!   = note: #[warn(unused_imports)] on by default
Nov 01 17:46:21.019 INFO kablam! 
Nov 01 17:46:21.235 INFO kablam! warning: unused variable: `children`
Nov 01 17:46:21.235 INFO kablam!   --> src/main.rs:30:9
Nov 01 17:46:21.235 INFO kablam!    |
Nov 01 17:46:21.235 INFO kablam! 30 |     let children = parsed_tree.traverse_children();
Nov 01 17:46:21.235 INFO kablam!    |         ^^^^^^^^ help: consider using `_children` instead
Nov 01 17:46:21.235 INFO kablam!    |
Nov 01 17:46:21.235 INFO kablam!    = note: #[warn(unused_variables)] on by default
Nov 01 17:46:21.235 INFO kablam! 
Nov 01 17:46:21.235 INFO kablam! warning: value assigned to `read_mode` is never read
Nov 01 17:46:21.235 INFO kablam!    --> src/tree.rs:311:21
Nov 01 17:46:21.235 INFO kablam!     |
Nov 01 17:46:21.235 INFO kablam! 311 |                     read_mode = "LEAF";
Nov 01 17:46:21.235 INFO kablam!     |                     ^^^^^^^^^
Nov 01 17:46:21.235 INFO kablam!     |
Nov 01 17:46:21.235 INFO kablam!     = note: #[warn(unused_assignments)] on by default
Nov 01 17:46:21.235 INFO kablam! 
Nov 01 17:46:21.284 INFO kablam! warning: method is never used: `to_csv`
Nov 01 17:46:21.284 INFO kablam!   --> src/tree.rs:22:5
Nov 01 17:46:21.284 INFO kablam!    |
Nov 01 17:46:21.284 INFO kablam! 22 |     pub fn to_csv(&self) -> String {
Nov 01 17:46:21.284 INFO kablam!    |     ^^^^^^^^^^^^^^^^^^^^^^^^^^^^^^
Nov 01 17:46:21.284 INFO kablam!    |
Nov 01 17:46:21.284 INFO kablam!    = note: #[warn(dead_code)] on by default
Nov 01 17:46:21.284 INFO kablam! 
Nov 01 17:46:21.286 INFO kablam! warning: method is never used: `new`
Nov 01 17:46:21.286 INFO kablam!    --> src/tree.rs:345:5
Nov 01 17:46:21.286 INFO kablam!     |
Nov 01 17:46:21.286 INFO kablam! 345 |     pub fn new(leaves : Vec<String>, branches : Vec<Tree>, leaf_distances : Vec<f64>, branch_distances : Vec<f64>) -> Tree {
Nov 01 17:46:21.286 INFO kablam!     |     ^^^^^^^^^^^^^^^^^^^^^^^^^^^^^^^^^^^^^^^^^^^^^^^^^^^^^^^^^^^^^^^^^^^^^^^^^^^^^^^^^^^^^^^^^^^^^^^^^^^^^^^^^^^^^^^^^^^^^^
Nov 01 17:46:21.286 INFO kablam! 
Nov 01 17:46:22.791 INFO kablam!     Finished dev [unoptimized + debuginfo] target(s) in 2.45s
Nov 01 17:46:22.793 INFO kablam! su: No module specific data is present
Nov 01 17:46:23.375 INFO running `"docker" "rm" "-f" "fe68bc03341010bd6912c7952fec4bb5075c234dad81c43b96f5d3ccfc8d4042"`
Nov 01 17:46:23.587 INFO blam! fe68bc03341010bd6912c7952fec4bb5075c234dad81c43b96f5d3ccfc8d4042
Nov 01 17:46:23.591 INFO running `"docker" "create" "-v" "/mnt/big/crater/work/local/target-dirs/beta-1.31-1/worker-1/beta-2018-10-30:/target:rw,Z" "-v" "/mnt/big/crater/work/local/test-source/worker-1/beta-1.31-1/beta-2018-10-30:/source:ro,Z" "-v" "/mnt/big/crater/work/local/cargo-home:/cargo-home:ro,Z" "-v" "/mnt/big/crater/work/local/rustup-home:/rustup-home:ro,Z" "-e" "USER_ID=1000" "-e" "SOURCE_DIR=/source" "-e" "USER_ID=1000" "-e" "CMD=cargo +beta-2018-10-30 test --frozen --no-run" "-e" "CARGO_TARGET_DIR=/target" "-e" "CARGO_INCREMENTAL=0" "-e" "RUST_BACKTRACE=full" "-e" "RUSTFLAGS=--cap-lints=warn" "-e" "CARGO_HOME=/cargo-home" "-e" "RUSTUP_HOME=/rustup-home" "-m" "1536M" "--network" "none" "crater"`
Nov 01 17:46:23.923 INFO blam! 83d9fda43fbf8c8efaf6608ef8b7fd86114a49d495840011161011482a3edabd
Nov 01 17:46:23.929 INFO running `"docker" "start" "-a" "83d9fda43fbf8c8efaf6608ef8b7fd86114a49d495840011161011482a3edabd"`
Nov 01 17:46:24.503 INFO kablam! usermod: no changes
Nov 01 17:46:24.540 INFO kablam!    Compiling newick v0.1.0 (/source)
Nov 01 17:46:25.247 INFO kablam! warning: unused import: `std::process`
Nov 01 17:46:25.247 INFO kablam!  --> src/tree.rs:4:5
Nov 01 17:46:25.247 INFO kablam!   |
Nov 01 17:46:25.247 INFO kablam! 4 | use std::process;
Nov 01 17:46:25.247 INFO kablam!   |     ^^^^^^^^^^^^
Nov 01 17:46:25.247 INFO kablam!   |
Nov 01 17:46:25.247 INFO kablam!   = note: #[warn(unused_imports)] on by default
Nov 01 17:46:25.247 INFO kablam! 
Nov 01 17:46:25.455 INFO kablam! warning: unused variable: `children`
Nov 01 17:46:25.455 INFO kablam!   --> src/main.rs:30:9
Nov 01 17:46:25.455 INFO kablam!    |
Nov 01 17:46:25.455 INFO kablam! 30 |     let children = parsed_tree.traverse_children();
Nov 01 17:46:25.455 INFO kablam!    |         ^^^^^^^^ help: consider using `_children` instead
Nov 01 17:46:25.455 INFO kablam!    |
Nov 01 17:46:25.455 INFO kablam!    = note: #[warn(unused_variables)] on by default
Nov 01 17:46:25.455 INFO kablam! 
Nov 01 17:46:25.455 INFO kablam! warning: value assigned to `read_mode` is never read
Nov 01 17:46:25.455 INFO kablam!    --> src/tree.rs:311:21
Nov 01 17:46:25.455 INFO kablam!     |
Nov 01 17:46:25.455 INFO kablam! 311 |                     read_mode = "LEAF";
Nov 01 17:46:25.455 INFO kablam!     |                     ^^^^^^^^^
Nov 01 17:46:25.455 INFO kablam!     |
Nov 01 17:46:25.455 INFO kablam!     = note: #[warn(unused_assignments)] on by default
Nov 01 17:46:25.455 INFO kablam! 
Nov 01 17:46:25.542 INFO kablam! warning: method is never used: `to_csv`
Nov 01 17:46:25.542 INFO kablam!   --> src/tree.rs:22:5
Nov 01 17:46:25.542 INFO kablam!    |
Nov 01 17:46:25.542 INFO kablam! 22 |     pub fn to_csv(&self) -> String {
Nov 01 17:46:25.542 INFO kablam!    |     ^^^^^^^^^^^^^^^^^^^^^^^^^^^^^^
Nov 01 17:46:25.542 INFO kablam!    |
Nov 01 17:46:25.542 INFO kablam!    = note: #[warn(dead_code)] on by default
Nov 01 17:46:25.542 INFO kablam! 
Nov 01 17:46:27.611 INFO kablam!     Finished dev [unoptimized + debuginfo] target(s) in 3.08s
Nov 01 17:46:27.613 INFO kablam! su: No module specific data is present
Nov 01 17:46:28.467 INFO running `"docker" "rm" "-f" "83d9fda43fbf8c8efaf6608ef8b7fd86114a49d495840011161011482a3edabd"`
Nov 01 17:46:28.735 INFO blam! 83d9fda43fbf8c8efaf6608ef8b7fd86114a49d495840011161011482a3edabd
Nov 01 17:46:28.745 INFO running `"docker" "create" "-v" "/mnt/big/crater/work/local/target-dirs/beta-1.31-1/worker-1/beta-2018-10-30:/target:rw,Z" "-v" "/mnt/big/crater/work/local/test-source/worker-1/beta-1.31-1/beta-2018-10-30:/source:ro,Z" "-v" "/mnt/big/crater/work/local/cargo-home:/cargo-home:ro,Z" "-v" "/mnt/big/crater/work/local/rustup-home:/rustup-home:ro,Z" "-e" "USER_ID=1000" "-e" "SOURCE_DIR=/source" "-e" "USER_ID=1000" "-e" "CMD=cargo +beta-2018-10-30 test --frozen" "-e" "CARGO_TARGET_DIR=/target" "-e" "CARGO_INCREMENTAL=0" "-e" "RUST_BACKTRACE=full" "-e" "RUSTFLAGS=--cap-lints=warn" "-e" "CARGO_HOME=/cargo-home" "-e" "RUSTUP_HOME=/rustup-home" "-m" "1536M" "--network" "none" "crater"`
Nov 01 17:46:29.163 INFO blam! 3d40e3d45dd91a1e32deabdb9c02461ba77faa66e7aa593bbf55618a9d90a88c
Nov 01 17:46:29.166 INFO running `"docker" "start" "-a" "3d40e3d45dd91a1e32deabdb9c02461ba77faa66e7aa593bbf55618a9d90a88c"`
Nov 01 17:46:30.189 INFO kablam! usermod: no changes
Nov 01 17:46:30.289 INFO kablam!     Finished dev [unoptimized + debuginfo] target(s) in 0.06s
Nov 01 17:46:30.291 INFO kablam!      Running /target/debug/deps/newick-8cf83ba4d020b1e4
Nov 01 17:46:30.299 INFO blam! 
Nov 01 17:46:30.299 INFO blam! running 9 tests
Nov 01 17:46:30.327 INFO blam! test test_tree_parsing::tests::test_construct_tree_from_file_1 ... ok
Nov 01 17:46:30.327 INFO blam! test test_tree_parsing::tests::test_construct_tree_from_file_2 ... ok
Nov 01 17:46:30.327 INFO blam! test tests::tests::test_traversal ... ok
Nov 01 17:46:30.327 INFO blam! test test_tree_parsing::tests::test_construct_tree_from_file_3 ... ok
Nov 01 17:46:30.330 INFO blam! test tests::tests::test_find_first_zero ... ok
Nov 01 17:46:30.352 INFO blam! test tests::tests::test_load_tree_file ... FAILED
Nov 01 17:46:30.352 INFO blam! test tests::tests::test_to_distance_matrix_simple ... FAILED
Nov 01 17:46:30.352 INFO blam! test tests::tests::test_to_distance_matrix_hard ... FAILED
Nov 01 17:46:30.361 INFO blam! test tests::tests::test_find_first_common_ancestor ... FAILED
Nov 01 17:46:30.361 INFO kablam! error: test failed, to rerun pass '--bin newick'
Nov 01 17:46:30.361 INFO blam! 
Nov 01 17:46:30.361 INFO kablam! su: No module specific data is present
Nov 01 17:46:30.361 INFO blam! failures:
Nov 01 17:46:30.361 INFO blam! 
Nov 01 17:46:30.362 INFO blam! ---- tests::tests::test_load_tree_file stdout ----
Nov 01 17:46:30.362 INFO blam! thread 'tests::tests::test_load_tree_file' panicked at 'file not found: Os { code: 2, kind: NotFound, message: "No such file or directory" }', libcore/result.rs:1009:5
Nov 01 17:46:30.362 INFO blam! stack backtrace:
Nov 01 17:46:30.362 INFO blam!    0:     0x5606fa3cce6f - std::sys::unix::backtrace::tracing::imp::unwind_backtrace::h3c55afa80a996a32
Nov 01 17:46:30.362 INFO blam!                                at libstd/sys/unix/backtrace/tracing/gcc_s.rs:49
Nov 01 17:46:30.362 INFO blam!    1:     0x5606fa3d5e97 - std::sys_common::backtrace::print::hcef907ea7a07cd40
Nov 01 17:46:30.362 INFO blam!                                at libstd/sys_common/backtrace.rs:71
Nov 01 17:46:30.362 INFO blam!                                at libstd/sys_common/backtrace.rs:59
Nov 01 17:46:30.362 INFO blam!    2:     0x5606fa3d0b7f - std::panicking::default_hook::{{closure}}::hf541876c65f36ea7
Nov 01 17:46:30.362 INFO blam!                                at libstd/panicking.rs:211
Nov 01 17:46:30.362 INFO blam!    3:     0x5606fa3d087e - std::panicking::default_hook::h4ecc06b30ae4459d
Nov 01 17:46:30.362 INFO blam!                                at libstd/panicking.rs:221
Nov 01 17:46:30.362 INFO blam!    4:     0x5606fa3d125e - std::panicking::rust_panic_with_hook::h0cc6d9cc9f34a947
Nov 01 17:46:30.362 INFO blam!                                at libstd/panicking.rs:476
Nov 01 17:46:30.362 INFO blam!    5:     0x5606fa3d0e01 - std::panicking::continue_panic_fmt::hc71ad5f01496e320
Nov 01 17:46:30.362 INFO blam!                                at libstd/panicking.rs:390
Nov 01 17:46:30.362 INFO blam!    6:     0x5606fa3d0ce5 - rust_begin_unwind
Nov 01 17:46:30.362 INFO blam!                                at libstd/panicking.rs:325
Nov 01 17:46:30.362 INFO blam!    7:     0x5606fa41318c - core::panicking::panic_fmt::ha71638b7d4f53c35
Nov 01 17:46:30.362 INFO blam!                                at libcore/panicking.rs:77
Nov 01 17:46:30.362 INFO blam!    8:     0x5606fa353e0b - core::result::unwrap_failed::h31a5655fcd8a9425
Nov 01 17:46:30.362 INFO blam!                                at libcore/macros.rs:26
Nov 01 17:46:30.362 INFO blam!    9:     0x5606fa352b13 - <core::result::Result<T, E>>::expect::h40af7583d33f1d33
Nov 01 17:46:30.362 INFO blam!                                at libcore/result.rs:835
Nov 01 17:46:30.362 INFO blam!   10:     0x5606fa33728b - newick::utils::load_tree_file::habfde7f7002f1a85
Nov 01 17:46:30.362 INFO blam!                                at src/utils.rs:5
Nov 01 17:46:30.362 INFO blam!   11:     0x5606fa341fd9 - newick::tests::tests::test_load_tree_file::h1ef9eff1772e6b1a
Nov 01 17:46:30.362 INFO blam!                                at src/tests.rs:51
Nov 01 17:46:30.362 INFO blam!   12:     0x5606fa341f69 - newick::tests::tests::test_load_tree_file::{{closure}}::h0930b6493bf6bdae
Nov 01 17:46:30.362 INFO blam!                                at src/tests.rs:49
Nov 01 17:46:30.362 INFO blam!   13:     0x5606fa345f3d - core::ops::function::FnOnce::call_once::h031eaa8df0282076
Nov 01 17:46:30.362 INFO blam!                                at libcore/ops/function.rs:238
Nov 01 17:46:30.362 INFO blam!   14:     0x5606fa37683e - <F as alloc::boxed::FnBox<A>>::call_box::hf32558bd83684b60
Nov 01 17:46:30.362 INFO blam!                                at libtest/lib.rs:1468
Nov 01 17:46:30.362 INFO blam!                                at libcore/ops/function.rs:238
Nov 01 17:46:30.362 INFO blam!                                at liballoc/boxed.rs:672
Nov 01 17:46:30.362 INFO blam!   15:     0x5606fa3e10c9 - __rust_maybe_catch_panic
Nov 01 17:46:30.362 INFO blam!                                at libpanic_unwind/lib.rs:102
Nov 01 17:46:30.362 INFO blam!   16:     0x5606fa3984a2 - std::sys_common::backtrace::__rust_begin_short_backtrace::h1bb71a7386fd3269
Nov 01 17:46:30.362 INFO blam!                                at libstd/panicking.rs:289
Nov 01 17:46:30.362 INFO blam!                                at libstd/panic.rs:392
Nov 01 17:46:30.362 INFO blam!                                at libtest/lib.rs:1423
Nov 01 17:46:30.362 INFO blam!                                at libstd/sys_common/backtrace.rs:136
Nov 01 17:46:30.362 INFO blam!   17:     0x5606fa398f54 - std::panicking::try::do_call::h9b94719c3074bb5c
Nov 01 17:46:30.362 INFO blam!                                at libstd/thread/mod.rs:409
Nov 01 17:46:30.362 INFO blam!                                at libstd/panic.rs:313
Nov 01 17:46:30.362 INFO blam!                                at libstd/panicking.rs:310
Nov 01 17:46:30.362 INFO blam!   18:     0x5606fa3e10c9 - __rust_maybe_catch_panic
Nov 01 17:46:30.362 INFO blam!                                at libpanic_unwind/lib.rs:102
Nov 01 17:46:30.362 INFO blam!   19:     0x5606fa38617c - <F as alloc::boxed::FnBox<A>>::call_box::hb3bcd66d16fd3e84
Nov 01 17:46:30.362 INFO blam!                                at libstd/panicking.rs:289
Nov 01 17:46:30.362 INFO blam!                                at libstd/panic.rs:392
Nov 01 17:46:30.362 INFO blam!                                at libstd/thread/mod.rs:408
Nov 01 17:46:30.362 INFO blam!                                at liballoc/boxed.rs:672
Nov 01 17:46:30.362 INFO blam!   20:     0x5606fa3cea7d - std::sys_common::thread::start_thread::had0c80d121669d29
Nov 01 17:46:30.362 INFO blam!                                at liballoc/boxed.rs:682
Nov 01 17:46:30.362 INFO blam!                                at libstd/sys_common/thread.rs:24
Nov 01 17:46:30.362 INFO blam!   21:     0x5606fa3c4275 - std::sys::unix::thread::Thread::new::thread_start::h4a5b66a70d76f47f
Nov 01 17:46:30.362 INFO blam!                                at libstd/sys/unix/thread.rs:90
Nov 01 17:46:30.362 INFO blam!   22:     0x7effcc2956b9 - start_thread
Nov 01 17:46:30.362 INFO blam!   23:     0x7effcbdb541c - clone
Nov 01 17:46:30.362 INFO blam!   24:                0x0 - <unknown>
Nov 01 17:46:30.362 INFO blam! 
Nov 01 17:46:30.362 INFO blam! ---- tests::tests::test_to_distance_matrix_simple stdout ----
Nov 01 17:46:30.362 INFO blam! thread 'tests::tests::test_to_distance_matrix_simple' panicked at 'file not found: Os { code: 2, kind: NotFound, message: "No such file or directory" }', libcore/result.rs:1009:5
Nov 01 17:46:30.362 INFO blam! stack backtrace:
Nov 01 17:46:30.362 INFO blam!    0:     0x5606fa3cce6f - std::sys::unix::backtrace::tracing::imp::unwind_backtrace::h3c55afa80a996a32
Nov 01 17:46:30.362 INFO blam!                                at libstd/sys/unix/backtrace/tracing/gcc_s.rs:49
Nov 01 17:46:30.362 INFO blam!    1:     0x5606fa3d5e97 - std::sys_common::backtrace::print::hcef907ea7a07cd40
Nov 01 17:46:30.362 INFO blam!                                at libstd/sys_common/backtrace.rs:71
Nov 01 17:46:30.362 INFO blam!                                at libstd/sys_common/backtrace.rs:59
Nov 01 17:46:30.362 INFO blam!    2:     0x5606fa3d0b7f - std::panicking::default_hook::{{closure}}::hf541876c65f36ea7
Nov 01 17:46:30.362 INFO blam!                                at libstd/panicking.rs:211
Nov 01 17:46:30.362 INFO blam!    3:     0x5606fa3d087e - std::panicking::default_hook::h4ecc06b30ae4459d
Nov 01 17:46:30.362 INFO blam!                                at libstd/panicking.rs:221
Nov 01 17:46:30.362 INFO blam!    4:     0x5606fa3d125e - std::panicking::rust_panic_with_hook::h0cc6d9cc9f34a947
Nov 01 17:46:30.362 INFO blam!                                at libstd/panicking.rs:476
Nov 01 17:46:30.362 INFO blam!    5:     0x5606fa3d0e01 - std::panicking::continue_panic_fmt::hc71ad5f01496e320
Nov 01 17:46:30.362 INFO blam!                                at libstd/panicking.rs:390
Nov 01 17:46:30.363 INFO blam!    6:     0x5606fa3d0ce5 - rust_begin_unwind
Nov 01 17:46:30.363 INFO blam!                                at libstd/panicking.rs:325
Nov 01 17:46:30.363 INFO blam!    7:     0x5606fa41318c - core::panicking::panic_fmt::ha71638b7d4f53c35
Nov 01 17:46:30.363 INFO blam!                                at libcore/panicking.rs:77
Nov 01 17:46:30.363 INFO blam!    8:     0x5606fa353e0b - core::result::unwrap_failed::h31a5655fcd8a9425
Nov 01 17:46:30.363 INFO blam!                                at libcore/macros.rs:26
Nov 01 17:46:30.363 INFO blam!    9:     0x5606fa352b13 - <core::result::Result<T, E>>::expect::h40af7583d33f1d33
Nov 01 17:46:30.363 INFO blam!                                at libcore/result.rs:835
Nov 01 17:46:30.363 INFO blam!   10:     0x5606fa33728b - newick::utils::load_tree_file::habfde7f7002f1a85
Nov 01 17:46:30.363 INFO blam!                                at src/utils.rs:5
Nov 01 17:46:30.363 INFO blam!   11:     0x5606fa343b8f - newick::tests::tests::test_to_distance_matrix_simple::hdac9749c2dafa60c
Nov 01 17:46:30.363 INFO blam!                                at src/tests.rs:100
Nov 01 17:46:30.363 INFO blam!   12:     0x5606fa343b19 - newick::tests::tests::test_to_distance_matrix_simple::{{closure}}::h3584d0bb7e42e906
Nov 01 17:46:30.363 INFO blam!                                at src/tests.rs:98
Nov 01 17:46:30.363 INFO blam!   13:     0x5606fa3460bd - core::ops::function::FnOnce::call_once::ha8b235548fb2cd26
Nov 01 17:46:30.363 INFO blam!                                at libcore/ops/function.rs:238
Nov 01 17:46:30.363 INFO blam!   14:     0x5606fa37683e - <F as alloc::boxed::FnBox<A>>::call_box::hf32558bd83684b60
Nov 01 17:46:30.363 INFO blam!                                at libtest/lib.rs:1468
Nov 01 17:46:30.363 INFO blam!                                at libcore/ops/function.rs:238
Nov 01 17:46:30.363 INFO blam!                                at liballoc/boxed.rs:672
Nov 01 17:46:30.363 INFO blam!   15:     0x5606fa3e10c9 - __rust_maybe_catch_panic
Nov 01 17:46:30.363 INFO blam!                                at libpanic_unwind/lib.rs:102
Nov 01 17:46:30.363 INFO blam!   16:     0x5606fa3984a2 - std::sys_common::backtrace::__rust_begin_short_backtrace::h1bb71a7386fd3269
Nov 01 17:46:30.363 INFO blam!                                at libstd/panicking.rs:289
Nov 01 17:46:30.363 INFO blam!                                at libstd/panic.rs:392
Nov 01 17:46:30.363 INFO blam!                                at libtest/lib.rs:1423
Nov 01 17:46:30.363 INFO blam!                                at libstd/sys_common/backtrace.rs:136
Nov 01 17:46:30.363 INFO blam!   17:     0x5606fa398f54 - std::panicking::try::do_call::h9b94719c3074bb5c
Nov 01 17:46:30.363 INFO blam!                                at libstd/thread/mod.rs:409
Nov 01 17:46:30.363 INFO blam!                                at libstd/panic.rs:313
Nov 01 17:46:30.363 INFO blam!                                at libstd/panicking.rs:310
Nov 01 17:46:30.363 INFO blam!   18:     0x5606fa3e10c9 - __rust_maybe_catch_panic
Nov 01 17:46:30.363 INFO blam!                                at libpanic_unwind/lib.rs:102
Nov 01 17:46:30.363 INFO blam!   19:     0x5606fa38617c - <F as alloc::boxed::FnBox<A>>::call_box::hb3bcd66d16fd3e84
Nov 01 17:46:30.363 INFO blam!                                at libstd/panicking.rs:289
Nov 01 17:46:30.363 INFO blam!                                at libstd/panic.rs:392
Nov 01 17:46:30.363 INFO blam!                                at libstd/thread/mod.rs:408
Nov 01 17:46:30.363 INFO blam!                                at liballoc/boxed.rs:672
Nov 01 17:46:30.363 INFO blam!   20:     0x5606fa3cea7d - std::sys_common::thread::start_thread::had0c80d121669d29
Nov 01 17:46:30.363 INFO blam!                                at liballoc/boxed.rs:682
Nov 01 17:46:30.363 INFO blam!                                at libstd/sys_common/thread.rs:24
Nov 01 17:46:30.363 INFO blam!   21:     0x5606fa3c4275 - std::sys::unix::thread::Thread::new::thread_start::h4a5b66a70d76f47f
Nov 01 17:46:30.363 INFO blam!                                at libstd/sys/unix/thread.rs:90
Nov 01 17:46:30.363 INFO blam!   22:     0x7effcc2956b9 - start_thread
Nov 01 17:46:30.363 INFO blam!   23:     0x7effcbdb541c - clone
Nov 01 17:46:30.363 INFO blam!   24:                0x0 - <unknown>
Nov 01 17:46:30.363 INFO blam! 
Nov 01 17:46:30.363 INFO blam! ---- tests::tests::test_to_distance_matrix_hard stdout ----
Nov 01 17:46:30.363 INFO blam! thread 'tests::tests::test_to_distance_matrix_hard' panicked at 'file not found: Os { code: 2, kind: NotFound, message: "No such file or directory" }', libcore/result.rs:1009:5
Nov 01 17:46:30.363 INFO blam! stack backtrace:
Nov 01 17:46:30.363 INFO blam!    0:     0x5606fa3cce6f - std::sys::unix::backtrace::tracing::imp::unwind_backtrace::h3c55afa80a996a32
Nov 01 17:46:30.363 INFO blam!                                at libstd/sys/unix/backtrace/tracing/gcc_s.rs:49
Nov 01 17:46:30.363 INFO blam!    1:     0x5606fa3d5e97 - std::sys_common::backtrace::print::hcef907ea7a07cd40
Nov 01 17:46:30.363 INFO blam!                                at libstd/sys_common/backtrace.rs:71
Nov 01 17:46:30.363 INFO blam!                                at libstd/sys_common/backtrace.rs:59
Nov 01 17:46:30.363 INFO blam!    2:     0x5606fa3d0b7f - std::panicking::default_hook::{{closure}}::hf541876c65f36ea7
Nov 01 17:46:30.363 INFO blam!                                at libstd/panicking.rs:211
Nov 01 17:46:30.363 INFO blam!    3:     0x5606fa3d087e - std::panicking::default_hook::h4ecc06b30ae4459d
Nov 01 17:46:30.363 INFO blam!                                at libstd/panicking.rs:221
Nov 01 17:46:30.363 INFO blam!    4:     0x5606fa3d125e - std::panicking::rust_panic_with_hook::h0cc6d9cc9f34a947
Nov 01 17:46:30.363 INFO blam!                                at libstd/panicking.rs:476
Nov 01 17:46:30.363 INFO blam!    5:     0x5606fa3d0e01 - std::panicking::continue_panic_fmt::hc71ad5f01496e320
Nov 01 17:46:30.363 INFO blam!                                at libstd/panicking.rs:390
Nov 01 17:46:30.363 INFO blam!    6:     0x5606fa3d0ce5 - rust_begin_unwind
Nov 01 17:46:30.363 INFO blam!                                at libstd/panicking.rs:325
Nov 01 17:46:30.363 INFO blam!    7:     0x5606fa41318c - core::panicking::panic_fmt::ha71638b7d4f53c35
Nov 01 17:46:30.363 INFO blam!                                at libcore/panicking.rs:77
Nov 01 17:46:30.363 INFO blam!    8:     0x5606fa353e0b - core::result::unwrap_failed::h31a5655fcd8a9425
Nov 01 17:46:30.363 INFO blam!                                at libcore/macros.rs:26
Nov 01 17:46:30.363 INFO blam!    9:     0x5606fa352b13 - <core::result::Result<T, E>>::expect::h40af7583d33f1d33
Nov 01 17:46:30.363 INFO blam!                                at libcore/result.rs:835
Nov 01 17:46:30.363 INFO blam!   10:     0x5606fa33728b - newick::utils::load_tree_file::habfde7f7002f1a85
Nov 01 17:46:30.363 INFO blam!                                at src/utils.rs:5
Nov 01 17:46:30.363 INFO blam!   11:     0x5606fa343c9f - newick::tests::tests::test_to_distance_matrix_hard::hb593378e220c7889
Nov 01 17:46:30.363 INFO blam!                                at src/tests.rs:108
Nov 01 17:46:30.363 INFO blam!   12:     0x5606fa343c29 - newick::tests::tests::test_to_distance_matrix_hard::{{closure}}::hc504273ee8017c87
Nov 01 17:46:30.363 INFO blam!                                at src/tests.rs:106
Nov 01 17:46:30.363 INFO blam!   13:     0x5606fa34603d - core::ops::function::FnOnce::call_once::h51c6a6dd4bad1b36
Nov 01 17:46:30.363 INFO blam!                                at libcore/ops/function.rs:238
Nov 01 17:46:30.363 INFO blam!   14:     0x5606fa37683e - <F as alloc::boxed::FnBox<A>>::call_box::hf32558bd83684b60
Nov 01 17:46:30.363 INFO blam!                                at libtest/lib.rs:1468
Nov 01 17:46:30.363 INFO blam!                                at libcore/ops/function.rs:238
Nov 01 17:46:30.363 INFO blam!                                at liballoc/boxed.rs:672
Nov 01 17:46:30.363 INFO blam!   15:     0x5606fa3e10c9 - __rust_maybe_catch_panic
Nov 01 17:46:30.363 INFO blam!                                at libpanic_unwind/lib.rs:102
Nov 01 17:46:30.364 INFO blam!   16:     0x5606fa3984a2 - std::sys_common::backtrace::__rust_begin_short_backtrace::h1bb71a7386fd3269
Nov 01 17:46:30.364 INFO blam!                                at libstd/panicking.rs:289
Nov 01 17:46:30.364 INFO blam!                                at libstd/panic.rs:392
Nov 01 17:46:30.364 INFO blam!                                at libtest/lib.rs:1423
Nov 01 17:46:30.364 INFO blam!                                at libstd/sys_common/backtrace.rs:136
Nov 01 17:46:30.364 INFO blam!   17:     0x5606fa398f54 - std::panicking::try::do_call::h9b94719c3074bb5c
Nov 01 17:46:30.364 INFO blam!                                at libstd/thread/mod.rs:409
Nov 01 17:46:30.364 INFO blam!                                at libstd/panic.rs:313
Nov 01 17:46:30.364 INFO blam!                                at libstd/panicking.rs:310
Nov 01 17:46:30.364 INFO blam!   18:     0x5606fa3e10c9 - __rust_maybe_catch_panic
Nov 01 17:46:30.364 INFO blam!                                at libpanic_unwind/lib.rs:102
Nov 01 17:46:30.364 INFO blam!   19:     0x5606fa38617c - <F as alloc::boxed::FnBox<A>>::call_box::hb3bcd66d16fd3e84
Nov 01 17:46:30.364 INFO blam!                                at libstd/panicking.rs:289
Nov 01 17:46:30.364 INFO blam!                                at libstd/panic.rs:392
Nov 01 17:46:30.364 INFO blam!                                at libstd/thread/mod.rs:408
Nov 01 17:46:30.364 INFO blam!                                at liballoc/boxed.rs:672
Nov 01 17:46:30.364 INFO blam!   20:     0x5606fa3cea7d - std::sys_common::thread::start_thread::had0c80d121669d29
Nov 01 17:46:30.364 INFO blam!                                at liballoc/boxed.rs:682
Nov 01 17:46:30.364 INFO blam!                                at libstd/sys_common/thread.rs:24
Nov 01 17:46:30.364 INFO blam!   21:     0x5606fa3c4275 - std::sys::unix::thread::Thread::new::thread_start::h4a5b66a70d76f47f
Nov 01 17:46:30.364 INFO blam!                                at libstd/sys/unix/thread.rs:90
Nov 01 17:46:30.364 INFO blam!   22:     0x7effcc2956b9 - start_thread
Nov 01 17:46:30.364 INFO blam!   23:     0x7effcbdb541c - clone
Nov 01 17:46:30.364 INFO blam!   24:                0x0 - <unknown>
Nov 01 17:46:30.364 INFO blam! 
Nov 01 17:46:30.364 INFO blam! ---- tests::tests::test_find_first_common_ancestor stdout ----
Nov 01 17:46:30.364 INFO blam! thread 'tests::tests::test_find_first_common_ancestor' panicked at 'assertion failed: `(left == right)`
Nov 01 17:46:30.364 INFO blam!   left: `3`,
Nov 01 17:46:30.364 INFO blam!  right: `9`', src/tests.rs:91:9
Nov 01 17:46:30.364 INFO blam! stack backtrace:
Nov 01 17:46:30.364 INFO blam!    0:     0x5606fa3cce6f - std::sys::unix::backtrace::tracing::imp::unwind_backtrace::h3c55afa80a996a32
Nov 01 17:46:30.364 INFO blam!                                at libstd/sys/unix/backtrace/tracing/gcc_s.rs:49
Nov 01 17:46:30.364 INFO blam!    1:     0x5606fa3d5e97 - std::sys_common::backtrace::print::hcef907ea7a07cd40
Nov 01 17:46:30.364 INFO blam!                                at libstd/sys_common/backtrace.rs:71
Nov 01 17:46:30.364 INFO blam!                                at libstd/sys_common/backtrace.rs:59
Nov 01 17:46:30.364 INFO blam!    2:     0x5606fa3d0b7f - std::panicking::default_hook::{{closure}}::hf541876c65f36ea7
Nov 01 17:46:30.364 INFO blam!                                at libstd/panicking.rs:211
Nov 01 17:46:30.364 INFO blam!    3:     0x5606fa3d087e - std::panicking::default_hook::h4ecc06b30ae4459d
Nov 01 17:46:30.364 INFO blam!                                at libstd/panicking.rs:221
Nov 01 17:46:30.364 INFO blam!    4:     0x5606fa3d125e - std::panicking::rust_panic_with_hook::h0cc6d9cc9f34a947
Nov 01 17:46:30.364 INFO blam!                                at libstd/panicking.rs:476
Nov 01 17:46:30.364 INFO blam!    5:     0x5606fa3d0e01 - std::panicking::continue_panic_fmt::hc71ad5f01496e320
Nov 01 17:46:30.364 INFO blam!                                at libstd/panicking.rs:390
Nov 01 17:46:30.364 INFO blam!    6:     0x5606fa3d0d4e - std::panicking::begin_panic_fmt::hdb958223ae20ca60
Nov 01 17:46:30.364 INFO blam!                                at libstd/panicking.rs:345
Nov 01 17:46:30.364 INFO blam!    7:     0x5606fa3435ae - newick::tests::tests::test_find_first_common_ancestor::h6f94c1c8d2cc2698
Nov 01 17:46:30.364 INFO blam!                                at src/tests.rs:91
Nov 01 17:46:30.364 INFO blam!    8:     0x5606fa342ab9 - newick::tests::tests::test_find_first_common_ancestor::{{closure}}::h450a2975760425fc
Nov 01 17:46:30.364 INFO blam!                                at src/tests.rs:77
Nov 01 17:46:30.364 INFO blam!    9:     0x5606fa34607d - core::ops::function::FnOnce::call_once::h6e677f1feceae134
Nov 01 17:46:30.364 INFO blam!                                at libcore/ops/function.rs:238
Nov 01 17:46:30.364 INFO blam!   10:     0x5606fa37683e - <F as alloc::boxed::FnBox<A>>::call_box::hf32558bd83684b60
Nov 01 17:46:30.364 INFO blam!                                at libtest/lib.rs:1468
Nov 01 17:46:30.364 INFO blam!                                at libcore/ops/function.rs:238
Nov 01 17:46:30.364 INFO blam!                                at liballoc/boxed.rs:672
Nov 01 17:46:30.364 INFO blam!   11:     0x5606fa3e10c9 - __rust_maybe_catch_panic
Nov 01 17:46:30.364 INFO blam!                                at libpanic_unwind/lib.rs:102
Nov 01 17:46:30.364 INFO blam!   12:     0x5606fa3984a2 - std::sys_common::backtrace::__rust_begin_short_backtrace::h1bb71a7386fd3269
Nov 01 17:46:30.364 INFO blam!                                at libstd/panicking.rs:289
Nov 01 17:46:30.364 INFO blam!                                at libstd/panic.rs:392
Nov 01 17:46:30.364 INFO blam!                                at libtest/lib.rs:1423
Nov 01 17:46:30.364 INFO blam!                                at libstd/sys_common/backtrace.rs:136
Nov 01 17:46:30.364 INFO blam!   13:     0x5606fa398f54 - std::panicking::try::do_call::h9b94719c3074bb5c
Nov 01 17:46:30.364 INFO blam!                                at libstd/thread/mod.rs:409
Nov 01 17:46:30.364 INFO blam!                                at libstd/panic.rs:313
Nov 01 17:46:30.364 INFO blam!                                at libstd/panicking.rs:310
Nov 01 17:46:30.364 INFO blam!   14:     0x5606fa3e10c9 - __rust_maybe_catch_panic
Nov 01 17:46:30.364 INFO blam!                                at libpanic_unwind/lib.rs:102
Nov 01 17:46:30.364 INFO blam!   15:     0x5606fa38617c - <F as alloc::boxed::FnBox<A>>::call_box::hb3bcd66d16fd3e84
Nov 01 17:46:30.364 INFO blam!                                at libstd/panicking.rs:289
Nov 01 17:46:30.364 INFO blam!                                at libstd/panic.rs:392
Nov 01 17:46:30.364 INFO blam!                                at libstd/thread/mod.rs:408
Nov 01 17:46:30.364 INFO blam!                                at liballoc/boxed.rs:672
Nov 01 17:46:30.364 INFO blam!   16:     0x5606fa3cea7d - std::sys_common::thread::start_thread::had0c80d121669d29
Nov 01 17:46:30.364 INFO blam!                                at liballoc/boxed.rs:682
Nov 01 17:46:30.364 INFO blam!                                at libstd/sys_common/thread.rs:24
Nov 01 17:46:30.364 INFO blam!   17:     0x5606fa3c4275 - std::sys::unix::thread::Thread::new::thread_start::h4a5b66a70d76f47f
Nov 01 17:46:30.364 INFO blam!                                at libstd/sys/unix/thread.rs:90
Nov 01 17:46:30.364 INFO blam!   18:     0x7effcc2956b9 - start_thread
Nov 01 17:46:30.364 INFO blam!   19:     0x7effcbdb541c - clone
Nov 01 17:46:30.364 INFO blam!   20:                0x0 - <unknown>
Nov 01 17:46:30.364 INFO blam! 
Nov 01 17:46:30.364 INFO blam! 
Nov 01 17:46:30.364 INFO blam! failures:
Nov 01 17:46:30.364 INFO blam!     tests::tests::test_find_first_common_ancestor
Nov 01 17:46:30.364 INFO blam!     tests::tests::test_load_tree_file
Nov 01 17:46:30.364 INFO blam!     tests::tests::test_to_distance_matrix_hard
Nov 01 17:46:30.365 INFO blam!     tests::tests::test_to_distance_matrix_simple
Nov 01 17:46:30.365 INFO blam! 
Nov 01 17:46:30.365 INFO blam! test result: FAILED. 5 passed; 4 failed; 0 ignored; 0 measured; 0 filtered out
Nov 01 17:46:30.365 INFO blam! 
Nov 01 17:46:31.026 INFO running `"docker" "rm" "-f" "3d40e3d45dd91a1e32deabdb9c02461ba77faa66e7aa593bbf55618a9d90a88c"`
Nov 01 17:46:31.303 INFO blam! 3d40e3d45dd91a1e32deabdb9c02461ba77faa66e7aa593bbf55618a9d90a88c
