Nov 01 19:05:39.982 INFO testing Noah-Kennedy/rust_ack against beta-2018-10-30 for beta-1.31-1
Nov 01 19:05:39.984 INFO running `"docker" "create" "-v" "/mnt/big/crater/work/local/target-dirs/beta-1.31-1/worker-5/beta-2018-10-30:/target:rw,Z" "-v" "/mnt/big/crater/work/local/test-source/worker-5/beta-1.31-1/beta-2018-10-30:/source:ro,Z" "-v" "/mnt/big/crater/work/local/cargo-home:/cargo-home:ro,Z" "-v" "/mnt/big/crater/work/local/rustup-home:/rustup-home:ro,Z" "-e" "USER_ID=1000" "-e" "SOURCE_DIR=/source" "-e" "USER_ID=1000" "-e" "CMD=cargo +beta-2018-10-30 build --frozen" "-e" "CARGO_TARGET_DIR=/target" "-e" "CARGO_INCREMENTAL=0" "-e" "RUST_BACKTRACE=full" "-e" "RUSTFLAGS=--cap-lints=warn" "-e" "CARGO_HOME=/cargo-home" "-e" "RUSTUP_HOME=/rustup-home" "-m" "1536M" "--network" "none" "crater"`
Nov 01 19:05:40.411 INFO blam! cb14f924ce8d370010a0a3a9f9518de7aba134db4b49d75bd93b60cddba81794
Nov 01 19:05:40.415 INFO running `"docker" "start" "-a" "cb14f924ce8d370010a0a3a9f9518de7aba134db4b49d75bd93b60cddba81794"`
Nov 01 19:05:41.938 INFO kablam! usermod: no changes
Nov 01 19:05:41.991 INFO kablam!    Compiling rust_ack v0.1.0 (/source)
Nov 01 19:05:42.563 INFO kablam! warning: unused import: `std::time::Instant`
Nov 01 19:05:42.563 INFO kablam!  --> src/main.rs:1:5
Nov 01 19:05:42.563 INFO kablam!   |
Nov 01 19:05:42.563 INFO kablam! 1 | use std::time::Instant;
Nov 01 19:05:42.563 INFO kablam!   |     ^^^^^^^^^^^^^^^^^^
Nov 01 19:05:42.563 INFO kablam!   |
Nov 01 19:05:42.563 INFO kablam!   = note: #[warn(unused_imports)] on by default
Nov 01 19:05:42.563 INFO kablam! 
Nov 01 19:05:42.563 INFO kablam! warning: unused import: `std::collections::HashMap`
Nov 01 19:05:42.563 INFO kablam!  --> src/main.rs:2:5
Nov 01 19:05:42.563 INFO kablam!   |
Nov 01 19:05:42.563 INFO kablam! 2 | use std::collections::HashMap;
Nov 01 19:05:42.563 INFO kablam!   |     ^^^^^^^^^^^^^^^^^^^^^^^^^
Nov 01 19:05:42.563 INFO kablam! 
Nov 01 19:05:42.599 INFO kablam! warning: unused variable: `i`
Nov 01 19:05:42.599 INFO kablam!  --> src/ackermann_implementations/hyper_ack.rs:9:17
Nov 01 19:05:42.599 INFO kablam!   |
Nov 01 19:05:42.599 INFO kablam! 9 |             for i in 1..b {
Nov 01 19:05:42.599 INFO kablam!   |                 ^ help: consider using `_i` instead
Nov 01 19:05:42.599 INFO kablam!   |
Nov 01 19:05:42.599 INFO kablam!   = note: #[warn(unused_variables)] on by default
Nov 01 19:05:42.599 INFO kablam! 
Nov 01 19:05:42.599 INFO kablam! warning: unused variable: `sample_size`
Nov 01 19:05:42.599 INFO kablam!  --> src/main.rs:8:9
Nov 01 19:05:42.599 INFO kablam!   |
Nov 01 19:05:42.599 INFO kablam! 8 |     let sample_size = 1000;
Nov 01 19:05:42.599 INFO kablam!   |         ^^^^^^^^^^^ help: consider using `_sample_size` instead
Nov 01 19:05:42.599 INFO kablam! 
Nov 01 19:05:42.599 INFO kablam! warning: unused variable: `m`
Nov 01 19:05:42.599 INFO kablam!  --> src/main.rs:9:9
Nov 01 19:05:42.599 INFO kablam!   |
Nov 01 19:05:42.599 INFO kablam! 9 |     let m = 3;
Nov 01 19:05:42.599 INFO kablam!   |         ^ help: consider using `_m` instead
Nov 01 19:05:42.599 INFO kablam! 
Nov 01 19:05:42.599 INFO kablam! warning: unused variable: `n`
Nov 01 19:05:42.599 INFO kablam!   --> src/main.rs:10:9
Nov 01 19:05:42.599 INFO kablam!    |
Nov 01 19:05:42.599 INFO kablam! 10 |     let n = 8;
Nov 01 19:05:42.599 INFO kablam!    |         ^ help: consider using `_n` instead
Nov 01 19:05:42.599 INFO kablam! 
Nov 01 19:05:42.599 INFO kablam! warning: unused variable: `printing`
Nov 01 19:05:42.599 INFO kablam!   --> src/main.rs:11:9
Nov 01 19:05:42.599 INFO kablam!    |
Nov 01 19:05:42.599 INFO kablam! 11 |     let printing = false;
Nov 01 19:05:42.599 INFO kablam!    |         ^^^^^^^^ help: consider using `_printing` instead
Nov 01 19:05:42.599 INFO kablam! 
Nov 01 19:05:42.608 INFO kablam! warning: function is never used: `benchmark_ack`
Nov 01 19:05:42.608 INFO kablam!   --> src/benchmarking/mod.rs:3:1
Nov 01 19:05:42.608 INFO kablam!    |
Nov 01 19:05:42.608 INFO kablam! 3  | / pub fn benchmark_ack(fun: fn(u64, u64) -> u64, name: &str, sample_size: u64, m: u64, n: u64,
Nov 01 19:05:42.608 INFO kablam! 4  | |                  printing: bool) {
Nov 01 19:05:42.608 INFO kablam! 5  | |     let mut total: f64 = 0.0;
Nov 01 19:05:42.608 INFO kablam! 6  | |     for i in 0..sample_size {
Nov 01 19:05:42.608 INFO kablam! ...  |
Nov 01 19:05:42.608 INFO kablam! 29 | |     println!("{}({}, {}):\nSample Size:\t{}\nAverage Time:\t{}", name, m, n, sample_size, average);
Nov 01 19:05:42.608 INFO kablam! 30 | | }
Nov 01 19:05:42.609 INFO kablam!    | |_^
Nov 01 19:05:42.609 INFO kablam!    |
Nov 01 19:05:42.612 INFO kablam!    = note: #[warn(dead_code)] on by default
Nov 01 19:05:42.612 INFO kablam! 
Nov 01 19:05:42.612 INFO kablam! warning: function is never used: `basic_ack`
Nov 01 19:05:42.612 INFO kablam!  --> src/ackermann_implementations/basic_ack.rs:1:1
Nov 01 19:05:42.612 INFO kablam!   |
Nov 01 19:05:42.612 INFO kablam! 1 | pub fn basic_ack(m: u64, n: u64) -> u64 {
Nov 01 19:05:42.612 INFO kablam!   | ^^^^^^^^^^^^^^^^^^^^^^^^^^^^^^^^^^^^^^^
Nov 01 19:05:42.612 INFO kablam! 
Nov 01 19:05:43.151 INFO kablam!     Finished dev [unoptimized + debuginfo] target(s) in 1.18s
Nov 01 19:05:43.151 INFO kablam! su: No module specific data is present
Nov 01 19:05:43.967 INFO running `"docker" "rm" "-f" "cb14f924ce8d370010a0a3a9f9518de7aba134db4b49d75bd93b60cddba81794"`
Nov 01 19:05:44.259 INFO blam! cb14f924ce8d370010a0a3a9f9518de7aba134db4b49d75bd93b60cddba81794
Nov 01 19:05:44.263 INFO running `"docker" "create" "-v" "/mnt/big/crater/work/local/target-dirs/beta-1.31-1/worker-5/beta-2018-10-30:/target:rw,Z" "-v" "/mnt/big/crater/work/local/test-source/worker-5/beta-1.31-1/beta-2018-10-30:/source:ro,Z" "-v" "/mnt/big/crater/work/local/cargo-home:/cargo-home:ro,Z" "-v" "/mnt/big/crater/work/local/rustup-home:/rustup-home:ro,Z" "-e" "USER_ID=1000" "-e" "SOURCE_DIR=/source" "-e" "USER_ID=1000" "-e" "CMD=cargo +beta-2018-10-30 test --frozen --no-run" "-e" "CARGO_TARGET_DIR=/target" "-e" "CARGO_INCREMENTAL=0" "-e" "RUST_BACKTRACE=full" "-e" "RUSTFLAGS=--cap-lints=warn" "-e" "CARGO_HOME=/cargo-home" "-e" "RUSTUP_HOME=/rustup-home" "-m" "1536M" "--network" "none" "crater"`
Nov 01 19:05:44.819 INFO blam! aed4167898d6ed6b58603bd45b097f99808edafa85b57fb82c7e405f2e80b046
Nov 01 19:05:44.819 INFO running `"docker" "start" "-a" "aed4167898d6ed6b58603bd45b097f99808edafa85b57fb82c7e405f2e80b046"`
Nov 01 19:05:46.327 INFO kablam! usermod: no changes
Nov 01 19:05:46.395 INFO kablam!    Compiling rust_ack v0.1.0 (/source)
Nov 01 19:05:47.028 INFO kablam! warning: unused import: `std::time::Instant`
Nov 01 19:05:47.028 INFO kablam!  --> src/main.rs:1:5
Nov 01 19:05:47.028 INFO kablam!   |
Nov 01 19:05:47.028 INFO kablam! 1 | use std::time::Instant;
Nov 01 19:05:47.028 INFO kablam!   |     ^^^^^^^^^^^^^^^^^^
Nov 01 19:05:47.028 INFO kablam!   |
Nov 01 19:05:47.028 INFO kablam!   = note: #[warn(unused_imports)] on by default
Nov 01 19:05:47.028 INFO kablam! 
Nov 01 19:05:47.028 INFO kablam! warning: unused import: `std::collections::HashMap`
Nov 01 19:05:47.028 INFO kablam!  --> src/main.rs:2:5
Nov 01 19:05:47.028 INFO kablam!   |
Nov 01 19:05:47.028 INFO kablam! 2 | use std::collections::HashMap;
Nov 01 19:05:47.028 INFO kablam!   |     ^^^^^^^^^^^^^^^^^^^^^^^^^
Nov 01 19:05:47.028 INFO kablam! 
Nov 01 19:05:47.183 INFO kablam! warning: unused variable: `i`
Nov 01 19:05:47.183 INFO kablam!  --> src/ackermann_implementations/hyper_ack.rs:9:17
Nov 01 19:05:47.183 INFO kablam!   |
Nov 01 19:05:47.183 INFO kablam! 9 |             for i in 1..b {
Nov 01 19:05:47.183 INFO kablam!   |                 ^ help: consider using `_i` instead
Nov 01 19:05:47.183 INFO kablam!   |
Nov 01 19:05:47.183 INFO kablam!   = note: #[warn(unused_variables)] on by default
Nov 01 19:05:47.183 INFO kablam! 
Nov 01 19:05:47.183 INFO kablam! warning: unused variable: `sample_size`
Nov 01 19:05:47.183 INFO kablam!  --> src/main.rs:8:9
Nov 01 19:05:47.183 INFO kablam!   |
Nov 01 19:05:47.183 INFO kablam! 8 |     let sample_size = 1000;
Nov 01 19:05:47.183 INFO kablam!   |         ^^^^^^^^^^^ help: consider using `_sample_size` instead
Nov 01 19:05:47.183 INFO kablam! 
Nov 01 19:05:47.183 INFO kablam! warning: unused variable: `m`
Nov 01 19:05:47.183 INFO kablam!  --> src/main.rs:9:9
Nov 01 19:05:47.183 INFO kablam!   |
Nov 01 19:05:47.183 INFO kablam! 9 |     let m = 3;
Nov 01 19:05:47.183 INFO kablam!   |         ^ help: consider using `_m` instead
Nov 01 19:05:47.183 INFO kablam! 
Nov 01 19:05:47.183 INFO kablam! warning: unused variable: `n`
Nov 01 19:05:47.183 INFO kablam!   --> src/main.rs:10:9
Nov 01 19:05:47.183 INFO kablam!    |
Nov 01 19:05:47.183 INFO kablam! 10 |     let n = 8;
Nov 01 19:05:47.183 INFO kablam!    |         ^ help: consider using `_n` instead
Nov 01 19:05:47.183 INFO kablam! 
Nov 01 19:05:47.183 INFO kablam! warning: unused variable: `printing`
Nov 01 19:05:47.183 INFO kablam!   --> src/main.rs:11:9
Nov 01 19:05:47.183 INFO kablam!    |
Nov 01 19:05:47.183 INFO kablam! 11 |     let printing = false;
Nov 01 19:05:47.183 INFO kablam!    |         ^^^^^^^^ help: consider using `_printing` instead
Nov 01 19:05:47.183 INFO kablam! 
Nov 01 19:05:47.239 INFO kablam! warning: function is never used: `benchmark_ack`
Nov 01 19:05:47.239 INFO kablam!   --> src/benchmarking/mod.rs:3:1
Nov 01 19:05:47.239 INFO kablam!    |
Nov 01 19:05:47.239 INFO kablam! 3  | / pub fn benchmark_ack(fun: fn(u64, u64) -> u64, name: &str, sample_size: u64, m: u64, n: u64,
Nov 01 19:05:47.239 INFO kablam! 4  | |                  printing: bool) {
Nov 01 19:05:47.239 INFO kablam! 5  | |     let mut total: f64 = 0.0;
Nov 01 19:05:47.239 INFO kablam! 6  | |     for i in 0..sample_size {
Nov 01 19:05:47.239 INFO kablam! ...  |
Nov 01 19:05:47.239 INFO kablam! 29 | |     println!("{}({}, {}):\nSample Size:\t{}\nAverage Time:\t{}", name, m, n, sample_size, average);
Nov 01 19:05:47.239 INFO kablam! 30 | | }
Nov 01 19:05:47.239 INFO kablam!    | |_^
Nov 01 19:05:47.239 INFO kablam!    |
Nov 01 19:05:47.239 INFO kablam!    = note: #[warn(dead_code)] on by default
Nov 01 19:05:47.239 INFO kablam! 
Nov 01 19:05:47.239 INFO kablam! warning: function is never used: `basic_ack`
Nov 01 19:05:47.239 INFO kablam!  --> src/ackermann_implementations/basic_ack.rs:1:1
Nov 01 19:05:47.239 INFO kablam!   |
Nov 01 19:05:47.239 INFO kablam! 1 | pub fn basic_ack(m: u64, n: u64) -> u64 {
Nov 01 19:05:47.239 INFO kablam!   | ^^^^^^^^^^^^^^^^^^^^^^^^^^^^^^^^^^^^^^^
Nov 01 19:05:47.239 INFO kablam! 
Nov 01 19:05:47.937 INFO kablam!     Finished dev [unoptimized + debuginfo] target(s) in 1.57s
Nov 01 19:05:47.940 INFO kablam! su: No module specific data is present
Nov 01 19:05:49.341 INFO running `"docker" "rm" "-f" "aed4167898d6ed6b58603bd45b097f99808edafa85b57fb82c7e405f2e80b046"`
Nov 01 19:05:49.638 INFO blam! aed4167898d6ed6b58603bd45b097f99808edafa85b57fb82c7e405f2e80b046
Nov 01 19:05:49.651 INFO running `"docker" "create" "-v" "/mnt/big/crater/work/local/target-dirs/beta-1.31-1/worker-5/beta-2018-10-30:/target:rw,Z" "-v" "/mnt/big/crater/work/local/test-source/worker-5/beta-1.31-1/beta-2018-10-30:/source:ro,Z" "-v" "/mnt/big/crater/work/local/cargo-home:/cargo-home:ro,Z" "-v" "/mnt/big/crater/work/local/rustup-home:/rustup-home:ro,Z" "-e" "USER_ID=1000" "-e" "SOURCE_DIR=/source" "-e" "USER_ID=1000" "-e" "CMD=cargo +beta-2018-10-30 test --frozen" "-e" "CARGO_TARGET_DIR=/target" "-e" "CARGO_INCREMENTAL=0" "-e" "RUST_BACKTRACE=full" "-e" "RUSTFLAGS=--cap-lints=warn" "-e" "CARGO_HOME=/cargo-home" "-e" "RUSTUP_HOME=/rustup-home" "-m" "1536M" "--network" "none" "crater"`
Nov 01 19:05:50.137 INFO blam! 25f24352c66122382049ba5173a0f5f939e197b6076aef33c868391e78a2de7f
Nov 01 19:05:50.139 INFO running `"docker" "start" "-a" "25f24352c66122382049ba5173a0f5f939e197b6076aef33c868391e78a2de7f"`
Nov 01 19:05:51.562 INFO kablam! usermod: no changes
Nov 01 19:05:51.643 INFO kablam!     Finished dev [unoptimized + debuginfo] target(s) in 0.03s
Nov 01 19:05:51.650 INFO kablam!      Running /target/debug/deps/rust_ack-b4400563dacd01dc
Nov 01 19:05:51.651 INFO blam! 
Nov 01 19:05:51.651 INFO blam! running 10 tests
Nov 01 19:05:51.651 INFO blam! test ackermann_implementations::hyper_ack::hyperoperator_tests::test_addition ... ok
Nov 01 19:05:51.651 INFO blam! test ackermann_implementations::hyper_ack::hyperoperator_tests::test_incrementation ... ok
Nov 01 19:05:51.651 INFO blam! test ackermann_implementations::hyper_ack::hyper_ack_tests::test_m3 ... ok
Nov 01 19:05:51.651 INFO blam! test ackermann_implementations::hyper_ack::hyper_ack_tests::test_m2 ... ok
Nov 01 19:05:51.651 INFO blam! test ackermann_implementations::hyper_ack::hyper_ack_tests::test_m1 ... ok
Nov 01 19:05:51.651 INFO blam! test ackermann_implementations::hyper_ack::hyperoperator_tests::test_multiplication ... ok
Nov 01 19:05:51.651 INFO blam! test ackermann_implementations::hyper_ack::hyper_ack_tests::test_m0 ... ok
Nov 01 19:05:51.664 INFO blam! test ackermann_implementations::hyper_ack::hyper_ack_tests::test_m4 ... FAILED
Nov 01 19:05:51.664 INFO blam! test ackermann_implementations::hyper_ack::hyperoperator_tests::test_exponentiation ... FAILED
Nov 01 19:05:51.669 INFO blam! test ackermann_implementations::hyper_ack::hyperoperator_tests::test_tetration ... FAILED
Nov 01 19:05:51.669 INFO blam! 
Nov 01 19:05:51.669 INFO blam! failures:
Nov 01 19:05:51.669 INFO blam! 
Nov 01 19:05:51.669 INFO blam! ---- ackermann_implementations::hyper_ack::hyper_ack_tests::test_m4 stdout ----
Nov 01 19:05:51.669 INFO blam! thread 'ackermann_implementations::hyper_ack::hyper_ack_tests::test_m4' panicked at 'assertion failed: `(left == right)`
Nov 01 19:05:51.669 INFO blam!   left: `65533`,
Nov 01 19:05:51.669 INFO blam!  right: `253`', src/ackermann_implementations/hyper_ack.rs:119:9
Nov 01 19:05:51.669 INFO blam! stack backtrace:
Nov 01 19:05:51.669 INFO blam!    0:     0x55858e86d5ff - std::sys::unix::backtrace::tracing::imp::unwind_backtrace::h3c55afa80a996a32
Nov 01 19:05:51.669 INFO blam!                                at libstd/sys/unix/backtrace/tracing/gcc_s.rs:49
Nov 01 19:05:51.670 INFO blam!    1:     0x55858e876627 - std::sys_common::backtrace::print::hcef907ea7a07cd40
Nov 01 19:05:51.670 INFO blam!                                at libstd/sys_common/backtrace.rs:71
Nov 01 19:05:51.670 INFO blam!                                at libstd/sys_common/backtrace.rs:59
Nov 01 19:05:51.670 INFO blam!    2:     0x55858e87130f - std::panicking::default_hook::{{closure}}::hf541876c65f36ea7
Nov 01 19:05:51.670 INFO blam!                                at libstd/panicking.rs:211
Nov 01 19:05:51.670 INFO blam!    3:     0x55858e87100e - std::panicking::default_hook::h4ecc06b30ae4459d
Nov 01 19:05:51.670 INFO blam!                                at libstd/panicking.rs:221
Nov 01 19:05:51.670 INFO blam!    4:     0x55858e8719ee - std::panicking::rust_panic_with_hook::h0cc6d9cc9f34a947
Nov 01 19:05:51.670 INFO blam!                                at libstd/panicking.rs:476
Nov 01 19:05:51.670 INFO blam!    5:     0x55858e871591 - std::panicking::continue_panic_fmt::hc71ad5f01496e320
Nov 01 19:05:51.670 INFO blam!                                at libstd/panicking.rs:390
Nov 01 19:05:51.670 INFO blam!    6:     0x55858e8714de - std::panicking::begin_panic_fmt::hdb958223ae20ca60
Nov 01 19:05:51.670 INFO blam!                                at libstd/panicking.rs:345
Nov 01 19:05:51.670 INFO blam!    7:     0x55858e81e33b - rust_ack::ackermann_implementations::hyper_ack::hyper_ack_tests::test_m4::he4f567987359fa67
Nov 01 19:05:51.670 INFO blam!                                at src/ackermann_implementations/hyper_ack.rs:119
Nov 01 19:05:51.670 INFO blam!    8:     0x55858e81e009 - rust_ack::ackermann_implementations::hyper_ack::hyper_ack_tests::test_m4::{{closure}}::ha6e11bab3ca939e8
Nov 01 19:05:51.670 INFO blam!                                at src/ackermann_implementations/hyper_ack.rs:117
Nov 01 19:05:51.670 INFO blam!    9:     0x55858e81e6cd - core::ops::function::FnOnce::call_once::hc4f855c99748647f
Nov 01 19:05:51.670 INFO blam!                                at libcore/ops/function.rs:238
Nov 01 19:05:51.670 INFO blam!   10:     0x55858e82140e - <F as alloc::boxed::FnBox<A>>::call_box::hf32558bd83684b60
Nov 01 19:05:51.670 INFO blam!                                at libtest/lib.rs:1468
Nov 01 19:05:51.670 INFO blam!                                at libcore/ops/function.rs:238
Nov 01 19:05:51.670 INFO blam!                                at liballoc/boxed.rs:672
Nov 01 19:05:51.670 INFO blam!   11:     0x55858e881859 - __rust_maybe_catch_panic
Nov 01 19:05:51.670 INFO blam!                                at libpanic_unwind/lib.rs:102
Nov 01 19:05:51.670 INFO blam!   12:     0x55858e843072 - std::sys_common::backtrace::__rust_begin_short_backtrace::h1bb71a7386fd3269
Nov 01 19:05:51.670 INFO blam!                                at libstd/panicking.rs:289
Nov 01 19:05:51.670 INFO blam!                                at libstd/panic.rs:392
Nov 01 19:05:51.670 INFO blam!                                at libtest/lib.rs:1423
Nov 01 19:05:51.670 INFO blam!                                at libstd/sys_common/backtrace.rs:136
Nov 01 19:05:51.670 INFO blam!   13:     0x55858e843b24 - std::panicking::try::do_call::h9b94719c3074bb5c
Nov 01 19:05:51.670 INFO blam!                                at libstd/thread/mod.rs:409
Nov 01 19:05:51.670 INFO blam!                                at libstd/panic.rs:313
Nov 01 19:05:51.670 INFO blam!                                at libstd/panicking.rs:310
Nov 01 19:05:51.670 INFO blam!   14:     0x55858e881859 - __rust_maybe_catch_panic
Nov 01 19:05:51.670 INFO blam!                                at libpanic_unwind/lib.rs:102
Nov 01 19:05:51.670 INFO blam!   15:     0x55858e830d4c - <F as alloc::boxed::FnBox<A>>::call_box::hb3bcd66d16fd3e84
Nov 01 19:05:51.670 INFO blam!                                at libstd/panicking.rs:289
Nov 01 19:05:51.670 INFO blam!                                at libstd/panic.rs:392
Nov 01 19:05:51.670 INFO blam!                                at libstd/thread/mod.rs:408
Nov 01 19:05:51.670 INFO blam!                                at liballoc/boxed.rs:672
Nov 01 19:05:51.670 INFO blam!   16:     0x55858e86f20d - std::sys_common::thread::start_thread::had0c80d121669d29
Nov 01 19:05:51.670 INFO blam!                                at liballoc/boxed.rs:682
Nov 01 19:05:51.670 INFO blam!                                at libstd/sys_common/thread.rs:24
Nov 01 19:05:51.670 INFO blam!   17:     0x55858e864a05 - std::sys::unix::thread::Thread::new::thread_start::h4a5b66a70d76f47f
Nov 01 19:05:51.670 INFO blam!                                at libstd/sys/unix/thread.rs:90
Nov 01 19:05:51.670 INFO blam!   18:     0x7f3850ec86b9 - start_thread
Nov 01 19:05:51.670 INFO blam!   19:     0x7f38509e841c - clone
Nov 01 19:05:51.670 INFO blam!   20:                0x0 - <unknown>
Nov 01 19:05:51.670 INFO blam! 
Nov 01 19:05:51.670 INFO blam! ---- ackermann_implementations::hyper_ack::hyperoperator_tests::test_exponentiation stdout ----
Nov 01 19:05:51.670 INFO blam! thread 'ackermann_implementations::hyper_ack::hyperoperator_tests::test_exponentiation' panicked at 'assertion failed: `(left == right)`
Nov 01 19:05:51.670 INFO blam!   left: `1`,
Nov 01 19:05:51.670 INFO blam!  right: `4`', src/ackermann_implementations/hyper_ack.rs:65:9
Nov 01 19:05:51.670 INFO blam! stack backtrace:
Nov 01 19:05:51.670 INFO blam!    0:     0x55858e86d5ff - std::sys::unix::backtrace::tracing::imp::unwind_backtrace::h3c55afa80a996a32
Nov 01 19:05:51.670 INFO blam!                                at libstd/sys/unix/backtrace/tracing/gcc_s.rs:49
Nov 01 19:05:51.670 INFO blam!    1:     0x55858e876627 - std::sys_common::backtrace::print::hcef907ea7a07cd40
Nov 01 19:05:51.670 INFO blam!                                at libstd/sys_common/backtrace.rs:71
Nov 01 19:05:51.670 INFO blam!                                at libstd/sys_common/backtrace.rs:59
Nov 01 19:05:51.670 INFO blam!    2:     0x55858e87130f - std::panicking::default_hook::{{closure}}::hf541876c65f36ea7
Nov 01 19:05:51.670 INFO blam!                                at libstd/panicking.rs:211
Nov 01 19:05:51.670 INFO blam!    3:     0x55858e87100e - std::panicking::default_hook::h4ecc06b30ae4459d
Nov 01 19:05:51.670 INFO blam!                                at libstd/panicking.rs:221
Nov 01 19:05:51.670 INFO blam!    4:     0x55858e8719ee - std::panicking::rust_panic_with_hook::h0cc6d9cc9f34a947
Nov 01 19:05:51.670 INFO blam!                                at libstd/panicking.rs:476
Nov 01 19:05:51.670 INFO blam!    5:     0x55858e871591 - std::panicking::continue_panic_fmt::hc71ad5f01496e320
Nov 01 19:05:51.670 INFO blam!                                at libstd/panicking.rs:390
Nov 01 19:05:51.670 INFO blam!    6:     0x55858e8714de - std::panicking::begin_panic_fmt::hdb958223ae20ca60
Nov 01 19:05:51.670 INFO blam!                                at libstd/panicking.rs:345
Nov 01 19:05:51.670 INFO blam!    7:     0x55858e81bcfe - rust_ack::ackermann_implementations::hyper_ack::hyperoperator_tests::test_exponentiation::h426df452a5a7053f
Nov 01 19:05:51.670 INFO blam!                                at src/ackermann_implementations/hyper_ack.rs:65
Nov 01 19:05:51.670 INFO blam!    8:     0x55858e81bb09 - rust_ack::ackermann_implementations::hyper_ack::hyperoperator_tests::test_exponentiation::{{closure}}::hdd82abc4721eaac3
Nov 01 19:05:51.670 INFO blam!                                at src/ackermann_implementations/hyper_ack.rs:64
Nov 01 19:05:51.670 INFO blam!    9:     0x55858e81e4cd - core::ops::function::FnOnce::call_once::h48bdd6b18864617e
Nov 01 19:05:51.670 INFO blam!                                at libcore/ops/function.rs:238
Nov 01 19:05:51.670 INFO blam!   10:     0x55858e82140e - <F as alloc::boxed::FnBox<A>>::call_box::hf32558bd83684b60
Nov 01 19:05:51.670 INFO blam!                                at libtest/lib.rs:1468
Nov 01 19:05:51.670 INFO blam!                                at libcore/ops/function.rs:238
Nov 01 19:05:51.670 INFO blam!                                at liballoc/boxed.rs:672
Nov 01 19:05:51.670 INFO blam!   11:     0x55858e881859 - __rust_maybe_catch_panic
Nov 01 19:05:51.671 INFO blam!                                at libpanic_unwind/lib.rs:102
Nov 01 19:05:51.671 INFO blam!   12:     0x55858e843072 - std::sys_common::backtrace::__rust_begin_short_backtrace::h1bb71a7386fd3269
Nov 01 19:05:51.671 INFO blam!                                at libstd/panicking.rs:289
Nov 01 19:05:51.671 INFO blam!                                at libstd/panic.rs:392
Nov 01 19:05:51.671 INFO blam!                                at libtest/lib.rs:1423
Nov 01 19:05:51.671 INFO blam!                                at libstd/sys_common/backtrace.rs:136
Nov 01 19:05:51.671 INFO blam!   13:     0x55858e843b24 - std::panicking::try::do_call::h9b94719c3074bb5c
Nov 01 19:05:51.671 INFO blam!                                at libstd/thread/mod.rs:409
Nov 01 19:05:51.671 INFO blam!                                at libstd/panic.rs:313
Nov 01 19:05:51.671 INFO blam!                                at libstd/panicking.rs:310
Nov 01 19:05:51.671 INFO blam!   14:     0x55858e881859 - __rust_maybe_catch_panic
Nov 01 19:05:51.671 INFO blam!                                at libpanic_unwind/lib.rs:102
Nov 01 19:05:51.671 INFO blam!   15:     0x55858e830d4c - <F as alloc::boxed::FnBox<A>>::call_box::hb3bcd66d16fd3e84
Nov 01 19:05:51.671 INFO blam!                                at libstd/panicking.rs:289
Nov 01 19:05:51.671 INFO blam!                                at libstd/panic.rs:392
Nov 01 19:05:51.671 INFO blam!                                at libstd/thread/mod.rs:408
Nov 01 19:05:51.671 INFO blam!                                at liballoc/boxed.rs:672
Nov 01 19:05:51.671 INFO blam!   16:     0x55858e86f20d - std::sys_common::thread::start_thread::had0c80d121669d29
Nov 01 19:05:51.671 INFO blam!                                at liballoc/boxed.rs:682
Nov 01 19:05:51.671 INFO blam!                                at libstd/sys_common/thread.rs:24
Nov 01 19:05:51.671 INFO blam!   17:     0x55858e864a05 - std::sys::unix::thread::Thread::new::thread_start::h4a5b66a70d76f47f
Nov 01 19:05:51.671 INFO blam!                                at libstd/sys/unix/thread.rs:90
Nov 01 19:05:51.671 INFO blam!   18:     0x7f3850ec86b9 - start_thread
Nov 01 19:05:51.671 INFO blam!   19:     0x7f38509e841c - clone
Nov 01 19:05:51.671 INFO blam!   20:                0x0 - <unknown>
Nov 01 19:05:51.671 INFO blam! 
Nov 01 19:05:51.671 INFO blam! ---- ackermann_implementations::hyper_ack::hyperoperator_tests::test_tetration stdout ----
Nov 01 19:05:51.671 INFO blam! thread 'ackermann_implementations::hyper_ack::hyperoperator_tests::test_tetration' panicked at 'assertion failed: `(left == right)`
Nov 01 19:05:51.671 INFO blam!   left: `1`,
Nov 01 19:05:51.671 INFO blam!  right: `2`', src/ackermann_implementations/hyper_ack.rs:77:9
Nov 01 19:05:51.671 INFO blam! stack backtrace:
Nov 01 19:05:51.671 INFO blam!    0:     0x55858e86d5ff - std::sys::unix::backtrace::tracing::imp::unwind_backtrace::h3c55afa80a996a32
Nov 01 19:05:51.671 INFO blam!                                at libstd/sys/unix/backtrace/tracing/gcc_s.rs:49
Nov 01 19:05:51.671 INFO blam!    1:     0x55858e876627 - std::sys_common::backtrace::print::hcef907ea7a07cd40
Nov 01 19:05:51.671 INFO blam!                                at libstd/sys_common/backtrace.rs:71
Nov 01 19:05:51.671 INFO blam!                                at libstd/sys_common/backtrace.rs:59
Nov 01 19:05:51.671 INFO blam!    2:     0x55858e87130f - std::panicking::default_hook::{{closure}}::hf541876c65f36ea7
Nov 01 19:05:51.671 INFO blam!                                at libstd/panicking.rs:211
Nov 01 19:05:51.671 INFO blam!    3:     0x55858e87100e - std::panicking::default_hook::h4ecc06b30ae4459d
Nov 01 19:05:51.671 INFO blam!                                at libstd/panicking.rs:221
Nov 01 19:05:51.671 INFO blam!    4:     0x55858e8719ee - std::panicking::rust_panic_with_hook::h0cc6d9cc9f34a947
Nov 01 19:05:51.671 INFO blam!                                at libstd/panicking.rs:476
Nov 01 19:05:51.671 INFO blam!    5:     0x55858e871591 - std::panicking::continue_panic_fmt::hc71ad5f01496e320
Nov 01 19:05:51.671 INFO blam!                                at libstd/panicking.rs:390
Nov 01 19:05:51.671 INFO blam!    6:     0x55858e8714de - std::panicking::begin_panic_fmt::hdb958223ae20ca60
Nov 01 19:05:51.671 INFO blam!                                at libstd/panicking.rs:345
Nov 01 19:05:51.671 INFO blam!    7:     0x55858e81c741 - rust_ack::ackermann_implementations::hyper_ack::hyperoperator_tests::test_tetration::h12254975c3450ff2
Nov 01 19:05:51.671 INFO blam!                                at src/ackermann_implementations/hyper_ack.rs:77
Nov 01 19:05:51.671 INFO blam!    8:     0x55858e81c549 - rust_ack::ackermann_implementations::hyper_ack::hyperoperator_tests::test_tetration::{{closure}}::had36a977ec182b1b
Nov 01 19:05:51.671 INFO blam!                                at src/ackermann_implementations/hyper_ack.rs:76
Nov 01 19:05:51.671 INFO blam!    9:     0x55858e81e58d - core::ops::function::FnOnce::call_once::h989855db290db3b4
Nov 01 19:05:51.671 INFO blam!                                at libcore/ops/function.rs:238
Nov 01 19:05:51.671 INFO blam!   10:     0x55858e82140e - <F as alloc::boxed::FnBox<A>>::call_box::hf32558bd83684b60
Nov 01 19:05:51.671 INFO blam!                                at libtest/lib.rs:1468
Nov 01 19:05:51.671 INFO blam!                                at libcore/ops/function.rs:238
Nov 01 19:05:51.671 INFO blam!                                at liballoc/boxed.rs:672
Nov 01 19:05:51.671 INFO blam!   11:     0x55858e881859 - __rust_maybe_catch_panic
Nov 01 19:05:51.671 INFO blam!                                at libpanic_unwind/lib.rs:102
Nov 01 19:05:51.671 INFO blam!   12:     0x55858e843072 - std::sys_common::backtrace::__rust_begin_short_backtrace::h1bb71a7386fd3269
Nov 01 19:05:51.671 INFO blam!                                at libstd/panicking.rs:289
Nov 01 19:05:51.671 INFO blam!                                at libstd/panic.rs:392
Nov 01 19:05:51.671 INFO blam!                                at libtest/lib.rs:1423
Nov 01 19:05:51.671 INFO blam!                                at libstd/sys_common/backtrace.rs:136
Nov 01 19:05:51.671 INFO blam!   13:     0x55858e843b24 - std::panicking::try::do_call::h9b94719c3074bb5c
Nov 01 19:05:51.671 INFO blam!                                at libstd/thread/mod.rs:409
Nov 01 19:05:51.671 INFO blam!                                at libstd/panic.rs:313
Nov 01 19:05:51.671 INFO blam!                                at libstd/panicking.rs:310
Nov 01 19:05:51.671 INFO blam!   14:     0x55858e881859 - __rust_maybe_catch_panic
Nov 01 19:05:51.671 INFO blam!                                at libpanic_unwind/lib.rs:102
Nov 01 19:05:51.671 INFO blam!   15:     0x55858e830d4c - <F as alloc::boxed::FnBox<A>>::call_box::hb3bcd66d16fd3e84
Nov 01 19:05:51.671 INFO blam!                                at libstd/panicking.rs:289
Nov 01 19:05:51.671 INFO blam!                                at libstd/panic.rs:392
Nov 01 19:05:51.671 INFO blam!                                at libstd/thread/mod.rs:408
Nov 01 19:05:51.671 INFO blam!                                at liballoc/boxed.rs:672
Nov 01 19:05:51.671 INFO blam!   16:     0x55858e86f20d - std::sys_common::thread::start_thread::had0c80d121669d29
Nov 01 19:05:51.671 INFO blam!                                at liballoc/boxed.rs:682
Nov 01 19:05:51.671 INFO blam!                                at libstd/sys_common/thread.rs:24
Nov 01 19:05:51.671 INFO blam!   17:     0x55858e864a05 - std::sys::unix::thread::Thread::new::thread_start::h4a5b66a70d76f47f
Nov 01 19:05:51.671 INFO blam!                                at libstd/sys/unix/thread.rs:90
Nov 01 19:05:51.671 INFO blam!   18:     0x7f3850ec86b9 - start_thread
Nov 01 19:05:51.671 INFO blam!   19:     0x7f38509e841c - clone
Nov 01 19:05:51.671 INFO blam!   20:                0x0 - <unknown>
Nov 01 19:05:51.671 INFO blam! 
Nov 01 19:05:51.672 INFO blam! 
Nov 01 19:05:51.672 INFO blam! failures:
Nov 01 19:05:51.672 INFO blam!     ackermann_implementations::hyper_ack::hyper_ack_tests::test_m4
Nov 01 19:05:51.672 INFO blam!     ackermann_implementations::hyper_ack::hyperoperator_tests::test_exponentiation
Nov 01 19:05:51.672 INFO blam!     ackermann_implementations::hyper_ack::hyperoperator_tests::test_tetration
Nov 01 19:05:51.672 INFO blam! 
Nov 01 19:05:51.672 INFO blam! test result: FAILED. 7 passed; 3 failed; 0 ignored; 0 measured; 0 filtered out
Nov 01 19:05:51.672 INFO blam! 
Nov 01 19:05:51.680 INFO kablam! error: test failed, to rerun pass '--bin rust_ack'
Nov 01 19:05:51.680 INFO kablam! su: No module specific data is present
Nov 01 19:05:52.295 INFO running `"docker" "rm" "-f" "25f24352c66122382049ba5173a0f5f939e197b6076aef33c868391e78a2de7f"`
Nov 01 19:05:52.527 INFO blam! 25f24352c66122382049ba5173a0f5f939e197b6076aef33c868391e78a2de7f
