Nov 01 19:11:39.055 INFO testing NattapongSiri/permutator against beta-2018-10-30 for beta-1.31-1
Nov 01 19:11:39.056 INFO running `"docker" "create" "-v" "/mnt/big/crater/work/local/target-dirs/beta-1.31-1/worker-0/beta-2018-10-30:/target:rw,Z" "-v" "/mnt/big/crater/work/local/test-source/worker-0/beta-1.31-1/beta-2018-10-30:/source:ro,Z" "-v" "/mnt/big/crater/work/local/cargo-home:/cargo-home:ro,Z" "-v" "/mnt/big/crater/work/local/rustup-home:/rustup-home:ro,Z" "-e" "USER_ID=1000" "-e" "SOURCE_DIR=/source" "-e" "USER_ID=1000" "-e" "CMD=cargo +beta-2018-10-30 build --frozen" "-e" "CARGO_TARGET_DIR=/target" "-e" "CARGO_INCREMENTAL=0" "-e" "RUST_BACKTRACE=full" "-e" "RUSTFLAGS=--cap-lints=warn" "-e" "CARGO_HOME=/cargo-home" "-e" "RUSTUP_HOME=/rustup-home" "-m" "1536M" "--network" "none" "crater"`
Nov 01 19:11:39.495 INFO blam! 806b40bd45ffb9f4a154462d28d21bec657b17f95aefd6549f3122e4b9984a5e
Nov 01 19:11:39.515 INFO running `"docker" "start" "-a" "806b40bd45ffb9f4a154462d28d21bec657b17f95aefd6549f3122e4b9984a5e"`
Nov 01 19:11:40.641 INFO kablam! usermod: no changes
Nov 01 19:11:40.798 INFO kablam!    Compiling permutator v0.2.1 (/source)
Nov 01 19:11:42.709 INFO kablam!     Finished dev [unoptimized + debuginfo] target(s) in 2.03s
Nov 01 19:11:42.713 INFO kablam! su: No module specific data is present
Nov 01 19:11:43.279 INFO running `"docker" "rm" "-f" "806b40bd45ffb9f4a154462d28d21bec657b17f95aefd6549f3122e4b9984a5e"`
Nov 01 19:11:43.504 INFO blam! 806b40bd45ffb9f4a154462d28d21bec657b17f95aefd6549f3122e4b9984a5e
Nov 01 19:11:43.511 INFO running `"docker" "create" "-v" "/mnt/big/crater/work/local/target-dirs/beta-1.31-1/worker-0/beta-2018-10-30:/target:rw,Z" "-v" "/mnt/big/crater/work/local/test-source/worker-0/beta-1.31-1/beta-2018-10-30:/source:ro,Z" "-v" "/mnt/big/crater/work/local/cargo-home:/cargo-home:ro,Z" "-v" "/mnt/big/crater/work/local/rustup-home:/rustup-home:ro,Z" "-e" "USER_ID=1000" "-e" "SOURCE_DIR=/source" "-e" "USER_ID=1000" "-e" "CMD=cargo +beta-2018-10-30 test --frozen --no-run" "-e" "CARGO_TARGET_DIR=/target" "-e" "CARGO_INCREMENTAL=0" "-e" "RUST_BACKTRACE=full" "-e" "RUSTFLAGS=--cap-lints=warn" "-e" "CARGO_HOME=/cargo-home" "-e" "RUSTUP_HOME=/rustup-home" "-m" "1536M" "--network" "none" "crater"`
Nov 01 19:11:43.947 INFO blam! cd2f035f416e7bc756aceab45cd6a923580edacf7df2b573c5655189bfa6af41
Nov 01 19:11:43.948 INFO running `"docker" "start" "-a" "cd2f035f416e7bc756aceab45cd6a923580edacf7df2b573c5655189bfa6af41"`
Nov 01 19:11:44.946 INFO kablam! usermod: no changes
Nov 01 19:11:45.043 INFO kablam!    Compiling permutator v0.2.1 (/source)
Nov 01 19:11:50.647 INFO kablam!     Finished dev [unoptimized + debuginfo] target(s) in 5.64s
Nov 01 19:11:50.648 INFO kablam! su: No module specific data is present
Nov 01 19:11:51.208 INFO running `"docker" "rm" "-f" "cd2f035f416e7bc756aceab45cd6a923580edacf7df2b573c5655189bfa6af41"`
Nov 01 19:11:51.279 INFO blam! cd2f035f416e7bc756aceab45cd6a923580edacf7df2b573c5655189bfa6af41
Nov 01 19:11:51.285 INFO running `"docker" "create" "-v" "/mnt/big/crater/work/local/target-dirs/beta-1.31-1/worker-0/beta-2018-10-30:/target:rw,Z" "-v" "/mnt/big/crater/work/local/test-source/worker-0/beta-1.31-1/beta-2018-10-30:/source:ro,Z" "-v" "/mnt/big/crater/work/local/cargo-home:/cargo-home:ro,Z" "-v" "/mnt/big/crater/work/local/rustup-home:/rustup-home:ro,Z" "-e" "USER_ID=1000" "-e" "SOURCE_DIR=/source" "-e" "USER_ID=1000" "-e" "CMD=cargo +beta-2018-10-30 test --frozen" "-e" "CARGO_TARGET_DIR=/target" "-e" "CARGO_INCREMENTAL=0" "-e" "RUST_BACKTRACE=full" "-e" "RUSTFLAGS=--cap-lints=warn" "-e" "CARGO_HOME=/cargo-home" "-e" "RUSTUP_HOME=/rustup-home" "-m" "1536M" "--network" "none" "crater"`
Nov 01 19:11:51.466 INFO blam! 3bc7daccd47601b223d92ca9b1d24ad9a7243bc151bd0497c497a51a19003065
Nov 01 19:11:51.468 INFO running `"docker" "start" "-a" "3bc7daccd47601b223d92ca9b1d24ad9a7243bc151bd0497c497a51a19003065"`
Nov 01 19:11:51.875 INFO kablam! usermod: no changes
Nov 01 19:11:51.913 INFO kablam!     Finished dev [unoptimized + debuginfo] target(s) in 0.01s
Nov 01 19:11:51.913 INFO kablam!      Running /target/debug/deps/permutator-6e9ec6cb7f8dbeb9
Nov 01 19:11:51.917 INFO blam! 
Nov 01 19:11:51.917 INFO blam! running 64 tests
Nov 01 19:11:51.918 INFO blam! test test::test_CartesianProduct ... ok
Nov 01 19:11:51.918 INFO blam! test test::test_CartesianProduct_iterator_alike_shared_result ... ok
Nov 01 19:11:51.920 INFO blam! test test::test_CartesianProduct_ptr_trait ... ok
Nov 01 19:11:51.920 INFO blam! test test::test_CartesianProduct_trait ... ok
Nov 01 19:11:51.920 INFO blam! test test::test_GosperCombinationCellIter ... ok
Nov 01 19:11:51.921 INFO blam! test test::test_GosperCombinationIterator ... ok
Nov 01 19:11:51.921 INFO blam! test test::test_HeapPermutation ... ok
Nov 01 19:11:51.921 INFO blam! test test::test_HeapPermutationCellIterIterator ... ok
Nov 01 19:11:51.921 INFO blam! test test::test_HeapPermutationIntoIterator ... ok
Nov 01 19:11:51.921 INFO blam! test test::test_CartesianProduct_reset ... ok
Nov 01 19:11:51.921 INFO blam! test test::test_HeapPermutationIterator ... ok
Nov 01 19:11:51.923 INFO blam! test test::test_HeapPermutationRefIterator ... ok
Nov 01 19:11:51.923 INFO blam! test test::test_HeapPermutation_reset ... ok
Nov 01 19:11:51.923 INFO blam! test test::test_KPermutation ... ok
Nov 01 19:11:51.923 INFO blam! test test::test_CartesianProduct_shared_trait ... ok
Nov 01 19:11:51.923 INFO blam! test test::test_KPermutation_into_Ref_trait ... ok
Nov 01 19:11:51.940 INFO blam! test test::test_CartesianProduct_mimic_iterator_2 ... ok
Nov 01 19:11:51.940 INFO blam! test test::test_GosperCombinationIteratorAlike_reset ... ok
Nov 01 19:11:51.940 INFO blam! test test::test_CartesianProduct_mimic_iterator ... ok
Nov 01 19:11:51.940 INFO blam! test test::test_GosperCombinationIteratorUnsafe ... ok
Nov 01 19:11:51.941 INFO blam! test test::test_SelfCartesianProduct ... ok
Nov 01 19:11:51.941 INFO blam! test test::test_SelfCartesianProduct_cell ... ok
Nov 01 19:11:51.950 INFO blam! test test::test_SelfCartesianProduct_ref ... ok
Nov 01 19:11:51.950 INFO blam! test test::test_KPermutationIterator ... ok
Nov 01 19:11:51.950 INFO blam! test test::test_cartesian_product_shared_result_fn ... ok
Nov 01 19:11:51.950 INFO blam! test test::test_combination_trait ... ok
Nov 01 19:11:51.950 INFO blam! test test::test_combination_fn ... ok
Nov 01 19:11:51.950 INFO blam! test test::test_KPermutation_trait ... ok
Nov 01 19:11:51.951 INFO blam! test test::test_combination_cell_fn ... ok
Nov 01 19:11:51.955 INFO blam! test test::test_combination_trait_ptr ... ok
Nov 01 19:11:51.955 INFO blam! test test::test_combination_trait_share ... ok
Nov 01 19:11:51.955 INFO blam! test test::test_get_cartesian_for ... ok
Nov 01 19:11:51.955 INFO blam! test test::test_get_permutation_for ... ok
Nov 01 19:11:51.959 INFO blam! test test::test_heap_permutation_6 ... ok
Nov 01 19:11:51.971 INFO blam! test test::test_k_permutation_primitive ... ok
Nov 01 19:11:51.971 INFO blam! test test::test_permutation_trait ... ok
Nov 01 19:11:51.979 INFO blam! test test::test_permutation_trait_cell ... ok
Nov 01 19:11:51.979 INFO blam! test test::test_permutation_trait_ref ... ok
Nov 01 19:11:51.987 INFO blam! test test::test_self_cartesian_product ... ok
Nov 01 19:11:51.987 INFO blam! test test::test_self_cartesian_product_shared_result_fn ... ok
Nov 01 19:11:52.118 INFO blam! Thread1 is done
Nov 01 19:11:52.118 INFO blam! Thread2 is done
Nov 01 19:11:52.118 INFO blam! Done 1716 combinations in 119.629386ms
Nov 01 19:11:52.131 INFO blam! test test::test_share_result_CombinationIterator_with_thread_fn ... ok
Nov 01 19:11:52.191 INFO blam! Done 180 products in 21.617431ms
Nov 01 19:11:52.191 INFO blam! Thread2 is done
Nov 01 19:11:52.191 INFO blam! Thread1 is done
Nov 01 19:11:52.191 INFO blam! test test::test_shared_CartesianProduct_result_sync_fn ... ok
Nov 01 19:11:52.211 INFO blam! test test::test_shared_KPermutation_result ... ok
Nov 01 19:11:52.279 INFO blam! Done 180 combinations with 2 workers in 38.487755ms
Nov 01 19:11:52.280 INFO blam! Thread2 is done
Nov 01 19:11:52.280 INFO blam! Thread1 is done
Nov 01 19:11:52.300 INFO blam! test test::test_shared_cartesian_product_result_sync_fn ... ok
Nov 01 19:11:52.321 INFO blam! test test::test_shared_combination_result_fn ... ok
Nov 01 19:11:52.337 INFO blam! test test::test_shared_combination_result_iterator_alike ... ok
Nov 01 19:11:52.575 INFO blam! Done 1716 combinations with 2 workers in 225.401748ms
Nov 01 19:11:52.575 INFO blam! Thread1 is done
Nov 01 19:11:52.575 INFO blam! Thread2 is done
Nov 01 19:11:52.575 INFO blam! test test::test_shared_combination_result_sync_fn ... ok
Nov 01 19:11:52.579 INFO blam! test test::test_shared_k_permutation_result_fn ... ok
Nov 01 19:11:54.103 INFO blam! test test::test_heap_permutation_10 ... ok
Nov 01 19:11:54.120 INFO blam! test test::test_tldr_case ... ok
Nov 01 19:11:54.963 INFO blam! Thread1 is done
Nov 01 19:11:54.963 INFO blam! Thread2 is done
Nov 01 19:11:54.963 INFO blam! Done 30240 combinations in 2.960431241s
Nov 01 19:11:54.963 INFO blam! test test::test_share_result_KPermutation_iterator_sync ... ok
Nov 01 19:11:54.987 INFO blam! test test::test_unsafe_cartesian_product_shared_result ... ok
Nov 01 19:11:55.007 INFO blam! test test::test_unsafe_combination_fn ... ok
Nov 01 19:11:58.075 INFO blam! Thread1 is done
Nov 01 19:11:58.075 INFO blam! Done 30240 combinations with 2 workers in 5.473420877s
Nov 01 19:11:58.075 INFO blam! test test::test_shared_k_permutation_sync_fn ... ok
Nov 01 19:11:58.075 INFO blam! Thread2 is done
Nov 01 19:11:58.075 INFO blam! test test::test_unsafe_self_cartesian_product_shared_result ... ok
Nov 01 19:11:58.076 INFO blam! test test::test_unsafe_shared_combination_result_fn ... ok
Nov 01 19:11:58.077 INFO blam! test test::test_unsafe_shared_k_permutation_result_fn ... ok
Nov 01 19:12:10.559 INFO blam! test test::test_unsafe_cartesian_product ... ok
Nov 01 19:12:11.963 INFO blam! test test::test_KPermutation_into_Ref ... ok
Nov 01 19:12:13.066 INFO blam! test test::test_KPermutation_into_Cell ... ok
Nov 01 19:12:16.643 INFO blam! test test::test_KPermutation_into_cell_trait ... ok
Nov 01 19:12:19.355 INFO blam! test test::test_k_permutation ... ok
Nov 01 19:12:22.095 INFO blam! test test::test_cartesian_product ... ok
Nov 01 19:12:23.369 INFO blam! test test::test_unsafe_k_permutation ... ok
Nov 01 19:12:23.369 INFO blam! 
Nov 01 19:12:23.369 INFO blam! test result: ok. 64 passed; 0 failed; 0 ignored; 0 measured; 0 filtered out
Nov 01 19:12:23.369 INFO blam! 
Nov 01 19:12:23.371 INFO kablam!    Doc-tests permutator
Nov 01 19:12:24.743 INFO blam! 
Nov 01 19:12:24.743 INFO blam! running 48 tests
Nov 01 19:12:35.703 INFO blam! test src/lib.rs - CartesianProduct (line 4125) ... ok
Nov 01 19:12:35.747 INFO blam! test src/lib.rs -  (line 40) ... ok
Nov 01 19:12:36.764 INFO blam! test src/lib.rs -  (line 28) ... ok
Nov 01 19:12:37.551 INFO blam! test src/lib.rs - CartesianProduct (line 4143) ... ok
Nov 01 19:12:39.143 INFO blam! test src/lib.rs - CartesianProductIterator (line 2035) ... ok
Nov 01 19:12:39.575 INFO blam! test src/lib.rs -  (line 54) ... ok
Nov 01 19:12:39.939 INFO blam! test src/lib.rs - CartesianProductCellIter (line 2161) ... ok
Nov 01 19:12:39.989 INFO blam! test src/lib.rs -  (line 77) ... ok
Nov 01 19:12:45.875 INFO blam! test src/lib.rs - GosperCombinationCellIter (line 2600) ... ok
Nov 01 19:12:46.615 INFO blam! test src/lib.rs - GosperCombinationIterator (line 2461) ... ok
Nov 01 19:12:46.732 INFO blam! test src/lib.rs - CartesianProductRefIter (line 2310) ... ok
Nov 01 19:12:47.035 INFO blam! test src/lib.rs - Combination (line 4244) ... ok
Nov 01 19:12:47.529 INFO blam! test src/lib.rs - HeapPermutationRefIter (line 2992) ... ok
Nov 01 19:12:48.187 INFO blam! test src/lib.rs - HeapPermutationCellIter (line 3110) ... ok
Nov 01 19:12:48.284 INFO blam! test src/lib.rs - GosperCombinationRefIter (line 2763) ... ok
Nov 01 19:12:51.099 INFO blam! test src/lib.rs - KPermutationCellIter (line 3378) ... ok
Nov 01 19:12:51.483 INFO blam! test src/lib.rs - KPermutationIterator (line 3214) ... ok
Nov 01 19:12:51.900 INFO blam! test src/lib.rs - Permutation (line 4373) ... ok
Nov 01 19:12:52.206 INFO blam! test src/lib.rs - KPermutationRefIter (line 3564) ... ok
Nov 01 19:12:52.317 INFO blam! test src/lib.rs - SelfCartesianProductIterator (line 3718) ... ok
Nov 01 19:12:52.746 INFO blam! test src/lib.rs - SelfCartesianProductCellIter (line 3849) ... ok
Nov 01 19:12:53.894 INFO blam! test src/lib.rs - HeapPermutationIterator (line 2898) ... ok
Nov 01 19:12:54.171 INFO blam! test src/lib.rs - Permutation (line 4383) ... ok
Nov 01 19:12:57.622 INFO blam! test src/lib.rs - cartesian_product_cell (line 500) ... ok
Nov 01 19:12:58.013 INFO blam! test src/lib.rs - SelfCartesianProductRefIter (line 3985) ... ok
Nov 01 19:12:58.047 INFO blam! test src/lib.rs - combination (line 1143) ... ok
Nov 01 19:12:58.386 INFO blam! test src/lib.rs - divide_factorial (line 4605) ... ok
Nov 01 19:12:59.527 INFO blam! test src/lib.rs - cartesian_product (line 315) ... ok
Nov 01 19:13:00.731 INFO blam! test src/lib.rs - combination_cell (line 1291) ... ok
Nov 01 19:13:01.344 INFO blam! test src/lib.rs - cartesian_product_sync (line 614) ... ok
Nov 01 19:13:02.527 INFO blam! test src/lib.rs - combination_sync (line 1392) ... ok
Nov 01 19:13:03.959 INFO blam! test src/lib.rs - get_permutation_size (line 183) ... ok
Nov 01 19:13:04.176 INFO blam! test src/lib.rs - get_cartesian_for (line 143) ... ok
Nov 01 19:13:04.435 INFO blam! test src/lib.rs - get_permutation_for (line 208) ... ok
Nov 01 19:13:04.483 INFO blam! test src/lib.rs - get_cartesian_size (line 120) ... ok
Nov 01 19:13:06.546 INFO blam! test src/lib.rs - heap_permutation (line 1479) ... ok
Nov 01 19:13:06.859 INFO blam! test src/lib.rs - k_permutation (line 1624) ... ok
Nov 01 19:13:07.315 INFO blam! test src/lib.rs - heap_permutation_cell (line 1528) ... ok
Nov 01 19:13:08.475 INFO blam! test src/lib.rs - k_permutation_cell (line 1821) ... ok
Nov 01 19:13:10.032 INFO blam! test src/lib.rs - multiply_factorial (line 4630) ... ok
Nov 01 19:13:10.567 INFO blam! test src/lib.rs - self_cartesian_product_cell (line 914) ... FAILED
Nov 01 19:13:10.567 INFO blam! test src/lib.rs - self_cartesian_product (line 726) ... FAILED
Nov 01 19:13:10.911 INFO blam! test src/lib.rs - k_permutation_sync (line 1931) ... ok
Nov 01 19:13:11.587 INFO blam! test src/lib.rs - unsafe_cartesian_product (line 386) ... ok
Nov 01 19:13:11.932 INFO blam! test src/lib.rs - unsafe_combination (line 1198) ... ok
Nov 01 19:13:12.599 INFO blam! test src/lib.rs - unsafe_self_cartesian_product (line 798) ... FAILED
Nov 01 19:13:12.614 INFO blam! test src/lib.rs - unsafe_k_permutation (line 1710) ... ok
Nov 01 19:13:12.938 INFO blam! test src/lib.rs - self_cartesian_product_sync (line 1030) ... ok
Nov 01 19:13:12.938 INFO blam! 
Nov 01 19:13:12.938 INFO blam! failures:
Nov 01 19:13:12.938 INFO blam! 
Nov 01 19:13:12.938 INFO blam! ---- src/lib.rs - self_cartesian_product_cell (line 914) stdout ----
Nov 01 19:13:12.938 INFO blam! error[E0608]: cannot index into a value of type `i32`
Nov 01 19:13:12.938 INFO blam!   --> src/lib.rs:957:27
Nov 01 19:13:12.938 INFO blam!    |
Nov 01 19:13:12.938 INFO blam! 46 |    let mut result = vec![&data[0][0]; data.len()];
Nov 01 19:13:12.938 INFO blam!    |                           ^^^^^^^^^^
Nov 01 19:13:12.938 INFO blam! 
Nov 01 19:13:12.938 INFO blam! thread 'src/lib.rs - self_cartesian_product_cell (line 914)' panicked at 'couldn't compile the test', librustdoc/test.rs:332:13
Nov 01 19:13:12.938 INFO blam! stack backtrace:
Nov 01 19:13:12.938 INFO blam!    0:     0x7f633ec346ff - std::sys::unix::backtrace::tracing::imp::unwind_backtrace::h3c55afa80a996a32
Nov 01 19:13:12.938 INFO blam!                                at libstd/sys/unix/backtrace/tracing/gcc_s.rs:49
Nov 01 19:13:12.938 INFO blam!    1:     0x7f633ec19697 - std::sys_common::backtrace::print::hcef907ea7a07cd40
Nov 01 19:13:12.938 INFO blam!                                at libstd/sys_common/backtrace.rs:71
Nov 01 19:13:12.938 INFO blam!                                at libstd/sys_common/backtrace.rs:59
Nov 01 19:13:12.938 INFO blam!    2:     0x7f633ec3facf - std::panicking::default_hook::{{closure}}::hf541876c65f36ea7
Nov 01 19:13:12.938 INFO blam!                                at libstd/panicking.rs:211
Nov 01 19:13:12.938 INFO blam!    3:     0x7f633ec3f7ce - std::panicking::default_hook::h4ecc06b30ae4459d
Nov 01 19:13:12.938 INFO blam!                                at libstd/panicking.rs:221
Nov 01 19:13:12.938 INFO blam!    4:     0x7f6340edb6d1 - rustc::util::common::panic_hook::hf4e6f5c3b281764b
Nov 01 19:13:12.938 INFO blam!    5:     0x7f633ec402c6 - std::panicking::rust_panic_with_hook::h0cc6d9cc9f34a947
Nov 01 19:13:12.938 INFO blam!                                at libstd/panicking.rs:480
Nov 01 19:13:12.938 INFO blam!    6:     0x555e3019b387 - std::panicking::begin_panic::he08470afd022350c
Nov 01 19:13:12.938 INFO blam!                                at libstd/panicking.rs:410
Nov 01 19:13:12.938 INFO blam!    7:     0x555e3032d707 - <rustdoc::test::Collector as rustdoc::test::Tester>::add_test::{{closure}}::{{closure}}::{{closure}}::h1097dd2aed0bc349
Nov 01 19:13:12.938 INFO blam!                                at librustdoc/test.rs:332
Nov 01 19:13:12.938 INFO blam!                                at librustdoc/test.rs:596
Nov 01 19:13:12.938 INFO blam!    8:     0x555e302e2c78 - <scoped_tls::ScopedKey<T>>::set::h9bba31b35056dc07
Nov 01 19:13:12.938 INFO blam!                                at /cargo/registry/src/github.com-1ecc6299db9ec823/scoped-tls-0.1.2/src/lib.rs:155
Nov 01 19:13:12.938 INFO blam!                                at libsyntax/lib.rs:106
Nov 01 19:13:12.938 INFO blam!                                at /cargo/registry/src/github.com-1ecc6299db9ec823/scoped-tls-0.1.2/src/lib.rs:155
Nov 01 19:13:12.938 INFO blam!    9:     0x555e300e8481 - syntax::with_globals::h4fd10729776cd915
Nov 01 19:13:12.938 INFO blam!                                at libsyntax/lib.rs:105
Nov 01 19:13:12.938 INFO blam!   10:     0x555e3019b5cb - std::panicking::try::do_call::he572b5001749b5c7
Nov 01 19:13:12.938 INFO blam!                                at librustdoc/test.rs:593
Nov 01 19:13:12.938 INFO blam!                                at libstd/panic.rs:313
Nov 01 19:13:12.938 INFO blam!                                at libstd/panicking.rs:310
Nov 01 19:13:12.938 INFO blam!   11:     0x7f633ec4dde9 - __rust_maybe_catch_panic
Nov 01 19:13:12.938 INFO blam!                                at libpanic_unwind/lib.rs:102
Nov 01 19:13:12.938 INFO blam!   12:     0x555e301bd079 - rustc_driver::in_named_rustc_thread::hc8aa36ae7168454b
Nov 01 19:13:12.938 INFO blam!                                at libstd/panicking.rs:289
Nov 01 19:13:12.938 INFO blam!                                at libstd/panic.rs:392
Nov 01 19:13:12.938 INFO blam!                                at librustc_driver/lib.rs:1546
Nov 01 19:13:12.938 INFO blam!   13:     0x555e302fb960 - <F as alloc::boxed::FnBox<A>>::call_box::hf53e55f306710650
Nov 01 19:13:12.938 INFO blam!                                at librustdoc/test.rs:593
Nov 01 19:13:12.938 INFO blam!                                at liballoc/boxed.rs:672
Nov 01 19:13:12.939 INFO blam!   14:     0x7f63402ac142 - <F as alloc::boxed::FnBox<A>>::call_box::hecf56d722ce7bb71
Nov 01 19:13:12.939 INFO blam!                                at libtest/lib.rs:1461
Nov 01 19:13:12.939 INFO blam!                                at liballoc/boxed.rs:672
Nov 01 19:13:12.939 INFO blam!   15:     0x7f633ec4dde9 - __rust_maybe_catch_panic
Nov 01 19:13:12.939 INFO blam!                                at libpanic_unwind/lib.rs:102
Nov 01 19:13:12.939 INFO blam!   16:     0x7f63402d4412 - std::sys_common::backtrace::__rust_begin_short_backtrace::h1bb71a7386fd3269
Nov 01 19:13:12.939 INFO blam!                                at libstd/panicking.rs:289
Nov 01 19:13:12.939 INFO blam!                                at libstd/panic.rs:392
Nov 01 19:13:12.939 INFO blam!                                at libtest/lib.rs:1423
Nov 01 19:13:12.939 INFO blam!                                at libstd/sys_common/backtrace.rs:136
Nov 01 19:13:12.939 INFO blam!   17:     0x7f63402d51b4 - std::panicking::try::do_call::h9b94719c3074bb5c
Nov 01 19:13:12.939 INFO blam!                                at libstd/thread/mod.rs:409
Nov 01 19:13:12.939 INFO blam!                                at libstd/panic.rs:313
Nov 01 19:13:12.939 INFO blam!                                at libstd/panicking.rs:310
Nov 01 19:13:12.939 INFO blam!   18:     0x7f633ec4dde9 - __rust_maybe_catch_panic
Nov 01 19:13:12.939 INFO blam!                                at libpanic_unwind/lib.rs:102
Nov 01 19:13:12.939 INFO blam!   19:     0x7f63402bd90c - <F as alloc::boxed::FnBox<A>>::call_box::hb3bcd66d16fd3e84
Nov 01 19:13:12.939 INFO blam!                                at libstd/panicking.rs:289
Nov 01 19:13:12.939 INFO blam!                                at libstd/panic.rs:392
Nov 01 19:13:12.939 INFO blam!                                at libstd/thread/mod.rs:408
Nov 01 19:13:12.939 INFO blam!                                at liballoc/boxed.rs:672
Nov 01 19:13:12.939 INFO blam!   20:     0x7f633ec3aa8d - std::sys_common::thread::start_thread::had0c80d121669d29
Nov 01 19:13:12.939 INFO blam!                                at liballoc/boxed.rs:682
Nov 01 19:13:12.939 INFO blam!                                at libstd/sys_common/thread.rs:24
Nov 01 19:13:12.939 INFO blam!   21:     0x7f633ec10435 - std::sys::unix::thread::Thread::new::thread_start::h4a5b66a70d76f47f
Nov 01 19:13:12.939 INFO blam!                                at libstd/sys/unix/thread.rs:90
Nov 01 19:13:12.939 INFO blam!   22:     0x7f633e79c6b9 - start_thread
Nov 01 19:13:12.939 INFO blam!   23:     0x7f633e2bc41c - clone
Nov 01 19:13:12.939 INFO blam!   24:                0x0 - <unknown>
Nov 01 19:13:12.939 INFO blam! query stack during panic:
Nov 01 19:13:12.939 INFO blam! end of query stack
Nov 01 19:13:12.939 INFO blam! 
Nov 01 19:13:12.939 INFO blam! ---- src/lib.rs - self_cartesian_product (line 726) stdout ----
Nov 01 19:13:12.939 INFO blam! error[E0425]: cannot find function `self_cartesian_product` in this scope
Nov 01 19:13:12.939 INFO blam!  --> src/lib.rs:729:4
Nov 01 19:13:12.939 INFO blam!   |
Nov 01 19:13:12.939 INFO blam! 6 |    self_cartesian_product(&[1, 2, 3], 3, |product| {
Nov 01 19:13:12.939 INFO blam!   |    ^^^^^^^^^^^^^^^^^^^^^^ did you mean `cartesian_product`?
Nov 01 19:13:12.939 INFO blam! help: possible candidate is found in another module, you can import it into scope
Nov 01 19:13:12.939 INFO blam!   |
Nov 01 19:13:12.939 INFO blam! 3 | use permutator::self_cartesian_product;
Nov 01 19:13:12.939 INFO blam!   |
Nov 01 19:13:12.939 INFO blam! 
Nov 01 19:13:12.939 INFO blam! thread 'src/lib.rs - self_cartesian_product (line 726)' panicked at 'couldn't compile the test', librustdoc/test.rs:332:13
Nov 01 19:13:12.939 INFO blam! stack backtrace:
Nov 01 19:13:12.939 INFO blam!    0:     0x7f633ec346ff - std::sys::unix::backtrace::tracing::imp::unwind_backtrace::h3c55afa80a996a32
Nov 01 19:13:12.939 INFO blam!                                at libstd/sys/unix/backtrace/tracing/gcc_s.rs:49
Nov 01 19:13:12.939 INFO blam!    1:     0x7f633ec19697 - std::sys_common::backtrace::print::hcef907ea7a07cd40
Nov 01 19:13:12.939 INFO blam!                                at libstd/sys_common/backtrace.rs:71
Nov 01 19:13:12.939 INFO blam!                                at libstd/sys_common/backtrace.rs:59
Nov 01 19:13:12.939 INFO blam!    2:     0x7f633ec3facf - std::panicking::default_hook::{{closure}}::hf541876c65f36ea7
Nov 01 19:13:12.939 INFO blam!                                at libstd/panicking.rs:211
Nov 01 19:13:12.939 INFO blam!    3:     0x7f633ec3f7ce - std::panicking::default_hook::h4ecc06b30ae4459d
Nov 01 19:13:12.939 INFO blam!                                at libstd/panicking.rs:221
Nov 01 19:13:12.939 INFO blam!    4:     0x7f6340edb6d1 - rustc::util::common::panic_hook::hf4e6f5c3b281764b
Nov 01 19:13:12.939 INFO blam!    5:     0x7f633ec402c6 - std::panicking::rust_panic_with_hook::h0cc6d9cc9f34a947
Nov 01 19:13:12.939 INFO blam!                                at libstd/panicking.rs:480
Nov 01 19:13:12.939 INFO blam!    6:     0x555e3019b387 - std::panicking::begin_panic::he08470afd022350c
Nov 01 19:13:12.939 INFO blam!                                at libstd/panicking.rs:410
Nov 01 19:13:12.939 INFO blam!    7:     0x555e3032d707 - <rustdoc::test::Collector as rustdoc::test::Tester>::add_test::{{closure}}::{{closure}}::{{closure}}::h1097dd2aed0bc349
Nov 01 19:13:12.939 INFO blam!                                at librustdoc/test.rs:332
Nov 01 19:13:12.939 INFO blam!                                at librustdoc/test.rs:596
Nov 01 19:13:12.939 INFO blam!    8:     0x555e302e2c78 - <scoped_tls::ScopedKey<T>>::set::h9bba31b35056dc07
Nov 01 19:13:12.939 INFO blam!                                at /cargo/registry/src/github.com-1ecc6299db9ec823/scoped-tls-0.1.2/src/lib.rs:155
Nov 01 19:13:12.939 INFO blam!                                at libsyntax/lib.rs:106
Nov 01 19:13:12.939 INFO blam!                                at /cargo/registry/src/github.com-1ecc6299db9ec823/scoped-tls-0.1.2/src/lib.rs:155
Nov 01 19:13:12.939 INFO blam!    9:     0x555e300e8481 - syntax::with_globals::h4fd10729776cd915
Nov 01 19:13:12.939 INFO blam!                                at libsyntax/lib.rs:105
Nov 01 19:13:12.939 INFO blam!   10:     0x555e3019b5cb - std::panicking::try::do_call::he572b5001749b5c7
Nov 01 19:13:12.939 INFO blam!                                at librustdoc/test.rs:593
Nov 01 19:13:12.939 INFO blam!                                at libstd/panic.rs:313
Nov 01 19:13:12.939 INFO blam!                                at libstd/panicking.rs:310
Nov 01 19:13:12.939 INFO blam!   11:     0x7f633ec4dde9 - __rust_maybe_catch_panic
Nov 01 19:13:12.939 INFO blam!                                at libpanic_unwind/lib.rs:102
Nov 01 19:13:12.939 INFO blam!   12:     0x555e301bd079 - rustc_driver::in_named_rustc_thread::hc8aa36ae7168454b
Nov 01 19:13:12.939 INFO blam!                                at libstd/panicking.rs:289
Nov 01 19:13:12.939 INFO blam!                                at libstd/panic.rs:392
Nov 01 19:13:12.939 INFO blam!                                at librustc_driver/lib.rs:1546
Nov 01 19:13:12.939 INFO blam!   13:     0x555e302fb960 - <F as alloc::boxed::FnBox<A>>::call_box::hf53e55f306710650
Nov 01 19:13:12.939 INFO blam!                                at librustdoc/test.rs:593
Nov 01 19:13:12.939 INFO blam!                                at liballoc/boxed.rs:672
Nov 01 19:13:12.939 INFO blam!   14:     0x7f63402ac142 - <F as alloc::boxed::FnBox<A>>::call_box::hecf56d722ce7bb71
Nov 01 19:13:12.939 INFO blam!                                at libtest/lib.rs:1461
Nov 01 19:13:12.939 INFO blam!                                at liballoc/boxed.rs:672
Nov 01 19:13:12.939 INFO blam!   15:     0x7f633ec4dde9 - __rust_maybe_catch_panic
Nov 01 19:13:12.939 INFO blam!                                at libpanic_unwind/lib.rs:102
Nov 01 19:13:12.939 INFO blam!   16:     0x7f63402d4412 - std::sys_common::backtrace::__rust_begin_short_backtrace::h1bb71a7386fd3269
Nov 01 19:13:12.939 INFO blam!                                at libstd/panicking.rs:289
Nov 01 19:13:12.939 INFO blam!                                at libstd/panic.rs:392
Nov 01 19:13:12.939 INFO blam!                                at libtest/lib.rs:1423
Nov 01 19:13:12.939 INFO blam!                                at libstd/sys_common/backtrace.rs:136
Nov 01 19:13:12.939 INFO blam!   17:     0x7f63402d51b4 - std::panicking::try::do_call::h9b94719c3074bb5c
Nov 01 19:13:12.939 INFO blam!                                at libstd/thread/mod.rs:409
Nov 01 19:13:12.939 INFO blam!                                at libstd/panic.rs:313
Nov 01 19:13:12.939 INFO blam!                                at libstd/panicking.rs:310
Nov 01 19:13:12.939 INFO blam!   18:     0x7f633ec4dde9 - __rust_maybe_catch_panic
Nov 01 19:13:12.939 INFO blam!                                at libpanic_unwind/lib.rs:102
Nov 01 19:13:12.939 INFO blam!   19:     0x7f63402bd90c - <F as alloc::boxed::FnBox<A>>::call_box::hb3bcd66d16fd3e84
Nov 01 19:13:12.939 INFO blam!                                at libstd/panicking.rs:289
Nov 01 19:13:12.939 INFO blam!                                at libstd/panic.rs:392
Nov 01 19:13:12.939 INFO blam!                                at libstd/thread/mod.rs:408
Nov 01 19:13:12.939 INFO blam!                                at liballoc/boxed.rs:672
Nov 01 19:13:12.939 INFO blam!   20:     0x7f633ec3aa8d - std::sys_common::thread::start_thread::had0c80d121669d29
Nov 01 19:13:12.939 INFO blam!                                at liballoc/boxed.rs:682
Nov 01 19:13:12.939 INFO blam!                                at libstd/sys_common/thread.rs:24
Nov 01 19:13:12.939 INFO blam!   21:     0x7f633ec10435 - std::sys::unix::thread::Thread::new::thread_start::h4a5b66a70d76f47f
Nov 01 19:13:12.940 INFO blam!                                at libstd/sys/unix/thread.rs:90
Nov 01 19:13:12.940 INFO blam!   22:     0x7f633e79c6b9 - start_thread
Nov 01 19:13:12.940 INFO blam!   23:     0x7f633e2bc41c - clone
Nov 01 19:13:12.940 INFO blam!   24:                0x0 - <unknown>
Nov 01 19:13:12.940 INFO blam! query stack during panic:
Nov 01 19:13:12.940 INFO blam! end of query stack
Nov 01 19:13:12.940 INFO blam! 
Nov 01 19:13:12.940 INFO blam! ---- src/lib.rs - unsafe_self_cartesian_product (line 798) stdout ----
Nov 01 19:13:12.940 INFO blam! error[E0608]: cannot index into a value of type `i32`
Nov 01 19:13:12.940 INFO blam!   --> src/lib.rs:838:27
Nov 01 19:13:12.940 INFO blam!    |
Nov 01 19:13:12.940 INFO blam! 43 |    let mut result = vec![&data[0][0]; data.len()];
Nov 01 19:13:12.940 INFO blam!    |                           ^^^^^^^^^^
Nov 01 19:13:12.940 INFO blam! 
Nov 01 19:13:12.940 INFO blam! error[E0061]: this function takes 4 parameters but 3 parameters were supplied
Nov 01 19:13:12.940 INFO blam!   --> src/lib.rs:829:8
Nov 01 19:13:12.940 INFO blam!    |
Nov 01 19:13:12.940 INFO blam! 34 | /        unsafe_self_cartesian_product(data, cur_result, || {
Nov 01 19:13:12.940 INFO blam! 35 | |            consumers.iter().for_each(|c| {
Nov 01 19:13:12.940 INFO blam! 36 | |                c.consume();
Nov 01 19:13:12.940 INFO blam! 37 | |            })
Nov 01 19:13:12.940 INFO blam! 38 | |        });
Nov 01 19:13:12.940 INFO blam!    | |_________^ expected 4 parameters
Nov 01 19:13:12.940 INFO blam! 
Nov 01 19:13:12.940 INFO blam! thread 'src/lib.rs - unsafe_self_cartesian_product (line 798)' panicked at 'couldn't compile the test', librustdoc/test.rs:332:13
Nov 01 19:13:12.940 INFO blam! stack backtrace:
Nov 01 19:13:12.940 INFO blam!    0:     0x7f633ec346ff - std::sys::unix::backtrace::tracing::imp::unwind_backtrace::h3c55afa80a996a32
Nov 01 19:13:12.940 INFO blam!                                at libstd/sys/unix/backtrace/tracing/gcc_s.rs:49
Nov 01 19:13:12.940 INFO blam!    1:     0x7f633ec19697 - std::sys_common::backtrace::print::hcef907ea7a07cd40
Nov 01 19:13:12.940 INFO blam!                                at libstd/sys_common/backtrace.rs:71
Nov 01 19:13:12.940 INFO blam!                                at libstd/sys_common/backtrace.rs:59
Nov 01 19:13:12.940 INFO blam!    2:     0x7f633ec3facf - std::panicking::default_hook::{{closure}}::hf541876c65f36ea7
Nov 01 19:13:12.940 INFO blam!                                at libstd/panicking.rs:211
Nov 01 19:13:12.940 INFO blam!    3:     0x7f633ec3f7ce - std::panicking::default_hook::h4ecc06b30ae4459d
Nov 01 19:13:12.940 INFO blam!                                at libstd/panicking.rs:221
Nov 01 19:13:12.940 INFO blam!    4:     0x7f6340edb6d1 - rustc::util::common::panic_hook::hf4e6f5c3b281764b
Nov 01 19:13:12.940 INFO blam!    5:     0x7f633ec402c6 - std::panicking::rust_panic_with_hook::h0cc6d9cc9f34a947
Nov 01 19:13:12.940 INFO blam!                                at libstd/panicking.rs:480
Nov 01 19:13:12.940 INFO blam!    6:     0x555e3019b387 - std::panicking::begin_panic::he08470afd022350c
Nov 01 19:13:12.940 INFO blam!                                at libstd/panicking.rs:410
Nov 01 19:13:12.940 INFO blam!    7:     0x555e3032d707 - <rustdoc::test::Collector as rustdoc::test::Tester>::add_test::{{closure}}::{{closure}}::{{closure}}::h1097dd2aed0bc349
Nov 01 19:13:12.940 INFO blam!                                at librustdoc/test.rs:332
Nov 01 19:13:12.940 INFO blam!                                at librustdoc/test.rs:596
Nov 01 19:13:12.940 INFO blam!    8:     0x555e302e2c78 - <scoped_tls::ScopedKey<T>>::set::h9bba31b35056dc07
Nov 01 19:13:12.940 INFO blam!                                at /cargo/registry/src/github.com-1ecc6299db9ec823/scoped-tls-0.1.2/src/lib.rs:155
Nov 01 19:13:12.940 INFO blam!                                at libsyntax/lib.rs:106
Nov 01 19:13:12.940 INFO blam!                                at /cargo/registry/src/github.com-1ecc6299db9ec823/scoped-tls-0.1.2/src/lib.rs:155
Nov 01 19:13:12.940 INFO blam!    9:     0x555e300e8481 - syntax::with_globals::h4fd10729776cd915
Nov 01 19:13:12.940 INFO blam!                                at libsyntax/lib.rs:105
Nov 01 19:13:12.940 INFO blam!   10:     0x555e3019b5cb - std::panicking::try::do_call::he572b5001749b5c7
Nov 01 19:13:12.940 INFO blam!                                at librustdoc/test.rs:593
Nov 01 19:13:12.940 INFO blam!                                at libstd/panic.rs:313
Nov 01 19:13:12.940 INFO blam!                                at libstd/panicking.rs:310
Nov 01 19:13:12.940 INFO blam!   11:     0x7f633ec4dde9 - __rust_maybe_catch_panic
Nov 01 19:13:12.940 INFO blam!                                at libpanic_unwind/lib.rs:102
Nov 01 19:13:12.940 INFO blam!   12:     0x555e301bd079 - rustc_driver::in_named_rustc_thread::hc8aa36ae7168454b
Nov 01 19:13:12.940 INFO blam!                                at libstd/panicking.rs:289
Nov 01 19:13:12.940 INFO blam!                                at libstd/panic.rs:392
Nov 01 19:13:12.940 INFO blam!                                at librustc_driver/lib.rs:1546
Nov 01 19:13:12.940 INFO blam!   13:     0x555e302fb960 - <F as alloc::boxed::FnBox<A>>::call_box::hf53e55f306710650
Nov 01 19:13:12.940 INFO blam!                                at librustdoc/test.rs:593
Nov 01 19:13:12.940 INFO blam!                                at liballoc/boxed.rs:672
Nov 01 19:13:12.940 INFO blam!   14:     0x7f63402ac142 - <F as alloc::boxed::FnBox<A>>::call_box::hecf56d722ce7bb71
Nov 01 19:13:12.940 INFO blam!                                at libtest/lib.rs:1461
Nov 01 19:13:12.940 INFO blam!                                at liballoc/boxed.rs:672
Nov 01 19:13:12.940 INFO blam!   15:     0x7f633ec4dde9 - __rust_maybe_catch_panic
Nov 01 19:13:12.940 INFO blam!                                at libpanic_unwind/lib.rs:102
Nov 01 19:13:12.940 INFO blam!   16:     0x7f63402d4412 - std::sys_common::backtrace::__rust_begin_short_backtrace::h1bb71a7386fd3269
Nov 01 19:13:12.940 INFO blam!                                at libstd/panicking.rs:289
Nov 01 19:13:12.940 INFO blam!                                at libstd/panic.rs:392
Nov 01 19:13:12.940 INFO blam!                                at libtest/lib.rs:1423
Nov 01 19:13:12.940 INFO blam!                                at libstd/sys_common/backtrace.rs:136
Nov 01 19:13:12.940 INFO blam!   17:     0x7f63402d51b4 - std::panicking::try::do_call::h9b94719c3074bb5c
Nov 01 19:13:12.940 INFO blam!                                at libstd/thread/mod.rs:409
Nov 01 19:13:12.940 INFO blam!                                at libstd/panic.rs:313
Nov 01 19:13:12.940 INFO blam!                                at libstd/panicking.rs:310
Nov 01 19:13:12.940 INFO blam!   18:     0x7f633ec4dde9 - __rust_maybe_catch_panic
Nov 01 19:13:12.940 INFO blam!                                at libpanic_unwind/lib.rs:102
Nov 01 19:13:12.940 INFO blam!   19:     0x7f63402bd90c - <F as alloc::boxed::FnBox<A>>::call_box::hb3bcd66d16fd3e84
Nov 01 19:13:12.940 INFO blam!                                at libstd/panicking.rs:289
Nov 01 19:13:12.940 INFO blam!                                at libstd/panic.rs:392
Nov 01 19:13:12.940 INFO blam!                                at libstd/thread/mod.rs:408
Nov 01 19:13:12.940 INFO blam!                                at liballoc/boxed.rs:672
Nov 01 19:13:12.940 INFO blam!   20:     0x7f633ec3aa8d - std::sys_common::thread::start_thread::had0c80d121669d29
Nov 01 19:13:12.940 INFO blam!                                at liballoc/boxed.rs:682
Nov 01 19:13:12.940 INFO blam!                                at libstd/sys_common/thread.rs:24
Nov 01 19:13:12.940 INFO blam!   21:     0x7f633ec10435 - std::sys::unix::thread::Thread::new::thread_start::h4a5b66a70d76f47f
Nov 01 19:13:12.940 INFO blam!                                at libstd/sys/unix/thread.rs:90
Nov 01 19:13:12.940 INFO blam!   22:     0x7f633e79c6b9 - start_thread
Nov 01 19:13:12.940 INFO blam!   23:     0x7f633e2bc41c - clone
Nov 01 19:13:12.940 INFO blam!   24:                0x0 - <unknown>
Nov 01 19:13:12.940 INFO blam! query stack during panic:
Nov 01 19:13:12.941 INFO blam! end of query stack
Nov 01 19:13:12.941 INFO blam! 
Nov 01 19:13:12.941 INFO blam! 
Nov 01 19:13:12.941 INFO blam! failures:
Nov 01 19:13:12.941 INFO blam!     src/lib.rs - self_cartesian_product (line 726)
Nov 01 19:13:12.941 INFO blam!     src/lib.rs - self_cartesian_product_cell (line 914)
Nov 01 19:13:12.941 INFO blam!     src/lib.rs - unsafe_self_cartesian_product (line 798)
Nov 01 19:13:12.941 INFO blam! 
Nov 01 19:13:12.941 INFO blam! test result: FAILED. 45 passed; 3 failed; 0 ignored; 0 measured; 0 filtered out
Nov 01 19:13:12.941 INFO blam! 
Nov 01 19:13:12.951 INFO kablam! error: test failed, to rerun pass '--doc'
Nov 01 19:13:12.953 INFO kablam! su: No module specific data is present
Nov 01 19:13:13.383 INFO running `"docker" "rm" "-f" "3bc7daccd47601b223d92ca9b1d24ad9a7243bc151bd0497c497a51a19003065"`
Nov 01 19:13:13.510 INFO blam! 3bc7daccd47601b223d92ca9b1d24ad9a7243bc151bd0497c497a51a19003065
