Nov 01 21:22:42.597 INFO testing FTV-Subtil/rs_http_worker against beta-2018-10-30 for beta-1.31-1
Nov 01 21:22:42.597 INFO running `"docker" "create" "-v" "/mnt/big/crater/work/local/target-dirs/beta-1.31-1/worker-3/beta-2018-10-30:/target:rw,Z" "-v" "/mnt/big/crater/work/local/test-source/worker-3/beta-1.31-1/beta-2018-10-30:/source:ro,Z" "-v" "/mnt/big/crater/work/local/cargo-home:/cargo-home:ro,Z" "-v" "/mnt/big/crater/work/local/rustup-home:/rustup-home:ro,Z" "-e" "USER_ID=1000" "-e" "SOURCE_DIR=/source" "-e" "USER_ID=1000" "-e" "CMD=cargo +beta-2018-10-30 build --frozen" "-e" "CARGO_TARGET_DIR=/target" "-e" "CARGO_INCREMENTAL=0" "-e" "RUST_BACKTRACE=full" "-e" "RUSTFLAGS=--cap-lints=warn" "-e" "CARGO_HOME=/cargo-home" "-e" "RUSTUP_HOME=/rustup-home" "-m" "1536M" "--network" "none" "crater"`
Nov 01 21:22:42.770 INFO blam! f4515d5ba9a56fe23991ebe1ad64be7c922773a99145ecf94dbab9dd52637256
Nov 01 21:22:42.775 INFO running `"docker" "start" "-a" "f4515d5ba9a56fe23991ebe1ad64be7c922773a99145ecf94dbab9dd52637256"`
Nov 01 21:22:43.264 INFO kablam! usermod: no changes
Nov 01 21:22:43.523 INFO kablam!    Compiling cookie-factory v0.2.2
Nov 01 21:22:43.535 INFO kablam!    Compiling memchr v1.0.2
Nov 01 21:22:43.535 INFO kablam!    Compiling log v0.4.6
Nov 01 21:22:43.535 INFO kablam!    Compiling sasl v0.4.1
Nov 01 21:22:44.717 INFO kablam!    Compiling nom v3.2.1
Nov 01 21:22:44.862 INFO kablam!    Compiling log v0.3.9
Nov 01 21:22:44.862 INFO kablam!    Compiling mio v0.6.14
Nov 01 21:22:44.862 INFO kablam!    Compiling tokio-io v0.1.6
Nov 01 21:22:46.367 INFO kablam!    Compiling handlebars v0.27.0
Nov 01 21:22:46.367 INFO kablam!    Compiling tokio-threadpool v0.1.0
Nov 01 21:22:49.393 INFO kablam!    Compiling tokio-reactor v0.1.0
Nov 01 21:22:53.719 INFO kablam!    Compiling tokio v0.1.3
Nov 01 21:22:54.647 INFO kablam!    Compiling amq-protocol-types v0.20.0
Nov 01 21:22:59.063 INFO kablam!    Compiling tokio-core v0.1.13
Nov 01 21:23:03.043 INFO kablam!    Compiling amq-protocol-codegen v0.27.0
Nov 01 21:23:07.035 INFO kablam!    Compiling tokio-proto v0.1.1
Nov 01 21:23:07.036 INFO kablam!    Compiling tokio-tls v0.1.4
Nov 01 21:23:13.813 INFO kablam!    Compiling hyper v0.11.22
Nov 01 21:23:14.535 INFO kablam!    Compiling amq-protocol v0.19.1
Nov 01 21:23:30.156 INFO kablam!    Compiling hyper-tls v0.1.2
Nov 01 21:23:35.460 INFO kablam!    Compiling reqwest v0.8.5
Nov 01 21:23:40.871 INFO kablam!    Compiling lapin-async v0.10.0
Nov 01 21:24:02.711 INFO kablam!    Compiling lapin-futures v0.10.0
Nov 01 21:24:06.295 INFO kablam!    Compiling amqp_worker v0.1.3
Nov 01 21:24:12.295 INFO kablam!    Compiling http_worker v0.1.0 (/source)
Nov 01 21:24:22.959 INFO kablam!     Finished dev [unoptimized + debuginfo] target(s) in 1m 39s
Nov 01 21:24:22.975 INFO kablam! su: No module specific data is present
Nov 01 21:24:23.919 INFO running `"docker" "rm" "-f" "f4515d5ba9a56fe23991ebe1ad64be7c922773a99145ecf94dbab9dd52637256"`
Nov 01 21:24:24.177 INFO blam! f4515d5ba9a56fe23991ebe1ad64be7c922773a99145ecf94dbab9dd52637256
Nov 01 21:24:24.179 INFO running `"docker" "create" "-v" "/mnt/big/crater/work/local/target-dirs/beta-1.31-1/worker-3/beta-2018-10-30:/target:rw,Z" "-v" "/mnt/big/crater/work/local/test-source/worker-3/beta-1.31-1/beta-2018-10-30:/source:ro,Z" "-v" "/mnt/big/crater/work/local/cargo-home:/cargo-home:ro,Z" "-v" "/mnt/big/crater/work/local/rustup-home:/rustup-home:ro,Z" "-e" "USER_ID=1000" "-e" "SOURCE_DIR=/source" "-e" "USER_ID=1000" "-e" "CMD=cargo +beta-2018-10-30 test --frozen --no-run" "-e" "CARGO_TARGET_DIR=/target" "-e" "CARGO_INCREMENTAL=0" "-e" "RUST_BACKTRACE=full" "-e" "RUSTFLAGS=--cap-lints=warn" "-e" "CARGO_HOME=/cargo-home" "-e" "RUSTUP_HOME=/rustup-home" "-m" "1536M" "--network" "none" "crater"`
Nov 01 21:24:24.760 INFO blam! e72a12e0cfde295667baa3d8192c6904cd4d2a772050b546ccbf60d3a503c939
Nov 01 21:24:24.763 INFO running `"docker" "start" "-a" "e72a12e0cfde295667baa3d8192c6904cd4d2a772050b546ccbf60d3a503c939"`
Nov 01 21:24:25.779 INFO kablam! usermod: no changes
Nov 01 21:24:25.998 INFO kablam!    Compiling http_worker v0.1.0 (/source)
Nov 01 21:24:35.759 INFO kablam!     Finished dev [unoptimized + debuginfo] target(s) in 9.94s
Nov 01 21:24:35.767 INFO kablam! su: No module specific data is present
Nov 01 21:24:36.747 INFO running `"docker" "rm" "-f" "e72a12e0cfde295667baa3d8192c6904cd4d2a772050b546ccbf60d3a503c939"`
Nov 01 21:24:36.995 INFO blam! e72a12e0cfde295667baa3d8192c6904cd4d2a772050b546ccbf60d3a503c939
Nov 01 21:24:37.003 INFO running `"docker" "create" "-v" "/mnt/big/crater/work/local/target-dirs/beta-1.31-1/worker-3/beta-2018-10-30:/target:rw,Z" "-v" "/mnt/big/crater/work/local/test-source/worker-3/beta-1.31-1/beta-2018-10-30:/source:ro,Z" "-v" "/mnt/big/crater/work/local/cargo-home:/cargo-home:ro,Z" "-v" "/mnt/big/crater/work/local/rustup-home:/rustup-home:ro,Z" "-e" "USER_ID=1000" "-e" "SOURCE_DIR=/source" "-e" "USER_ID=1000" "-e" "CMD=cargo +beta-2018-10-30 test --frozen" "-e" "CARGO_TARGET_DIR=/target" "-e" "CARGO_INCREMENTAL=0" "-e" "RUST_BACKTRACE=full" "-e" "RUSTFLAGS=--cap-lints=warn" "-e" "CARGO_HOME=/cargo-home" "-e" "RUSTUP_HOME=/rustup-home" "-m" "1536M" "--network" "none" "crater"`
Nov 01 21:24:37.521 INFO blam! d0ad274f4162d73d461422f12b05e62f7723b7ee90a48c7e7c9579c0a193e016
Nov 01 21:24:37.521 INFO running `"docker" "start" "-a" "d0ad274f4162d73d461422f12b05e62f7723b7ee90a48c7e7c9579c0a193e016"`
Nov 01 21:24:38.703 INFO kablam! usermod: no changes
Nov 01 21:24:39.075 INFO kablam!     Finished dev [unoptimized + debuginfo] target(s) in 0.34s
Nov 01 21:24:39.095 INFO kablam!      Running /target/debug/deps/http_worker-b919a7bc94287d5b
Nov 01 21:24:39.119 INFO blam! 
Nov 01 21:24:39.119 INFO blam! running 2 tests
Nov 01 21:24:39.119 INFO blam! test message::nack_message_test ... ok
Nov 01 21:24:39.391 INFO blam! test message::ack_message_test ... FAILED
Nov 01 21:24:39.391 INFO blam! 
Nov 01 21:24:39.391 INFO blam! failures:
Nov 01 21:24:39.391 INFO blam! 
Nov 01 21:24:39.391 INFO blam! ---- message::ack_message_test stdout ----
Nov 01 21:24:39.391 INFO blam! Job { job_id: 690, parameters: Parameters { requirements: Requirements { paths: None }, source: Resource { path: "https://staticftv-a.akamaihd.net/sous-titres/france4/20180214/172524974-5a843dcd126f8-1518616910.ttml" }, destination: Resource { path: "/tmp/172524974-5a843dcd126f8-1518616910.ttml" } } }
Nov 01 21:24:39.391 INFO blam! thread 'message::ack_message_test' panicked at 'called `Result::unwrap()` on an `Err` value: Error { kind: Io(Custom { kind: Other, error: StringError("failed to lookup address information: Temporary failure in name resolution") }), url: Some("https://staticftv-a.akamaihd.net/sous-titres/france4/20180214/172524974-5a843dcd126f8-1518616910.ttml") }', libcore/result.rs:1009:5
Nov 01 21:24:39.391 INFO blam! stack backtrace:
Nov 01 21:24:39.391 INFO blam!    0:     0x55baf0de24af - std::sys::unix::backtrace::tracing::imp::unwind_backtrace::h3c55afa80a996a32
Nov 01 21:24:39.391 INFO blam!                                at libstd/sys/unix/backtrace/tracing/gcc_s.rs:49
Nov 01 21:24:39.391 INFO blam!    1:     0x55baf0debd57 - std::sys_common::backtrace::print::hcef907ea7a07cd40
Nov 01 21:24:39.391 INFO blam!                                at libstd/sys_common/backtrace.rs:71
Nov 01 21:24:39.392 INFO blam!                                at libstd/sys_common/backtrace.rs:59
Nov 01 21:24:39.392 INFO blam!    2:     0x55baf0de682f - std::panicking::default_hook::{{closure}}::hf541876c65f36ea7
Nov 01 21:24:39.392 INFO blam!                                at libstd/panicking.rs:211
Nov 01 21:24:39.392 INFO blam!    3:     0x55baf0de652e - std::panicking::default_hook::h4ecc06b30ae4459d
Nov 01 21:24:39.392 INFO blam!                                at libstd/panicking.rs:221
Nov 01 21:24:39.392 INFO blam!    4:     0x55baf0de6f0e - std::panicking::rust_panic_with_hook::h0cc6d9cc9f34a947
Nov 01 21:24:39.392 INFO blam!                                at libstd/panicking.rs:476
Nov 01 21:24:39.392 INFO blam!    5:     0x55baf0de6ab1 - std::panicking::continue_panic_fmt::hc71ad5f01496e320
Nov 01 21:24:39.392 INFO blam!                                at libstd/panicking.rs:390
Nov 01 21:24:39.392 INFO blam!    6:     0x55baf0de6995 - rust_begin_unwind
Nov 01 21:24:39.392 INFO blam!                                at libstd/panicking.rs:325
Nov 01 21:24:39.392 INFO blam!    7:     0x55baf0e2b03c - core::panicking::panic_fmt::ha71638b7d4f53c35
Nov 01 21:24:39.392 INFO blam!                                at libcore/panicking.rs:77
Nov 01 21:24:39.392 INFO blam!    8:     0x55baf0aa7e9b - core::result::unwrap_failed::h7d2e7551a0d60adc
Nov 01 21:24:39.392 INFO blam!                                at libcore/macros.rs:26
Nov 01 21:24:39.392 INFO blam!    9:     0x55baf0aa7b02 - <core::result::Result<T, E>>::unwrap::he8780d03020805d6
Nov 01 21:24:39.392 INFO blam!                                at libcore/result.rs:808
Nov 01 21:24:39.392 INFO blam!   10:     0x55baf0a9c6db - http_worker::message::process::hd8347814f071b587
Nov 01 21:24:39.392 INFO blam!                                at src/message.rs:69
Nov 01 21:24:39.392 INFO blam!   11:     0x55baf0aa352e - http_worker::message::ack_message_test::h4193e6e68dc2300e
Nov 01 21:24:39.392 INFO blam!                                at src/message.rs:99
Nov 01 21:24:39.392 INFO blam!   12:     0x55baf0aa3459 - http_worker::message::ack_message_test::{{closure}}::hcd6d9e89579a2733
Nov 01 21:24:39.392 INFO blam!                                at src/message.rs:94
Nov 01 21:24:39.392 INFO blam!   13:     0x55baf0aa3b5d - core::ops::function::FnOnce::call_once::hac04ab230ab5d131
Nov 01 21:24:39.392 INFO blam!                                at libcore/ops/function.rs:238
Nov 01 21:24:39.392 INFO blam!   14:     0x55baf0aab8ae - <F as alloc::boxed::FnBox<A>>::call_box::hf32558bd83684b60
Nov 01 21:24:39.392 INFO blam!                                at libtest/lib.rs:1468
Nov 01 21:24:39.392 INFO blam!                                at libcore/ops/function.rs:238
Nov 01 21:24:39.392 INFO blam!                                at liballoc/boxed.rs:672
Nov 01 21:24:39.392 INFO blam!   15:     0x55baf0df6f89 - __rust_maybe_catch_panic
Nov 01 21:24:39.392 INFO blam!                                at libpanic_unwind/lib.rs:102
Nov 01 21:24:39.392 INFO blam!   16:     0x55baf0acd512 - std::sys_common::backtrace::__rust_begin_short_backtrace::h1bb71a7386fd3269
Nov 01 21:24:39.392 INFO blam!                                at libstd/panicking.rs:289
Nov 01 21:24:39.392 INFO blam!                                at libstd/panic.rs:392
Nov 01 21:24:39.392 INFO blam!                                at libtest/lib.rs:1423
Nov 01 21:24:39.392 INFO blam!                                at libstd/sys_common/backtrace.rs:136
Nov 01 21:24:39.392 INFO blam!   17:     0x55baf0acdfc4 - std::panicking::try::do_call::h9b94719c3074bb5c
Nov 01 21:24:39.392 INFO blam!                                at libstd/thread/mod.rs:409
Nov 01 21:24:39.392 INFO blam!                                at libstd/panic.rs:313
Nov 01 21:24:39.392 INFO blam!                                at libstd/panicking.rs:310
Nov 01 21:24:39.392 INFO blam!   18:     0x55baf0df6f89 - __rust_maybe_catch_panic
Nov 01 21:24:39.392 INFO blam!                                at libpanic_unwind/lib.rs:102
Nov 01 21:24:39.392 INFO blam!   19:     0x55baf0abb1ec - <F as alloc::boxed::FnBox<A>>::call_box::hb3bcd66d16fd3e84
Nov 01 21:24:39.392 INFO blam!                                at libstd/panicking.rs:289
Nov 01 21:24:39.392 INFO blam!                                at libstd/panic.rs:392
Nov 01 21:24:39.392 INFO blam!                                at libstd/thread/mod.rs:408
Nov 01 21:24:39.392 INFO blam!                                at liballoc/boxed.rs:672
Nov 01 21:24:39.392 INFO blam!   20:     0x55baf0de452d - std::sys_common::thread::start_thread::had0c80d121669d29
Nov 01 21:24:39.392 INFO blam!                                at liballoc/boxed.rs:682
Nov 01 21:24:39.392 INFO blam!                                at libstd/sys_common/thread.rs:24
Nov 01 21:24:39.392 INFO blam!   21:     0x55baf0dd6fa5 - std::sys::unix::thread::Thread::new::thread_start::h4a5b66a70d76f47f
Nov 01 21:24:39.392 INFO blam!                                at libstd/sys/unix/thread.rs:90
Nov 01 21:24:39.392 INFO blam!   22:     0x7facd81a16b9 - start_thread
Nov 01 21:24:39.392 INFO blam!   23:     0x7facd7cc141c - clone
Nov 01 21:24:39.392 INFO blam!   24:                0x0 - <unknown>
Nov 01 21:24:39.392 INFO blam! 
Nov 01 21:24:39.392 INFO blam! 
Nov 01 21:24:39.392 INFO blam! failures:
Nov 01 21:24:39.392 INFO blam!     message::ack_message_test
Nov 01 21:24:39.392 INFO blam! 
Nov 01 21:24:39.392 INFO blam! test result: FAILED. 1 passed; 1 failed; 0 ignored; 0 measured; 0 filtered out
Nov 01 21:24:39.392 INFO blam! 
Nov 01 21:24:39.394 INFO kablam! error: test failed, to rerun pass '--bin http_worker'
Nov 01 21:24:39.394 INFO kablam! su: No module specific data is present
Nov 01 21:24:40.379 INFO running `"docker" "rm" "-f" "d0ad274f4162d73d461422f12b05e62f7723b7ee90a48c7e7c9579c0a193e016"`
Nov 01 21:24:40.661 INFO blam! d0ad274f4162d73d461422f12b05e62f7723b7ee90a48c7e7c9579c0a193e016
