Nov 01 22:08:20.016 INFO testing ChrisDavison/mdlc against 1.30.0 for beta-1.31-1
Nov 01 22:08:20.016 INFO running `"docker" "create" "-v" "/mnt/big/crater/work/local/target-dirs/beta-1.31-1/worker-0/1.30.0:/target:rw,Z" "-v" "/mnt/big/crater/work/local/test-source/worker-0/beta-1.31-1/1.30.0:/source:ro,Z" "-v" "/mnt/big/crater/work/local/cargo-home:/cargo-home:ro,Z" "-v" "/mnt/big/crater/work/local/rustup-home:/rustup-home:ro,Z" "-e" "USER_ID=1000" "-e" "SOURCE_DIR=/source" "-e" "USER_ID=1000" "-e" "CMD=cargo +1.30.0 build --frozen" "-e" "CARGO_TARGET_DIR=/target" "-e" "CARGO_INCREMENTAL=0" "-e" "RUST_BACKTRACE=full" "-e" "RUSTFLAGS=--cap-lints=warn" "-e" "CARGO_HOME=/cargo-home" "-e" "RUSTUP_HOME=/rustup-home" "-m" "1536M" "--network" "none" "crater"`
Nov 01 22:08:20.512 INFO blam! ff79a5a9182d74e13c05dfe88564f8eee08d1237fdf5d97e8a75f8cd64b70040
Nov 01 22:08:20.514 INFO running `"docker" "start" "-a" "ff79a5a9182d74e13c05dfe88564f8eee08d1237fdf5d97e8a75f8cd64b70040"`
Nov 01 22:08:22.327 INFO kablam! usermod: no changes
Nov 01 22:08:22.709 INFO kablam!    Compiling openssl-sys v0.9.28
Nov 01 22:08:22.709 INFO kablam!    Compiling libflate v0.1.14
Nov 01 22:08:25.055 INFO kablam!    Compiling openssl v0.9.24
Nov 01 22:08:32.857 INFO kablam!    Compiling native-tls v0.1.5
Nov 01 22:08:34.191 INFO kablam!    Compiling tokio-tls v0.1.4
Nov 01 22:08:37.192 INFO kablam!    Compiling hyper-tls v0.1.3
Nov 01 22:08:41.311 INFO kablam!    Compiling reqwest v0.8.5
Nov 01 22:08:52.755 INFO kablam!    Compiling mdlc v0.1.0 (/source)
Nov 01 22:09:01.573 INFO kablam!     Finished dev [unoptimized + debuginfo] target(s) in 39.21s
Nov 01 22:09:01.578 INFO kablam! su: No module specific data is present
Nov 01 22:09:01.907 INFO running `"docker" "rm" "-f" "ff79a5a9182d74e13c05dfe88564f8eee08d1237fdf5d97e8a75f8cd64b70040"`
Nov 01 22:09:02.067 INFO blam! ff79a5a9182d74e13c05dfe88564f8eee08d1237fdf5d97e8a75f8cd64b70040
Nov 01 22:09:02.071 INFO running `"docker" "create" "-v" "/mnt/big/crater/work/local/target-dirs/beta-1.31-1/worker-0/1.30.0:/target:rw,Z" "-v" "/mnt/big/crater/work/local/test-source/worker-0/beta-1.31-1/1.30.0:/source:ro,Z" "-v" "/mnt/big/crater/work/local/cargo-home:/cargo-home:ro,Z" "-v" "/mnt/big/crater/work/local/rustup-home:/rustup-home:ro,Z" "-e" "USER_ID=1000" "-e" "SOURCE_DIR=/source" "-e" "USER_ID=1000" "-e" "CMD=cargo +1.30.0 test --frozen --no-run" "-e" "CARGO_TARGET_DIR=/target" "-e" "CARGO_INCREMENTAL=0" "-e" "RUST_BACKTRACE=full" "-e" "RUSTFLAGS=--cap-lints=warn" "-e" "CARGO_HOME=/cargo-home" "-e" "RUSTUP_HOME=/rustup-home" "-m" "1536M" "--network" "none" "crater"`
Nov 01 22:09:02.307 INFO blam! f9bca3b066bc8cbf65861003249306346f2f8dc1e2e36028d73b2f771d48b78c
Nov 01 22:09:02.319 INFO running `"docker" "start" "-a" "f9bca3b066bc8cbf65861003249306346f2f8dc1e2e36028d73b2f771d48b78c"`
Nov 01 22:09:02.912 INFO kablam! usermod: no changes
Nov 01 22:09:03.097 INFO kablam!    Compiling mdlc v0.1.0 (/source)
Nov 01 22:09:13.456 INFO kablam!     Finished dev [unoptimized + debuginfo] target(s) in 10.53s
Nov 01 22:09:13.477 INFO kablam! su: No module specific data is present
Nov 01 22:09:14.152 INFO running `"docker" "rm" "-f" "f9bca3b066bc8cbf65861003249306346f2f8dc1e2e36028d73b2f771d48b78c"`
Nov 01 22:09:14.405 INFO blam! f9bca3b066bc8cbf65861003249306346f2f8dc1e2e36028d73b2f771d48b78c
Nov 01 22:09:14.413 INFO running `"docker" "create" "-v" "/mnt/big/crater/work/local/target-dirs/beta-1.31-1/worker-0/1.30.0:/target:rw,Z" "-v" "/mnt/big/crater/work/local/test-source/worker-0/beta-1.31-1/1.30.0:/source:ro,Z" "-v" "/mnt/big/crater/work/local/cargo-home:/cargo-home:ro,Z" "-v" "/mnt/big/crater/work/local/rustup-home:/rustup-home:ro,Z" "-e" "USER_ID=1000" "-e" "SOURCE_DIR=/source" "-e" "USER_ID=1000" "-e" "CMD=cargo +1.30.0 test --frozen" "-e" "CARGO_TARGET_DIR=/target" "-e" "CARGO_INCREMENTAL=0" "-e" "RUST_BACKTRACE=full" "-e" "RUSTFLAGS=--cap-lints=warn" "-e" "CARGO_HOME=/cargo-home" "-e" "RUSTUP_HOME=/rustup-home" "-m" "1536M" "--network" "none" "crater"`
Nov 01 22:09:14.869 INFO blam! 796f6a6053b8d9b759fded1cd504123f4481976dd39425abc1707da9ae0ca3a6
Nov 01 22:09:14.872 INFO running `"docker" "start" "-a" "796f6a6053b8d9b759fded1cd504123f4481976dd39425abc1707da9ae0ca3a6"`
Nov 01 22:09:16.175 INFO kablam! usermod: no changes
Nov 01 22:09:16.409 INFO kablam!     Finished dev [unoptimized + debuginfo] target(s) in 0.19s
Nov 01 22:09:16.415 INFO kablam!      Running /target/debug/deps/mdlc-92dfba2e1feaea29
Nov 01 22:09:16.420 INFO blam! 
Nov 01 22:09:16.420 INFO blam! running 8 tests
Nov 01 22:09:16.434 INFO blam! test link::tests::should_not_modify_links_without_anchors ... ok
Nov 01 22:09:16.434 INFO blam! test link::tests::should_find_all_urls_in_file ... ok
Nov 01 22:09:16.434 INFO blam! test link::tests::should_find_all_urls_in_string ... ok
Nov 01 22:09:16.434 INFO blam! test link::tests::should_remove_anchors_from_markdown_links ... ok
Nov 01 22:09:16.440 INFO blam! test link::tests::should_validate_good_local_links ... ok
Nov 01 22:09:16.460 INFO blam! test link::tests::should_fail_bad_local_links ... ok
Nov 01 22:09:16.469 INFO blam! test link::tests::should_not_return_ok_on_web_url_fail ... ok
Nov 01 22:09:16.529 INFO blam! test link::tests::should_return_valid_on_web_url_success ... FAILED
Nov 01 22:09:16.529 INFO blam! 
Nov 01 22:09:16.529 INFO blam! failures:
Nov 01 22:09:16.529 INFO blam! 
Nov 01 22:09:16.529 INFO blam! ---- link::tests::should_return_valid_on_web_url_success stdout ----
Nov 01 22:09:16.529 INFO blam! Got status: Problem
Nov 01 22:09:16.529 INFO blam! thread 'link::tests::should_return_valid_on_web_url_success' panicked at 'assertion failed: `(left == right)`
Nov 01 22:09:16.529 INFO blam!   left: `Problem`,
Nov 01 22:09:16.529 INFO blam!  right: `Valid`', src/link.rs:248:13
Nov 01 22:09:16.529 INFO blam! stack backtrace:
Nov 01 22:09:16.529 INFO blam!    0:     0x56133de0ac0e - std::sys::unix::backtrace::tracing::imp::unwind_backtrace::hf5316c67202e23c8
Nov 01 22:09:16.529 INFO blam!                                at libstd/sys/unix/backtrace/tracing/gcc_s.rs:49
Nov 01 22:09:16.529 INFO blam!    1:     0x56133ddfcdc6 - std::sys_common::backtrace::print::h3068ed2a6dc7ac86
Nov 01 22:09:16.529 INFO blam!                                at libstd/sys_common/backtrace.rs:71
Nov 01 22:09:16.529 INFO blam!                                at libstd/sys_common/backtrace.rs:59
Nov 01 22:09:16.529 INFO blam!    2:     0x56133ddfb03d - std::panicking::default_hook::{{closure}}::h1b9d29cc09d41897
Nov 01 22:09:16.529 INFO blam!                                at libstd/panicking.rs:211
Nov 01 22:09:16.529 INFO blam!    3:     0x56133ddfad4b - std::panicking::default_hook::h3a27b204a313406b
Nov 01 22:09:16.529 INFO blam!                                at libstd/panicking.rs:221
Nov 01 22:09:16.529 INFO blam!    4:     0x56133ddfb6ec - std::panicking::rust_panic_with_hook::h0e12cb2fc86d00fa
Nov 01 22:09:16.529 INFO blam!                                at libstd/panicking.rs:477
Nov 01 22:09:16.529 INFO blam!    5:     0x56133ddfb2a9 - std::panicking::continue_panic_fmt::h141671b29fe0e27d
Nov 01 22:09:16.529 INFO blam!                                at libstd/panicking.rs:391
Nov 01 22:09:16.529 INFO blam!    6:     0x56133ddfb20d - std::panicking::begin_panic_fmt::h598547fc766c278a
Nov 01 22:09:16.529 INFO blam!                                at libstd/panicking.rs:346
Nov 01 22:09:16.529 INFO blam!    7:     0x56133d92f2be - mdlc::link::tests::should_return_valid_on_web_url_success::h6f0a2f3d3fa67b43
Nov 01 22:09:16.529 INFO blam!                                at src/link.rs:248
Nov 01 22:09:16.529 INFO blam!    8:     0x56133d92ee79 - mdlc::link::tests::should_return_valid_on_web_url_success::{{closure}}::h841a9019fc6403cf
Nov 01 22:09:16.529 INFO blam!                                at src/link.rs:239
Nov 01 22:09:16.529 INFO blam!    9:     0x56133d93597d - core::ops::function::FnOnce::call_once::h8cb549745bea0d7a
Nov 01 22:09:16.529 INFO blam!                                at libcore/ops/function.rs:238
Nov 01 22:09:16.529 INFO blam!   10:     0x56133d94691e - <F as alloc::boxed::FnBox<A>>::call_box::ha9910eac2d17ff23
Nov 01 22:09:16.529 INFO blam!                                at libtest/lib.rs:1461
Nov 01 22:09:16.529 INFO blam!                                at libcore/ops/function.rs:238
Nov 01 22:09:16.529 INFO blam!                                at liballoc/boxed.rs:646
Nov 01 22:09:16.529 INFO blam!   11:     0x56133de19ba9 - __rust_maybe_catch_panic
Nov 01 22:09:16.529 INFO blam!                                at libpanic_unwind/lib.rs:103
Nov 01 22:09:16.529 INFO blam!   12:     0x56133d95222d - std::sys_common::backtrace::__rust_begin_short_backtrace::h470b05235fe5e5ad
Nov 01 22:09:16.529 INFO blam!                                at libstd/panicking.rs:289
Nov 01 22:09:16.529 INFO blam!                                at libstd/panic.rs:392
Nov 01 22:09:16.529 INFO blam!                                at libtest/lib.rs:1416
Nov 01 22:09:16.529 INFO blam!                                at libstd/sys_common/backtrace.rs:136
Nov 01 22:09:16.529 INFO blam!   13:     0x56133d96a864 - std::panicking::try::do_call::h1f0578498122cc00
Nov 01 22:09:16.529 INFO blam!                                at libstd/thread/mod.rs:409
Nov 01 22:09:16.530 INFO blam!                                at libstd/panic.rs:313
Nov 01 22:09:16.530 INFO blam!                                at libstd/panicking.rs:310
Nov 01 22:09:16.530 INFO blam!   14:     0x56133de19ba9 - __rust_maybe_catch_panic
Nov 01 22:09:16.530 INFO blam!                                at libpanic_unwind/lib.rs:103
Nov 01 22:09:16.530 INFO blam!   15:     0x56133d95b136 - <F as alloc::boxed::FnBox<A>>::call_box::h7b129f9f235ab460
Nov 01 22:09:16.530 INFO blam!                                at libstd/panicking.rs:289
Nov 01 22:09:16.530 INFO blam!                                at libstd/panic.rs:392
Nov 01 22:09:16.530 INFO blam!                                at libstd/thread/mod.rs:408
Nov 01 22:09:16.530 INFO blam!                                at liballoc/boxed.rs:646
Nov 01 22:09:16.530 INFO blam!   16:     0x56133de0c75a - std::sys_common::thread::start_thread::hb77935aee02382da
Nov 01 22:09:16.530 INFO blam!                                at liballoc/boxed.rs:656
Nov 01 22:09:16.530 INFO blam!                                at libstd/sys_common/thread.rs:24
Nov 01 22:09:16.530 INFO blam!   17:     0x56133ddfbf65 - std::sys::unix::thread::Thread::new::thread_start::hd61f7429b3de1d75
Nov 01 22:09:16.530 INFO blam!                                at libstd/sys/unix/thread.rs:90
Nov 01 22:09:16.530 INFO blam!   18:     0x7f0b326166b9 - start_thread
Nov 01 22:09:16.530 INFO blam!   19:     0x7f0b3213641c - clone
Nov 01 22:09:16.530 INFO blam!   20:                0x0 - <unknown>
Nov 01 22:09:16.530 INFO blam! 
Nov 01 22:09:16.530 INFO blam! 
Nov 01 22:09:16.530 INFO blam! failures:
Nov 01 22:09:16.530 INFO blam!     link::tests::should_return_valid_on_web_url_success
Nov 01 22:09:16.530 INFO blam! 
Nov 01 22:09:16.530 INFO blam! test result: FAILED. 7 passed; 1 failed; 0 ignored; 0 measured; 0 filtered out
Nov 01 22:09:16.530 INFO blam! 
Nov 01 22:09:16.537 INFO kablam! error: test failed, to rerun pass '--bin mdlc'
Nov 01 22:09:16.537 INFO kablam! su: No module specific data is present
Nov 01 22:09:16.891 INFO running `"docker" "rm" "-f" "796f6a6053b8d9b759fded1cd504123f4481976dd39425abc1707da9ae0ca3a6"`
Nov 01 22:09:17.141 INFO blam! 796f6a6053b8d9b759fded1cd504123f4481976dd39425abc1707da9ae0ca3a6
