Nov 02 06:18:23.278 INFO testing rustc-llvm-proxy-0.1.4 against beta-2018-10-30 for beta-1.31-1
Nov 02 06:18:23.280 INFO running `"docker" "create" "-v" "/mnt/big/crater/work/local/target-dirs/beta-1.31-1/worker-4/beta-2018-10-30:/target:rw,Z" "-v" "/mnt/big/crater/work/local/test-source/worker-4/beta-1.31-1/beta-2018-10-30:/source:ro,Z" "-v" "/mnt/big/crater/work/local/cargo-home:/cargo-home:ro,Z" "-v" "/mnt/big/crater/work/local/rustup-home:/rustup-home:ro,Z" "-e" "USER_ID=1000" "-e" "SOURCE_DIR=/source" "-e" "USER_ID=1000" "-e" "CMD=cargo +beta-2018-10-30 build --frozen" "-e" "CARGO_TARGET_DIR=/target" "-e" "CARGO_INCREMENTAL=0" "-e" "RUST_BACKTRACE=full" "-e" "RUSTFLAGS=--cap-lints=warn" "-e" "CARGO_HOME=/cargo-home" "-e" "RUSTUP_HOME=/rustup-home" "-m" "1536M" "--network" "none" "crater"`
Nov 02 06:18:23.648 INFO blam! 6bf691d9b69deb45d428c3de521f2c3fd4aed2ce20f8ab4e57cd26167f5d3ca9
Nov 02 06:18:23.650 INFO running `"docker" "start" "-a" "6bf691d9b69deb45d428c3de521f2c3fd4aed2ce20f8ab4e57cd26167f5d3ca9"`
Nov 02 06:18:25.154 INFO kablam! usermod: no changes
Nov 02 06:18:25.343 INFO kablam!    Compiling error-chain v0.12.0
Nov 02 06:18:25.343 INFO kablam!    Compiling llvm-sys v60.2.0
Nov 02 06:18:27.103 INFO kablam!    Compiling cargo_metadata v0.6.1
Nov 02 06:18:30.727 INFO kablam!    Compiling rustc-llvm-proxy v0.1.4 (/source)
Nov 02 06:18:50.735 INFO kablam!     Finished dev [unoptimized + debuginfo] target(s) in 25.53s
Nov 02 06:18:50.736 INFO kablam! su: No module specific data is present
Nov 02 06:18:51.341 INFO running `"docker" "rm" "-f" "6bf691d9b69deb45d428c3de521f2c3fd4aed2ce20f8ab4e57cd26167f5d3ca9"`
Nov 02 06:18:51.670 INFO blam! 6bf691d9b69deb45d428c3de521f2c3fd4aed2ce20f8ab4e57cd26167f5d3ca9
Nov 02 06:18:51.677 INFO running `"docker" "create" "-v" "/mnt/big/crater/work/local/target-dirs/beta-1.31-1/worker-4/beta-2018-10-30:/target:rw,Z" "-v" "/mnt/big/crater/work/local/test-source/worker-4/beta-1.31-1/beta-2018-10-30:/source:ro,Z" "-v" "/mnt/big/crater/work/local/cargo-home:/cargo-home:ro,Z" "-v" "/mnt/big/crater/work/local/rustup-home:/rustup-home:ro,Z" "-e" "USER_ID=1000" "-e" "SOURCE_DIR=/source" "-e" "USER_ID=1000" "-e" "CMD=cargo +beta-2018-10-30 test --frozen --no-run" "-e" "CARGO_TARGET_DIR=/target" "-e" "CARGO_INCREMENTAL=0" "-e" "RUST_BACKTRACE=full" "-e" "RUSTFLAGS=--cap-lints=warn" "-e" "CARGO_HOME=/cargo-home" "-e" "RUSTUP_HOME=/rustup-home" "-m" "1536M" "--network" "none" "crater"`
Nov 02 06:18:52.127 INFO blam! 6f2f66d4de16e720baa426b49fa832134df41e18248f5a6fd1001b6ab0a76678
Nov 02 06:18:52.129 INFO running `"docker" "start" "-a" "6f2f66d4de16e720baa426b49fa832134df41e18248f5a6fd1001b6ab0a76678"`
Nov 02 06:18:52.998 INFO kablam! usermod: no changes
Nov 02 06:18:53.123 INFO kablam!    Compiling rustc-llvm-proxy v0.1.4 (/source)
Nov 02 06:19:08.927 INFO kablam!     Finished dev [unoptimized + debuginfo] target(s) in 15.90s
Nov 02 06:19:08.935 INFO kablam! su: No module specific data is present
Nov 02 06:19:09.535 INFO running `"docker" "rm" "-f" "6f2f66d4de16e720baa426b49fa832134df41e18248f5a6fd1001b6ab0a76678"`
Nov 02 06:19:09.803 INFO blam! 6f2f66d4de16e720baa426b49fa832134df41e18248f5a6fd1001b6ab0a76678
Nov 02 06:19:09.807 INFO running `"docker" "create" "-v" "/mnt/big/crater/work/local/target-dirs/beta-1.31-1/worker-4/beta-2018-10-30:/target:rw,Z" "-v" "/mnt/big/crater/work/local/test-source/worker-4/beta-1.31-1/beta-2018-10-30:/source:ro,Z" "-v" "/mnt/big/crater/work/local/cargo-home:/cargo-home:ro,Z" "-v" "/mnt/big/crater/work/local/rustup-home:/rustup-home:ro,Z" "-e" "USER_ID=1000" "-e" "SOURCE_DIR=/source" "-e" "USER_ID=1000" "-e" "CMD=cargo +beta-2018-10-30 test --frozen" "-e" "CARGO_TARGET_DIR=/target" "-e" "CARGO_INCREMENTAL=0" "-e" "RUST_BACKTRACE=full" "-e" "RUSTFLAGS=--cap-lints=warn" "-e" "CARGO_HOME=/cargo-home" "-e" "RUSTUP_HOME=/rustup-home" "-m" "1536M" "--network" "none" "crater"`
Nov 02 06:19:10.111 INFO blam! 6fcc4c0b8be33cef288717684f0c2041316d3900141a3b864055dbee4e3ebab3
Nov 02 06:19:10.113 INFO running `"docker" "start" "-a" "6fcc4c0b8be33cef288717684f0c2041316d3900141a3b864055dbee4e3ebab3"`
Nov 02 06:19:10.963 INFO kablam! usermod: no changes
Nov 02 06:19:11.063 INFO kablam!    Compiling rustc-llvm-proxy v0.1.4 (/source)
Nov 02 06:19:22.753 INFO kablam!     Finished dev [unoptimized + debuginfo] target(s) in 11.76s
Nov 02 06:19:22.758 INFO kablam!      Running /target/debug/deps/rustc_llvm_proxy-066b587101e32ecf
Nov 02 06:19:22.760 INFO blam! 
Nov 02 06:19:22.760 INFO blam! running 0 tests
Nov 02 06:19:22.760 INFO blam! 
Nov 02 06:19:22.760 INFO blam! test result: ok. 0 passed; 0 failed; 0 ignored; 0 measured; 0 filtered out
Nov 02 06:19:22.760 INFO blam! 
Nov 02 06:19:22.760 INFO kablam!      Running /target/debug/deps/llvm_api-758175ece759d189
Nov 02 06:19:22.763 INFO blam! 
Nov 02 06:19:22.763 INFO blam! running 1 test
Nov 02 06:19:22.805 INFO blam! test module_creation ... FAILED
Nov 02 06:19:22.805 INFO blam! 
Nov 02 06:19:22.805 INFO blam! failures:
Nov 02 06:19:22.805 INFO blam! 
Nov 02 06:19:22.805 INFO blam! ---- module_creation stdout ----
Nov 02 06:19:22.805 INFO blam! Unable to find LLVM shared lib in possible locations:
Nov 02 06:19:22.805 INFO blam! - /rustup-home/toolchains/beta-2018-10-30-x86_64-unknown-linux-gnu/lib/rustlib/2018-10-30-x86_64-unknown-linux-gnu/codegen-backends
Nov 02 06:19:22.805 INFO blam! - /target/debug/build/backtrace-sys-5d69c3b271f5a480/lib/rustlib/sys-5d69c3b271f5a480/codegen-backends
Nov 02 06:19:22.805 INFO blam! - /target/debug/build/libloading-e3bb184ae0ed6f30/lib/rustlib/e3bb184ae0ed6f30/codegen-backends
Nov 02 06:19:22.805 INFO blam! - /target/debug/lib/rustlib/codegen-backends
Nov 02 06:19:22.805 INFO blam! - /target/lib/rustlib/codegen-backends
Nov 02 06:19:22.805 INFO blam! - /rustup-home/toolchains/beta-2018-10-30-x86_64-unknown-linux-gnu/lib/rustlib/x86_64-unknown-linux-gnu/lib/rustlib/unknown-linux-gnu/codegen-backends
Nov 02 06:19:22.805 INFO blam! - /rustup-home/toolchains/beta-2018-10-30-x86_64-unknown-linux-gnu/lib/rustlib/2018-10-30-x86_64-unknown-linux-gnu/codegen-backends
Nov 02 06:19:22.805 INFO blam! - /rustup-home/toolchains/beta-2018-10-30-x86_64-unknown-linux-gnu/lib/rustlib/2018-10-30-x86_64-unknown-linux-gnu/codegen-backends
Nov 02 06:19:22.805 INFO blam! - /rustup-home/toolchains/beta-2018-10-30-x86_64-unknown-linux-gnu/lib/rustlib/2018-10-30-x86_64-unknown-linux-gnu/codegen-backends
Nov 02 06:19:22.805 INFO blam! thread 'module_creation' panicked at 'explicit panic', src/lib.rs:57:17
Nov 02 06:19:22.805 INFO blam! stack backtrace:
Nov 02 06:19:22.805 INFO blam!    0:     0x563aa55826cf - std::sys::unix::backtrace::tracing::imp::unwind_backtrace::h3c55afa80a996a32
Nov 02 06:19:22.805 INFO blam!                                at libstd/sys/unix/backtrace/tracing/gcc_s.rs:49
Nov 02 06:19:22.805 INFO blam!    1:     0x563aa558f097 - std::sys_common::backtrace::print::hcef907ea7a07cd40
Nov 02 06:19:22.805 INFO blam!                                at libstd/sys_common/backtrace.rs:71
Nov 02 06:19:22.805 INFO blam!                                at libstd/sys_common/backtrace.rs:59
Nov 02 06:19:22.805 INFO blam!    2:     0x563aa5587c4f - std::panicking::default_hook::{{closure}}::hf541876c65f36ea7
Nov 02 06:19:22.805 INFO blam!                                at libstd/panicking.rs:211
Nov 02 06:19:22.805 INFO blam!    3:     0x563aa558794e - std::panicking::default_hook::h4ecc06b30ae4459d
Nov 02 06:19:22.805 INFO blam!                                at libstd/panicking.rs:221
Nov 02 06:19:22.805 INFO blam!    4:     0x563aa558832e - std::panicking::rust_panic_with_hook::h0cc6d9cc9f34a947
Nov 02 06:19:22.805 INFO blam!                                at libstd/panicking.rs:476
Nov 02 06:19:22.805 INFO blam!    5:     0x563aa556f407 - std::panicking::begin_panic::haa4d97c40f92f241
Nov 02 06:19:22.805 INFO blam!                                at libstd/panicking.rs:410
Nov 02 06:19:22.805 INFO blam!    6:     0x563aa5554bb0 - core::ops::function::FnOnce::call_once::h7550fcd540e402ba
Nov 02 06:19:22.805 INFO blam!                                at src/lib.rs:57
Nov 02 06:19:22.805 INFO blam!                                at libcore/ops/function.rs:238
Nov 02 06:19:22.805 INFO blam!    7:     0x563aa55454fe - <lazy_static::lazy::Lazy<T>>::get::{{closure}}::h084466c52a5e2fd0
Nov 02 06:19:22.805 INFO blam!                                at /cargo-home/registry/src/github.com-1ecc6299db9ec823/lazy_static-1.1.0/src/inline_lazy.rs:28
Nov 02 06:19:22.805 INFO blam!    8:     0x563aa554f4dd - std::sync::once::Once::call_once::{{closure}}::h6ec355b144da70d2
Nov 02 06:19:22.805 INFO blam!                                at libstd/sync/once.rs:230
Nov 02 06:19:22.805 INFO blam!    9:     0x563aa5578675 - std::sync::once::Once::call_inner::hc8adc1cbd8830ff9
Nov 02 06:19:22.805 INFO blam!                                at libstd/sync/once.rs:397
Nov 02 06:19:22.805 INFO blam!   10:     0x563aa554f462 - std::sync::once::Once::call_once::ha60af7acfac9dd76
Nov 02 06:19:22.805 INFO blam!                                at libstd/sync/once.rs:230
Nov 02 06:19:22.805 INFO blam!   11:     0x563aa5559c0f - <rustc_llvm_proxy::SHARED_LIB as core::ops::deref::Deref>::deref::h5f0c57f3f9669862
Nov 02 06:19:22.805 INFO blam!                                at /cargo-home/registry/src/github.com-1ecc6299db9ec823/lazy_static-1.1.0/src/inline_lazy.rs:27
Nov 02 06:19:22.805 INFO blam!                                at /source/<::lazy_static::__lazy_static_internal macros>:13
Nov 02 06:19:22.805 INFO blam!                                at /source/<::lazy_static::__lazy_static_internal macros>:14
Nov 02 06:19:22.805 INFO blam!   12:     0x563aa55400e0 - LLVMModuleCreateWithName
Nov 02 06:19:22.805 INFO blam!                                at src/lib.rs:90
Nov 02 06:19:22.805 INFO blam!   13:     0x563aa54fc9ff - llvm_api::module_creation::h3b170f8528ff2317
Nov 02 06:19:22.806 INFO blam!                                at tests/llvm-api.rs:10
Nov 02 06:19:22.806 INFO blam!   14:     0x563aa54fc949 - llvm_api::module_creation::{{closure}}::h0adf405ed6d815f2
Nov 02 06:19:22.806 INFO blam!                                at tests/llvm-api.rs:8
Nov 02 06:19:22.806 INFO blam!   15:     0x563aa54fcdbd - core::ops::function::FnOnce::call_once::ha5f2659e9b43ab9b
Nov 02 06:19:22.806 INFO blam!                                at libcore/ops/function.rs:238
Nov 02 06:19:22.806 INFO blam!   16:     0x563aa54feffe - <F as alloc::boxed::FnBox<A>>::call_box::hf32558bd83684b60
Nov 02 06:19:22.806 INFO blam!                                at libtest/lib.rs:1468
Nov 02 06:19:22.806 INFO blam!                                at libcore/ops/function.rs:238
Nov 02 06:19:22.806 INFO blam!                                at liballoc/boxed.rs:672
Nov 02 06:19:22.806 INFO blam!   17:     0x563aa559a2c9 - __rust_maybe_catch_panic
Nov 02 06:19:22.806 INFO blam!                                at libpanic_unwind/lib.rs:102
Nov 02 06:19:22.806 INFO blam!   18:     0x563aa5520c62 - std::sys_common::backtrace::__rust_begin_short_backtrace::h1bb71a7386fd3269
Nov 02 06:19:22.806 INFO blam!                                at libstd/panicking.rs:289
Nov 02 06:19:22.806 INFO blam!                                at libstd/panic.rs:392
Nov 02 06:19:22.806 INFO blam!                                at libtest/lib.rs:1423
Nov 02 06:19:22.806 INFO blam!                                at libstd/sys_common/backtrace.rs:136
Nov 02 06:19:22.806 INFO blam!   19:     0x563aa5521714 - std::panicking::try::do_call::h9b94719c3074bb5c
Nov 02 06:19:22.806 INFO blam!                                at libstd/thread/mod.rs:409
Nov 02 06:19:22.806 INFO blam!                                at libstd/panic.rs:313
Nov 02 06:19:22.806 INFO blam!                                at libstd/panicking.rs:310
Nov 02 06:19:22.806 INFO blam!   20:     0x563aa559a2c9 - __rust_maybe_catch_panic
Nov 02 06:19:22.806 INFO blam!                                at libpanic_unwind/lib.rs:102
Nov 02 06:19:22.806 INFO blam!   21:     0x563aa550e93c - <F as alloc::boxed::FnBox<A>>::call_box::hb3bcd66d16fd3e84
Nov 02 06:19:22.806 INFO blam!                                at libstd/panicking.rs:289
Nov 02 06:19:22.806 INFO blam!                                at libstd/panic.rs:392
Nov 02 06:19:22.806 INFO blam!                                at libstd/thread/mod.rs:408
Nov 02 06:19:22.806 INFO blam!                                at liballoc/boxed.rs:672
Nov 02 06:19:22.806 INFO blam!   22:     0x563aa5584cdd - std::sys_common::thread::start_thread::had0c80d121669d29
Nov 02 06:19:22.806 INFO blam!                                at liballoc/boxed.rs:682
Nov 02 06:19:22.806 INFO blam!                                at libstd/sys_common/thread.rs:24
Nov 02 06:19:22.806 INFO blam!   23:     0x563aa5577c95 - std::sys::unix::thread::Thread::new::thread_start::h4a5b66a70d76f47f
Nov 02 06:19:22.806 INFO blam!                                at libstd/sys/unix/thread.rs:90
Nov 02 06:19:22.806 INFO blam!   24:     0x7f85b1f4b6b9 - start_thread
Nov 02 06:19:22.806 INFO blam!   25:     0x7f85b1a6b41c - clone
Nov 02 06:19:22.806 INFO blam!   26:                0x0 - <unknown>
Nov 02 06:19:22.806 INFO blam! 
Nov 02 06:19:22.806 INFO blam! 
Nov 02 06:19:22.806 INFO blam! failures:
Nov 02 06:19:22.806 INFO blam!     module_creation
Nov 02 06:19:22.806 INFO blam! 
Nov 02 06:19:22.806 INFO blam! test result: FAILED. 0 passed; 1 failed; 0 ignored; 0 measured; 0 filtered out
Nov 02 06:19:22.806 INFO blam! 
Nov 02 06:19:22.806 INFO kablam! error: test failed, to rerun pass '--test llvm-api'
Nov 02 06:19:22.808 INFO kablam! su: No module specific data is present
Nov 02 06:19:23.150 INFO running `"docker" "rm" "-f" "6fcc4c0b8be33cef288717684f0c2041316d3900141a3b864055dbee4e3ebab3"`
Nov 02 06:19:23.204 INFO blam! 6fcc4c0b8be33cef288717684f0c2041316d3900141a3b864055dbee4e3ebab3
