Nov 03 03:01:09.564 INFO testing annis-0.0.1 against 1.30.0 for beta-1.31-1
Nov 03 03:01:09.564 INFO running `"docker" "create" "-v" "/mnt/big/crater/work/local/target-dirs/beta-1.31-1/worker-0/1.30.0:/target:rw,Z" "-v" "/mnt/big/crater/work/local/test-source/worker-0/beta-1.31-1/1.30.0:/source:ro,Z" "-v" "/mnt/big/crater/work/local/cargo-home:/cargo-home:ro,Z" "-v" "/mnt/big/crater/work/local/rustup-home:/rustup-home:ro,Z" "-e" "USER_ID=1000" "-e" "SOURCE_DIR=/source" "-e" "USER_ID=1000" "-e" "CMD=cargo +1.30.0 build --frozen" "-e" "CARGO_TARGET_DIR=/target" "-e" "CARGO_INCREMENTAL=0" "-e" "RUST_BACKTRACE=full" "-e" "RUSTFLAGS=--cap-lints=warn" "-e" "CARGO_HOME=/cargo-home" "-e" "RUSTUP_HOME=/rustup-home" "-m" "1536M" "--network" "none" "crater"`
Nov 03 03:01:10.135 INFO blam! f112b79cf930444a72887f7c37170e4544d7b8fefe3da44b8a96c06af77ddaa3
Nov 03 03:01:10.141 INFO running `"docker" "start" "-a" "f112b79cf930444a72887f7c37170e4544d7b8fefe3da44b8a96c06af77ddaa3"`
Nov 03 03:01:11.318 INFO kablam! usermod: no changes
Nov 03 03:01:11.627 INFO kablam!    Compiling annis v0.0.1 (/source)
Nov 03 03:01:22.207 INFO kablam!     Finished dev [unoptimized + debuginfo] target(s) in 10.85s
Nov 03 03:01:22.219 INFO kablam! su: No module specific data is present
Nov 03 03:01:22.968 INFO running `"docker" "rm" "-f" "f112b79cf930444a72887f7c37170e4544d7b8fefe3da44b8a96c06af77ddaa3"`
Nov 03 03:01:23.303 INFO blam! f112b79cf930444a72887f7c37170e4544d7b8fefe3da44b8a96c06af77ddaa3
Nov 03 03:01:23.315 INFO running `"docker" "create" "-v" "/mnt/big/crater/work/local/target-dirs/beta-1.31-1/worker-0/1.30.0:/target:rw,Z" "-v" "/mnt/big/crater/work/local/test-source/worker-0/beta-1.31-1/1.30.0:/source:ro,Z" "-v" "/mnt/big/crater/work/local/cargo-home:/cargo-home:ro,Z" "-v" "/mnt/big/crater/work/local/rustup-home:/rustup-home:ro,Z" "-e" "USER_ID=1000" "-e" "SOURCE_DIR=/source" "-e" "USER_ID=1000" "-e" "CMD=cargo +1.30.0 test --frozen --no-run" "-e" "CARGO_TARGET_DIR=/target" "-e" "CARGO_INCREMENTAL=0" "-e" "RUST_BACKTRACE=full" "-e" "RUSTFLAGS=--cap-lints=warn" "-e" "CARGO_HOME=/cargo-home" "-e" "RUSTUP_HOME=/rustup-home" "-m" "1536M" "--network" "none" "crater"`
Nov 03 03:01:23.723 INFO blam! 7b2f7ec41d8e441d04ffb84350c6c588f8808fcfbd52312261efc8a575b708cd
Nov 03 03:01:23.727 INFO running `"docker" "start" "-a" "7b2f7ec41d8e441d04ffb84350c6c588f8808fcfbd52312261efc8a575b708cd"`
Nov 03 03:01:25.003 INFO kablam! usermod: no changes
Nov 03 03:01:25.288 INFO kablam!    Compiling annis v0.0.1 (/source)
Nov 03 03:02:22.318 INFO kablam!     Finished dev [unoptimized + debuginfo] target(s) in 57.28s
Nov 03 03:02:22.331 INFO kablam! su: No module specific data is present
Nov 03 03:02:23.549 INFO running `"docker" "rm" "-f" "7b2f7ec41d8e441d04ffb84350c6c588f8808fcfbd52312261efc8a575b708cd"`
Nov 03 03:02:23.859 INFO blam! 7b2f7ec41d8e441d04ffb84350c6c588f8808fcfbd52312261efc8a575b708cd
Nov 03 03:02:23.863 INFO running `"docker" "create" "-v" "/mnt/big/crater/work/local/target-dirs/beta-1.31-1/worker-0/1.30.0:/target:rw,Z" "-v" "/mnt/big/crater/work/local/test-source/worker-0/beta-1.31-1/1.30.0:/source:ro,Z" "-v" "/mnt/big/crater/work/local/cargo-home:/cargo-home:ro,Z" "-v" "/mnt/big/crater/work/local/rustup-home:/rustup-home:ro,Z" "-e" "USER_ID=1000" "-e" "SOURCE_DIR=/source" "-e" "USER_ID=1000" "-e" "CMD=cargo +1.30.0 test --frozen" "-e" "CARGO_TARGET_DIR=/target" "-e" "CARGO_INCREMENTAL=0" "-e" "RUST_BACKTRACE=full" "-e" "RUSTFLAGS=--cap-lints=warn" "-e" "CARGO_HOME=/cargo-home" "-e" "RUSTUP_HOME=/rustup-home" "-m" "1536M" "--network" "none" "crater"`
Nov 03 03:02:24.279 INFO blam! 27807bd6ec2e23f4222832b93b8d7c7e3601c1803821c61ad7104ab2eee7d12e
Nov 03 03:02:24.281 INFO running `"docker" "start" "-a" "27807bd6ec2e23f4222832b93b8d7c7e3601c1803821c61ad7104ab2eee7d12e"`
Nov 03 03:02:25.579 INFO kablam! usermod: no changes
Nov 03 03:02:25.819 INFO kablam!     Finished dev [unoptimized + debuginfo] target(s) in 0.23s
Nov 03 03:02:25.847 INFO kablam!      Running /target/debug/deps/annis-ab8aa19b6253b7f6
Nov 03 03:02:25.853 INFO blam! 
Nov 03 03:02:25.853 INFO blam! running 0 tests
Nov 03 03:02:25.853 INFO blam! 
Nov 03 03:02:25.853 INFO blam! test result: ok. 0 passed; 0 failed; 0 ignored; 0 measured; 0 filtered out
Nov 03 03:02:25.853 INFO blam! 
Nov 03 03:02:25.870 INFO kablam!      Running /target/debug/deps/auth-71d451a32b2f0465
Nov 03 03:02:25.895 INFO blam! 
Nov 03 03:02:25.895 INFO blam! running 1 test
Nov 03 03:02:25.967 INFO blam! test authorize ... FAILED
Nov 03 03:02:25.967 INFO blam! 
Nov 03 03:02:25.967 INFO blam! failures:
Nov 03 03:02:25.967 INFO blam! 
Nov 03 03:02:25.967 INFO blam! ---- authorize stdout ----
Nov 03 03:02:25.967 INFO blam! thread 'authorize' panicked at 'called `Result::unwrap()` on an `Err` value: NotPresent', libcore/result.rs:1009:5
Nov 03 03:02:25.967 INFO blam! stack backtrace:
Nov 03 03:02:25.967 INFO blam!    0:     0x56400fba6fce - std::sys::unix::backtrace::tracing::imp::unwind_backtrace::hf5316c67202e23c8
Nov 03 03:02:25.967 INFO blam!                                at libstd/sys/unix/backtrace/tracing/gcc_s.rs:49
Nov 03 03:02:25.967 INFO blam!    1:     0x56400fb9a3a6 - std::sys_common::backtrace::print::h3068ed2a6dc7ac86
Nov 03 03:02:25.967 INFO blam!                                at libstd/sys_common/backtrace.rs:71
Nov 03 03:02:25.967 INFO blam!                                at libstd/sys_common/backtrace.rs:59
Nov 03 03:02:25.967 INFO blam!    2:     0x56400fb9877d - std::panicking::default_hook::{{closure}}::h1b9d29cc09d41897
Nov 03 03:02:25.967 INFO blam!                                at libstd/panicking.rs:211
Nov 03 03:02:25.967 INFO blam!    3:     0x56400fb9848b - std::panicking::default_hook::h3a27b204a313406b
Nov 03 03:02:25.967 INFO blam!                                at libstd/panicking.rs:221
Nov 03 03:02:25.967 INFO blam!    4:     0x56400fb98e2c - std::panicking::rust_panic_with_hook::h0e12cb2fc86d00fa
Nov 03 03:02:25.967 INFO blam!                                at libstd/panicking.rs:477
Nov 03 03:02:25.967 INFO blam!    5:     0x56400fb989e9 - std::panicking::continue_panic_fmt::h141671b29fe0e27d
Nov 03 03:02:25.967 INFO blam!                                at libstd/panicking.rs:391
Nov 03 03:02:25.967 INFO blam!    6:     0x56400fb988e5 - rust_begin_unwind
Nov 03 03:02:25.967 INFO blam!                                at libstd/panicking.rs:326
Nov 03 03:02:25.967 INFO blam!    7:     0x56400fbe0eab - core::panicking::panic_fmt::h429a06507aba9228
Nov 03 03:02:25.967 INFO blam!                                at libcore/panicking.rs:77
Nov 03 03:02:25.967 INFO blam!    8:     0x56400fb55b53 - core::result::unwrap_failed::h65f848de9b552c19
Nov 03 03:02:25.967 INFO blam!                                at libcore/macros.rs:26
Nov 03 03:02:25.967 INFO blam!    9:     0x56400fb559ab - <core::result::Result<T, E>>::unwrap::hd5e228ca3f948d81
Nov 03 03:02:25.967 INFO blam!                                at libcore/result.rs:808
Nov 03 03:02:25.967 INFO blam!   10:     0x56400fb5617a - auth::authorize::h4a021f3835cf5193
Nov 03 03:02:25.967 INFO blam!                                at tests/auth.rs:7
Nov 03 03:02:25.967 INFO blam!   11:     0x56400fb56119 - auth::authorize::{{closure}}::h4cd977199f968419
Nov 03 03:02:25.967 INFO blam!                                at tests/auth.rs:6
Nov 03 03:02:25.968 INFO blam!   12:     0x56400fb55f1d - core::ops::function::FnOnce::call_once::h358602d4dbc237c4
Nov 03 03:02:25.968 INFO blam!                                at libcore/ops/function.rs:238
Nov 03 03:02:25.968 INFO blam!   13:     0x56400fb5805e - <F as alloc::boxed::FnBox<A>>::call_box::ha9910eac2d17ff23
Nov 03 03:02:25.968 INFO blam!                                at libtest/lib.rs:1461
Nov 03 03:02:25.968 INFO blam!                                at libcore/ops/function.rs:238
Nov 03 03:02:25.968 INFO blam!                                at liballoc/boxed.rs:646
Nov 03 03:02:25.968 INFO blam!   14:     0x56400fbb5c09 - __rust_maybe_catch_panic
Nov 03 03:02:25.968 INFO blam!                                at libpanic_unwind/lib.rs:103
Nov 03 03:02:25.968 INFO blam!   15:     0x56400fb6396d - std::sys_common::backtrace::__rust_begin_short_backtrace::h470b05235fe5e5ad
Nov 03 03:02:25.968 INFO blam!                                at libstd/panicking.rs:289
Nov 03 03:02:25.968 INFO blam!                                at libstd/panic.rs:392
Nov 03 03:02:25.968 INFO blam!                                at libtest/lib.rs:1416
Nov 03 03:02:25.968 INFO blam!                                at libstd/sys_common/backtrace.rs:136
Nov 03 03:02:25.968 INFO blam!   16:     0x56400fb7bfa4 - std::panicking::try::do_call::h1f0578498122cc00
Nov 03 03:02:25.968 INFO blam!                                at libstd/thread/mod.rs:409
Nov 03 03:02:25.968 INFO blam!                                at libstd/panic.rs:313
Nov 03 03:02:25.968 INFO blam!                                at libstd/panicking.rs:310
Nov 03 03:02:25.968 INFO blam!   17:     0x56400fbb5c09 - __rust_maybe_catch_panic
Nov 03 03:02:25.968 INFO blam!                                at libpanic_unwind/lib.rs:103
Nov 03 03:02:25.968 INFO blam!   18:     0x56400fb6c876 - <F as alloc::boxed::FnBox<A>>::call_box::h7b129f9f235ab460
Nov 03 03:02:25.968 INFO blam!                                at libstd/panicking.rs:289
Nov 03 03:02:25.968 INFO blam!                                at libstd/panic.rs:392
Nov 03 03:02:25.968 INFO blam!                                at libstd/thread/mod.rs:408
Nov 03 03:02:25.968 INFO blam!                                at liballoc/boxed.rs:646
Nov 03 03:02:25.968 INFO blam!   19:     0x56400fba890a - std::sys_common::thread::start_thread::hb77935aee02382da
Nov 03 03:02:25.968 INFO blam!                                at liballoc/boxed.rs:656
Nov 03 03:02:25.968 INFO blam!                                at libstd/sys_common/thread.rs:24
Nov 03 03:02:25.968 INFO blam!   20:     0x56400fb995e5 - std::sys::unix::thread::Thread::new::thread_start::hd61f7429b3de1d75
Nov 03 03:02:25.968 INFO blam!                                at libstd/sys/unix/thread.rs:90
Nov 03 03:02:25.968 INFO blam!   21:     0x7feb824bc6b9 - start_thread
Nov 03 03:02:25.968 INFO blam!   22:     0x7feb81fdc41c - clone
Nov 03 03:02:25.968 INFO blam!   23:                0x0 - <unknown>
Nov 03 03:02:25.968 INFO blam! 
Nov 03 03:02:25.968 INFO blam! 
Nov 03 03:02:25.968 INFO blam! failures:
Nov 03 03:02:25.968 INFO blam!     authorize
Nov 03 03:02:25.968 INFO blam! 
Nov 03 03:02:25.968 INFO blam! test result: FAILED. 0 passed; 1 failed; 0 ignored; 0 measured; 0 filtered out
Nov 03 03:02:25.968 INFO blam! 
Nov 03 03:02:25.977 INFO kablam! error: test failed, to rerun pass '--test auth'
Nov 03 03:02:25.977 INFO kablam! su: No module specific data is present
Nov 03 03:02:26.587 INFO running `"docker" "rm" "-f" "27807bd6ec2e23f4222832b93b8d7c7e3601c1803821c61ad7104ab2eee7d12e"`
Nov 03 03:02:26.819 INFO blam! 27807bd6ec2e23f4222832b93b8d7c7e3601c1803821c61ad7104ab2eee7d12e
