Nov 03 03:25:22.346 INFO testing africastalking_gateway-0.1.0 against 1.30.0 for beta-1.31-1
Nov 03 03:25:22.348 INFO running `"docker" "create" "-v" "/mnt/big/crater/work/local/target-dirs/beta-1.31-1/worker-1/1.30.0:/target:rw,Z" "-v" "/mnt/big/crater/work/local/test-source/worker-1/beta-1.31-1/1.30.0:/source:ro,Z" "-v" "/mnt/big/crater/work/local/cargo-home:/cargo-home:ro,Z" "-v" "/mnt/big/crater/work/local/rustup-home:/rustup-home:ro,Z" "-e" "USER_ID=1000" "-e" "SOURCE_DIR=/source" "-e" "USER_ID=1000" "-e" "CMD=cargo +1.30.0 build --frozen" "-e" "CARGO_TARGET_DIR=/target" "-e" "CARGO_INCREMENTAL=0" "-e" "RUST_BACKTRACE=full" "-e" "RUSTFLAGS=--cap-lints=warn" "-e" "CARGO_HOME=/cargo-home" "-e" "RUSTUP_HOME=/rustup-home" "-m" "1536M" "--network" "none" "crater"`
Nov 03 03:25:23.007 INFO blam! d17b50d6c9c2306ac6bdff9110e3fe5b80a95067972fbf151ac333a05cb9c24f
Nov 03 03:25:23.010 INFO running `"docker" "start" "-a" "d17b50d6c9c2306ac6bdff9110e3fe5b80a95067972fbf151ac333a05cb9c24f"`
Nov 03 03:25:24.105 INFO kablam! usermod: no changes
Nov 03 03:25:24.401 INFO kablam!    Compiling africastalking_gateway v0.1.0 (/source)
Nov 03 03:25:36.811 INFO kablam!     Finished dev [unoptimized + debuginfo] target(s) in 12.67s
Nov 03 03:25:36.821 INFO kablam! su: No module specific data is present
Nov 03 03:25:37.515 INFO running `"docker" "rm" "-f" "d17b50d6c9c2306ac6bdff9110e3fe5b80a95067972fbf151ac333a05cb9c24f"`
Nov 03 03:25:37.937 INFO blam! d17b50d6c9c2306ac6bdff9110e3fe5b80a95067972fbf151ac333a05cb9c24f
Nov 03 03:25:37.952 INFO running `"docker" "create" "-v" "/mnt/big/crater/work/local/target-dirs/beta-1.31-1/worker-1/1.30.0:/target:rw,Z" "-v" "/mnt/big/crater/work/local/test-source/worker-1/beta-1.31-1/1.30.0:/source:ro,Z" "-v" "/mnt/big/crater/work/local/cargo-home:/cargo-home:ro,Z" "-v" "/mnt/big/crater/work/local/rustup-home:/rustup-home:ro,Z" "-e" "USER_ID=1000" "-e" "SOURCE_DIR=/source" "-e" "USER_ID=1000" "-e" "CMD=cargo +1.30.0 test --frozen --no-run" "-e" "CARGO_TARGET_DIR=/target" "-e" "CARGO_INCREMENTAL=0" "-e" "RUST_BACKTRACE=full" "-e" "RUSTFLAGS=--cap-lints=warn" "-e" "CARGO_HOME=/cargo-home" "-e" "RUSTUP_HOME=/rustup-home" "-m" "1536M" "--network" "none" "crater"`
Nov 03 03:25:38.339 INFO blam! 96207ae1de002e4e96b2a8ef87bd0d7bf027a2a025288eb2e4a99643f867b4d5
Nov 03 03:25:38.355 INFO running `"docker" "start" "-a" "96207ae1de002e4e96b2a8ef87bd0d7bf027a2a025288eb2e4a99643f867b4d5"`
Nov 03 03:25:40.016 INFO kablam! usermod: no changes
Nov 03 03:25:40.279 INFO kablam!    Compiling africastalking_gateway v0.1.0 (/source)
Nov 03 03:26:41.856 INFO kablam!     Finished dev [unoptimized + debuginfo] target(s) in 1m 01s
Nov 03 03:26:41.877 INFO kablam! su: No module specific data is present
Nov 03 03:26:42.460 INFO running `"docker" "rm" "-f" "96207ae1de002e4e96b2a8ef87bd0d7bf027a2a025288eb2e4a99643f867b4d5"`
Nov 03 03:26:42.556 INFO blam! 96207ae1de002e4e96b2a8ef87bd0d7bf027a2a025288eb2e4a99643f867b4d5
Nov 03 03:26:42.560 INFO running `"docker" "create" "-v" "/mnt/big/crater/work/local/target-dirs/beta-1.31-1/worker-1/1.30.0:/target:rw,Z" "-v" "/mnt/big/crater/work/local/test-source/worker-1/beta-1.31-1/1.30.0:/source:ro,Z" "-v" "/mnt/big/crater/work/local/cargo-home:/cargo-home:ro,Z" "-v" "/mnt/big/crater/work/local/rustup-home:/rustup-home:ro,Z" "-e" "USER_ID=1000" "-e" "SOURCE_DIR=/source" "-e" "USER_ID=1000" "-e" "CMD=cargo +1.30.0 test --frozen" "-e" "CARGO_TARGET_DIR=/target" "-e" "CARGO_INCREMENTAL=0" "-e" "RUST_BACKTRACE=full" "-e" "RUSTFLAGS=--cap-lints=warn" "-e" "CARGO_HOME=/cargo-home" "-e" "RUSTUP_HOME=/rustup-home" "-m" "1536M" "--network" "none" "crater"`
Nov 03 03:26:42.799 INFO blam! be2b8e69f61ac1167ca103a41a73f71cec1c866d5d6689db9d0ebcfbd42d98d2
Nov 03 03:26:42.800 INFO running `"docker" "start" "-a" "be2b8e69f61ac1167ca103a41a73f71cec1c866d5d6689db9d0ebcfbd42d98d2"`
Nov 03 03:26:43.447 INFO kablam! usermod: no changes
Nov 03 03:26:43.723 INFO kablam!     Finished dev [unoptimized + debuginfo] target(s) in 0.25s
Nov 03 03:26:43.743 INFO kablam!      Running /target/debug/deps/africastalking_gateway-afbaa571868e4ebf
Nov 03 03:26:43.747 INFO blam! 
Nov 03 03:26:43.747 INFO blam! running 3 tests
Nov 03 03:26:43.751 INFO blam! test tests::it_works ... ok
Nov 03 03:26:43.821 INFO blam! test tests::fetch_user_data ... FAILED
Nov 03 03:26:43.822 INFO blam! test tests::fetch_messages ... FAILED
Nov 03 03:26:43.822 INFO blam! 
Nov 03 03:26:43.822 INFO blam! failures:
Nov 03 03:26:43.822 INFO blam! 
Nov 03 03:26:43.822 INFO blam! ---- tests::fetch_user_data stdout ----
Nov 03 03:26:43.822 INFO blam! thread 'tests::fetch_user_data' panicked at 'called `Result::unwrap()` on an `Err` value: NotPresent', libcore/result.rs:1009:5
Nov 03 03:26:43.822 INFO blam! stack backtrace:
Nov 03 03:26:43.822 INFO blam!    0:     0x55999d1430be - std::sys::unix::backtrace::tracing::imp::unwind_backtrace::hf5316c67202e23c8
Nov 03 03:26:43.822 INFO blam!                                at libstd/sys/unix/backtrace/tracing/gcc_s.rs:49
Nov 03 03:26:43.822 INFO blam!    1:     0x55999d134dd6 - std::sys_common::backtrace::print::h3068ed2a6dc7ac86
Nov 03 03:26:43.822 INFO blam!                                at libstd/sys_common/backtrace.rs:71
Nov 03 03:26:43.822 INFO blam!                                at libstd/sys_common/backtrace.rs:59
Nov 03 03:26:43.822 INFO blam!    2:     0x55999d13304d - std::panicking::default_hook::{{closure}}::h1b9d29cc09d41897
Nov 03 03:26:43.822 INFO blam!                                at libstd/panicking.rs:211
Nov 03 03:26:43.822 INFO blam!    3:     0x55999d132d5b - std::panicking::default_hook::h3a27b204a313406b
Nov 03 03:26:43.822 INFO blam!                                at libstd/panicking.rs:221
Nov 03 03:26:43.822 INFO blam!    4:     0x55999d1336fc - std::panicking::rust_panic_with_hook::h0e12cb2fc86d00fa
Nov 03 03:26:43.822 INFO blam!                                at libstd/panicking.rs:477
Nov 03 03:26:43.822 INFO blam!    5:     0x55999d1332b9 - std::panicking::continue_panic_fmt::h141671b29fe0e27d
Nov 03 03:26:43.822 INFO blam!                                at libstd/panicking.rs:391
Nov 03 03:26:43.822 INFO blam!    6:     0x55999d1331b5 - rust_begin_unwind
Nov 03 03:26:43.822 INFO blam!                                at libstd/panicking.rs:326
Nov 03 03:26:43.822 INFO blam!    7:     0x55999d17d8fb - core::panicking::panic_fmt::h429a06507aba9228
Nov 03 03:26:43.822 INFO blam!                                at libcore/panicking.rs:77
Nov 03 03:26:43.822 INFO blam!    8:     0x55999cc75063 - core::result::unwrap_failed::h7e4b90e6f26237b9
Nov 03 03:26:43.822 INFO blam!                                at libcore/macros.rs:26
Nov 03 03:26:43.822 INFO blam!    9:     0x55999cc742db - <core::result::Result<T, E>>::unwrap::h0020133114e5e897
Nov 03 03:26:43.822 INFO blam!                                at libcore/result.rs:808
Nov 03 03:26:43.822 INFO blam!   10:     0x55999cc6cf21 - africastalking_gateway::tests::fetch_user_data::h135e9cd4ff601aaf
Nov 03 03:26:43.822 INFO blam!                                at src/lib.rs:538
Nov 03 03:26:43.822 INFO blam!   11:     0x55999cc6cec9 - africastalking_gateway::tests::fetch_user_data::{{closure}}::hf5d09ae7d771fd68
Nov 03 03:26:43.822 INFO blam!                                at src/lib.rs:537
Nov 03 03:26:43.822 INFO blam!   12:     0x55999cc68ebd - core::ops::function::FnOnce::call_once::h4834e23e1b1ee3c1
Nov 03 03:26:43.822 INFO blam!                                at libcore/ops/function.rs:238
Nov 03 03:26:43.822 INFO blam!   13:     0x55999cc7e45e - <F as alloc::boxed::FnBox<A>>::call_box::ha9910eac2d17ff23
Nov 03 03:26:43.822 INFO blam!                                at libtest/lib.rs:1461
Nov 03 03:26:43.822 INFO blam!                                at libcore/ops/function.rs:238
Nov 03 03:26:43.822 INFO blam!                                at liballoc/boxed.rs:646
Nov 03 03:26:43.822 INFO blam!   14:     0x55999d1520c9 - __rust_maybe_catch_panic
Nov 03 03:26:43.822 INFO blam!                                at libpanic_unwind/lib.rs:103
Nov 03 03:26:43.822 INFO blam!   15:     0x55999cc89d6d - std::sys_common::backtrace::__rust_begin_short_backtrace::h470b05235fe5e5ad
Nov 03 03:26:43.822 INFO blam!                                at libstd/panicking.rs:289
Nov 03 03:26:43.822 INFO blam!                                at libstd/panic.rs:392
Nov 03 03:26:43.822 INFO blam!                                at libtest/lib.rs:1416
Nov 03 03:26:43.822 INFO blam!                                at libstd/sys_common/backtrace.rs:136
Nov 03 03:26:43.822 INFO blam!   16:     0x55999cca23a4 - std::panicking::try::do_call::h1f0578498122cc00
Nov 03 03:26:43.822 INFO blam!                                at libstd/thread/mod.rs:409
Nov 03 03:26:43.822 INFO blam!                                at libstd/panic.rs:313
Nov 03 03:26:43.822 INFO blam!                                at libstd/panicking.rs:310
Nov 03 03:26:43.822 INFO blam!   17:     0x55999d1520c9 - __rust_maybe_catch_panic
Nov 03 03:26:43.822 INFO blam!                                at libpanic_unwind/lib.rs:103
Nov 03 03:26:43.822 INFO blam!   18:     0x55999cc92c76 - <F as alloc::boxed::FnBox<A>>::call_box::h7b129f9f235ab460
Nov 03 03:26:43.822 INFO blam!                                at libstd/panicking.rs:289
Nov 03 03:26:43.822 INFO blam!                                at libstd/panic.rs:392
Nov 03 03:26:43.822 INFO blam!                                at libstd/thread/mod.rs:408
Nov 03 03:26:43.822 INFO blam!                                at liballoc/boxed.rs:646
Nov 03 03:26:43.822 INFO blam!   19:     0x55999d144c6a - std::sys_common::thread::start_thread::hb77935aee02382da
Nov 03 03:26:43.822 INFO blam!                                at liballoc/boxed.rs:656
Nov 03 03:26:43.822 INFO blam!                                at libstd/sys_common/thread.rs:24
Nov 03 03:26:43.822 INFO blam!   20:     0x55999d133f75 - std::sys::unix::thread::Thread::new::thread_start::hd61f7429b3de1d75
Nov 03 03:26:43.822 INFO blam!                                at libstd/sys/unix/thread.rs:90
Nov 03 03:26:43.822 INFO blam!   21:     0x7f543aba86b9 - start_thread
Nov 03 03:26:43.822 INFO blam!   22:     0x7f543a6c841c - clone
Nov 03 03:26:43.822 INFO blam!   23:                0x0 - <unknown>
Nov 03 03:26:43.822 INFO blam! 
Nov 03 03:26:43.822 INFO blam! ---- tests::fetch_messages stdout ----
Nov 03 03:26:43.822 INFO blam! thread 'tests::fetch_messages' panicked at 'called `Result::unwrap()` on an `Err` value: NotPresent', libcore/result.rs:1009:5
Nov 03 03:26:43.822 INFO blam! stack backtrace:
Nov 03 03:26:43.822 INFO blam!    0:     0x55999d1430be - std::sys::unix::backtrace::tracing::imp::unwind_backtrace::hf5316c67202e23c8
Nov 03 03:26:43.822 INFO blam!                                at libstd/sys/unix/backtrace/tracing/gcc_s.rs:49
Nov 03 03:26:43.822 INFO blam!    1:     0x55999d134dd6 - std::sys_common::backtrace::print::h3068ed2a6dc7ac86
Nov 03 03:26:43.822 INFO blam!                                at libstd/sys_common/backtrace.rs:71
Nov 03 03:26:43.822 INFO blam!                                at libstd/sys_common/backtrace.rs:59
Nov 03 03:26:43.822 INFO blam!    2:     0x55999d13304d - std::panicking::default_hook::{{closure}}::h1b9d29cc09d41897
Nov 03 03:26:43.822 INFO blam!                                at libstd/panicking.rs:211
Nov 03 03:26:43.822 INFO blam!    3:     0x55999d132d5b - std::panicking::default_hook::h3a27b204a313406b
Nov 03 03:26:43.822 INFO blam!                                at libstd/panicking.rs:221
Nov 03 03:26:43.822 INFO blam!    4:     0x55999d1336fc - std::panicking::rust_panic_with_hook::h0e12cb2fc86d00fa
Nov 03 03:26:43.822 INFO blam!                                at libstd/panicking.rs:477
Nov 03 03:26:43.822 INFO blam!    5:     0x55999d1332b9 - std::panicking::continue_panic_fmt::h141671b29fe0e27d
Nov 03 03:26:43.822 INFO blam!                                at libstd/panicking.rs:391
Nov 03 03:26:43.822 INFO blam!    6:     0x55999d1331b5 - rust_begin_unwind
Nov 03 03:26:43.823 INFO blam!                                at libstd/panicking.rs:326
Nov 03 03:26:43.823 INFO blam!    7:     0x55999d17d8fb - core::panicking::panic_fmt::h429a06507aba9228
Nov 03 03:26:43.823 INFO blam!                                at libcore/panicking.rs:77
Nov 03 03:26:43.823 INFO blam!    8:     0x55999cc75063 - core::result::unwrap_failed::h7e4b90e6f26237b9
Nov 03 03:26:43.823 INFO blam!                                at libcore/macros.rs:26
Nov 03 03:26:43.823 INFO blam!    9:     0x55999cc742db - <core::result::Result<T, E>>::unwrap::h0020133114e5e897
Nov 03 03:26:43.823 INFO blam!                                at libcore/result.rs:808
Nov 03 03:26:43.823 INFO blam!   10:     0x55999cc6d191 - africastalking_gateway::tests::fetch_messages::he437f5e72747f9ad
Nov 03 03:26:43.823 INFO blam!                                at src/lib.rs:548
Nov 03 03:26:43.823 INFO blam!   11:     0x55999cc6d139 - africastalking_gateway::tests::fetch_messages::{{closure}}::h099b6468a31624ed
Nov 03 03:26:43.823 INFO blam!                                at src/lib.rs:547
Nov 03 03:26:43.823 INFO blam!   12:     0x55999cc6902d - core::ops::function::FnOnce::call_once::hef6be036c68e9f31
Nov 03 03:26:43.823 INFO blam!                                at libcore/ops/function.rs:238
Nov 03 03:26:43.823 INFO blam!   13:     0x55999cc7e45e - <F as alloc::boxed::FnBox<A>>::call_box::ha9910eac2d17ff23
Nov 03 03:26:43.823 INFO blam!                                at libtest/lib.rs:1461
Nov 03 03:26:43.823 INFO blam!                                at libcore/ops/function.rs:238
Nov 03 03:26:43.823 INFO blam!                                at liballoc/boxed.rs:646
Nov 03 03:26:43.823 INFO blam!   14:     0x55999d1520c9 - __rust_maybe_catch_panic
Nov 03 03:26:43.823 INFO blam!                                at libpanic_unwind/lib.rs:103
Nov 03 03:26:43.823 INFO blam!   15:     0x55999cc89d6d - std::sys_common::backtrace::__rust_begin_short_backtrace::h470b05235fe5e5ad
Nov 03 03:26:43.823 INFO blam!                                at libstd/panicking.rs:289
Nov 03 03:26:43.823 INFO blam!                                at libstd/panic.rs:392
Nov 03 03:26:43.823 INFO blam!                                at libtest/lib.rs:1416
Nov 03 03:26:43.823 INFO blam!                                at libstd/sys_common/backtrace.rs:136
Nov 03 03:26:43.823 INFO blam!   16:     0x55999cca23a4 - std::panicking::try::do_call::h1f0578498122cc00
Nov 03 03:26:43.823 INFO blam!                                at libstd/thread/mod.rs:409
Nov 03 03:26:43.823 INFO blam!                                at libstd/panic.rs:313
Nov 03 03:26:43.823 INFO blam!                                at libstd/panicking.rs:310
Nov 03 03:26:43.823 INFO blam!   17:     0x55999d1520c9 - __rust_maybe_catch_panic
Nov 03 03:26:43.823 INFO blam!                                at libpanic_unwind/lib.rs:103
Nov 03 03:26:43.823 INFO blam!   18:     0x55999cc92c76 - <F as alloc::boxed::FnBox<A>>::call_box::h7b129f9f235ab460
Nov 03 03:26:43.823 INFO blam!                                at libstd/panicking.rs:289
Nov 03 03:26:43.823 INFO blam!                                at libstd/panic.rs:392
Nov 03 03:26:43.823 INFO blam!                                at libstd/thread/mod.rs:408
Nov 03 03:26:43.823 INFO blam!                                at liballoc/boxed.rs:646
Nov 03 03:26:43.823 INFO blam!   19:     0x55999d144c6a - std::sys_common::thread::start_thread::hb77935aee02382da
Nov 03 03:26:43.823 INFO blam!                                at liballoc/boxed.rs:656
Nov 03 03:26:43.823 INFO blam!                                at libstd/sys_common/thread.rs:24
Nov 03 03:26:43.823 INFO blam!   20:     0x55999d133f75 - std::sys::unix::thread::Thread::new::thread_start::hd61f7429b3de1d75
Nov 03 03:26:43.823 INFO blam!                                at libstd/sys/unix/thread.rs:90
Nov 03 03:26:43.823 INFO blam!   21:     0x7f543aba86b9 - start_thread
Nov 03 03:26:43.823 INFO blam!   22:     0x7f543a6c841c - clone
Nov 03 03:26:43.823 INFO blam!   23:                0x0 - <unknown>
Nov 03 03:26:43.823 INFO blam! 
Nov 03 03:26:43.823 INFO blam! 
Nov 03 03:26:43.823 INFO blam! failures:
Nov 03 03:26:43.823 INFO blam!     tests::fetch_messages
Nov 03 03:26:43.823 INFO blam!     tests::fetch_user_data
Nov 03 03:26:43.823 INFO blam! 
Nov 03 03:26:43.823 INFO blam! test result: FAILED. 1 passed; 2 failed; 0 ignored; 0 measured; 0 filtered out
Nov 03 03:26:43.823 INFO blam! 
Nov 03 03:26:43.830 INFO kablam! error: test failed, to rerun pass '--lib'
Nov 03 03:26:43.830 INFO kablam! su: No module specific data is present
Nov 03 03:26:44.314 INFO running `"docker" "rm" "-f" "be2b8e69f61ac1167ca103a41a73f71cec1c866d5d6689db9d0ebcfbd42d98d2"`
Nov 03 03:26:44.531 INFO blam! be2b8e69f61ac1167ca103a41a73f71cec1c866d5d6689db9d0ebcfbd42d98d2
