Oct 31 20:24:13.992 INFO testing srhickma/padd against beta-2018-10-30 for beta-1.31-1
Oct 31 20:24:13.993 INFO running `"docker" "create" "-v" "/mnt/big/crater/work/local/target-dirs/beta-1.31-1/worker-2/beta-2018-10-30:/target:rw,Z" "-v" "/mnt/big/crater/work/local/test-source/worker-2/beta-1.31-1/beta-2018-10-30:/source:ro,Z" "-v" "/mnt/big/crater/work/local/cargo-home:/cargo-home:ro,Z" "-v" "/mnt/big/crater/work/local/rustup-home:/rustup-home:ro,Z" "-e" "USER_ID=1000" "-e" "SOURCE_DIR=/source" "-e" "USER_ID=1000" "-e" "CMD=cargo +beta-2018-10-30 build --frozen" "-e" "CARGO_TARGET_DIR=/target" "-e" "CARGO_INCREMENTAL=0" "-e" "RUST_BACKTRACE=full" "-e" "RUSTFLAGS=--cap-lints=warn" "-e" "CARGO_HOME=/cargo-home" "-e" "RUSTUP_HOME=/rustup-home" "-m" "1536M" "--network" "none" "crater"`
Oct 31 20:24:14.679 INFO blam! d26116989b40088169355528a92ee4f5349202bd61204ca91b129b8005b31560
Oct 31 20:24:14.682 INFO running `"docker" "start" "-a" "d26116989b40088169355528a92ee4f5349202bd61204ca91b129b8005b31560"`
Oct 31 20:24:16.171 INFO kablam! usermod: no changes
Oct 31 20:24:16.359 INFO kablam!    Compiling atty v0.2.11
Oct 31 20:24:16.364 INFO kablam!    Compiling num-complex v0.1.43
Oct 31 20:24:16.365 INFO kablam!    Compiling colored v1.6.1
Oct 31 20:24:16.365 INFO kablam!    Compiling num-bigint v0.1.43
Oct 31 20:24:17.335 INFO kablam!    Compiling clap v2.32.0
Oct 31 20:24:23.865 INFO kablam!    Compiling num-rational v0.1.42
Oct 31 20:24:26.670 INFO kablam!    Compiling num v0.1.42
Oct 31 20:24:27.175 INFO kablam!    Compiling stopwatch v0.0.7
Oct 31 20:24:39.757 INFO kablam!    Compiling padd v0.1.0 (/source)
Oct 31 20:24:40.999 INFO kablam! warning: field is never used: `alphabet`
Oct 31 20:24:40.999 INFO kablam!    --> src/core/scan/runtime/ecdfa.rs:122:5
Oct 31 20:24:40.999 INFO kablam!     |
Oct 31 20:24:40.999 INFO kablam! 122 |     alphabet: HashedAlphabet,
Oct 31 20:24:40.999 INFO kablam!     |     ^^^^^^^^^^^^^^^^^^^^^^^^
Oct 31 20:24:40.999 INFO kablam!     |
Oct 31 20:24:40.999 INFO kablam!     = note: #[warn(dead_code)] on by default
Oct 31 20:24:40.999 INFO kablam! 
Oct 31 20:24:50.397 INFO kablam!     Finished dev [unoptimized + debuginfo] target(s) in 34.20s
Oct 31 20:24:50.404 INFO kablam! su: No module specific data is present
Oct 31 20:24:51.383 INFO running `"docker" "rm" "-f" "d26116989b40088169355528a92ee4f5349202bd61204ca91b129b8005b31560"`
Oct 31 20:24:51.627 INFO blam! d26116989b40088169355528a92ee4f5349202bd61204ca91b129b8005b31560
Oct 31 20:24:51.629 INFO running `"docker" "create" "-v" "/mnt/big/crater/work/local/target-dirs/beta-1.31-1/worker-2/beta-2018-10-30:/target:rw,Z" "-v" "/mnt/big/crater/work/local/test-source/worker-2/beta-1.31-1/beta-2018-10-30:/source:ro,Z" "-v" "/mnt/big/crater/work/local/cargo-home:/cargo-home:ro,Z" "-v" "/mnt/big/crater/work/local/rustup-home:/rustup-home:ro,Z" "-e" "USER_ID=1000" "-e" "SOURCE_DIR=/source" "-e" "USER_ID=1000" "-e" "CMD=cargo +beta-2018-10-30 test --frozen --no-run" "-e" "CARGO_TARGET_DIR=/target" "-e" "CARGO_INCREMENTAL=0" "-e" "RUST_BACKTRACE=full" "-e" "RUSTFLAGS=--cap-lints=warn" "-e" "CARGO_HOME=/cargo-home" "-e" "RUSTUP_HOME=/rustup-home" "-m" "1536M" "--network" "none" "crater"`
Oct 31 20:24:52.116 INFO blam! a18eeed5381dffbd76f592edc114ad66026ae3403eb90429275f52bacc9595fe
Oct 31 20:24:52.123 INFO running `"docker" "start" "-a" "a18eeed5381dffbd76f592edc114ad66026ae3403eb90429275f52bacc9595fe"`
Oct 31 20:24:53.719 INFO kablam! usermod: no changes
Oct 31 20:24:53.851 INFO kablam!    Compiling padd v0.1.0 (/source)
Oct 31 20:24:58.067 INFO kablam! warning: field is never used: `alphabet`
Oct 31 20:24:58.067 INFO kablam!    --> src/core/scan/runtime/ecdfa.rs:122:5
Oct 31 20:24:58.068 INFO kablam!     |
Oct 31 20:24:58.068 INFO kablam! 122 |     alphabet: HashedAlphabet,
Oct 31 20:24:58.068 INFO kablam!     |     ^^^^^^^^^^^^^^^^^^^^^^^^
Oct 31 20:24:58.069 INFO kablam!     |
Oct 31 20:24:58.069 INFO kablam!     = note: #[warn(dead_code)] on by default
Oct 31 20:24:58.069 INFO kablam! 
Oct 31 20:25:03.823 INFO kablam!     Finished dev [unoptimized + debuginfo] target(s) in 10.07s
Oct 31 20:25:03.824 INFO kablam! su: No module specific data is present
Oct 31 20:25:04.501 INFO running `"docker" "rm" "-f" "a18eeed5381dffbd76f592edc114ad66026ae3403eb90429275f52bacc9595fe"`
Oct 31 20:25:04.764 INFO blam! a18eeed5381dffbd76f592edc114ad66026ae3403eb90429275f52bacc9595fe
Oct 31 20:25:04.776 INFO running `"docker" "create" "-v" "/mnt/big/crater/work/local/target-dirs/beta-1.31-1/worker-2/beta-2018-10-30:/target:rw,Z" "-v" "/mnt/big/crater/work/local/test-source/worker-2/beta-1.31-1/beta-2018-10-30:/source:ro,Z" "-v" "/mnt/big/crater/work/local/cargo-home:/cargo-home:ro,Z" "-v" "/mnt/big/crater/work/local/rustup-home:/rustup-home:ro,Z" "-e" "USER_ID=1000" "-e" "SOURCE_DIR=/source" "-e" "USER_ID=1000" "-e" "CMD=cargo +beta-2018-10-30 test --frozen" "-e" "CARGO_TARGET_DIR=/target" "-e" "CARGO_INCREMENTAL=0" "-e" "RUST_BACKTRACE=full" "-e" "RUSTFLAGS=--cap-lints=warn" "-e" "CARGO_HOME=/cargo-home" "-e" "RUSTUP_HOME=/rustup-home" "-m" "1536M" "--network" "none" "crater"`
Oct 31 20:25:05.167 INFO blam! d7059b2186337accf43b6733976efe29f967c12d977c6e585a80f1d593104046
Oct 31 20:25:05.176 INFO running `"docker" "start" "-a" "d7059b2186337accf43b6733976efe29f967c12d977c6e585a80f1d593104046"`
Oct 31 20:25:06.071 INFO kablam! usermod: no changes
Oct 31 20:25:06.179 INFO kablam!     Finished dev [unoptimized + debuginfo] target(s) in 0.08s
Oct 31 20:25:06.183 INFO kablam!      Running /target/debug/deps/padd-22629aa96f5114c8
Oct 31 20:25:06.191 INFO blam! 
Oct 31 20:25:06.191 INFO blam! running 70 tests
Oct 31 20:25:06.203 INFO blam! test core::data::map::tests::contains ... ok
Oct 31 20:25:06.203 INFO blam! test core::data::map::tests::empty_get ... ok
Oct 31 20:25:06.203 INFO blam! test core::data::map::tests::sequence_rev ... ok
Oct 31 20:25:06.203 INFO blam! test core::data::stream::tests::advance ... ok
Oct 31 20:25:06.203 INFO blam! test core::data::map::tests::insert_beyond_bounds ... ok
Oct 31 20:25:06.203 INFO blam! test core::data::map::tests::size ... ok
Oct 31 20:25:06.203 INFO blam! test core::data::stream::tests::as_iterator ... ok
Oct 31 20:25:06.203 INFO blam! test core::data::map::tests::sequence_fwd ... ok
Oct 31 20:25:06.203 INFO blam! test core::data::stream::tests::incoming_buffer_split ... ok
Oct 31 20:25:06.203 INFO blam! test core::data::stream::tests::split_detach_tail ... ok
Oct 31 20:25:06.203 INFO blam! test core::data::stream::tests::split_detach_head ... ok
Oct 31 20:25:06.203 INFO blam! test core::data::stream::tests::deep_split ... ok
Oct 31 20:25:06.203 INFO blam! test core::data::stream::tests::has_next ... ok
Oct 31 20:25:06.203 INFO blam! test core::data::stream::tests::consumer_block ... ok
Oct 31 20:25:06.203 INFO blam! test core::data::stream::tests::as_iterator_consumed ... ok
Oct 31 20:25:06.215 INFO blam! test core::data::stream::tests::unconsumed_replay ... ok
Oct 31 20:25:06.223 INFO blam! test core::fmt::pattern::tests::generate_pattern_simple ... ok
Oct 31 20:25:06.223 INFO blam! test core::fmt::pattern::tests::generate_auto_indexed_pattern_simple ... ok
Oct 31 20:25:06.227 INFO blam! test core::fmt::pattern::tests::pattern_scan_error ... ok
Oct 31 20:25:06.227 INFO blam! test core::fmt::pattern::tests::pattern_capture_error ... ok
Oct 31 20:25:06.255 INFO blam! test core::data::stream::tests::consumed_replay ... ok
Oct 31 20:25:06.255 INFO blam! test core::fmt::pattern::tests::parse_pattern_simple ... ok
Oct 31 20:25:06.255 INFO blam! test core::fmt::pattern::tests::pattern_parse_error ... ok
Oct 31 20:25:06.255 INFO blam! test core::parse::tests::parse_brackets ... ok
Oct 31 20:25:06.255 INFO blam! test core::parse::tests::parse_deep_epsilon ... ok
Oct 31 20:25:06.263 INFO blam! test core::parse::tests::parse_example ... ok
Oct 31 20:25:06.263 INFO blam! test core::parse::tests::parse_expressions ... ok
Oct 31 20:25:06.263 INFO blam! test core::parse::tests::advanced_parse_build ... ok
Oct 31 20:25:06.263 INFO blam! test core::parse::tests::parse_must_consume ... ok
Oct 31 20:25:06.263 INFO blam! test core::parse::tests::parse_lacs_math ... ok
Oct 31 20:25:06.263 INFO blam! test core::scan::compile::tests::scan_binary ... ok
Oct 31 20:25:06.263 INFO blam! test core::scan::compile::tests::scan_brackets ... ok
Oct 31 20:25:06.263 INFO blam! test core::parse::tests::parse_simple ... ok
Oct 31 20:25:06.263 INFO blam! test core::scan::compile::tests::scan_ignore ... ok
Oct 31 20:25:06.263 INFO blam! test core::scan::compile::tests::scan_fail_simple ... ok
Oct 31 20:25:06.263 INFO blam! test core::scan::runtime::alphabet::tests::contains ... ok
Oct 31 20:25:06.263 INFO blam! test core::scan::runtime::ecdfa::tests::scan_chain_simple ... ok
Oct 31 20:25:06.263 INFO blam! test core::scan::compile::tests::scan_fail_complex ... ok
Oct 31 20:25:06.275 INFO blam! test core::scan::runtime::ecdfa::tests::scan_chain_def ... ok
Oct 31 20:25:06.275 INFO blam! test core::scan::runtime::ecdfa::tests::scan_ignore ... ok
Oct 31 20:25:06.275 INFO blam! test core::scan::runtime::ecdfa::tests::scan_brackets ... ok
Oct 31 20:25:06.275 INFO blam! test core::scan::runtime::ecdfa::tests::scan_fail_complex ... ok
Oct 31 20:25:06.275 INFO blam! test core::scan::runtime::ecdfa::tests::scan_binary ... ok
Oct 31 20:25:06.275 INFO blam! test core::scan::runtime::ecdfa::tests::scan_fail_simple ... ok
Oct 31 20:25:06.307 INFO blam! test core::spec::tests::parse_spec_optional_shorthand ... ok
Oct 31 20:25:06.321 INFO blam! test core::spec::tests::generate_spec_advanced_operators ... ok
Oct 31 20:25:06.322 INFO blam! test core::spec::tests::default_matcher_conflict ... ok
Oct 31 20:25:06.322 INFO blam! test core::spec::tests::parse_spec_spaces ... ok
Oct 31 20:25:06.327 INFO blam! test core::spec::tests::complex_id ... ok
Oct 31 20:25:06.335 INFO blam! test core::spec::tests::replace_escapes ... ok
Oct 31 20:25:06.365 INFO blam! test core::spec::tests::multi_character_lexing ... ok
Oct 31 20:25:06.365 INFO blam! test core::spec::tests::single_reference_optional_shorthand ... ok
Oct 31 20:25:06.365 INFO blam! test core::spec::tests::parse_spec_olap_trans ... ok
Oct 31 20:25:06.367 INFO blam! test core::spec::tests::parse_spec_simple ... ok
Oct 31 20:25:06.371 INFO blam! test core::spec::tests::generate_spec_simple ... ok
Oct 31 20:25:06.383 INFO blam! test core::util::thread_pool::tests::queue_error ... ok
Oct 31 20:25:06.383 INFO blam! test core::util::thread_pool::tests::single_worker_fast_main ... ok
Oct 31 20:25:06.389 INFO blam! test tests::failed_cdfa_multiple_def_matchers ... ok
Oct 31 20:25:06.389 INFO blam! test tests::failed_empty_scan ... ok
Oct 31 20:25:06.389 INFO blam! test core::util::thread_pool::tests::termination_error ... ok
Oct 31 20:25:06.389 INFO blam! test tests::failed_cdfa_non_prefix_free ... ok
Oct 31 20:25:06.389 INFO blam! test tests::failed_parse_spec ... ok
Oct 31 20:25:06.389 INFO blam! test tests::failed_parse_input ... ok
Oct 31 20:25:06.389 INFO blam! test tests::failed_scan_spec ... ok
Oct 31 20:25:06.404 INFO blam! test core::util::thread_pool::tests::terminate_and_join ... ok
Oct 31 20:25:06.404 INFO blam! test tests::failed_scan_input ... ok
Oct 31 20:25:06.404 INFO blam! test core::util::thread_pool::tests::single_worker_slow_main ... ok
Oct 31 20:25:06.428 INFO blam! test core::util::thread_pool::tests::sync_sender_throttle ... ok
Oct 31 20:25:06.462 INFO blam! test core::util::thread_pool::tests::sync_sender_large_buffer ... ok
Oct 31 20:25:06.514 INFO blam! test core::util::thread_pool::tests::many_workers ... FAILED
Oct 31 20:25:06.514 INFO blam! 
Oct 31 20:25:06.514 INFO blam! failures:
Oct 31 20:25:06.514 INFO blam! 
Oct 31 20:25:06.514 INFO blam! ---- core::util::thread_pool::tests::many_workers stdout ----
Oct 31 20:25:06.514 INFO blam! thread 'core::util::thread_pool::tests::many_workers' panicked at 'assertion failed: `(left == right)`
Oct 31 20:25:06.514 INFO blam!   left: `0`,
Oct 31 20:25:06.514 INFO blam!  right: `4`', src/core/util/thread_pool.rs:291:9
Oct 31 20:25:06.514 INFO blam! stack backtrace:
Oct 31 20:25:06.514 INFO blam!    0:     0x55f1360e42cf - std::sys::unix::backtrace::tracing::imp::unwind_backtrace::h3c55afa80a996a32
Oct 31 20:25:06.514 INFO blam!                                at libstd/sys/unix/backtrace/tracing/gcc_s.rs:49
Oct 31 20:25:06.514 INFO blam!    1:     0x55f1360ed3a7 - std::sys_common::backtrace::print::hcef907ea7a07cd40
Oct 31 20:25:06.514 INFO blam!                                at libstd/sys_common/backtrace.rs:71
Oct 31 20:25:06.514 INFO blam!                                at libstd/sys_common/backtrace.rs:59
Oct 31 20:25:06.514 INFO blam!    2:     0x55f1360e808f - std::panicking::default_hook::{{closure}}::hf541876c65f36ea7
Oct 31 20:25:06.514 INFO blam!                                at libstd/panicking.rs:211
Oct 31 20:25:06.514 INFO blam!    3:     0x55f1360e7d8e - std::panicking::default_hook::h4ecc06b30ae4459d
Oct 31 20:25:06.514 INFO blam!                                at libstd/panicking.rs:221
Oct 31 20:25:06.514 INFO blam!    4:     0x55f1360e876e - std::panicking::rust_panic_with_hook::h0cc6d9cc9f34a947
Oct 31 20:25:06.514 INFO blam!                                at libstd/panicking.rs:476
Oct 31 20:25:06.514 INFO blam!    5:     0x55f1360e8311 - std::panicking::continue_panic_fmt::hc71ad5f01496e320
Oct 31 20:25:06.514 INFO blam!                                at libstd/panicking.rs:390
Oct 31 20:25:06.514 INFO blam!    6:     0x55f1360e825e - std::panicking::begin_panic_fmt::hdb958223ae20ca60
Oct 31 20:25:06.514 INFO blam!                                at libstd/panicking.rs:345
Oct 31 20:25:06.514 INFO blam!    7:     0x55f13605a80a - padd::core::util::thread_pool::tests::many_workers::h5f454a4977a0481c
Oct 31 20:25:06.514 INFO blam!                                at src/core/util/thread_pool.rs:291
Oct 31 20:25:06.514 INFO blam!    8:     0x55f13605a199 - padd::core::util::thread_pool::tests::many_workers::{{closure}}::ha934adc643c74ce6
Oct 31 20:25:06.514 INFO blam!                                at src/core/util/thread_pool.rs:270
Oct 31 20:25:06.514 INFO blam!    9:     0x55f13601a8fd - core::ops::function::FnOnce::call_once::ha104447b02b610e7
Oct 31 20:25:06.514 INFO blam!                                at libcore/ops/function.rs:238
Oct 31 20:25:06.514 INFO blam!   10:     0x55f13608cb9e - <F as alloc::boxed::FnBox<A>>::call_box::hf32558bd83684b60
Oct 31 20:25:06.514 INFO blam!                                at libtest/lib.rs:1468
Oct 31 20:25:06.515 INFO blam!                                at libcore/ops/function.rs:238
Oct 31 20:25:06.515 INFO blam!                                at liballoc/boxed.rs:672
Oct 31 20:25:06.515 INFO blam!   11:     0x55f1360f85d9 - __rust_maybe_catch_panic
Oct 31 20:25:06.515 INFO blam!                                at libpanic_unwind/lib.rs:102
Oct 31 20:25:06.515 INFO blam!   12:     0x55f1360ae802 - std::sys_common::backtrace::__rust_begin_short_backtrace::h1bb71a7386fd3269
Oct 31 20:25:06.515 INFO blam!                                at libstd/panicking.rs:289
Oct 31 20:25:06.515 INFO blam!                                at libstd/panic.rs:392
Oct 31 20:25:06.515 INFO blam!                                at libtest/lib.rs:1423
Oct 31 20:25:06.515 INFO blam!                                at libstd/sys_common/backtrace.rs:136
Oct 31 20:25:06.515 INFO blam!   13:     0x55f1360af2b4 - std::panicking::try::do_call::h9b94719c3074bb5c
Oct 31 20:25:06.515 INFO blam!                                at libstd/thread/mod.rs:409
Oct 31 20:25:06.515 INFO blam!                                at libstd/panic.rs:313
Oct 31 20:25:06.515 INFO blam!                                at libstd/panicking.rs:310
Oct 31 20:25:06.515 INFO blam!   14:     0x55f1360f85d9 - __rust_maybe_catch_panic
Oct 31 20:25:06.515 INFO blam!                                at libpanic_unwind/lib.rs:102
Oct 31 20:25:06.515 INFO blam!   15:     0x55f13609c4dc - <F as alloc::boxed::FnBox<A>>::call_box::hb3bcd66d16fd3e84
Oct 31 20:25:06.515 INFO blam!                                at libstd/panicking.rs:289
Oct 31 20:25:06.515 INFO blam!                                at libstd/panic.rs:392
Oct 31 20:25:06.515 INFO blam!                                at libstd/thread/mod.rs:408
Oct 31 20:25:06.515 INFO blam!                                at liballoc/boxed.rs:672
Oct 31 20:25:06.515 INFO blam!   16:     0x55f1360e5f8d - std::sys_common::thread::start_thread::had0c80d121669d29
Oct 31 20:25:06.515 INFO blam!                                at liballoc/boxed.rs:682
Oct 31 20:25:06.515 INFO blam!                                at libstd/sys_common/thread.rs:24
Oct 31 20:25:06.515 INFO blam!   17:     0x55f1360db525 - std::sys::unix::thread::Thread::new::thread_start::h4a5b66a70d76f47f
Oct 31 20:25:06.515 INFO blam!                                at libstd/sys/unix/thread.rs:90
Oct 31 20:25:06.515 INFO blam!   18:     0x7f1be57646b9 - start_thread
Oct 31 20:25:06.515 INFO blam!   19:     0x7f1be528441c - clone
Oct 31 20:25:06.515 INFO blam!   20:                0x0 - <unknown>
Oct 31 20:25:06.515 INFO blam! 
Oct 31 20:25:06.515 INFO blam! 
Oct 31 20:25:06.515 INFO blam! failures:
Oct 31 20:25:06.515 INFO blam!     core::util::thread_pool::tests::many_workers
Oct 31 20:25:06.515 INFO blam! 
Oct 31 20:25:06.515 INFO blam! test result: FAILED. 69 passed; 1 failed; 0 ignored; 0 measured; 0 filtered out
Oct 31 20:25:06.515 INFO blam! 
Oct 31 20:25:06.526 INFO kablam! error: test failed, to rerun pass '--lib'
Oct 31 20:25:06.526 INFO kablam! su: No module specific data is present
Oct 31 20:25:07.115 INFO running `"docker" "rm" "-f" "d7059b2186337accf43b6733976efe29f967c12d977c6e585a80f1d593104046"`
Oct 31 20:25:07.375 INFO blam! d7059b2186337accf43b6733976efe29f967c12d977c6e585a80f1d593104046
