Nov 01 19:56:21.547 INFO testing LegNeato/asciinema-rs against beta-2018-10-30 for beta-1.31-1
Nov 01 19:56:21.548 INFO running `"docker" "create" "-v" "/mnt/big/crater/work/local/target-dirs/beta-1.31-1/worker-5/beta-2018-10-30:/target:rw,Z" "-v" "/mnt/big/crater/work/local/test-source/worker-5/beta-1.31-1/beta-2018-10-30:/source:ro,Z" "-v" "/mnt/big/crater/work/local/cargo-home:/cargo-home:ro,Z" "-v" "/mnt/big/crater/work/local/rustup-home:/rustup-home:ro,Z" "-e" "USER_ID=1000" "-e" "SOURCE_DIR=/source" "-e" "USER_ID=1000" "-e" "CMD=cargo +beta-2018-10-30 build --frozen" "-e" "CARGO_TARGET_DIR=/target" "-e" "CARGO_INCREMENTAL=0" "-e" "RUST_BACKTRACE=full" "-e" "RUSTFLAGS=--cap-lints=warn" "-e" "CARGO_HOME=/cargo-home" "-e" "RUSTUP_HOME=/rustup-home" "-m" "1536M" "--network" "none" "crater"`
Nov 01 19:56:21.767 INFO blam! 3216556f6ca75a6a6559fb14de84c4074ae12dd849969dbd2dddbb82090a283b
Nov 01 19:56:21.770 INFO running `"docker" "start" "-a" "3216556f6ca75a6a6559fb14de84c4074ae12dd849969dbd2dddbb82090a283b"`
Nov 01 19:56:22.210 INFO kablam! usermod: no changes
Nov 01 19:56:22.640 INFO kablam!    Compiling errno v0.1.8
Nov 01 19:56:22.640 INFO kablam!    Compiling termios v0.3.0
Nov 01 19:56:22.640 INFO kablam!    Compiling uuid v0.6.2
Nov 01 19:56:22.651 INFO kablam!    Compiling chrono v0.4.2
Nov 01 19:56:22.651 INFO kablam!    Compiling miow v0.1.5
Nov 01 19:56:22.652 INFO kablam!    Compiling url_serde v0.2.0
Nov 01 19:56:22.652 INFO kablam!    Compiling os_type v2.0.0
Nov 01 19:56:22.655 INFO kablam!    Compiling config v0.8.0
Nov 01 19:56:24.523 INFO kablam!    Compiling mio v0.5.1
Nov 01 19:56:24.535 INFO kablam!    Compiling reqwest v0.8.5
Nov 01 19:56:24.627 INFO kablam!    Compiling pty v0.2.2
Nov 01 19:56:29.891 INFO kablam!    Compiling asciicast v0.2.2
Nov 01 19:56:29.915 INFO kablam!    Compiling pty-shell v0.3.0 (/source/pty-shell)
Nov 01 19:56:38.316 INFO kablam!    Compiling asciinema v0.5.1-pre (/source)
Nov 01 19:56:57.299 INFO kablam!     Finished dev [unoptimized + debuginfo] target(s) in 35.07s
Nov 01 19:56:57.316 INFO kablam! su: No module specific data is present
Nov 01 19:56:57.605 INFO running `"docker" "rm" "-f" "3216556f6ca75a6a6559fb14de84c4074ae12dd849969dbd2dddbb82090a283b"`
Nov 01 19:56:57.725 INFO blam! 3216556f6ca75a6a6559fb14de84c4074ae12dd849969dbd2dddbb82090a283b
Nov 01 19:56:57.727 INFO running `"docker" "create" "-v" "/mnt/big/crater/work/local/target-dirs/beta-1.31-1/worker-5/beta-2018-10-30:/target:rw,Z" "-v" "/mnt/big/crater/work/local/test-source/worker-5/beta-1.31-1/beta-2018-10-30:/source:ro,Z" "-v" "/mnt/big/crater/work/local/cargo-home:/cargo-home:ro,Z" "-v" "/mnt/big/crater/work/local/rustup-home:/rustup-home:ro,Z" "-e" "USER_ID=1000" "-e" "SOURCE_DIR=/source" "-e" "USER_ID=1000" "-e" "CMD=cargo +beta-2018-10-30 test --frozen --no-run" "-e" "CARGO_TARGET_DIR=/target" "-e" "CARGO_INCREMENTAL=0" "-e" "RUST_BACKTRACE=full" "-e" "RUSTFLAGS=--cap-lints=warn" "-e" "CARGO_HOME=/cargo-home" "-e" "RUSTUP_HOME=/rustup-home" "-m" "1536M" "--network" "none" "crater"`
Nov 01 19:56:58.029 INFO blam! e012235cf259bd47ddb95ad98ed13c34968fa36744d72029b428304348071854
Nov 01 19:56:58.031 INFO running `"docker" "start" "-a" "e012235cf259bd47ddb95ad98ed13c34968fa36744d72029b428304348071854"`
Nov 01 19:56:58.598 INFO kablam! usermod: no changes
Nov 01 19:56:58.838 INFO kablam!    Compiling asciinema v0.5.1-pre (/source)
Nov 01 19:57:11.445 INFO kablam!     Finished dev [unoptimized + debuginfo] target(s) in 12.83s
Nov 01 19:57:11.464 INFO kablam! su: No module specific data is present
Nov 01 19:57:12.355 INFO running `"docker" "rm" "-f" "e012235cf259bd47ddb95ad98ed13c34968fa36744d72029b428304348071854"`
Nov 01 19:57:12.633 INFO blam! e012235cf259bd47ddb95ad98ed13c34968fa36744d72029b428304348071854
Nov 01 19:57:12.639 INFO running `"docker" "create" "-v" "/mnt/big/crater/work/local/target-dirs/beta-1.31-1/worker-5/beta-2018-10-30:/target:rw,Z" "-v" "/mnt/big/crater/work/local/test-source/worker-5/beta-1.31-1/beta-2018-10-30:/source:ro,Z" "-v" "/mnt/big/crater/work/local/cargo-home:/cargo-home:ro,Z" "-v" "/mnt/big/crater/work/local/rustup-home:/rustup-home:ro,Z" "-e" "USER_ID=1000" "-e" "SOURCE_DIR=/source" "-e" "USER_ID=1000" "-e" "CMD=cargo +beta-2018-10-30 test --frozen" "-e" "CARGO_TARGET_DIR=/target" "-e" "CARGO_INCREMENTAL=0" "-e" "RUST_BACKTRACE=full" "-e" "RUSTFLAGS=--cap-lints=warn" "-e" "CARGO_HOME=/cargo-home" "-e" "RUSTUP_HOME=/rustup-home" "-m" "1536M" "--network" "none" "crater"`
Nov 01 19:57:13.040 INFO blam! 28626e96cfe4960dbb869be182bcacbd7eb3fc1dcbd83e8cabf90c44bfafc6d3
Nov 01 19:57:13.048 INFO running `"docker" "start" "-a" "28626e96cfe4960dbb869be182bcacbd7eb3fc1dcbd83e8cabf90c44bfafc6d3"`
Nov 01 19:57:14.298 INFO kablam! usermod: no changes
Nov 01 19:57:14.687 INFO kablam!     Finished dev [unoptimized + debuginfo] target(s) in 0.36s
Nov 01 19:57:14.726 INFO kablam!      Running /target/debug/deps/asciinema-5c5e1f0cb54200aa
Nov 01 19:57:14.732 INFO blam! 
Nov 01 19:57:14.732 INFO blam! running 33 tests
Nov 01 19:57:14.816 INFO blam! test api::tests::normalized_base_url ... ok
Nov 01 19:57:14.816 INFO blam! test api::tests::normalized_authentication_url ... ok
Nov 01 19:57:14.816 INFO blam! test api::tests::authentication_url ... ok
Nov 01 19:57:14.817 INFO blam! test commands::record::tests::test_capturing_env_for_header ... ok
Nov 01 19:57:14.817 INFO blam! test commands::record::tests::test_env_copies_parent ... ok
Nov 01 19:57:14.817 INFO blam! test api::tests::normalized_upload_url ... ok
Nov 01 19:57:14.818 INFO blam! test api::tests::base_url ... ok
Nov 01 19:57:14.819 INFO blam! test commands::record::tests::test_nonexistent_output_path ... ok
Nov 01 19:57:14.827 INFO blam! test api::tests::upload_url ... ok
Nov 01 19:57:14.831 INFO blam! test clock::tests::test_elapsed_fractional_seconds ... ok
Nov 01 19:57:14.831 INFO blam! test clock::tests::test_elapsed_whole_seconds ... ok
Nov 01 19:57:14.832 INFO blam! test commands::record::tests::test_existent_output_path_with_overwrite ... ok
Nov 01 19:57:14.832 INFO blam! test commands::record::tests::test_env_sets_asciinema_rec ... ok
Nov 01 19:57:14.833 INFO blam! test commands::record::tests::test_unset_output_path ... ok
Nov 01 19:57:14.833 INFO blam! test commands::record::tests::test_existent_output_path_with_append ... ok
Nov 01 19:57:14.834 INFO blam! test output_formats::asciicast::tests::test_writes_header ... ok
Nov 01 19:57:14.839 INFO blam! test commands::record::tests::test_existent_output_path ... ok
Nov 01 19:57:14.840 INFO blam! test commands::record::tests::test_nonexistent_output_path_with_append ... ok
Nov 01 19:57:14.842 INFO blam! test output_formats::tests::thread_stops_on_error ... ok
Nov 01 19:57:14.847 INFO blam! test session::tests::sends_message_for_header ... ok
Nov 01 19:57:14.847 INFO blam! test session::tests::sends_message_for_input ... ok
Nov 01 19:57:14.864 INFO blam! test output_formats::asciicast::tests::test_writes_output_event ... ok
Nov 01 19:57:14.864 INFO blam! test output_formats::raw::tests::test_writes_output_event ... ok
Nov 01 19:57:14.864 INFO blam! test output_formats::asciicast::tests::test_writes_input_event ... ok
Nov 01 19:57:14.865 INFO blam! test session::tests::sends_message_for_output ... ok
Nov 01 19:57:14.865 INFO blam! test settings::config::tests::home ... ok
Nov 01 19:57:14.865 INFO blam! test settings::config::tests::no_home ... ok
Nov 01 19:57:14.865 INFO blam! test output_formats::tests::thread_stops_on_finish_message ... ok
Nov 01 19:57:14.867 INFO blam! test output_formats::raw::tests::test_writes_input_event ... ok
Nov 01 19:57:14.867 INFO blam! test output_formats::raw::tests::test_does_not_write_header ... ok
Nov 01 19:57:14.899 INFO blam! test settings::config::tests::xdg_config_home ... ok
Nov 01 19:57:14.900 INFO blam! test settings::config::tests::env_overwrites_api_url ... ok
Nov 01 19:57:15.063 INFO blam! test settings::config::tests::asciinema_config_home ... FAILED
Nov 01 19:57:15.063 INFO blam! 
Nov 01 19:57:15.063 INFO blam! failures:
Nov 01 19:57:15.063 INFO blam! 
Nov 01 19:57:15.063 INFO blam! ---- settings::config::tests::asciinema_config_home stdout ----
Nov 01 19:57:15.063 INFO blam! thread 'settings::config::tests::asciinema_config_home' panicked at 'assertion failed: `(left == right)`
Nov 01 19:57:15.063 INFO blam!   left: `"/xdg/asciinema"`,
Nov 01 19:57:15.063 INFO blam!  right: `"/ach"`', src/settings/config.rs:91:9
Nov 01 19:57:15.063 INFO blam! stack backtrace:
Nov 01 19:57:15.063 INFO blam!    0:     0x55e12dca541f - std::sys::unix::backtrace::tracing::imp::unwind_backtrace::h3c55afa80a996a32
Nov 01 19:57:15.063 INFO blam!                                at libstd/sys/unix/backtrace/tracing/gcc_s.rs:49
Nov 01 19:57:15.063 INFO blam!    1:     0x55e12dcaf2f7 - std::sys_common::backtrace::print::hcef907ea7a07cd40
Nov 01 19:57:15.063 INFO blam!                                at libstd/sys_common/backtrace.rs:71
Nov 01 19:57:15.063 INFO blam!                                at libstd/sys_common/backtrace.rs:59
Nov 01 19:57:15.063 INFO blam!    2:     0x55e12dca95af - std::panicking::default_hook::{{closure}}::hf541876c65f36ea7
Nov 01 19:57:15.063 INFO blam!                                at libstd/panicking.rs:211
Nov 01 19:57:15.063 INFO blam!    3:     0x55e12dca92ae - std::panicking::default_hook::h4ecc06b30ae4459d
Nov 01 19:57:15.063 INFO blam!                                at libstd/panicking.rs:221
Nov 01 19:57:15.063 INFO blam!    4:     0x55e12dca9c8e - std::panicking::rust_panic_with_hook::h0cc6d9cc9f34a947
Nov 01 19:57:15.063 INFO blam!                                at libstd/panicking.rs:476
Nov 01 19:57:15.063 INFO blam!    5:     0x55e12dca9831 - std::panicking::continue_panic_fmt::hc71ad5f01496e320
Nov 01 19:57:15.063 INFO blam!                                at libstd/panicking.rs:390
Nov 01 19:57:15.063 INFO blam!    6:     0x55e12dca977e - std::panicking::begin_panic_fmt::hdb958223ae20ca60
Nov 01 19:57:15.063 INFO blam!                                at libstd/panicking.rs:345
Nov 01 19:57:15.063 INFO blam!    7:     0x55e12da0b6d6 - asciinema::settings::config::tests::asciinema_config_home::hc5ceb25b2f979419
Nov 01 19:57:15.063 INFO blam!                                at src/settings/config.rs:91
Nov 01 19:57:15.063 INFO blam!    8:     0x55e12da0b4b9 - asciinema::settings::config::tests::asciinema_config_home::{{closure}}::h2c92ff408c4e6147
Nov 01 19:57:15.063 INFO blam!                                at src/settings/config.rs:89
Nov 01 19:57:15.063 INFO blam!    9:     0x55e12d9d9b1d - core::ops::function::FnOnce::call_once::h2db9b0ba7b8f5a9b
Nov 01 19:57:15.063 INFO blam!                                at libcore/ops/function.rs:238
Nov 01 19:57:15.063 INFO blam!   10:     0x55e12da0dffe - <F as alloc::boxed::FnBox<A>>::call_box::hf32558bd83684b60
Nov 01 19:57:15.063 INFO blam!                                at libtest/lib.rs:1468
Nov 01 19:57:15.063 INFO blam!                                at libcore/ops/function.rs:238
Nov 01 19:57:15.063 INFO blam!                                at liballoc/boxed.rs:672
Nov 01 19:57:15.063 INFO blam!   11:     0x55e12dcba529 - __rust_maybe_catch_panic
Nov 01 19:57:15.063 INFO blam!                                at libpanic_unwind/lib.rs:102
Nov 01 19:57:15.063 INFO blam!   12:     0x55e12da2fc62 - std::sys_common::backtrace::__rust_begin_short_backtrace::h1bb71a7386fd3269
Nov 01 19:57:15.063 INFO blam!                                at libstd/panicking.rs:289
Nov 01 19:57:15.064 INFO blam!                                at libstd/panic.rs:392
Nov 01 19:57:15.064 INFO blam!                                at libtest/lib.rs:1423
Nov 01 19:57:15.064 INFO blam!                                at libstd/sys_common/backtrace.rs:136
Nov 01 19:57:15.064 INFO blam!   13:     0x55e12da30714 - std::panicking::try::do_call::h9b94719c3074bb5c
Nov 01 19:57:15.064 INFO blam!                                at libstd/thread/mod.rs:409
Nov 01 19:57:15.064 INFO blam!                                at libstd/panic.rs:313
Nov 01 19:57:15.064 INFO blam!                                at libstd/panicking.rs:310
Nov 01 19:57:15.064 INFO blam!   14:     0x55e12dcba529 - __rust_maybe_catch_panic
Nov 01 19:57:15.064 INFO blam!                                at libpanic_unwind/lib.rs:102
Nov 01 19:57:15.064 INFO blam!   15:     0x55e12da1d93c - <F as alloc::boxed::FnBox<A>>::call_box::hb3bcd66d16fd3e84
Nov 01 19:57:15.064 INFO blam!                                at libstd/panicking.rs:289
Nov 01 19:57:15.064 INFO blam!                                at libstd/panic.rs:392
Nov 01 19:57:15.064 INFO blam!                                at libstd/thread/mod.rs:408
Nov 01 19:57:15.064 INFO blam!                                at liballoc/boxed.rs:672
Nov 01 19:57:15.064 INFO blam!   16:     0x55e12dca736d - std::sys_common::thread::start_thread::had0c80d121669d29
Nov 01 19:57:15.064 INFO blam!                                at liballoc/boxed.rs:682
Nov 01 19:57:15.064 INFO blam!                                at libstd/sys_common/thread.rs:24
Nov 01 19:57:15.064 INFO blam!   17:     0x55e12dc9b675 - std::sys::unix::thread::Thread::new::thread_start::h4a5b66a70d76f47f
Nov 01 19:57:15.064 INFO blam!                                at libstd/sys/unix/thread.rs:90
Nov 01 19:57:15.064 INFO blam!   18:     0x7fbaec8346b9 - start_thread
Nov 01 19:57:15.064 INFO blam!   19:     0x7fbaecd5541c - clone
Nov 01 19:57:15.064 INFO blam!   20:                0x0 - <unknown>
Nov 01 19:57:15.064 INFO blam! 
Nov 01 19:57:15.064 INFO blam! 
Nov 01 19:57:15.064 INFO blam! failures:
Nov 01 19:57:15.064 INFO blam!     settings::config::tests::asciinema_config_home
Nov 01 19:57:15.064 INFO blam! 
Nov 01 19:57:15.064 INFO blam! test result: FAILED. 32 passed; 1 failed; 0 ignored; 0 measured; 0 filtered out
Nov 01 19:57:15.064 INFO blam! 
Nov 01 19:57:15.075 INFO kablam! error: test failed, to rerun pass '--bin asciinema'
Nov 01 19:57:15.082 INFO kablam! su: No module specific data is present
Nov 01 19:57:15.760 INFO running `"docker" "rm" "-f" "28626e96cfe4960dbb869be182bcacbd7eb3fc1dcbd83e8cabf90c44bfafc6d3"`
Nov 01 19:57:16.031 INFO blam! 28626e96cfe4960dbb869be182bcacbd7eb3fc1dcbd83e8cabf90c44bfafc6d3
